CREATE TABLE `_WCprTUAproduct_sale` (
  `id_product` int(10) unsigned NOT NULL,
  `quantity` int(10) unsigned NOT NULL DEFAULT '0',
  `sale_nbr` int(10) unsigned NOT NULL DEFAULT '0',
  `date_upd` date NOT NULL,
  PRIMARY KEY (`id_product`),
  KEY `quantity` (`quantity`)
) ENGINE=InnoDB DEFAULT CHARSET=utf8;

#
# Data for table "_WCprTUAproduct_sale"
#

INSERT INTO `_WCprTUAproduct_sale` VALUES (8,75,56,'2018-12-16'),(9,90,48,'2018-12-15'),(10,52,40,'2018-12-14'),(11,26,21,'2018-12-13'),(12,22,18,'2018-12-12'),(13,35,28,'2018-12-11'),(14,115,107,'2018-12-15'),(15,9,9,'2018-12-12'),(16,8,7,'2018-12-05'),(17,2,2,'2018-12-11'),(18,56,54,'2018-12-15'),(20,7,7,'2018-12-13'),(21,61,39,'2018-12-16'),(22,13,13,'2018-12-15'),(23,76,68,'2018-12-16');

#
# Structure for table "_WCprTUAproduct_shop"
#

CREATE TABLE `_WCprTUAproduct_shop` (
  `id_product` int(10) unsigned NOT NULL,
  `id_shop` int(10) unsigned NOT NULL,
  `id_category_default` int(10) unsigned DEFAULT NULL,
  `id_tax_rules_group` int(11) unsigned NOT NULL,
  `on_sale` tinyint(1) unsigned NOT NULL DEFAULT '0',
  `online_only` tinyint(1) unsigned NOT NULL DEFAULT '0',
  `ecotax` decimal(17,6) NOT NULL DEFAULT '0.000000',
  `minimal_quantity` int(10) unsigned NOT NULL DEFAULT '1',
  `price` decimal(20,6) NOT NULL DEFAULT '0.000000',
  `wholesale_price` decimal(20,6) NOT NULL DEFAULT '0.000000',
  `unity` varchar(255) DEFAULT NULL,
  `unit_price_ratio` decimal(20,6) NOT NULL DEFAULT '0.000000',
  `additional_shipping_cost` decimal(20,2) NOT NULL DEFAULT '0.00',
  `customizable` tinyint(2) NOT NULL DEFAULT '0',
  `uploadable_files` tinyint(4) NOT NULL DEFAULT '0',
  `text_fields` tinyint(4) NOT NULL DEFAULT '0',
  `active` tinyint(1) unsigned NOT NULL DEFAULT '0',
  `redirect_type` enum('','404','301','302') NOT NULL DEFAULT '',
  `id_product_redirected` int(10) unsigned NOT NULL DEFAULT '0',
  `available_for_order` tinyint(1) NOT NULL DEFAULT '1',
  `available_date` date NOT NULL DEFAULT '0000-00-00',
  `condition` enum('new','used','refurbished') NOT NULL DEFAULT 'new',
  `show_price` tinyint(1) NOT NULL DEFAULT '1',
  `indexed` tinyint(1) NOT NULL DEFAULT '0',
  `visibility` enum('both','catalog','search','none') NOT NULL DEFAULT 'both',
  `cache_default_attribute` int(10) unsigned DEFAULT NULL,
  `advanced_stock_management` tinyint(1) NOT NULL DEFAULT '0',
  `date_add` datetime NOT NULL,
  `date_upd` datetime NOT NULL,
  `pack_stock_type` int(11) unsigned NOT NULL DEFAULT '3',
  PRIMARY KEY (`id_product`,`id_shop`),
  KEY `id_category_default` (`id_category_default`),
  KEY `date_add` (`date_add`,`active`,`visibility`),
  KEY `indexed` (`indexed`,`active`,`id_product`)
) ENGINE=InnoDB DEFAULT CHARSET=utf8;

#
# Data for table "_WCprTUAproduct_shop"
#

INSERT INTO `_WCprTUAproduct_shop` VALUES (8,1,13,0,0,0,0.000000,1,64.550000,0.000000,'',0.000000,0.00,0,0,0,1,'404',0,1,'0000-00-00','new',1,1,'both',0,0,'2018-03-01 20:03:32','2018-03-01 13:05:53',3),(9,1,13,0,0,0,0.000000,1,14.280000,0.000000,'',0.000000,0.00,0,0,0,1,'404',0,1,'0000-00-00','new',1,1,'both',48,0,'2018-03-16 18:36:15','2018-12-01 12:53:08',3),(10,1,13,0,0,0,0.000000,1,14.280000,0.000000,'',0.000000,0.00,0,0,0,1,'404',0,1,'0000-00-00','new',1,1,'both',50,0,'2018-03-16 18:54:54','2018-12-01 12:53:17',3),(11,1,13,0,0,0,0.000000,1,14.280000,0.000000,'',0.000000,0.00,0,0,0,1,'404',0,1,'0000-00-00','new',1,1,'both',53,0,'2018-03-16 19:36:30','2018-12-01 12:53:46',3),(12,1,13,0,0,0,0.000000,1,14.280000,0.000000,'',0.000000,0.00,0,0,0,1,'404',0,1,'0000-00-00','new',1,1,'both',57,0,'2018-03-16 19:41:06','2018-12-01 12:53:36',3),(13,1,13,0,0,0,0.000000,1,14.280000,0.000000,'',0.000000,0.00,0,0,0,1,'404',0,1,'0000-00-00','new',1,1,'both',60,0,'2018-03-16 19:42:53','2018-12-01 12:53:54',3),(14,1,13,0,0,0,0.000000,1,79.760000,0.000000,'',0.000000,0.00,0,0,0,1,'404',0,1,'0000-00-00','new',1,1,'both',0,0,'2018-03-22 19:32:15','2018-12-01 12:52:46',3),(15,1,13,0,0,0,0.000000,1,7.490000,0.000000,'',0.000000,0.00,0,0,0,1,'404',0,1,'0000-00-00','new',1,1,'both',0,0,'2018-04-07 12:29:39','2018-12-01 12:52:46',3),(16,1,13,0,0,0,0.000000,1,16.730000,0.000000,'',0.000000,0.00,0,0,0,1,'404',0,1,'0000-00-00','new',1,1,'both',0,0,'2018-04-09 10:48:56','2018-12-01 12:52:46',3),(17,1,13,0,0,0,0.000000,1,22.700000,0.000000,'',0.000000,0.00,0,0,0,1,'404',0,1,'0000-00-00','new',1,1,'both',0,0,'2018-04-09 11:07:28','2018-12-01 12:52:46',3),(18,1,13,0,0,0,0.000000,1,15.080000,0.000000,'',0.000000,0.00,0,0,0,1,'404',0,1,'0000-00-00','new',1,1,'both',0,0,'2018-04-09 11:40:04','2018-12-01 12:52:46',3),(20,1,13,0,0,0,0.000000,1,75.330000,0.000000,'',0.000000,0.00,0,0,0,1,'404',0,1,'0000-00-00','new',1,1,'both',0,0,'2018-04-11 12:18:33','2018-12-01 12:52:39',3),(21,1,13,0,0,0,0.000000,1,14.280000,0.000000,'',0.000000,0.00,0,0,0,1,'404',0,1,'0000-00-00','new',1,1,'both',63,0,'2018-04-26 18:02:22','2018-12-01 12:54:02',3),(22,1,13,0,0,0,0.000000,1,75.330000,0.000000,'',0.000000,0.00,0,0,0,1,'404',0,1,'0000-00-00','new',1,1,'both',0,0,'2018-04-27 17:58:28','2018-12-01 12:52:43',3),(23,1,13,0,0,0,0.000000,1,75.330000,0.000000,'',0.000000,0.00,0,0,0,1,'404',0,1,'0000-00-00','new',1,1,'both',0,0,'2018-09-11 11:57:18','2018-12-01 12:52:35',3),(99,1,13,0,0,0,0.000000,1,64.550000,0.000000,'',0.000000,0.00,0,0,0,0,'404',0,1,'0000-00-00','new',1,1,'both',0,0,'2018-03-16 17:24:02','2018-12-01 12:44:59',3);

#
# Structure for table "_WCprTUAproduct_supplier"
#

CREATE TABLE `_WCprTUAproduct_supplier` (
  `id_product_supplier` int(11) unsigned NOT NULL AUTO_INCREMENT,
  `id_product` int(11) unsigned NOT NULL,
  `id_product_attribute` int(11) unsigned NOT NULL DEFAULT '0',
  `id_supplier` int(11) unsigned NOT NULL,
  `product_supplier_reference` varchar(32) DEFAULT NULL,
  `product_supplier_price_te` decimal(20,6) NOT NULL DEFAULT '0.000000',
  `id_currency` int(11) unsigned NOT NULL,
  PRIMARY KEY (`id_product_supplier`),
  UNIQUE KEY `id_product` (`id_product`,`id_product_attribute`,`id_supplier`),
  KEY `id_supplier` (`id_supplier`,`id_product`)
) ENGINE=InnoDB DEFAULT CHARSET=utf8;

#
# Data for table "_WCprTUAproduct_supplier"
#


#
# Structure for table "_WCprTUAproduct_tag"
#

CREATE TABLE `_WCprTUAproduct_tag` (
  `id_product` int(10) unsigned NOT NULL,
  `id_tag` int(10) unsigned NOT NULL,
  `id_lang` int(10) unsigned NOT NULL,
  PRIMARY KEY (`id_product`,`id_tag`),
  KEY `id_tag` (`id_tag`),
  KEY `id_lang` (`id_lang`,`id_tag`)
) ENGINE=InnoDB DEFAULT CHARSET=utf8;

#
# Data for table "_WCprTUAproduct_tag"
#

INSERT INTO `_WCprTUAproduct_tag` VALUES (9,1,1),(9,2,1),(9,3,1),(9,4,1),(10,1,1),(10,2,1),(10,3,1),(10,4,1),(11,1,1),(11,2,1),(11,3,1),(11,4,1),(13,1,1),(13,2,1),(13,3,1),(13,4,1),(21,1,1),(21,2,1),(21,3,1),(21,4,1);

#
# Structure for table "_WCprTUAprofile"
#

CREATE TABLE `_WCprTUAprofile` (
  `id_profile` int(10) unsigned NOT NULL AUTO_INCREMENT,
  PRIMARY KEY (`id_profile`)
) ENGINE=InnoDB AUTO_INCREMENT=5 DEFAULT CHARSET=utf8;

#
# Data for table "_WCprTUAprofile"
#

INSERT INTO `_WCprTUAprofile` VALUES (1),(2),(3),(4);

#
# Structure for table "_WCprTUAprofile_lang"
#

CREATE TABLE `_WCprTUAprofile_lang` (
  `id_lang` int(10) unsigned NOT NULL,
  `id_profile` int(10) unsigned NOT NULL,
  `name` varchar(128) NOT NULL,
  PRIMARY KEY (`id_profile`,`id_lang`)
) ENGINE=InnoDB DEFAULT CHARSET=utf8;

#
# Data for table "_WCprTUAprofile_lang"
#

INSERT INTO `_WCprTUAprofile_lang` VALUES (1,1,'SuperAmmin'),(2,1,'SuperAmmin'),(3,1,'SuperAmmin'),(4,1,'SuperAmmin'),(5,1,'SuperAmmin'),(6,1,'SuperAmmin'),(7,1,'SuperAmmin'),(8,1,'SuperAmmin'),(1,2,'Responsabile logistica'),(2,2,'Responsabile logistica'),(3,2,'Responsabile logistica'),(4,2,'Responsabile logistica'),(5,2,'Responsabile logistica'),(6,2,'Responsabile logistica'),(7,2,'Responsabile logistica'),(8,2,'Responsabile logistica'),(1,3,'Traduttore'),(2,3,'Traduttore'),(3,3,'Traduttore'),(4,3,'Traduttore'),(5,3,'Traduttore'),(6,3,'Traduttore'),(7,3,'Traduttore'),(8,3,'Traduttore'),(1,4,'Commesso'),(2,4,'Commesso'),(3,4,'Commesso'),(4,4,'Commesso'),(5,4,'Commesso'),(6,4,'Commesso'),(7,4,'Commesso'),(8,4,'Commesso');

#
# Structure for table "_WCprTUAquick_access"
#

CREATE TABLE `_WCprTUAquick_access` (
  `id_quick_access` int(10) unsigned NOT NULL AUTO_INCREMENT,
  `new_window` tinyint(1) NOT NULL DEFAULT '0',
  `link` varchar(255) NOT NULL,
  PRIMARY KEY (`id_quick_access`)
) ENGINE=InnoDB AUTO_INCREMENT=4 DEFAULT CHARSET=utf8;

#
# Data for table "_WCprTUAquick_access"
#

INSERT INTO `_WCprTUAquick_access` VALUES (1,0,'index.php?controller=AdminCategories&addcategory'),(2,0,'index.php?controller=AdminProducts&addproduct'),(3,0,'index.php?controller=AdminCartRules&addcart_rule');

#
# Structure for table "_WCprTUAquick_access_lang"
#

CREATE TABLE `_WCprTUAquick_access_lang` (
  `id_quick_access` int(10) unsigned NOT NULL,
  `id_lang` int(10) unsigned NOT NULL,
  `name` varchar(32) NOT NULL,
  PRIMARY KEY (`id_quick_access`,`id_lang`)
) ENGINE=InnoDB DEFAULT CHARSET=utf8;

#
# Data for table "_WCprTUAquick_access_lang"
#

INSERT INTO `_WCprTUAquick_access_lang` VALUES (1,1,'Nuova categoria'),(1,2,'Nuova categoria'),(1,3,'Nuova categoria'),(1,4,'Nuova categoria'),(1,5,'Nuova categoria'),(1,6,'Nuova categoria'),(1,7,'Nuova categoria'),(1,8,'Nuova categoria'),(2,1,'Nuovo prodotto'),(2,2,'Nuovo prodotto'),(2,3,'Nuovo prodotto'),(2,4,'Nuovo prodotto'),(2,5,'Nuovo prodotto'),(2,6,'Nuovo prodotto'),(2,7,'Nuovo prodotto'),(2,8,'Nuovo prodotto'),(3,1,'Nuovo voucher'),(3,2,'Nuovo voucher'),(3,3,'Nuovo voucher'),(3,4,'Nuovo voucher'),(3,5,'Nuovo voucher'),(3,6,'Nuovo voucher'),(3,7,'Nuovo voucher'),(3,8,'Nuovo voucher');

#
# Structure for table "_WCprTUArange_price"
#

CREATE TABLE `_WCprTUArange_price` (
  `id_range_price` int(10) unsigned NOT NULL AUTO_INCREMENT,
  `id_carrier` int(10) unsigned NOT NULL,
  `delimiter1` decimal(20,6) NOT NULL,
  `delimiter2` decimal(20,6) NOT NULL,
  PRIMARY KEY (`id_range_price`),
  UNIQUE KEY `id_carrier` (`id_carrier`,`delimiter1`,`delimiter2`)
) ENGINE=InnoDB AUTO_INCREMENT=2 DEFAULT CHARSET=utf8;

#
# Data for table "_WCprTUArange_price"
#

INSERT INTO `_WCprTUArange_price` VALUES (1,2,0.000000,10000.000000);

#
# Structure for table "_WCprTUArange_weight"
#

CREATE TABLE `_WCprTUArange_weight` (
  `id_range_weight` int(10) unsigned NOT NULL AUTO_INCREMENT,
  `id_carrier` int(10) unsigned NOT NULL,
  `delimiter1` decimal(20,6) NOT NULL,
  `delimiter2` decimal(20,6) NOT NULL,
  PRIMARY KEY (`id_range_weight`),
  UNIQUE KEY `id_carrier` (`id_carrier`,`delimiter1`,`delimiter2`)
) ENGINE=InnoDB AUTO_INCREMENT=2 DEFAULT CHARSET=utf8;

#
# Data for table "_WCprTUArange_weight"
#

INSERT INTO `_WCprTUArange_weight` VALUES (1,13,0.000000,10000.000000);

#
# Structure for table "_WCprTUAreferrer"
#

CREATE TABLE `_WCprTUAreferrer` (
  `id_referrer` int(10) unsigned NOT NULL AUTO_INCREMENT,
  `name` varchar(64) NOT NULL,
  `passwd` varchar(32) DEFAULT NULL,
  `http_referer_regexp` varchar(64) DEFAULT NULL,
  `http_referer_like` varchar(64) DEFAULT NULL,
  `request_uri_regexp` varchar(64) DEFAULT NULL,
  `request_uri_like` varchar(64) DEFAULT NULL,
  `http_referer_regexp_not` varchar(64) DEFAULT NULL,
  `http_referer_like_not` varchar(64) DEFAULT NULL,
  `request_uri_regexp_not` varchar(64) DEFAULT NULL,
  `request_uri_like_not` varchar(64) DEFAULT NULL,
  `base_fee` decimal(5,2) NOT NULL DEFAULT '0.00',
  `percent_fee` decimal(5,2) NOT NULL DEFAULT '0.00',
  `click_fee` decimal(5,2) NOT NULL DEFAULT '0.00',
  `date_add` datetime NOT NULL,
  PRIMARY KEY (`id_referrer`)
) ENGINE=InnoDB DEFAULT CHARSET=utf8;

#
# Data for table "_WCprTUAreferrer"
#


#
# Structure for table "_WCprTUAreferrer_cache"
#

CREATE TABLE `_WCprTUAreferrer_cache` (
  `id_connections_source` int(11) unsigned NOT NULL,
  `id_referrer` int(11) unsigned NOT NULL,
  PRIMARY KEY (`id_connections_source`,`id_referrer`)
) ENGINE=InnoDB DEFAULT CHARSET=utf8;

#
# Data for table "_WCprTUAreferrer_cache"
#


#
# Structure for table "_WCprTUAreferrer_shop"
#

CREATE TABLE `_WCprTUAreferrer_shop` (
  `id_referrer` int(10) unsigned NOT NULL AUTO_INCREMENT,
  `id_shop` int(10) unsigned NOT NULL DEFAULT '1',
  `cache_visitors` int(11) DEFAULT NULL,
  `cache_visits` int(11) DEFAULT NULL,
  `cache_pages` int(11) DEFAULT NULL,
  `cache_registrations` int(11) DEFAULT NULL,
  `cache_orders` int(11) DEFAULT NULL,
  `cache_sales` decimal(17,2) DEFAULT NULL,
  `cache_reg_rate` decimal(5,4) DEFAULT NULL,
  `cache_order_rate` decimal(5,4) DEFAULT NULL,
  PRIMARY KEY (`id_referrer`,`id_shop`)
) ENGINE=InnoDB DEFAULT CHARSET=utf8;

#
# Data for table "_WCprTUAreferrer_shop"
#


#
# Structure for table "_WCprTUArequest_sql"
#

CREATE TABLE `_WCprTUArequest_sql` (
  `id_request_sql` int(11) NOT NULL AUTO_INCREMENT,
  `name` varchar(200) NOT NULL,
  `sql` text NOT NULL,
  PRIMARY KEY (`id_request_sql`)
) ENGINE=InnoDB DEFAULT CHARSET=utf8;

#
# Data for table "_WCprTUArequest_sql"
#


#
# Structure for table "_WCprTUArequired_field"
#

CREATE TABLE `_WCprTUArequired_field` (
  `id_required_field` int(11) NOT NULL AUTO_INCREMENT,
  `object_name` varchar(32) NOT NULL,
  `field_name` varchar(32) NOT NULL,
  PRIMARY KEY (`id_required_field`),
  KEY `object_name` (`object_name`)
) ENGINE=InnoDB DEFAULT CHARSET=utf8;

#
# Data for table "_WCprTUArequired_field"
#


#
# Structure for table "_WCprTUArisk"
#

CREATE TABLE `_WCprTUArisk` (
  `id_risk` int(11) unsigned NOT NULL AUTO_INCREMENT,
  `percent` tinyint(3) NOT NULL,
  `color` varchar(32) DEFAULT NULL,
  PRIMARY KEY (`id_risk`)
) ENGINE=InnoDB AUTO_INCREMENT=5 DEFAULT CHARSET=utf8;

#
# Data for table "_WCprTUArisk"
#

INSERT INTO `_WCprTUArisk` VALUES (1,0,'#32CD32'),(2,35,'#FF8C00'),(3,75,'#DC143C'),(4,100,'#ec2e15');

#
# Structure for table "_WCprTUArisk_lang"
#

CREATE TABLE `_WCprTUArisk_lang` (
  `id_risk` int(10) unsigned NOT NULL,
  `id_lang` int(10) unsigned NOT NULL,
  `name` varchar(20) NOT NULL,
  PRIMARY KEY (`id_risk`,`id_lang`),
  KEY `id_risk` (`id_risk`)
) ENGINE=InnoDB DEFAULT CHARSET=utf8;

#
# Data for table "_WCprTUArisk_lang"
#

INSERT INTO `_WCprTUArisk_lang` VALUES (1,1,'Nessuno'),(1,2,'Nessuno'),(1,3,'Nessuno'),(1,4,'Nessuno'),(1,5,'Nessuno'),(1,6,'Nessuno'),(1,7,'Nessuno'),(1,8,'Nessuno'),(2,1,'Basso'),(2,2,'Basso'),(2,3,'Basso'),(2,4,'Basso'),(2,5,'Basso'),(2,6,'Basso'),(2,7,'Basso'),(2,8,'Basso'),(3,1,'Medio'),(3,2,'Medio'),(3,3,'Medio'),(3,4,'Medio'),(3,5,'Medio'),(3,6,'Medio'),(3,7,'Medio'),(3,8,'Medio'),(4,1,'Alto'),(4,2,'Alto'),(4,3,'Alto'),(4,4,'Alto'),(4,5,'Alto'),(4,6,'Alto'),(4,7,'Alto'),(4,8,'Alto');

#
# Structure for table "_WCprTUAscene"
#

CREATE TABLE `_WCprTUAscene` (
  `id_scene` int(10) unsigned NOT NULL AUTO_INCREMENT,
  `active` tinyint(1) NOT NULL DEFAULT '1',
  PRIMARY KEY (`id_scene`)
) ENGINE=InnoDB DEFAULT CHARSET=utf8;

#
# Data for table "_WCprTUAscene"
#


#
# Structure for table "_WCprTUAscene_category"
#

CREATE TABLE `_WCprTUAscene_category` (
  `id_scene` int(10) unsigned NOT NULL,
  `id_category` int(10) unsigned NOT NULL,
  PRIMARY KEY (`id_scene`,`id_category`)
) ENGINE=InnoDB DEFAULT CHARSET=utf8;

#
# Data for table "_WCprTUAscene_category"
#


#
# Structure for table "_WCprTUAscene_lang"
#

CREATE TABLE `_WCprTUAscene_lang` (
  `id_scene` int(10) unsigned NOT NULL,
  `id_lang` int(10) unsigned NOT NULL,
  `name` varchar(100) NOT NULL,
  PRIMARY KEY (`id_scene`,`id_lang`)
) ENGINE=InnoDB DEFAULT CHARSET=utf8;

#
# Data for table "_WCprTUAscene_lang"
#


#
# Structure for table "_WCprTUAscene_products"
#

CREATE TABLE `_WCprTUAscene_products` (
  `id_scene` int(10) unsigned NOT NULL,
  `id_product` int(10) unsigned NOT NULL,
  `x_axis` int(4) NOT NULL,
  `y_axis` int(4) NOT NULL,
  `zone_width` int(3) NOT NULL,
  `zone_height` int(3) NOT NULL,
  PRIMARY KEY (`id_scene`,`id_product`,`x_axis`,`y_axis`)
) ENGINE=InnoDB DEFAULT CHARSET=utf8;

#
# Data for table "_WCprTUAscene_products"
#


#
# Structure for table "_WCprTUAscene_shop"
#

CREATE TABLE `_WCprTUAscene_shop` (
  `id_scene` int(11) unsigned NOT NULL,
  `id_shop` int(11) unsigned NOT NULL,
  PRIMARY KEY (`id_scene`,`id_shop`),
  KEY `id_shop` (`id_shop`)
) ENGINE=InnoDB DEFAULT CHARSET=utf8;

#
# Data for table "_WCprTUAscene_shop"
#


#
# Structure for table "_WCprTUAsearch_engine"
#

CREATE TABLE `_WCprTUAsearch_engine` (
  `id_search_engine` int(10) unsigned NOT NULL AUTO_INCREMENT,
  `server` varchar(64) NOT NULL,
  `getvar` varchar(16) NOT NULL,
  PRIMARY KEY (`id_search_engine`)
) ENGINE=InnoDB AUTO_INCREMENT=39 DEFAULT CHARSET=utf8;

#
# Data for table "_WCprTUAsearch_engine"
#

INSERT INTO `_WCprTUAsearch_engine` VALUES (1,'google','q'),(2,'aol','q'),(3,'yandex','text'),(4,'ask.com','q'),(5,'nhl.com','q'),(6,'yahoo','p'),(7,'baidu','wd'),(8,'lycos','query'),(9,'exalead','q'),(10,'search.live','q'),(11,'voila','rdata'),(12,'altavista','q'),(13,'bing','q'),(14,'daum','q'),(15,'eniro','search_word'),(16,'naver','query'),(17,'msn','q'),(18,'netscape','query'),(19,'cnn','query'),(20,'about','terms'),(21,'mamma','query'),(22,'alltheweb','q'),(23,'virgilio','qs'),(24,'alice','qs'),(25,'najdi','q'),(26,'mama','query'),(27,'seznam','q'),(28,'onet','qt'),(29,'szukacz','q'),(30,'yam','k'),(31,'pchome','q'),(32,'kvasir','q'),(33,'sesam','q'),(34,'ozu','q'),(35,'terra','query'),(36,'mynet','q'),(37,'ekolay','q'),(38,'rambler','words');

#
# Structure for table "_WCprTUAsearch_index"
#

CREATE TABLE `_WCprTUAsearch_index` (
  `id_product` int(11) unsigned NOT NULL,
  `id_word` int(11) unsigned NOT NULL,
  `weight` smallint(4) unsigned NOT NULL DEFAULT '1',
  PRIMARY KEY (`id_word`,`id_product`),
  KEY `id_product` (`id_product`,`weight`)
) ENGINE=InnoDB DEFAULT CHARSET=utf8;

#
# Data for table "_WCprTUAsearch_index"
#

INSERT INTO `_WCprTUAsearch_index` VALUES (1,3,9),(1,4,9),(1,5,10),(3,5,10),(4,5,10),(5,5,10),(6,5,10),(7,5,10),(1,8,1),(1,11,1),(7,12,3),(1,20,2),(3,20,2),(4,20,2),(5,20,2),(6,20,2),(7,20,2),(1,21,1),(3,21,1),(4,21,1),(5,21,1),(6,21,1),(7,21,1),(1,22,5),(3,22,5),(4,22,5),(5,22,5),(6,22,5),(7,22,5),(1,23,1),(3,23,1),(4,23,1),(5,23,1),(6,23,1),(7,23,1),(1,24,1),(3,24,1),(4,24,1),(5,24,1),(6,24,1),(7,24,1),(1,25,1),(3,25,1),(4,25,1),(5,25,1),(6,25,1),(7,25,1),(1,26,1),(3,26,1),(4,26,1),(5,26,1),(6,26,1),(7,26,1),(1,27,1),(3,27,1),(4,27,1),(5,27,1),(6,27,1),(7,27,1),(1,28,1),(3,28,1),(4,28,1),(5,28,1),(6,28,1),(7,28,1),(1,29,1),(3,29,1),(4,29,1),(5,29,1),(6,29,1),(7,29,1),(1,30,1),(3,30,1),(4,30,1),(5,30,1),(6,30,1),(7,30,1),(1,31,1),(3,31,1),(4,31,1),(5,31,1),(6,31,1),(7,31,1),(1,32,1),(3,32,1),(4,32,1),(5,32,1),(6,32,1),(7,32,1),(1,33,1),(3,33,1),(4,33,1),(5,33,1),(6,33,1),(7,33,1),(1,34,1),(3,34,1),(4,34,1),(5,34,1),(6,34,1),(7,34,1),(1,35,1),(3,35,4),(4,35,4),(5,35,4),(6,35,4),(7,35,4),(1,36,1),(3,36,1),(4,36,1),(5,36,1),(6,36,1),(7,36,1),(1,37,1),(3,37,1),(4,37,1),(5,37,1),(6,37,1),(7,37,1),(1,38,1),(3,38,1),(4,38,1),(5,38,1),(6,38,1),(7,38,1),(1,39,1),(3,39,1),(4,39,1),(5,39,1),(6,39,1),(7,39,1),(1,40,1),(3,40,1),(4,40,1),(5,40,1),(6,40,1),(7,40,1),(1,41,1),(3,41,1),(4,41,1),(5,41,1),(6,41,1),(7,41,1),(1,42,2),(3,42,2),(4,42,2),(5,42,2),(6,42,2),(7,42,2),(1,43,1),(3,43,1),(4,43,1),(5,43,1),(6,43,1),(7,43,1),(1,44,1),(3,44,1),(4,44,1),(5,44,1),(6,44,1),(7,44,1),(1,45,1),(3,45,1),(4,45,1),(5,45,1),(6,45,1),(7,45,1),(1,46,1),(3,46,1),(4,46,1),(5,46,1),(6,46,1),(7,46,1),(1,47,1),(3,47,1),(4,47,1),(5,47,1),(6,47,1),(7,47,1),(1,48,1),(3,48,1),(4,48,1),(5,48,1),(6,48,1),(7,48,1),(1,49,1),(3,49,1),(4,49,1),(5,49,1),(6,49,1),(7,49,1),(1,50,1),(3,50,1),(4,50,1),(5,50,1),(6,50,1),(7,50,1),(1,51,1),(3,51,1),(4,51,1),(5,51,1),(6,51,1),(7,51,1),(1,52,1),(3,52,1),(4,52,1),(5,52,1),(6,52,1),(7,52,1),(1,53,1),(3,53,1),(4,53,1),(5,53,1),(6,53,1),(7,53,1),(1,54,1),(3,54,1),(4,54,1),(5,54,1),(6,54,1),(7,54,1),(1,55,1),(3,55,1),(4,55,1),(5,55,1),(6,55,1),(7,55,1),(1,56,1),(3,56,1),(4,56,1),(5,56,1),(6,56,1),(7,56,1),(1,57,1),(3,57,1),(4,57,1),(5,57,1),(6,57,1),(7,57,1),(1,58,1),(3,58,1),(4,58,1),(5,58,1),(6,58,1),(7,58,1),(1,59,1),(3,59,1),(4,59,1),(5,59,1),(6,59,1),(7,59,1),(1,60,1),(3,60,1),(4,60,1),(5,60,1),(6,60,1),(7,60,1),(1,61,1),(3,61,1),(4,61,1),(5,61,1),(6,61,1),(7,61,1),(1,62,1),(3,62,1),(4,62,1),(5,62,1),(6,62,1),(7,62,1),(1,63,1),(3,63,1),(4,63,1),(5,63,1),(6,63,1),(7,63,1),(1,64,1),(3,64,1),(4,64,1),(5,64,1),(6,64,1),(7,64,1),(1,65,1),(3,65,1),(4,65,1),(5,65,1),(6,65,1),(7,65,1),(1,66,1),(3,66,1),(4,66,1),(5,66,1),(6,66,1),(7,66,1),(1,67,1),(3,67,1),(4,67,1),(5,67,1),(6,67,1),(7,67,1),(1,68,1),(3,68,1),(4,68,1),(5,68,1),(6,68,1),(7,68,1),(1,69,1),(3,69,1),(4,69,1),(5,69,1),(6,69,1),(7,69,1),(1,70,1),(3,70,1),(4,70,1),(5,70,1),(6,70,1),(7,70,1),(1,71,1),(3,71,1),(4,71,1),(5,71,1),(6,71,1),(7,71,1),(1,72,1),(3,72,1),(4,72,1),(5,72,1),(6,72,1),(7,72,1),(1,73,1),(3,73,1),(4,73,1),(5,73,1),(6,73,1),(7,73,1),(1,74,1),(3,74,1),(4,74,1),(5,74,1),(6,74,1),(7,74,1),(1,75,3),(3,75,3),(4,75,3),(5,75,3),(6,75,3),(7,75,3),(1,76,6),(1,77,6),(5,77,6),(1,78,2),(3,78,3),(1,79,2),(3,79,3),(5,79,2),(3,82,2),(6,82,2),(7,82,2),(6,85,6),(5,86,6),(4,148,9),(5,148,10),(6,148,9),(7,148,9),(4,149,7),(5,149,7),(6,149,6),(7,149,7),(4,155,1),(4,157,1),(5,227,1),(5,230,2),(6,232,2),(6,294,6),(7,296,1),(6,298,1),(6,300,1),(6,303,3),(7,303,3),(6,304,6),(7,304,6),(7,372,1),(7,373,7),(7,374,2),(8,514,16),(9,514,7),(10,514,7),(8,515,6),(9,515,1),(10,515,1),(8,516,6),(9,516,18),(10,516,18),(8,517,7),(14,517,1),(20,517,1),(22,517,1),(23,517,1),(24,517,7),(8,518,3),(9,518,3),(10,518,3),(9,542,10),(10,542,10),(9,543,1),(10,543,17),(9,544,1),(10,544,17),(8,550,2),(24,550,2),(8,568,1),(24,568,1),(8,569,1),(15,569,2),(16,569,1),(17,569,1),(18,569,1),(24,569,1),(15,596,1),(16,596,1),(17,596,1),(18,596,1),(15,597,1),(16,597,1),(17,597,1),(18,597,9),(9,605,2),(10,605,2),(9,835,1),(10,835,1),(9,836,1),(10,836,1),(9,837,1),(10,837,1),(9,838,1),(10,838,1),(9,839,1),(10,839,1),(9,840,1),(10,840,1),(9,841,1),(10,841,1),(9,842,1),(10,842,1),(9,843,1),(10,843,1),(9,844,1),(10,844,1),(9,845,1),(10,845,1),(9,846,1),(10,846,1),(9,847,1),(10,847,1),(9,848,1),(10,848,1),(9,849,1),(10,849,1),(9,850,1),(10,850,1),(9,851,1),(10,851,1),(9,852,1),(10,852,1),(9,853,1),(10,853,1),(9,854,1),(10,854,1),(9,877,7),(10,877,7),(9,878,7),(10,878,7),(9,879,1),(10,879,7),(9,1383,7),(9,1384,7),(8,1385,1),(9,1385,3),(10,1385,3),(11,1385,3),(12,1385,3),(13,1385,3),(14,1385,4),(15,1385,8),(18,1385,8),(20,1385,4),(21,1385,3),(22,1385,4),(23,1385,4),(24,1385,1),(8,1554,2),(9,1554,9),(10,1554,9),(11,1554,9),(12,1554,1),(13,1554,9),(14,1554,4),(15,1554,7),(20,1554,3),(21,1554,9),(22,1554,4),(23,1554,4),(24,1554,2),(8,1555,1),(9,1555,9),(10,1555,9),(11,1555,9),(12,1555,1),(13,1555,9),(14,1555,4),(20,1555,3),(21,1555,9),(22,1555,3),(23,1555,2),(24,1555,1),(8,1556,13),(9,1556,19),(10,1556,19),(11,1556,19),(12,1556,11),(13,1556,19),(14,1556,10),(15,1556,11),(16,1556,3),(17,1556,3),(18,1556,3),(20,1556,9),(21,1556,19),(22,1556,9),(23,1556,8),(24,1556,13),(9,1557,1),(10,1557,1),(11,1557,1),(12,1557,1),(13,1557,1),(10,1558,7),(10,1559,7),(8,1560,16),(9,1560,10),(10,1560,10),(11,1560,10),(12,1560,10),(13,1560,10),(14,1560,17),(15,1560,13),(16,1560,12),(17,1560,5),(18,1560,12),(20,1560,15),(21,1560,10),(22,1560,16),(23,1560,14),(24,1560,16),(9,1561,14),(10,1561,14),(11,1561,14),(12,1561,6),(13,1561,14),(14,1561,4),(15,1561,1),(20,1561,3),(21,1561,14),(22,1561,3),(23,1561,1),(8,1562,1),(9,1562,1),(10,1562,1),(11,1562,1),(12,1562,1),(13,1562,1),(14,1562,1),(20,1562,1),(21,1562,1),(22,1562,1),(23,1562,1),(24,1562,1),(9,1563,1),(10,1563,1),(11,1563,1),(12,1563,1),(13,1563,1),(21,1563,1),(8,1564,1),(9,1564,1),(10,1564,1),(11,1564,1),(12,1564,1),(13,1564,1),(14,1564,1),(20,1564,1),(21,1564,1),(22,1564,1),(23,1564,1),(24,1564,1),(9,1565,1),(10,1565,1),(11,1565,1),(12,1565,1),(13,1565,1),(21,1565,1),(9,1566,1),(10,1566,1),(11,1566,1),(12,1566,1),(13,1566,1),(14,1566,2),(20,1566,2),(21,1566,1),(22,1566,2),(23,1566,2),(8,1567,2),(9,1567,1),(10,1567,1),(11,1567,1),(12,1567,1),(13,1567,1),(14,1567,1),(20,1567,1),(21,1567,1),(22,1567,1),(23,1567,1),(24,1567,2),(9,1568,1),(10,1568,1),(11,1568,1),(12,1568,1),(13,1568,1),(21,1568,1),(8,1569,1),(9,1569,1),(10,1569,1),(11,1569,1),(12,1569,1),(13,1569,1),(14,1569,2),(20,1569,2),(21,1569,1),(22,1569,2),(23,1569,2),(24,1569,1),(9,1570,1),(10,1570,1),(11,1570,1),(12,1570,1),(13,1570,1),(14,1570,1),(20,1570,1),(21,1570,1),(22,1570,1),(23,1570,1),(8,1571,1),(9,1571,1),(10,1571,1),(11,1571,1),(12,1571,1),(13,1571,1),(21,1571,1),(24,1571,1),(9,1572,1),(10,1572,1),(11,1572,1),(12,1572,1),(13,1572,1),(21,1572,1),(9,1573,1),(10,1573,1),(11,1573,1),(12,1573,1),(13,1573,1),(21,1573,1),(9,1574,1),(10,1574,1),(11,1574,1),(12,1574,1),(13,1574,1),(14,1574,1),(20,1574,1),(21,1574,1),(22,1574,1),(23,1574,1),(9,1575,1),(10,1575,1),(11,1575,1),(12,1575,1),(13,1575,1),(21,1575,1),(9,1576,1),(10,1576,1),(11,1576,1),(12,1576,1),(13,1576,1),(14,1576,1),(20,1576,1),(21,1576,1),(22,1576,1),(23,1576,1),(9,1577,1),(10,1577,1),(11,1577,1),(12,1577,1),(13,1577,1),(14,1577,1),(20,1577,1),(21,1577,1),(22,1577,1),(23,1577,1),(9,1578,1),(10,1578,1),(11,1578,1),(12,1578,1),(13,1578,1),(14,1578,2),(20,1578,2),(21,1578,1),(22,1578,2),(23,1578,2),(9,1579,1),(10,1579,1),(11,1579,1),(12,1579,1),(13,1579,1),(14,1579,1),(17,1579,8),(20,1579,1),(21,1579,1),(22,1579,1),(23,1579,1),(9,1580,1),(10,1580,1),(11,1580,1),(12,1580,1),(13,1580,1),(14,1580,1),(20,1580,1),(21,1580,1),(22,1580,1),(23,1580,1),(9,1581,1),(10,1581,1),(11,1581,1),(12,1581,1),(13,1581,1),(21,1581,1),(8,1582,10),(9,1582,4),(10,1582,4),(11,1582,4),(12,1582,4),(13,1582,4),(14,1582,5),(15,1582,3),(16,1582,3),(17,1582,3),(18,1582,3),(20,1582,5),(21,1582,4),(22,1582,5),(23,1582,5),(24,1582,10),(13,1875,7),(12,2157,7),(12,2158,7),(24,2253,6),(9,2254,7),(9,2255,7),(8,2256,17),(9,2256,10),(10,2256,10),(11,2256,10),(12,2256,10),(13,2256,10),(14,2256,17),(15,2256,13),(16,2256,12),(17,2256,5),(18,2256,13),(20,2256,15),(21,2256,10),(22,2256,16),(23,2256,14),(24,2256,17),(8,2258,7),(9,2258,7),(10,2258,7),(11,2258,7),(12,2258,1),(13,2258,7),(14,2258,4),(15,2258,1),(16,2258,2),(17,2258,3),(18,2258,5),(20,2258,3),(22,2258,4),(23,2258,3),(24,2258,7),(10,2259,7),(10,2260,7),(15,2263,1),(9,2269,2),(10,2269,2),(11,2269,2),(12,2269,2),(13,2269,2),(21,2269,2),(24,2283,6),(9,2285,7),(10,2285,7),(11,2285,7),(12,2285,7),(13,2285,7),(15,2285,6),(21,2285,7),(9,2286,7),(10,2286,7),(11,2286,7),(12,2286,7),(13,2286,7),(21,2286,7),(8,2287,9),(9,2287,11),(10,2287,11),(11,2287,11),(12,2287,11),(13,2287,11),(14,2287,9),(15,2287,9),(16,2287,3),(17,2287,3),(18,2287,3),(20,2287,9),(21,2287,11),(22,2287,9),(23,2287,9),(24,2287,9),(9,2288,6),(21,2288,6),(9,2289,6),(21,2289,6),(8,2290,9),(9,2290,10),(10,2290,10),(11,2290,10),(12,2290,4),(13,2290,4),(14,2290,9),(15,2290,9),(16,2290,9),(17,2290,3),(18,2290,9),(20,2290,9),(21,2290,10),(22,2290,9),(23,2290,9),(24,2290,9),(9,2292,1),(10,2292,1),(21,2292,1),(9,2293,1),(10,2293,7),(21,2293,1),(9,2294,1),(10,2294,7),(21,2294,1),(9,2295,1),(10,2295,1),(11,2295,1),(12,2295,1),(13,2295,1),(21,2295,1),(9,2296,1),(10,2296,1),(11,2296,1),(12,2296,1),(13,2296,1),(21,2296,1),(9,2297,3),(10,2297,3),(11,2297,3),(12,2297,3),(13,2297,3),(15,2297,6),(18,2297,6),(21,2297,3),(9,2298,1),(10,2298,1),(11,2298,1),(12,2298,1),(13,2298,1),(21,2298,1),(9,2299,1),(10,2299,1),(11,2299,1),(12,2299,1),(13,2299,1),(21,2299,1),(9,2300,1),(10,2300,1),(11,2300,1),(12,2300,1),(13,2300,1),(21,2300,1),(9,2301,1),(10,2301,1),(11,2301,1),(12,2301,1),(13,2301,1),(21,2301,1),(9,2302,1),(10,2302,1),(11,2302,1),(12,2302,1),(13,2302,1),(21,2302,1),(9,2303,1),(10,2303,1),(11,2303,1),(12,2303,1),(13,2303,1),(21,2303,1),(9,2304,1),(10,2304,1),(11,2304,1),(12,2304,1),(13,2304,1),(21,2304,1),(9,2305,1),(10,2305,1),(11,2305,1),(12,2305,1),(13,2305,1),(21,2305,1),(9,2306,1),(10,2306,1),(11,2306,1),(12,2306,1),(13,2306,1),(21,2306,1),(9,2307,1),(10,2307,1),(11,2307,1),(12,2307,1),(13,2307,1),(21,2307,1),(9,2308,1),(10,2308,1),(11,2308,1),(12,2308,1),(13,2308,1),(21,2308,1),(9,2309,1),(10,2309,1),(11,2309,1),(12,2309,1),(13,2309,1),(21,2309,1),(9,2310,1),(10,2310,1),(11,2310,1),(12,2310,1),(13,2310,1),(21,2310,1),(9,2311,1),(10,2311,1),(11,2311,1),(12,2311,1),(13,2311,1),(21,2311,1),(9,2312,1),(10,2312,1),(11,2312,1),(12,2312,1),(13,2312,1),(21,2312,1),(9,2313,1),(10,2313,1),(11,2313,1),(12,2313,1),(13,2313,1),(21,2313,1),(9,2314,1),(10,2314,1),(11,2314,1),(12,2314,1),(13,2314,1),(17,2314,6),(21,2314,1),(9,2315,1),(10,2315,1),(11,2315,1),(12,2315,1),(13,2315,1),(21,2315,1),(9,2316,1),(10,2316,1),(11,2316,1),(12,2316,1),(13,2316,1),(21,2316,1),(8,2317,9),(9,2317,4),(10,2317,4),(11,2317,4),(12,2317,4),(13,2317,4),(14,2317,9),(15,2317,3),(16,2317,3),(17,2317,3),(18,2317,3),(20,2317,9),(21,2317,4),(22,2317,9),(23,2317,9),(24,2317,9),(9,2319,7),(10,2319,7),(11,2319,7),(12,2319,7),(13,2319,7),(15,2319,6),(21,2319,7),(9,2320,7),(10,2320,7),(11,2320,7),(12,2320,7),(13,2320,7),(21,2320,7),(8,2321,9),(9,2321,11),(10,2321,11),(11,2321,11),(12,2321,11),(13,2321,11),(14,2321,9),(15,2321,9),(16,2321,3),(17,2321,3),(18,2321,3),(20,2321,9),(21,2321,11),(22,2321,9),(23,2321,9),(24,2321,9),(9,2322,6),(21,2322,6),(9,2323,6),(21,2323,6),(8,2324,9),(9,2324,10),(10,2324,10),(11,2324,10),(12,2324,4),(13,2324,4),(14,2324,9),(15,2324,9),(16,2324,9),(17,2324,3),(18,2324,9),(20,2324,9),(21,2324,10),(22,2324,9),(23,2324,9),(24,2324,9),(9,2326,1),(10,2326,1),(21,2326,1),(9,2327,1),(10,2327,7),(21,2327,1),(9,2328,1),(10,2328,7),(21,2328,1),(9,2329,1),(10,2329,1),(11,2329,1),(12,2329,1),(13,2329,1),(21,2329,1),(9,2330,1),(10,2330,1),(11,2330,1),(12,2330,1),(13,2330,1),(21,2330,1),(9,2331,3),(10,2331,3),(11,2331,3),(12,2331,3),(13,2331,3),(15,2331,6),(18,2331,6),(21,2331,3),(9,2332,1),(10,2332,1),(11,2332,1),(12,2332,1),(13,2332,1),(21,2332,1),(9,2333,1),(10,2333,1),(11,2333,1),(12,2333,1),(13,2333,1),(21,2333,1),(9,2334,1),(10,2334,1),(11,2334,1),(12,2334,1),(13,2334,1),(21,2334,1),(9,2335,1),(10,2335,1),(11,2335,1),(12,2335,1),(13,2335,1),(21,2335,1),(9,2336,1),(10,2336,1),(11,2336,1),(12,2336,1),(13,2336,1),(21,2336,1),(9,2337,1),(10,2337,1),(11,2337,1),(12,2337,1),(13,2337,1),(21,2337,1),(9,2338,1),(10,2338,1),(11,2338,1),(12,2338,1),(13,2338,1),(21,2338,1),(9,2339,1),(10,2339,1),(11,2339,1),(12,2339,1),(13,2339,1),(21,2339,1),(9,2340,1),(10,2340,1),(11,2340,1),(12,2340,1),(13,2340,1),(21,2340,1),(9,2341,1),(10,2341,1),(11,2341,1),(12,2341,1),(13,2341,1),(21,2341,1),(9,2342,1),(10,2342,1),(11,2342,1),(12,2342,1),(13,2342,1),(21,2342,1),(9,2343,1),(10,2343,1),(11,2343,1),(12,2343,1),(13,2343,1),(21,2343,1),(9,2344,1),(10,2344,1),(11,2344,1),(12,2344,1),(13,2344,1),(21,2344,1),(9,2345,1),(10,2345,1),(11,2345,1),(12,2345,1),(13,2345,1),(21,2345,1),(9,2346,1),(10,2346,1),(11,2346,1),(12,2346,1),(13,2346,1),(21,2346,1),(9,2347,1),(10,2347,1),(11,2347,1),(12,2347,1),(13,2347,1),(21,2347,1),(9,2348,1),(10,2348,1),(11,2348,1),(12,2348,1),(13,2348,1),(17,2348,6),(21,2348,1),(9,2349,1),(10,2349,1),(11,2349,1),(12,2349,1),(13,2349,1),(21,2349,1),(9,2350,1),(10,2350,1),(11,2350,1),(12,2350,1),(13,2350,1),(21,2350,1),(8,2351,9),(9,2351,4),(10,2351,4),(11,2351,4),(12,2351,4),(13,2351,4),(14,2351,9),(15,2351,3),(16,2351,3),(17,2351,3),(18,2351,3),(20,2351,9),(21,2351,4),(22,2351,9),(23,2351,9),(24,2351,9),(9,2353,7),(10,2353,7),(11,2353,7),(12,2353,7),(13,2353,7),(15,2353,6),(21,2353,7),(9,2354,7),(10,2354,7),(11,2354,7),(12,2354,7),(13,2354,7),(21,2354,7),(8,2355,9),(9,2355,11),(10,2355,11),(11,2355,11),(12,2355,11),(13,2355,11),(14,2355,9),(15,2355,9),(16,2355,3),(17,2355,3),(18,2355,3),(20,2355,9),(21,2355,11),(22,2355,9),(23,2355,9),(24,2355,9),(9,2356,6),(21,2356,6),(9,2357,6),(21,2357,6),(8,2358,9),(9,2358,10),(10,2358,10),(11,2358,10),(12,2358,4),(13,2358,4),(14,2358,9),(15,2358,9),(16,2358,9),(17,2358,3),(18,2358,9),(20,2358,9),(21,2358,10),(22,2358,9),(23,2358,9),(24,2358,9),(9,2360,1),(10,2360,1),(21,2360,1),(9,2361,1),(10,2361,7),(21,2361,1),(9,2362,1),(10,2362,7),(21,2362,1),(9,2363,1),(10,2363,1),(11,2363,1),(12,2363,1),(13,2363,1),(21,2363,1),(9,2364,1),(10,2364,1),(11,2364,1),(12,2364,1),(13,2364,1),(21,2364,1),(9,2365,3),(10,2365,3),(11,2365,3),(12,2365,3),(13,2365,3),(15,2365,6),(18,2365,6),(21,2365,3),(9,2366,1),(10,2366,1),(11,2366,1),(12,2366,1),(13,2366,1),(21,2366,1),(9,2367,1),(10,2367,1),(11,2367,1),(12,2367,1),(13,2367,1),(21,2367,1),(9,2368,1),(10,2368,1),(11,2368,1),(12,2368,1),(13,2368,1),(21,2368,1),(9,2369,1),(10,2369,1),(11,2369,1),(12,2369,1),(13,2369,1),(21,2369,1),(9,2370,1),(10,2370,1),(11,2370,1),(12,2370,1),(13,2370,1),(21,2370,1),(9,2371,1),(10,2371,1),(11,2371,1),(12,2371,1),(13,2371,1),(21,2371,1),(9,2372,1),(10,2372,1),(11,2372,1),(12,2372,1),(13,2372,1),(21,2372,1),(9,2373,1),(10,2373,1),(11,2373,1),(12,2373,1),(13,2373,1),(21,2373,1),(9,2374,1),(10,2374,1),(11,2374,1),(12,2374,1),(13,2374,1),(21,2374,1),(9,2375,1),(10,2375,1),(11,2375,1),(12,2375,1),(13,2375,1),(21,2375,1),(9,2376,1),(10,2376,1),(11,2376,1),(12,2376,1),(13,2376,1),(21,2376,1),(9,2377,1),(10,2377,1),(11,2377,1),(12,2377,1),(13,2377,1),(21,2377,1),(9,2378,1),(10,2378,1),(11,2378,1),(12,2378,1),(13,2378,1),(21,2378,1),(9,2379,1),(10,2379,1),(11,2379,1),(12,2379,1),(13,2379,1),(21,2379,1),(9,2380,1),(10,2380,1),(11,2380,1),(12,2380,1),(13,2380,1),(21,2380,1),(9,2381,1),(10,2381,1),(11,2381,1),(12,2381,1),(13,2381,1),(21,2381,1),(9,2382,1),(10,2382,1),(11,2382,1),(12,2382,1),(13,2382,1),(17,2382,6),(21,2382,1),(9,2383,1),(10,2383,1),(11,2383,1),(12,2383,1),(13,2383,1),(21,2383,1),(9,2384,1),(10,2384,1),(11,2384,1),(12,2384,1),(13,2384,1),(21,2384,1),(8,2385,9),(9,2385,4),(10,2385,4),(11,2385,4),(12,2385,4),(13,2385,4),(14,2385,9),(15,2385,3),(16,2385,3),(17,2385,3),(18,2385,3),(20,2385,9),(21,2385,4),(22,2385,9),(23,2385,9),(24,2385,9),(24,3234,6),(8,3235,1),(14,3235,1),(20,3235,1),(22,3235,1),(23,3235,1),(24,3235,1),(8,3239,6),(14,3239,6),(20,3239,6),(22,3239,6),(23,3239,6),(24,3239,6),(8,3244,6),(14,3244,6),(20,3244,6),(22,3244,6),(23,3244,6),(24,3244,6),(8,3249,6),(14,3249,6),(20,3249,6),(22,3249,6),(23,3249,6),(24,3249,6),(8,3354,9),(9,3354,4),(10,3354,10),(11,3354,10),(12,3354,4),(13,3354,4),(14,3354,9),(15,3354,9),(16,3354,9),(17,3354,3),(18,3354,9),(20,3354,9),(21,3354,4),(22,3354,9),(23,3354,9),(24,3354,9),(8,3355,9),(9,3355,4),(10,3355,4),(11,3355,4),(12,3355,4),(13,3355,4),(14,3355,3),(15,3355,3),(16,3355,3),(17,3355,3),(18,3355,3),(20,3355,3),(21,3355,4),(22,3355,3),(23,3355,3),(24,3355,9),(8,3356,9),(9,3356,10),(10,3356,11),(11,3356,11),(12,3356,11),(13,3356,11),(14,3356,3),(15,3356,9),(16,3356,3),(17,3356,3),(18,3356,3),(20,3356,3),(21,3356,10),(22,3356,3),(23,3356,3),(24,3356,9),(8,3357,6),(24,3357,6),(8,3359,9),(9,3359,4),(10,3359,10),(11,3359,10),(12,3359,4),(13,3359,4),(14,3359,9),(15,3359,9),(16,3359,9),(17,3359,3),(18,3359,9),(20,3359,9),(21,3359,4),(22,3359,9),(23,3359,9),(24,3359,9),(8,3360,9),(9,3360,4),(10,3360,4),(11,3360,4),(12,3360,4),(13,3360,4),(14,3360,3),(15,3360,3),(16,3360,3),(17,3360,3),(18,3360,3),(20,3360,3),(21,3360,4),(22,3360,3),(23,3360,3),(24,3360,9),(8,3361,9),(9,3361,10),(10,3361,11),(11,3361,11),(12,3361,11),(13,3361,11),(14,3361,3),(15,3361,9),(16,3361,3),(17,3361,3),(18,3361,3),(20,3361,3),(21,3361,10),(22,3361,3),(23,3361,3),(24,3361,9),(8,3362,6),(24,3362,6),(8,3363,9),(9,3363,4),(10,3363,10),(11,3363,10),(12,3363,4),(13,3363,4),(14,3363,9),(15,3363,9),(16,3363,9),(17,3363,3),(18,3363,9),(20,3363,9),(21,3363,4),(22,3363,9),(23,3363,9),(24,3363,9),(8,3364,9),(9,3364,4),(10,3364,4),(11,3364,4),(12,3364,4),(13,3364,4),(14,3364,3),(15,3364,3),(16,3364,3),(17,3364,3),(18,3364,3),(20,3364,3),(21,3364,4),(22,3364,3),(23,3364,3),(24,3364,9),(8,3365,9),(9,3365,10),(10,3365,11),(11,3365,11),(12,3365,11),(13,3365,11),(14,3365,3),(15,3365,9),(16,3365,3),(17,3365,3),(18,3365,3),(20,3365,3),(21,3365,10),(22,3365,3),(23,3365,3),(24,3365,9),(8,3366,6),(24,3366,6),(8,3436,3),(11,3436,3),(12,3436,3),(13,3436,3),(14,3436,3),(15,3436,3),(16,3436,3),(18,3436,3),(20,3436,3),(22,3436,3),(23,3436,3),(24,3436,3),(8,3441,13),(9,3441,9),(10,3441,9),(11,3441,12),(12,3441,12),(13,3441,12),(14,3441,12),(15,3441,5),(16,3441,3),(18,3441,3),(20,3441,11),(21,3441,9),(22,3441,11),(23,3441,10),(24,3441,7),(8,3446,3),(11,3446,3),(12,3446,3),(13,3446,3),(14,3446,3),(15,3446,3),(16,3446,3),(18,3446,3),(20,3446,3),(22,3446,3),(23,3446,3),(24,3446,3),(8,3451,3),(11,3451,3),(12,3451,3),(13,3451,3),(14,3451,3),(15,3451,3),(16,3451,3),(18,3451,3),(20,3451,3),(22,3451,3),(23,3451,3),(24,3451,3),(8,3456,3),(11,3456,3),(12,3456,3),(13,3456,3),(14,3456,3),(15,3456,3),(16,3456,3),(18,3456,3),(20,3456,3),(22,3456,3),(23,3456,3),(24,3456,3),(8,3461,3),(11,3461,3),(12,3461,3),(13,3461,3),(14,3461,3),(15,3461,3),(16,3461,3),(18,3461,3),(20,3461,3),(22,3461,3),(23,3461,3),(24,3461,3),(8,3462,6),(9,3462,2),(10,3462,2),(11,3462,8),(12,3462,8),(13,3462,8),(14,3462,6),(15,3462,6),(16,3462,6),(18,3462,6),(20,3462,6),(21,3462,2),(22,3462,6),(23,3462,6),(24,3462,6),(8,3463,3),(11,3463,3),(12,3463,3),(13,3463,3),(14,3463,3),(15,3463,3),(16,3463,9),(18,3463,3),(20,3463,3),(22,3463,3),(23,3463,3),(24,3463,3),(8,3469,3),(11,3469,3),(12,3469,3),(13,3469,3),(14,3469,3),(15,3469,3),(16,3469,3),(18,3469,3),(20,3469,3),(22,3469,3),(23,3469,3),(24,3469,3),(8,3474,3),(11,3474,3),(12,3474,3),(13,3474,3),(14,3474,3),(15,3474,3),(16,3474,3),(18,3474,3),(20,3474,3),(22,3474,3),(23,3474,3),(24,3474,3),(8,3475,6),(9,3475,2),(10,3475,2),(11,3475,8),(12,3475,8),(13,3475,8),(14,3475,6),(15,3475,6),(16,3475,6),(18,3475,6),(20,3475,6),(21,3475,2),(22,3475,6),(23,3475,6),(24,3475,6),(8,3476,3),(11,3476,3),(12,3476,3),(13,3476,3),(14,3476,3),(15,3476,3),(16,3476,9),(18,3476,3),(20,3476,3),(22,3476,3),(23,3476,3),(24,3476,3),(9,4033,6),(21,4033,6),(9,4034,7),(21,4034,7),(9,4035,7),(21,4035,7),(9,4036,1),(10,4036,7),(11,4036,7),(12,4036,7),(13,4036,7),(15,4036,6),(21,4036,1),(9,4037,1),(10,4037,7),(11,4037,7),(12,4037,7),(13,4037,7),(21,4037,1),(9,4038,1),(21,4038,1),(9,4039,1),(10,4039,1),(11,4039,1),(12,4039,1),(13,4039,1),(21,4039,1),(9,4040,1),(10,4040,1),(11,4040,1),(12,4040,1),(13,4040,1),(21,4040,1),(9,4041,3),(10,4041,3),(11,4041,3),(12,4041,3),(13,4041,3),(15,4041,6),(18,4041,6),(21,4041,3),(9,4042,1),(10,4042,1),(11,4042,1),(12,4042,1),(13,4042,1),(21,4042,1),(9,4043,1),(10,4043,1),(11,4043,1),(12,4043,1),(13,4043,1),(21,4043,1),(9,4044,1),(10,4044,1),(11,4044,1),(12,4044,1),(13,4044,1),(21,4044,1),(9,4045,1),(10,4045,1),(11,4045,1),(12,4045,1),(13,4045,1),(21,4045,1),(9,4046,1),(10,4046,1),(11,4046,1),(12,4046,1),(13,4046,1),(21,4046,1),(9,4047,1),(10,4047,1),(11,4047,1),(12,4047,1),(13,4047,1),(21,4047,1),(9,4048,1),(10,4048,1),(11,4048,1),(12,4048,1),(13,4048,1),(21,4048,1),(9,4049,1),(10,4049,1),(11,4049,1),(12,4049,1),(13,4049,1),(21,4049,1),(9,4050,1),(10,4050,1),(11,4050,1),(12,4050,1),(13,4050,1),(21,4050,1),(9,4051,1),(10,4051,1),(11,4051,1),(12,4051,1),(13,4051,1),(21,4051,1),(9,4052,2),(10,4052,9),(11,4052,9),(12,4052,9),(13,4052,9),(21,4052,2),(9,4053,1),(10,4053,1),(11,4053,1),(12,4053,1),(13,4053,1),(21,4053,1),(9,4054,1),(10,4054,1),(11,4054,1),(12,4054,1),(13,4054,1),(21,4054,1),(9,4055,1),(10,4055,1),(11,4055,1),(12,4055,1),(13,4055,1),(21,4055,1),(9,4056,1),(10,4056,1),(11,4056,1),(12,4056,1),(13,4056,1),(21,4056,1),(9,4057,1),(10,4057,1),(11,4057,1),(12,4057,1),(13,4057,1),(21,4057,1),(9,4058,1),(10,4058,1),(11,4058,1),(12,4058,1),(13,4058,1),(21,4058,1),(9,4059,1),(10,4059,1),(11,4059,1),(12,4059,1),(13,4059,1),(21,4059,1),(9,4060,1),(10,4060,1),(11,4060,1),(12,4060,1),(13,4060,1),(21,4060,1),(9,4061,1),(10,4061,1),(11,4061,1),(12,4061,1),(13,4061,1),(17,4061,6),(21,4061,1),(9,4062,3),(10,4062,3),(11,4062,3),(12,4062,3),(13,4062,3),(21,4062,3),(9,4063,1),(10,4063,1),(11,4063,1),(12,4063,1),(13,4063,1),(21,4063,1),(9,4064,1),(10,4064,1),(11,4064,1),(12,4064,1),(13,4064,1),(21,4064,1),(9,4065,1),(10,4065,1),(11,4065,1),(12,4065,1),(13,4065,1),(21,4065,1),(9,4066,2),(10,4066,2),(11,4066,2),(12,4066,2),(13,4066,2),(21,4066,2),(9,4072,6),(21,4072,6),(9,4073,7),(21,4073,7),(9,4074,7),(21,4074,7),(9,4075,1),(10,4075,7),(11,4075,7),(12,4075,7),(13,4075,7),(15,4075,6),(21,4075,1),(9,4076,1),(10,4076,7),(11,4076,7),(12,4076,7),(13,4076,7),(21,4076,1),(9,4077,1),(21,4077,1),(9,4078,1),(10,4078,1),(11,4078,1),(12,4078,1),(13,4078,1),(21,4078,1),(9,4079,1),(10,4079,1),(11,4079,1),(12,4079,1),(13,4079,1),(21,4079,1),(9,4080,3),(10,4080,3),(11,4080,3),(12,4080,3),(13,4080,3),(15,4080,6),(18,4080,6),(21,4080,3),(9,4081,1),(10,4081,1),(11,4081,1),(12,4081,1),(13,4081,1),(21,4081,1),(9,4082,1),(10,4082,1),(11,4082,1),(12,4082,1),(13,4082,1),(21,4082,1),(9,4083,1),(10,4083,1),(11,4083,1),(12,4083,1),(13,4083,1),(21,4083,1),(9,4084,1),(10,4084,1),(11,4084,1),(12,4084,1),(13,4084,1),(21,4084,1),(9,4085,1),(10,4085,1),(11,4085,1),(12,4085,1),(13,4085,1),(21,4085,1),(9,4086,1),(10,4086,1),(11,4086,1),(12,4086,1),(13,4086,1),(21,4086,1),(9,4087,1),(10,4087,1),(11,4087,1),(12,4087,1),(13,4087,1),(21,4087,1),(9,4088,1),(10,4088,1),(11,4088,1),(12,4088,1),(13,4088,1),(21,4088,1),(9,4089,1),(10,4089,1),(11,4089,1),(12,4089,1),(13,4089,1),(21,4089,1),(9,4090,1),(10,4090,1),(11,4090,1),(12,4090,1),(13,4090,1),(21,4090,1),(9,4091,1),(10,4091,1),(11,4091,1),(12,4091,1),(13,4091,1),(21,4091,1),(9,4092,1),(10,4092,1),(11,4092,1),(12,4092,1),(13,4092,1),(21,4092,1),(9,4093,1),(10,4093,1),(11,4093,1),(12,4093,1),(13,4093,1),(21,4093,1),(9,4094,1),(10,4094,1),(11,4094,1),(12,4094,1),(13,4094,1),(21,4094,1),(9,4095,1),(10,4095,1),(11,4095,1),(12,4095,1),(13,4095,1),(21,4095,1),(9,4096,1),(10,4096,1),(11,4096,1),(12,4096,1),(13,4096,1),(21,4096,1),(9,4097,1),(10,4097,1),(11,4097,1),(12,4097,1),(13,4097,1),(17,4097,6),(21,4097,1),(9,4098,1),(10,4098,1),(11,4098,1),(12,4098,1),(13,4098,1),(21,4098,1),(9,4099,1),(10,4099,1),(11,4099,1),(12,4099,1),(13,4099,1),(21,4099,1),(9,4104,6),(21,4104,6),(9,4105,7),(21,4105,7),(9,4106,7),(21,4106,7),(9,4107,1),(10,4107,7),(11,4107,7),(12,4107,7),(13,4107,7),(15,4107,6),(21,4107,1),(9,4108,1),(10,4108,7),(11,4108,7),(12,4108,7),(13,4108,7),(21,4108,1),(9,4109,1),(21,4109,1),(9,4110,1),(10,4110,1),(11,4110,1),(12,4110,1),(13,4110,1),(21,4110,1),(9,4111,1),(10,4111,1),(11,4111,1),(12,4111,1),(13,4111,1),(21,4111,1),(9,4112,3),(10,4112,3),(11,4112,3),(12,4112,3),(13,4112,3),(15,4112,6),(18,4112,6),(21,4112,3),(9,4113,1),(10,4113,1),(11,4113,1),(12,4113,1),(13,4113,1),(21,4113,1),(9,4114,1),(10,4114,1),(11,4114,1),(12,4114,1),(13,4114,1),(21,4114,1),(9,4115,1),(10,4115,1),(11,4115,1),(12,4115,1),(13,4115,1),(21,4115,1),(9,4116,1),(10,4116,1),(11,4116,1),(12,4116,1),(13,4116,1),(21,4116,1),(9,4117,1),(10,4117,1),(11,4117,1),(12,4117,1),(13,4117,1),(21,4117,1),(9,4118,1),(10,4118,1),(11,4118,1),(12,4118,1),(13,4118,1),(21,4118,1),(9,4119,1),(10,4119,1),(11,4119,1),(12,4119,1),(13,4119,1),(21,4119,1),(9,4120,1),(10,4120,1),(11,4120,1),(12,4120,1),(13,4120,1),(21,4120,1),(9,4121,1),(10,4121,1),(11,4121,1),(12,4121,1),(13,4121,1),(21,4121,1),(9,4122,1),(10,4122,1),(11,4122,1),(12,4122,1),(13,4122,1),(21,4122,1),(9,4123,2),(10,4123,9),(11,4123,9),(12,4123,9),(13,4123,9),(21,4123,2),(9,4124,1),(10,4124,1),(11,4124,1),(12,4124,1),(13,4124,1),(21,4124,1),(9,4125,1),(10,4125,1),(11,4125,1),(12,4125,1),(13,4125,1),(21,4125,1),(9,4126,1),(10,4126,1),(11,4126,1),(12,4126,1),(13,4126,1),(21,4126,1),(9,4127,1),(10,4127,1),(11,4127,1),(12,4127,1),(13,4127,1),(21,4127,1),(9,4128,1),(10,4128,1),(11,4128,1),(12,4128,1),(13,4128,1),(21,4128,1),(9,4129,1),(10,4129,1),(11,4129,1),(12,4129,1),(13,4129,1),(21,4129,1),(9,4130,1),(10,4130,1),(11,4130,1),(12,4130,1),(13,4130,1),(21,4130,1),(9,4131,1),(10,4131,1),(11,4131,1),(12,4131,1),(13,4131,1),(21,4131,1),(9,4132,1),(10,4132,1),(11,4132,1),(12,4132,1),(13,4132,1),(17,4132,6),(21,4132,1),(9,4133,3),(10,4133,3),(11,4133,3),(12,4133,3),(13,4133,3),(21,4133,3),(9,4134,1),(10,4134,1),(11,4134,1),(12,4134,1),(13,4134,1),(21,4134,1),(9,4135,1),(10,4135,1),(11,4135,1),(12,4135,1),(13,4135,1),(21,4135,1),(9,4136,1),(10,4136,1),(11,4136,1),(12,4136,1),(13,4136,1),(21,4136,1),(9,4137,2),(10,4137,2),(11,4137,2),(12,4137,2),(13,4137,2),(21,4137,2),(10,4307,7),(10,4308,7),(10,4309,1),(10,4347,7),(10,4348,7),(10,4349,1),(10,4380,7),(10,4381,7),(10,4382,1),(11,4760,7),(11,4792,7),(11,4824,7),(11,4856,7),(11,4896,7),(11,4928,7),(8,5000,1),(11,5000,1),(12,5000,7),(24,5000,1),(12,5001,7),(12,5033,7),(12,5034,7),(12,5066,7),(12,5067,7),(12,5099,7),(12,5100,7),(12,5132,7),(12,5133,7),(12,5173,7),(12,5174,7),(12,5206,7),(12,5207,7),(13,5557,7),(13,5589,7),(13,5621,7),(13,5653,7),(13,5685,7),(13,5725,7),(13,5757,7),(8,8367,3),(16,8367,1),(17,8367,2),(18,8367,1),(24,8367,3),(8,8368,1),(24,8368,1),(8,8369,2),(17,8369,1),(24,8369,2),(8,8370,1),(24,8370,1),(8,8372,1),(24,8372,1),(8,8374,1),(24,8374,1),(8,8375,2),(24,8375,2),(8,8376,1),(24,8376,1),(8,8378,1),(15,8378,1),(16,8378,1),(17,8378,2),(18,8378,1),(24,8378,1),(8,8379,1),(24,8379,1),(8,8380,1),(24,8380,1),(8,8382,2),(18,8382,2),(24,8382,2),(8,8383,1),(24,8383,1),(8,8384,1),(24,8384,1),(8,8385,1),(24,8385,1),(8,8387,1),(24,8387,1),(8,8388,1),(24,8388,1),(8,8389,1),(24,8389,1),(8,8391,1),(24,8391,1),(8,8392,1),(24,8392,1),(8,8394,1),(15,8394,2),(16,8394,2),(17,8394,1),(18,8394,1),(24,8394,1),(8,8395,1),(16,8395,1),(18,8395,1),(24,8395,1),(8,8396,1),(14,8396,1),(20,8396,1),(22,8396,1),(23,8396,1),(24,8396,1),(8,8398,1),(24,8398,1),(8,8399,1),(24,8399,1),(8,8400,1),(24,8400,1),(8,8402,2),(24,8402,2),(8,8403,1),(24,8403,1),(8,8404,1),(24,8404,1),(8,8405,1),(24,8405,1),(8,8407,1),(24,8407,1),(8,8409,1),(24,8409,1),(8,8410,1),(24,8410,1),(8,8412,1),(24,8412,1),(8,8413,1),(24,8413,1),(8,8467,1),(14,8467,1),(20,8467,1),(22,8467,1),(23,8467,1),(24,8467,1),(8,8468,1),(24,8468,1),(8,8469,1),(24,8469,1),(8,8470,1),(24,8470,1),(8,8471,1),(24,8471,1),(8,8472,1),(24,8472,1),(8,8473,1),(24,8473,1),(8,8474,1),(24,8474,1),(8,8475,1),(24,8475,1),(8,8476,1),(24,8476,1),(8,8477,1),(24,8477,1),(8,8478,1),(24,8478,1),(8,8479,1),(24,8479,1),(8,8480,1),(24,8480,1),(8,8481,1),(24,8481,1),(8,8482,1),(24,8482,1),(8,8483,1),(24,8483,1),(8,8484,1),(24,8484,1),(8,8485,1),(24,8485,1),(8,8577,1),(24,8577,1),(8,8578,1),(14,8578,1),(18,8578,7),(22,8578,1),(24,8578,1),(8,8579,1),(24,8579,1),(8,8581,1),(24,8581,1),(8,8582,1),(24,8582,1),(8,8583,1),(24,8583,1),(8,8584,1),(24,8584,1),(8,8585,1),(15,8585,1),(24,8585,1),(8,8586,1),(24,8586,1),(8,8587,1),(24,8587,1),(8,8588,2),(24,8588,2),(8,8589,1),(24,8589,1),(8,8590,1),(24,8590,1),(8,8591,3),(24,8591,3),(8,8592,2),(24,8592,2),(8,8593,1),(24,8593,1),(8,8594,1),(24,8594,1),(8,8595,1),(24,8595,1),(8,8596,1),(24,8596,1),(8,8598,1),(24,8598,1),(8,8599,1),(24,8599,1),(8,8601,1),(24,8601,1),(8,8602,1),(24,8602,1),(8,8603,1),(14,8603,1),(20,8603,1),(22,8603,1),(23,8603,1),(24,8603,1),(8,8604,1),(24,8604,1),(8,8605,1),(17,8605,1),(24,8605,1),(8,8606,1),(24,8606,1),(8,8608,1),(24,8608,1),(8,8721,1),(24,8721,1),(8,8722,1),(16,8722,1),(24,8722,1),(8,8723,1),(24,8723,1),(8,8724,1),(15,8724,1),(24,8724,1),(8,8725,1),(24,8725,1),(11,9139,7),(11,9169,7),(15,15319,8),(15,15320,1),(15,15321,1),(16,15321,1),(17,15321,1),(18,15321,1),(15,15322,1),(16,15322,1),(17,15322,1),(18,15322,1),(15,15323,1),(16,15323,1),(17,15323,1),(18,15323,1),(15,15324,1),(16,15324,1),(17,15324,1),(18,15324,1),(15,15325,1),(16,15325,1),(17,15325,1),(18,15325,1),(15,15326,1),(16,15326,1),(17,15326,1),(18,15326,1),(15,15327,1),(16,15327,1),(17,15327,1),(18,15327,1),(15,15328,1),(16,15328,2),(17,15328,2),(18,15328,2),(15,15329,1),(15,15330,1),(15,15331,1),(15,15332,1),(15,15354,6),(15,15361,6),(15,15368,6),(15,15375,6),(15,15384,6),(15,15391,6),(14,15826,1),(16,15826,8),(17,15826,8),(20,15826,1),(22,15826,1),(23,15826,1),(14,15827,1),(16,15827,9),(20,15827,1),(22,15827,1),(23,15827,1),(14,15828,1),(16,15828,7),(17,15828,6),(20,15828,1),(22,15828,1),(23,15828,1),(16,15829,1),(14,15830,1),(16,15830,1),(20,15830,1),(22,15830,1),(23,15830,1),(16,15831,1),(16,15832,1),(16,15833,1),(16,15834,1),(16,15835,1),(16,15836,1),(14,15858,1),(16,15858,9),(17,15858,7),(20,15858,1),(22,15858,1),(23,15858,1),(16,15862,6),(17,15862,6),(16,15863,6),(16,15864,6),(17,15864,6),(16,15868,6),(17,15868,6),(16,15869,6),(16,15870,6),(17,15870,6),(16,15874,6),(17,15874,6),(16,15875,6),(16,15876,6),(17,15876,6),(16,15880,6),(17,15880,6),(16,15881,6),(16,15882,6),(16,15883,6),(17,15883,6),(16,15884,6),(16,15890,6),(17,15890,6),(16,15891,6),(16,15892,6),(17,15892,6),(16,15896,6),(17,15896,6),(16,15897,6),(16,15898,6),(16,15899,6),(17,15899,6),(16,15900,6),(14,16475,1),(17,16475,7),(20,16475,1),(22,16475,1),(23,16475,1),(17,16476,8),(17,16483,8),(17,16489,6),(17,16490,6),(17,16496,6),(17,16497,6),(17,16503,6),(17,16504,6),(17,16510,6),(17,16511,6),(17,16512,6),(17,16513,6),(17,16514,6),(17,16515,6),(17,16521,6),(17,16522,6),(17,16528,6),(17,16529,6),(17,16530,6),(17,16531,6),(17,16532,6),(17,16533,6),(18,16539,7),(18,16540,1),(18,16541,1),(18,16542,1),(18,16543,1),(18,16544,1),(18,16545,1),(18,16546,1),(17,16547,1),(18,16547,1),(17,16548,1),(18,16548,1),(18,16549,1),(18,16576,6),(18,16577,6),(18,16578,6),(18,16582,6),(18,16583,6),(18,16584,6),(18,16588,6),(18,16589,6),(18,16590,6),(18,16594,6),(18,16595,6),(18,16596,6),(18,16597,6),(18,16601,6),(18,16602,6),(18,16603,6),(18,16607,6),(18,16608,6),(18,16609,6),(18,16610,6),(8,17386,11),(9,17386,10),(10,17386,10),(11,17386,10),(12,17386,10),(13,17386,10),(14,17386,6),(15,17386,4),(16,17386,5),(17,17386,5),(18,17386,5),(20,17386,5),(21,17386,10),(22,17386,5),(23,17386,4),(24,17386,5),(8,17387,8),(9,17387,7),(10,17387,7),(11,17387,7),(12,17387,7),(13,17387,7),(14,17387,3),(17,17387,1),(18,17387,1),(20,17387,2),(21,17387,7),(22,17387,2),(23,17387,1),(24,17387,2),(8,17388,11),(9,17388,3),(10,17388,3),(11,17388,3),(12,17388,3),(13,17388,3),(14,17388,4),(15,17388,3),(16,17388,3),(17,17388,3),(18,17388,3),(20,17388,4),(21,17388,3),(22,17388,4),(23,17388,4),(24,17388,5),(8,17389,8),(9,17389,1),(10,17389,1),(11,17389,1),(12,17389,1),(13,17389,1),(14,17389,2),(17,17389,1),(18,17389,9),(20,17389,2),(21,17389,1),(22,17389,2),(23,17389,2),(24,17389,2),(8,17390,3),(9,17390,1),(10,17390,1),(11,17390,1),(12,17390,1),(13,17390,1),(14,17390,2),(16,17390,1),(17,17390,2),(18,17390,1),(20,17390,2),(21,17390,1),(22,17390,2),(23,17390,2),(24,17390,3),(8,17391,2),(24,17391,2),(8,17392,1),(14,17392,1),(20,17392,1),(22,17392,1),(23,17392,1),(24,17392,1),(8,17393,1),(24,17393,1),(8,17394,1),(14,17394,1),(20,17394,1),(22,17394,1),(23,17394,1),(24,17394,1),(8,17395,1),(24,17395,1),(8,17396,1),(24,17396,1),(8,17397,1),(24,17397,1),(8,17398,1),(24,17398,1),(8,17399,1),(24,17399,1),(8,17400,1),(17,17400,1),(24,17400,1),(8,17401,1),(24,17401,1),(8,17402,4),(9,17402,1),(10,17402,1),(11,17402,1),(12,17402,1),(13,17402,1),(14,17402,6),(16,17402,1),(17,17402,1),(20,17402,6),(21,17402,1),(22,17402,5),(23,17402,6),(24,17402,4),(8,17403,3),(15,17403,1),(16,17403,1),(17,17403,4),(18,17403,1),(24,17403,3),(8,17404,2),(9,17404,1),(10,17404,1),(11,17404,1),(12,17404,1),(13,17404,1),(14,17404,4),(15,17404,2),(18,17404,7),(20,17404,4),(21,17404,1),(22,17404,4),(23,17404,4),(24,17404,2),(8,17405,2),(24,17405,2),(8,17406,1),(16,17406,1),(24,17406,1),(8,17407,2),(24,17407,2),(8,17408,1),(24,17408,1),(8,17409,1),(18,17409,1),(24,17409,1),(8,17410,4),(9,17410,1),(10,17410,1),(11,17410,1),(12,17410,1),(13,17410,1),(14,17410,8),(16,17410,1),(18,17410,10),(20,17410,8),(21,17410,1),(22,17410,8),(23,17410,8),(24,17410,4),(8,17411,1),(9,17411,1),(10,17411,1),(11,17411,1),(12,17411,1),(13,17411,1),(21,17411,1),(24,17411,1),(8,17412,2),(18,17412,1),(24,17412,2),(8,17413,1),(24,17413,1),(8,17414,1),(24,17414,1),(8,17415,1),(24,17415,1),(8,17416,1),(17,17416,1),(24,17416,1),(8,17417,1),(14,17417,2),(16,17417,1),(17,17417,1),(20,17417,2),(22,17417,2),(23,17417,2),(24,17417,1),(8,17418,1),(15,17418,1),(16,17418,1),(17,17418,2),(18,17418,1),(24,17418,1),(8,17419,1),(24,17419,1),(8,17420,1),(24,17420,1),(8,17421,1),(24,17421,1),(8,17422,1),(9,17422,1),(10,17422,1),(11,17422,1),(12,17422,1),(13,17422,1),(21,17422,1),(24,17422,1),(8,17423,2),(9,17423,1),(10,17423,1),(11,17423,1),(12,17423,1),(13,17423,1),(14,17423,4),(20,17423,4),(21,17423,1),(22,17423,4),(23,17423,5),(24,17423,2),(8,17424,1),(15,17424,2),(16,17424,2),(17,17424,1),(18,17424,1),(24,17424,1),(8,17425,1),(14,17425,1),(20,17425,1),(22,17425,1),(23,17425,1),(24,17425,1),(8,17426,1),(24,17426,1),(8,17427,1),(24,17427,1),(8,17428,1),(24,17428,1),(8,17429,1),(18,17429,2),(24,17429,1),(8,17430,1),(24,17430,1),(8,17431,1),(17,17431,1),(24,17431,1),(8,17432,1),(18,17432,1),(24,17432,1),(8,17433,1),(24,17433,1),(8,17434,1),(24,17434,1),(8,17435,1),(24,17435,1),(8,17436,1),(24,17436,1),(8,17437,1),(24,17437,1),(8,17438,1),(24,17438,1),(8,17439,1),(24,17439,1),(8,17440,1),(24,17440,1),(8,17441,1),(9,17441,1),(10,17441,1),(11,17441,1),(12,17441,1),(13,17441,1),(14,17441,1),(20,17441,1),(21,17441,1),(22,17441,1),(23,17441,1),(24,17441,1),(8,17442,1),(9,17442,1),(10,17442,1),(11,17442,1),(12,17442,1),(13,17442,1),(21,17442,1),(24,17442,1),(8,17443,1),(24,17443,1),(8,17444,1),(9,17444,1),(10,17444,1),(11,17444,1),(12,17444,1),(13,17444,1),(14,17444,1),(20,17444,1),(21,17444,1),(22,17444,1),(23,17444,1),(24,17444,1),(8,17445,1),(24,17445,1),(8,17446,1),(24,17446,1),(8,17447,1),(24,17447,1),(8,17448,1),(24,17448,1),(8,17449,1),(24,17449,1),(8,17450,1),(24,17450,1),(8,17451,1),(24,17451,1),(9,17747,7),(10,17747,7),(11,17747,7),(12,17747,7),(13,17747,7),(14,17747,4),(15,17747,8),(20,17747,3),(21,17747,7),(22,17747,3),(23,17747,1),(15,17748,8),(15,17749,1),(16,17749,1),(17,17749,1),(18,17749,1),(15,17750,1),(16,17750,1),(17,17750,1),(18,17750,1),(15,17751,1),(16,17751,1),(17,17751,1),(18,17751,1),(14,17752,1),(15,17752,3),(16,17752,2),(17,17752,2),(18,17752,2),(20,17752,1),(23,17752,1),(15,17753,1),(16,17753,1),(17,17753,1),(18,17753,1),(15,17754,1),(16,17754,1),(17,17754,1),(18,17754,1),(15,17755,1),(16,17755,1),(17,17755,1),(18,17755,1),(15,17756,1),(16,17756,1),(17,17756,1),(18,17756,9),(15,17757,1),(16,17757,1),(17,17757,1),(18,17757,1),(15,17758,1),(16,17758,1),(17,17758,1),(18,17758,1),(15,17759,1),(16,17759,1),(17,17759,1),(18,17759,1),(15,17760,2),(16,17760,1),(17,17760,1),(18,17760,1),(15,17761,1),(15,17762,1),(9,17763,1),(10,17763,1),(11,17763,1),(12,17763,1),(13,17763,1),(15,17763,1),(21,17763,1),(15,17764,1),(15,18080,1),(8,18081,2),(14,18081,5),(15,18081,1),(20,18081,4),(22,18081,4),(23,18081,3),(24,18081,2),(15,18082,1),(15,18083,1),(15,18084,1),(15,18085,1),(8,18273,2),(24,18273,2),(8,18274,3),(24,18274,3),(8,18275,1),(24,18275,1),(8,18276,1),(24,18276,1),(8,18277,1),(24,18277,1),(8,18278,1),(24,18278,1),(8,18279,3),(24,18279,3),(8,18280,3),(24,18280,3),(8,18281,1),(24,18281,1),(8,18282,1),(24,18282,1),(8,18283,1),(24,18283,1),(8,18284,1),(24,18284,1),(8,18285,1),(16,18285,1),(24,18285,1),(8,18286,1),(24,18286,1),(8,18287,1),(24,18287,1),(8,18288,1),(24,18288,1),(8,18289,1),(24,18289,1),(8,18290,1),(24,18290,1),(8,18291,1),(24,18291,1),(8,18292,1),(24,18292,1),(8,18293,1),(24,18293,1),(8,18294,1),(24,18294,1),(8,18295,1),(24,18295,1),(8,18296,1),(24,18296,1),(8,18297,1),(24,18297,1),(8,18298,1),(24,18298,1),(8,18299,1),(24,18299,1),(14,18446,1),(16,18446,10),(20,18446,1),(22,18446,1),(23,18446,1),(14,18447,1),(16,18447,9),(17,18447,8),(20,18447,1),(22,18447,1),(23,18447,1),(14,18448,1),(16,18448,9),(17,18448,8),(20,18448,1),(22,18448,1),(23,18448,1),(16,18449,1),(16,18450,1),(16,18451,1),(16,18452,1),(16,18453,1),(16,18454,1),(16,18455,1),(16,18456,1),(16,18457,1),(16,18458,1),(17,18458,1),(16,18459,1),(16,18460,1),(16,18461,1),(16,18462,1),(16,18463,1),(16,18464,1),(16,18465,1),(16,18466,1),(14,18467,1),(16,18467,1),(20,18467,1),(22,18467,1),(23,18467,1),(16,18468,1),(16,18469,1),(16,18470,1),(16,18471,1),(16,18472,1),(16,18473,1),(16,18474,1),(9,18563,1),(10,18563,1),(11,18563,1),(12,18563,1),(13,18563,1),(14,18563,1),(17,18563,8),(20,18563,1),(21,18563,1),(22,18563,1),(23,18563,1),(14,18564,1),(17,18564,7),(20,18564,1),(22,18564,1),(23,18564,1),(17,18565,1),(17,18566,1),(17,18567,1),(17,18568,1),(17,18569,1),(18,18569,1),(17,18570,1),(17,18571,1),(17,18572,1),(17,18573,1),(17,18574,1),(17,18575,1),(17,18576,1),(17,18577,1),(17,18578,1),(17,18579,1),(18,18704,8),(18,18705,1),(18,18706,1),(18,18707,1),(18,18708,1),(18,18709,1),(18,18710,1),(18,18711,1),(18,18712,1),(18,18713,1),(18,18714,1),(18,18715,1),(18,18716,1),(18,18717,1),(18,18718,1),(18,18719,1),(8,18807,10),(24,18807,10),(8,18808,10),(24,18808,10),(8,18912,10),(24,18912,10),(8,18913,10),(24,18913,10),(8,19015,10),(24,19015,10),(8,19016,10),(24,19016,10),(8,19022,10),(24,19022,10),(8,19023,10),(24,19023,10),(8,19029,10),(24,19029,10),(8,19030,10),(24,19030,10),(8,19036,10),(24,19036,10),(8,19037,10),(24,19037,10),(8,19045,10),(24,19045,10),(8,19046,10),(24,19046,10),(8,19052,10),(24,19052,10),(8,19053,10),(24,19053,10),(10,19061,10),(10,19062,10),(10,19063,10),(10,19094,10),(10,19095,10),(10,19096,10),(10,19127,10),(10,19128,10),(10,19129,10),(10,19160,10),(10,19161,10),(10,19162,10),(10,19193,10),(10,19194,10),(10,19195,10),(10,19226,10),(10,19227,10),(10,19228,10),(10,19266,10),(10,19267,10),(10,19268,10),(10,19299,10),(10,19300,10),(10,19301,10),(10,19339,10),(10,19340,10),(10,19374,10),(10,19375,10),(10,19409,10),(10,19410,10),(10,19444,10),(10,19445,10),(10,19479,10),(10,19480,10),(10,19514,10),(10,19515,10),(10,19556,10),(10,19557,10),(10,19591,10),(10,19592,10),(10,19633,10),(10,19634,10),(10,19670,10),(10,19671,10),(10,19707,10),(10,19708,10),(10,19744,10),(10,19745,10),(10,19781,10),(10,19782,10),(10,19818,10),(10,19819,10),(10,19862,10),(10,19863,10),(10,19899,10),(10,19900,10),(9,19943,10),(9,19944,10),(9,19975,10),(9,19976,10),(9,20009,10),(9,20010,10),(9,20043,10),(9,20044,10),(9,20077,10),(9,20078,10),(9,20111,10),(9,20112,10),(9,20151,10),(9,20152,10),(9,20184,10),(9,20185,10),(9,20224,10),(9,20257,10),(9,20292,10),(9,20327,10),(9,20362,10),(9,20397,10),(9,20438,10),(9,20472,10),(9,20513,10),(9,20514,10),(9,20548,10),(9,20549,10),(9,20585,10),(9,20586,10),(9,20622,10),(9,20623,10),(9,20659,10),(9,20660,10),(9,20696,10),(9,20697,10),(9,20739,10),(9,20740,10),(9,20775,10),(9,20776,10),(9,20818,10),(9,20819,10),(9,20855,10),(9,20856,10),(9,20894,10),(9,20895,10),(9,20933,10),(9,20934,10),(9,20972,10),(9,20973,10),(9,21011,10),(9,21012,10),(9,21056,10),(9,21057,10),(9,21094,10),(9,21095,10),(11,21460,10),(11,21461,10),(11,21462,10),(11,21493,10),(11,21494,10),(11,21495,10),(11,21525,10),(11,21526,10),(11,21527,10),(11,21557,10),(11,21558,10),(11,21559,10),(11,21589,10),(11,21590,10),(11,21591,10),(11,21621,10),(11,21622,10),(11,21623,10),(11,21661,10),(11,21662,10),(11,21663,10),(11,21693,10),(11,21694,10),(11,21695,10),(11,21733,10),(11,21734,10),(11,21768,10),(11,21769,10),(11,21802,10),(11,21803,10),(11,21836,10),(11,21837,10),(11,21870,10),(11,21871,10),(11,21904,10),(11,21905,10),(11,21946,10),(11,21947,10),(11,21980,10),(11,21981,10),(11,22022,10),(11,22023,10),(11,22059,10),(11,22060,10),(11,22095,10),(11,22096,10),(11,22131,10),(11,22132,10),(11,22167,10),(11,22168,10),(11,22203,10),(11,22204,10),(11,22247,10),(11,22248,10),(11,22283,10),(11,22284,10),(12,22327,20),(12,22328,10),(12,22360,20),(12,22361,10),(12,22392,20),(12,22393,10),(12,22424,20),(12,22425,10),(12,22456,20),(12,22457,10),(12,22488,20),(12,22489,10),(12,22528,20),(12,22529,10),(12,22560,20),(12,22561,10),(12,22600,10),(12,22601,10),(12,22635,10),(12,22636,10),(12,22669,10),(12,22670,10),(12,22703,10),(12,22704,10),(12,22737,10),(12,22738,10),(12,22771,10),(12,22772,10),(12,22813,10),(12,22814,10),(12,22847,10),(12,22848,10),(12,22889,10),(12,22890,10),(12,22926,10),(12,22927,10),(12,22962,10),(12,22963,10),(12,22998,10),(12,22999,10),(12,23034,10),(12,23035,10),(12,23070,10),(12,23071,10),(12,23114,10),(12,23115,10),(12,23150,10),(12,23151,10),(13,23194,10),(13,23195,10),(13,23196,10),(13,23227,10),(13,23228,10),(13,23229,10),(13,23259,10),(13,23260,10),(13,23261,10),(13,23291,10),(13,23292,10),(13,23293,10),(13,23323,10),(13,23324,10),(13,23325,10),(13,23355,10),(13,23356,10),(13,23357,10),(13,23395,10),(13,23396,10),(13,23397,10),(13,23427,10),(13,23428,10),(13,23429,10),(13,23467,10),(13,23468,10),(13,23502,10),(13,23503,10),(13,23536,10),(13,23537,10),(13,23570,10),(13,23571,10),(13,23604,10),(13,23605,10),(13,23638,10),(13,23639,10),(13,23680,10),(13,23681,10),(13,23714,10),(13,23715,10),(13,23756,10),(13,23757,10),(13,23793,10),(13,23794,10),(13,23829,10),(13,23830,10),(13,23865,10),(13,23866,10),(13,23901,10),(13,23902,10),(13,23937,10),(13,23938,10),(13,23981,10),(13,23982,10),(13,24017,10),(13,24018,10),(15,24823,10),(15,24824,10),(15,24853,10),(15,24854,10),(15,24890,10),(15,24891,10),(15,24899,10),(15,24900,10),(15,24908,10),(15,24909,10),(15,24917,10),(15,24918,10),(15,24928,10),(15,24929,10),(15,24937,10),(15,24938,10),(17,24948,10),(17,24949,10),(17,24958,10),(17,24959,10),(17,25010,10),(17,25011,10),(17,25020,10),(17,25021,10),(17,25030,10),(17,25031,10),(17,25040,10),(17,25041,10),(17,25054,10),(17,25055,10),(17,25064,10),(17,25065,10),(17,25078,2),(17,25079,1),(17,25080,1),(17,25081,1),(17,25082,1),(17,25083,1),(17,25084,1),(17,25085,1),(17,25086,1),(17,25087,1),(17,25088,1),(17,25089,1),(17,25090,1),(17,25091,1),(17,25092,1),(17,25093,1),(17,25094,1),(17,25095,1),(16,25410,10),(16,25411,10),(16,25443,10),(16,25444,10),(16,25502,10),(16,25503,10),(16,25511,10),(16,25512,10),(16,25520,10),(16,25521,10),(16,25529,10),(16,25530,10),(16,25542,10),(16,25543,10),(16,25551,10),(16,25552,10),(18,25564,10),(18,25565,10),(18,25599,10),(18,25600,10),(18,25648,10),(18,25649,10),(18,25658,10),(18,25659,10),(18,25668,10),(18,25669,10),(18,25678,10),(18,25679,10),(18,25691,10),(18,25692,10),(18,25701,10),(18,25702,10),(9,25751,1),(10,25751,1),(11,25751,1),(12,25751,1),(13,25751,1),(14,25751,1),(20,25751,1),(21,25751,1),(22,25751,1),(23,25751,1),(9,25752,1),(10,25752,1),(11,25752,1),(12,25752,1),(13,25752,1),(21,25752,1),(9,25753,2),(10,25753,2),(11,25753,2),(12,25753,2),(13,25753,2),(14,25753,1),(20,25753,1),(21,25753,2),(22,25753,1),(23,25753,1),(9,25754,1),(10,25754,1),(11,25754,1),(12,25754,1),(13,25754,1),(21,25754,1),(9,25755,1),(10,25755,1),(11,25755,1),(12,25755,1),(13,25755,1),(21,25755,1),(9,25756,1),(10,25756,1),(11,25756,1),(12,25756,1),(13,25756,1),(21,25756,1),(9,25757,1),(10,25757,1),(11,25757,1),(12,25757,1),(13,25757,1),(20,25757,1),(21,25757,1),(22,25757,1),(23,25757,1),(9,25758,1),(10,25758,1),(11,25758,1),(12,25758,1),(13,25758,1),(21,25758,1),(9,25759,1),(10,25759,1),(11,25759,1),(12,25759,1),(13,25759,1),(21,25759,1),(9,25760,1),(10,25760,1),(11,25760,1),(12,25760,1),(13,25760,1),(14,25760,2),(20,25760,2),(21,25760,1),(22,25760,2),(23,25760,2),(9,25761,1),(10,25761,1),(11,25761,1),(12,25761,1),(13,25761,1),(21,25761,1),(9,25762,1),(10,25762,1),(11,25762,1),(12,25762,1),(13,25762,1),(21,25762,1),(9,25763,1),(10,25763,1),(11,25763,1),(12,25763,1),(13,25763,1),(21,25763,1),(9,26069,1),(10,26069,1),(11,26069,1),(12,26069,1),(13,26069,1),(14,26069,1),(21,26069,1),(22,26069,1),(9,26070,1),(10,26070,1),(11,26070,1),(12,26070,1),(13,26070,1),(14,26070,1),(21,26070,1),(22,26070,1),(9,26071,1),(10,26071,1),(11,26071,1),(12,26071,1),(13,26071,1),(21,26071,1),(9,26072,1),(10,26072,1),(11,26072,1),(12,26072,1),(13,26072,1),(21,26072,1),(9,26073,1),(10,26073,1),(11,26073,1),(12,26073,1),(13,26073,1),(21,26073,1),(9,26074,1),(10,26074,1),(11,26074,1),(12,26074,1),(13,26074,1),(21,26074,1),(8,27686,3),(9,27686,3),(10,27686,3),(11,27686,3),(12,27686,3),(13,27686,3),(14,27686,3),(15,27686,3),(16,27686,3),(17,27686,3),(18,27686,3),(20,27686,3),(21,27686,3),(22,27686,3),(23,27686,3),(24,27686,3),(14,27687,8),(20,27687,7),(22,27687,8),(23,27687,7),(14,27688,8),(20,27688,7),(22,27688,8),(23,27688,7),(20,27689,8),(20,27690,10),(20,27691,10),(14,27692,2),(20,27692,1),(22,27692,2),(23,27692,1),(14,27693,1),(22,27693,1),(21,27694,7),(22,27694,1),(14,27695,1),(22,27695,1),(14,27696,5),(20,27696,3),(22,27696,4),(23,27696,2),(20,27703,10),(20,27704,10),(14,27705,8),(20,27705,8),(22,27705,8),(23,27705,8),(14,27706,8),(20,27706,8),(22,27706,8),(23,27706,8),(20,27707,8),(14,27708,2),(20,27708,2),(22,27708,2),(23,27708,2),(14,27709,1),(20,27709,1),(22,27709,1),(23,27709,1),(14,27710,1),(20,27710,1),(21,27710,7),(22,27710,1),(23,27710,1),(20,27724,10),(20,27725,10),(20,27731,10),(20,27732,10),(20,27738,10),(20,27739,10),(14,27745,6),(20,27745,6),(22,27745,6),(23,27745,6),(14,27746,6),(20,27746,6),(22,27746,6),(23,27746,6),(20,27747,10),(20,27748,10),(14,27755,6),(20,27755,6),(22,27755,6),(23,27755,6),(14,27756,6),(20,27756,6),(22,27756,6),(23,27756,6),(20,27757,10),(20,27758,10),(14,27763,6),(20,27763,6),(22,27763,6),(23,27763,6),(14,27764,6),(20,27764,6),(22,27764,6),(23,27764,6),(20,27765,10),(20,27766,10),(21,27773,10),(21,27774,10),(21,27775,10),(21,27776,10),(21,27777,10),(21,27778,10),(21,27779,10),(21,27808,10),(21,27809,10),(21,27810,10),(21,27811,10),(21,27812,10),(21,27813,10),(21,27814,10),(21,27856,10),(21,27857,10),(21,27858,10),(21,27859,10),(21,27860,10),(21,27861,10),(21,27862,10),(21,27895,10),(21,27896,10),(21,27897,10),(21,27898,10),(21,27899,10),(21,27900,10),(21,27901,10),(21,27934,10),(21,27935,10),(21,27936,10),(21,27937,10),(21,27938,10),(21,27939,10),(21,27940,10),(21,27973,10),(21,27974,10),(21,27975,10),(21,27976,10),(21,27977,10),(21,27978,10),(21,27979,10),(21,28018,10),(21,28019,10),(21,28020,10),(21,28021,10),(21,28022,10),(21,28023,10),(21,28024,10),(21,28056,10),(21,28057,10),(21,28058,10),(21,28059,10),(21,28060,10),(21,28061,10),(21,28062,10),(22,29085,9),(22,29086,10),(22,29087,10),(22,29101,9),(22,29102,10),(22,29103,10),(22,29119,10),(22,29120,10),(22,29126,10),(22,29127,10),(22,29133,10),(22,29134,10),(22,29140,10),(22,29141,10),(22,29150,10),(22,29151,10),(22,29158,10),(22,29159,10),(14,44244,9),(14,44245,10),(14,44246,10),(14,44247,1),(14,44248,2),(20,44248,1),(22,44248,1),(23,44248,1),(14,44249,1),(14,44262,10),(14,44263,10),(14,44272,10),(14,44273,10),(14,44279,10),(14,44280,10),(14,44286,10),(14,44287,10),(14,44293,10),(14,44294,10),(14,44303,10),(14,44304,10),(14,44311,10),(14,44312,10),(14,44313,1),(20,44313,1),(22,44313,1),(23,44313,1),(14,44314,1),(20,44314,1),(22,44314,1),(23,44314,1),(14,44315,1),(20,44315,1),(22,44315,1),(14,44316,1),(20,44316,1),(22,44316,1),(23,44316,1),(14,44317,1),(20,44317,1),(22,44317,1),(23,44317,1),(14,44318,1),(20,44318,1),(22,44318,1),(23,44318,1),(14,44319,1),(20,44319,1),(22,44319,1),(23,44319,1),(14,44320,2),(20,44320,2),(22,44320,2),(23,44320,2),(14,44321,1),(20,44321,1),(22,44321,1),(23,44321,1),(14,44322,1),(20,44322,1),(22,44322,1),(23,44322,1),(14,44323,1),(20,44323,1),(22,44323,1),(23,44323,1),(14,44324,1),(20,44324,1),(22,44324,1),(23,44324,1),(14,44325,1),(20,44325,1),(22,44325,1),(23,44325,1),(14,44326,1),(20,44326,1),(22,44326,1),(23,44326,1),(14,44327,1),(20,44327,1),(22,44327,1),(23,44327,1),(14,44328,1),(20,44328,1),(22,44328,1),(23,44328,1),(14,44329,1),(20,44329,1),(22,44329,1),(23,44329,1),(14,44330,1),(20,44330,1),(22,44330,1),(23,44330,1),(14,44368,1),(20,44368,1),(22,44368,1),(14,44369,1),(20,44369,1),(22,44369,1),(23,44369,1),(14,44370,1),(20,44370,1),(22,44370,1),(23,44370,1),(14,44371,1),(20,44371,1),(22,44371,1),(23,44371,1),(14,44372,1),(20,44372,1),(22,44372,1),(23,44372,1),(14,44373,1),(20,44373,1),(22,44373,1),(23,44373,1),(14,44374,1),(20,44374,1),(22,44374,1),(23,44374,1),(14,44375,1),(20,44375,1),(22,44375,1),(23,44375,1),(14,44376,1),(20,44376,1),(22,44376,1),(23,44376,1),(14,44377,1),(20,44377,1),(22,44377,1),(23,44377,1),(14,44378,1),(20,44378,1),(22,44378,1),(23,44378,1),(14,44379,1),(20,44379,1),(22,44379,1),(23,44379,1),(14,44380,1),(20,44380,1),(22,44380,1),(23,44380,1),(14,44381,1),(20,44381,1),(22,44381,1),(23,44381,1),(14,44382,1),(20,44382,1),(22,44382,1),(23,44382,1),(14,44383,1),(20,44383,1),(22,44383,1),(23,44383,1),(14,44384,1),(20,44384,1),(22,44384,1),(23,44384,1),(14,44385,1),(20,44385,1),(22,44385,1),(23,44385,1),(14,44659,9),(14,44660,1),(22,45000,1),(9,63944,2),(10,63944,2),(11,63944,2),(12,63944,2),(13,63944,2),(14,63944,1),(20,63944,1),(21,63944,2),(23,63944,1),(9,63945,2),(10,63945,2),(11,63945,2),(12,63945,2),(13,63945,2),(14,63945,1),(21,63945,2),(22,63945,1),(9,63946,2),(10,63946,2),(11,63946,2),(12,63946,2),(13,63946,2),(14,63946,1),(20,63946,1),(21,63946,2),(22,63946,1),(9,64007,2),(10,64007,2),(11,64007,2),(12,64007,2),(13,64007,2),(14,64007,1),(20,64007,1),(21,64007,2),(23,64007,1),(9,64008,2),(10,64008,2),(11,64008,2),(12,64008,2),(13,64008,2),(14,64008,1),(21,64008,2),(22,64008,1),(9,64009,2),(10,64009,2),(11,64009,2),(12,64009,2),(13,64009,2),(14,64009,1),(20,64009,1),(21,64009,2),(22,64009,1),(23,70966,1),(23,71021,1),(23,75749,10),(23,75804,10),(23,75864,10),(23,75871,10),(23,75878,10),(23,75885,10),(23,75895,10),(23,75903,10),(23,75913,10),(23,75968,10),(23,76028,10),(23,76035,10),(23,76042,10),(23,76049,10),(23,76059,10),(23,76067,10);

#
# Structure for table "_WCprTUAsearch_word"
#

CREATE TABLE `_WCprTUAsearch_word` (
  `id_word` int(10) unsigned NOT NULL AUTO_INCREMENT,
  `id_shop` int(11) unsigned NOT NULL DEFAULT '1',
  `id_lang` int(10) unsigned NOT NULL,
  `word` varchar(15) NOT NULL,
  PRIMARY KEY (`id_word`),
  UNIQUE KEY `id_lang` (`id_lang`,`id_shop`,`word`)
) ENGINE=InnoDB AUTO_INCREMENT=76068 DEFAULT CHARSET=utf8;

#
# Data for table "_WCprTUAsearch_word"
#

INSERT INTO `_WCprTUAsearch_word` VALUES (443,1,1,'canotta'),(444,1,1,'profonda'),(445,1,1,'verde'),(517,1,1,'portatile'),(540,1,1,'stampato'),(541,1,1,'chiffon'),(545,1,1,'ginocchio'),(546,1,1,'spalline'),(547,1,1,'dal'),(548,1,1,'2010'),(550,1,1,'crea'),(551,1,1,'collezioni'),(552,1,1,'moda'),(553,1,1,'particolarmente'),(554,1,1,'curate'),(555,1,1,'brand'),(556,1,1,'propone'),(557,1,1,'modelli'),(558,1,1,'femminili'),(559,1,1,'costituiti'),(560,1,1,'eleganti'),(561,1,1,'coordinati'),(562,1,1,'abiti'),(563,1,1,'iconici'),(564,1,1,'evoluti'),(565,1,1,'collezione'),(566,1,1,'pret'),(567,1,1,'porter'),(568,1,1,'completa'),(569,1,1,'ogni'),(570,1,1,'articolo'),(571,1,1,'parte'),(572,1,1,'essenziale'),(573,1,1,'guardaroba'),(574,1,1,'donna'),(575,1,1,'risultato'),(576,1,1,'look'),(577,1,1,'trendy'),(578,1,1,'comodi'),(579,1,1,'chic'),(580,1,1,'dall'),(581,1,1,'eleganza'),(582,1,1,'giovanile'),(583,1,1,'caratteristico'),(584,1,1,'stile'),(585,1,1,'inconfondibile'),(586,1,1,'tutti'),(587,1,1,'meravigliosi'),(588,1,1,'capi'),(589,1,1,'realizzati'),(590,1,1,'italia'),(591,1,1,'fabbricati'),(592,1,1,'massima'),(593,1,1,'attenzione'),(594,1,1,'ingrandisce'),(595,1,1,'proponendo'),(596,1,1,'gamma'),(597,1,1,'accessori'),(598,1,1,'comprendono'),(599,1,1,'scarpe'),(600,1,1,'cappelli'),(601,1,1,'cinture'),(603,1,1,'giallo'),(1383,1,1,'vintage'),(1384,1,1,'woman'),(1385,1,1,'per'),(1554,1,1,'buste'),(1555,1,1,'salvaspazio'),(1556,1,1,'sottovuoto'),(1557,1,1,'the'),(1558,1,1,'business'),(1559,1,1,'man'),(1560,1,1,'wacu'),(1561,1,1,'busta'),(1562,1,1,'spessore'),(1563,1,1,'maggior'),(1564,1,1,'resistenza'),(1565,1,1,'adattabilita'),(1566,1,1,'alle'),(1567,1,1,'dimensioni'),(1568,1,1,'standard'),(1569,1,1,'delle'),(1570,1,1,'valigie'),(1571,1,1,'fantastiche'),(1572,1,1,'grafiche'),(1573,1,1,'collezionare'),(1574,1,1,'protezione'),(1575,1,1,'sicurezza'),(1576,1,1,'tuoi'),(1577,1,1,'oggetti'),(1578,1,1,'valvola'),(1579,1,1,'universale'),(1580,1,1,'utilizzo'),(1581,1,1,'qualsiasi'),(1582,1,1,'aspiratore'),(1583,1,1,'home'),(1584,1,1,'femminile'),(1618,1,1,'bucaneer'),(1875,1,1,'traveller'),(2157,1,1,'little'),(2158,1,1,'princess'),(2251,1,2,'buste'),(2252,1,2,'salvaspazio'),(2253,1,2,'sottovuoto'),(2254,1,2,'vintage'),(2255,1,2,'woman'),(2256,1,2,'wacu'),(2257,1,2,'busta'),(2258,1,2,'the'),(2259,1,2,'business'),(2260,1,2,'man'),(2261,1,2,'doppio'),(2262,1,2,'spessore'),(2263,1,2,'per'),(2264,1,2,'maggior'),(2265,1,2,'resistenza'),(2266,1,2,'adattabilita'),(2267,1,2,'alle'),(2268,1,2,'dimensioni'),(2269,1,2,'standard'),(2270,1,2,'delle'),(2271,1,2,'valigie'),(2272,1,2,'fantastiche'),(2273,1,2,'grafiche'),(2274,1,2,'collezionare'),(2275,1,2,'protezione'),(2276,1,2,'sicurezza'),(2277,1,2,'tuoi'),(2278,1,2,'oggetti'),(2279,1,2,'valvola'),(2280,1,2,'universale'),(2281,1,2,'utilizzo'),(2282,1,2,'qualsiasi'),(2283,1,2,'aspiratore'),(2284,1,2,'femminile'),(2285,1,3,'buste'),(2286,1,3,'salvaspazio'),(2287,1,3,'sottovuoto'),(2288,1,3,'vintage'),(2289,1,3,'woman'),(2290,1,3,'wacu'),(2291,1,3,'busta'),(2292,1,3,'the'),(2293,1,3,'business'),(2294,1,3,'man'),(2295,1,3,'doppio'),(2296,1,3,'spessore'),(2297,1,3,'per'),(2298,1,3,'maggior'),(2299,1,3,'resistenza'),(2300,1,3,'adattabilita'),(2301,1,3,'alle'),(2302,1,3,'dimensioni'),(2303,1,3,'standard'),(2304,1,3,'delle'),(2305,1,3,'valigie'),(2306,1,3,'fantastiche'),(2307,1,3,'grafiche'),(2308,1,3,'collezionare'),(2309,1,3,'protezione'),(2310,1,3,'sicurezza'),(2311,1,3,'tuoi'),(2312,1,3,'oggetti'),(2313,1,3,'valvola'),(2314,1,3,'universale'),(2315,1,3,'utilizzo'),(2316,1,3,'qualsiasi'),(2317,1,3,'aspiratore'),(2318,1,3,'femminile'),(2319,1,4,'buste'),(2320,1,4,'salvaspazio'),(2321,1,4,'sottovuoto'),(2322,1,4,'vintage'),(2323,1,4,'woman'),(2324,1,4,'wacu'),(2325,1,4,'busta'),(2326,1,4,'the'),(2327,1,4,'business'),(2328,1,4,'man'),(2329,1,4,'doppio'),(2330,1,4,'spessore'),(2331,1,4,'per'),(2332,1,4,'maggior'),(2333,1,4,'resistenza'),(2334,1,4,'adattabilita'),(2335,1,4,'alle'),(2336,1,4,'dimensioni'),(2337,1,4,'standard'),(2338,1,4,'delle'),(2339,1,4,'valigie'),(2340,1,4,'fantastiche'),(2341,1,4,'grafiche'),(2342,1,4,'collezionare'),(2343,1,4,'protezione'),(2344,1,4,'sicurezza'),(2345,1,4,'tuoi'),(2346,1,4,'oggetti'),(2347,1,4,'valvola'),(2348,1,4,'universale'),(2349,1,4,'utilizzo'),(2350,1,4,'qualsiasi'),(2351,1,4,'aspiratore'),(2352,1,4,'femminile'),(2353,1,5,'buste'),(2354,1,5,'salvaspazio'),(2355,1,5,'sottovuoto'),(2356,1,5,'vintage'),(2357,1,5,'woman'),(2358,1,5,'wacu'),(2359,1,5,'busta'),(2360,1,5,'the'),(2361,1,5,'business'),(2362,1,5,'man'),(2363,1,5,'doppio'),(2364,1,5,'spessore'),(2365,1,5,'per'),(2366,1,5,'maggior'),(2367,1,5,'resistenza'),(2368,1,5,'adattabilita'),(2369,1,5,'alle'),(2370,1,5,'dimensioni'),(2371,1,5,'standard'),(2372,1,5,'delle'),(2373,1,5,'valigie'),(2374,1,5,'fantastiche'),(2375,1,5,'grafiche'),(2376,1,5,'collezionare'),(2377,1,5,'protezione'),(2378,1,5,'sicurezza'),(2379,1,5,'tuoi'),(2380,1,5,'oggetti'),(2381,1,5,'valvola'),(2382,1,5,'universale'),(2383,1,5,'utilizzo'),(2384,1,5,'qualsiasi'),(2385,1,5,'aspiratore'),(2386,1,5,'femminile'),(3062,1,1,'modello'),(3234,1,2,'portatile'),(3235,1,2,'home'),(3239,1,3,'portatile'),(3240,1,3,'home'),(3244,1,4,'portatile'),(3245,1,4,'home'),(3249,1,5,'portatile'),(3250,1,5,'home'),(3354,1,6,'wacu'),(3355,1,6,'aspiratore'),(3356,1,6,'sottovuoto'),(3357,1,6,'portatile'),(3358,1,6,'00'),(3359,1,7,'wacu'),(3360,1,7,'aspiratore'),(3361,1,7,'sottovuoto'),(3362,1,7,'portatile'),(3363,1,8,'wacu'),(3364,1,8,'aspiratore'),(3365,1,8,'sottovuoto'),(3366,1,8,'portatile'),(3367,1,8,'00'),(3436,1,1,'vacuum'),(3441,1,2,'vacuum'),(3446,1,3,'vacuum'),(3451,1,4,'vacuum'),(3456,1,5,'vacuum'),(3461,1,6,'vacuum'),(3462,1,6,'s'),(3463,1,6,'a'),(3469,1,7,'vacuum'),(3474,1,8,'vacuum'),(3475,1,8,'s'),(3476,1,8,'a'),(3788,1,6,'home'),(3797,1,7,'home'),(3803,1,8,'home'),(4033,1,6,'busta'),(4034,1,6,'vintage'),(4035,1,6,'woman'),(4036,1,6,'buste'),(4037,1,6,'salvaspazio'),(4038,1,6,'modello'),(4039,1,6,'doppio'),(4040,1,6,'spessore'),(4041,1,6,'per'),(4042,1,6,'maggior'),(4043,1,6,'resistenza'),(4044,1,6,'adattabilita'),(4045,1,6,'alle'),(4046,1,6,'dimensioni'),(4047,1,6,'standard'),(4048,1,6,'delle'),(4049,1,6,'valigie'),(4050,1,6,'fantastiche'),(4051,1,6,'grafiche'),(4052,1,6,'da'),(4053,1,6,'collezionare'),(4054,1,6,'protezione'),(4055,1,6,'e'),(4056,1,6,'sicurezza'),(4057,1,6,'i'),(4058,1,6,'tuoi'),(4059,1,6,'oggetti'),(4060,1,6,'valvola'),(4061,1,6,'universale'),(4062,1,6,'l'),(4063,1,6,'utilizzo'),(4064,1,6,'di'),(4065,1,6,'qualsiasi'),(4066,1,6,'m'),(4067,1,6,'femminile'),(4072,1,7,'busta'),(4073,1,7,'vintage'),(4074,1,7,'woman'),(4075,1,7,'buste'),(4076,1,7,'salvaspazio'),(4077,1,7,'modello'),(4078,1,7,'doppio'),(4079,1,7,'spessore'),(4080,1,7,'per'),(4081,1,7,'maggior'),(4082,1,7,'resistenza'),(4083,1,7,'adattabilita'),(4084,1,7,'alle'),(4085,1,7,'dimensioni'),(4086,1,7,'standard'),(4087,1,7,'delle'),(4088,1,7,'valigie'),(4089,1,7,'fantastiche'),(4090,1,7,'grafiche'),(4091,1,7,'collezionare'),(4092,1,7,'protezione'),(4093,1,7,'sicurezza'),(4094,1,7,'tuoi'),(4095,1,7,'oggetti'),(4096,1,7,'valvola'),(4097,1,7,'universale'),(4098,1,7,'utilizzo'),(4099,1,7,'qualsiasi'),(4100,1,7,'femminile'),(4104,1,8,'busta'),(4105,1,8,'vintage'),(4106,1,8,'woman'),(4107,1,8,'buste'),(4108,1,8,'salvaspazio'),(4109,1,8,'modello'),(4110,1,8,'doppio'),(4111,1,8,'spessore'),(4112,1,8,'per'),(4113,1,8,'maggior'),(4114,1,8,'resistenza'),(4115,1,8,'adattabilita'),(4116,1,8,'alle'),(4117,1,8,'dimensioni'),(4118,1,8,'standard'),(4119,1,8,'delle'),(4120,1,8,'valigie'),(4121,1,8,'fantastiche'),(4122,1,8,'grafiche'),(4123,1,8,'da'),(4124,1,8,'collezionare'),(4125,1,8,'protezione'),(4126,1,8,'e'),(4127,1,8,'sicurezza'),(4128,1,8,'i'),(4129,1,8,'tuoi'),(4130,1,8,'oggetti'),(4131,1,8,'valvola'),(4132,1,8,'universale'),(4133,1,8,'l'),(4134,1,8,'utilizzo'),(4135,1,8,'di'),(4136,1,8,'qualsiasi'),(4137,1,8,'m'),(4138,1,8,'femminile'),(4307,1,6,'business'),(4308,1,6,'man'),(4309,1,6,'the'),(4347,1,7,'business'),(4348,1,7,'man'),(4349,1,7,'the'),(4380,1,8,'business'),(4381,1,8,'man'),(4382,1,8,'the'),(4728,1,2,'bucaneer'),(4760,1,3,'bucaneer'),(4792,1,4,'bucaneer'),(4824,1,5,'bucaneer'),(4856,1,6,'bucaneer'),(4896,1,7,'bucaneer'),(4928,1,8,'bucaneer'),(5000,1,2,'little'),(5001,1,2,'princess'),(5033,1,3,'little'),(5034,1,3,'princess'),(5066,1,4,'little'),(5067,1,4,'princess'),(5099,1,5,'little'),(5100,1,5,'princess'),(5132,1,6,'little'),(5133,1,6,'princess'),(5173,1,7,'little'),(5174,1,7,'princess'),(5206,1,8,'little'),(5207,1,8,'princess'),(5557,1,2,'traveller'),(5589,1,3,'traveller'),(5621,1,4,'traveller'),(5653,1,5,'traveller'),(5685,1,6,'traveller'),(5725,1,7,'traveller'),(5757,1,8,'traveller'),(8367,1,1,'tuo'),(8368,1,1,'compagno'),(8369,1,1,'viaggio'),(8370,1,1,'piccolo'),(8371,1,1,'praticogenerato'),(8372,1,1,'grado'),(8373,1,1,'direndere'),(8374,1,1,'puro'),(8375,1,1,'momento'),(8376,1,1,'piacere'),(8377,1,1,'portawacu'),(8378,1,1,'ovunque'),(8379,1,1,'prepara'),(8380,1,1,'perfetto'),(8381,1,1,'pochiminuti'),(8382,1,1,'ordine'),(8383,1,1,'casa'),(8384,1,1,'valigia'),(8385,1,1,'mai'),(8386,1,1,'temereil'),(8387,1,1,'ritorno'),(8388,1,1,'basta'),(8389,1,1,'collegare'),(8390,1,1,'usarlodove'),(8391,1,1,'preferisci'),(8392,1,1,'aggancia'),(8393,1,1,'bustesalvaspazi'),(8394,1,1,'grazie'),(8395,1,1,'all'),(8396,1,1,'adattatore'),(8397,1,1,'sottovuotoin'),(8398,1,1,'autonomia'),(8399,1,1,'debba'),(8400,1,1,'reggerlo'),(8401,1,1,'durantel'),(8402,1,1,'aspirazione'),(8403,1,1,'acquista'),(8404,1,1,'separatamente'),(8405,1,1,'colorate'),(8406,1,1,'bellissimebuste'),(8407,1,1,'scopri'),(8408,1,1,'lastraordinaria'),(8409,1,1,'fantasioso'),(8410,1,1,'modo'),(8411,1,1,'mettereordine'),(8412,1,1,'tua'),(8413,1,1,'vita'),(8467,1,1,'pratico'),(8468,1,1,'generatore'),(8469,1,1,'rendere'),(8470,1,1,'porta'),(8471,1,1,'pochi'),(8472,1,1,'minuti'),(8473,1,1,'temere'),(8474,1,1,'usarlo'),(8475,1,1,'dove'),(8476,1,1,'durante'),(8477,1,1,'bellissime'),(8478,1,1,'straordinaria'),(8479,1,1,'mettere'),(8480,1,1,'peso444'),(8481,1,1,'prodotto83'),(8482,1,1,'143'),(8483,1,1,'scatola112'),(8484,1,1,'117'),(8485,1,1,'205'),(8577,1,1,'alimentazioneil'),(8578,1,1,'dispositivo'),(8579,1,1,'alimentato'),(8580,1,1,'correntedi'),(8581,1,1,'rete'),(8582,1,1,'non'),(8583,1,1,'presenta'),(8584,1,1,'batterie'),(8585,1,1,'portata'),(8586,1,1,'aspirazione18'),(8587,1,1,'lpm'),(8588,1,1,'tempi'),(8589,1,1,'aspirazionetagl'),(8590,1,1,'60x40'),(8591,1,1,'min'),(8592,1,1,'circataglia'),(8593,1,1,'80x60'),(8594,1,1,'90x70'),(8595,1,1,'circa'),(8596,1,1,'nota'),(8597,1,1,'possonovariare'),(8598,1,1,'seconda'),(8599,1,1,'quantita'),(8600,1,1,'tipodi'),(8601,1,1,'vestiti'),(8602,1,1,'avvertenzesolo'),(8603,1,1,'uso'),(8604,1,1,'domesticoda'),(8605,1,1,'usare'),(8606,1,1,'diretta'),(8607,1,1,'sorveglianzadi'),(8608,1,1,'adulto'),(8720,1,1,'wacu012015'),(8721,1,1,'corrente'),(8722,1,1,'possono'),(8723,1,1,'variare'),(8724,1,1,'tipo'),(8725,1,1,'sorveglianza'),(8824,1,2,'wacu012015'),(8830,1,3,'wacu012015'),(8836,1,4,'wacu012015'),(8842,1,5,'wacu012015'),(8848,1,6,'wacu012015'),(8856,1,7,'wacu012015'),(8862,1,8,'wacu012015'),(9139,1,1,'buccaneer'),(9169,1,2,'buccaneer'),(9201,1,3,'buccaneer'),(9233,1,4,'buccaneer'),(9265,1,5,'buccaneer'),(9297,1,6,'buccaneer'),(9337,1,7,'buccaneer'),(9369,1,8,'buccaneer'),(15319,1,1,'adattatori'),(15320,1,1,'universali'),(15321,1,1,'comodita'),(15322,1,1,'supera'),(15323,1,1,'limite'),(15324,1,1,'vasta'),(15325,1,1,'permettono'),(15326,1,1,'azzerare'),(15327,1,1,'problemi'),(15328,1,1,'spazio'),(15329,1,1,'tutte'),(15330,1,1,'possibilita'),(15331,1,1,'mano'),(15332,1,1,'agli'),(15347,1,2,'adattatori'),(15354,1,3,'adattatori'),(15361,1,4,'adattatori'),(15368,1,5,'adattatori'),(15375,1,6,'adattatori'),(15384,1,7,'adattatori'),(15391,1,8,'adattatori'),(15826,1,1,'alimentatore'),(15827,1,1,'auto'),(15828,1,1,'12v'),(15829,1,1,'lunghi'),(15830,1,1,'viaggi'),(15831,1,1,'essere'),(15832,1,1,'gran'),(15833,1,1,'perdita'),(15834,1,1,'ottimizza'),(15835,1,1,'mentre'),(15836,1,1,'sposti'),(15856,1,2,'alimentatore'),(15857,1,2,'auto'),(15858,1,2,'12v'),(15862,1,3,'alimentatore'),(15863,1,3,'auto'),(15864,1,3,'12v'),(15868,1,4,'alimentatore'),(15869,1,4,'auto'),(15870,1,4,'12v'),(15874,1,5,'alimentatore'),(15875,1,5,'auto'),(15876,1,5,'12v'),(15880,1,6,'alimentatore'),(15881,1,6,'auto'),(15882,1,6,'dc'),(15883,1,6,'12v'),(15884,1,6,'5'),(15890,1,7,'alimentatore'),(15891,1,7,'auto'),(15892,1,7,'12v'),(15896,1,8,'alimentatore'),(15897,1,8,'auto'),(15898,1,8,'dc'),(15899,1,8,'12v'),(15900,1,8,'5'),(16335,1,2,'adattatore'),(16343,1,3,'adattatore'),(16351,1,4,'adattatore'),(16359,1,5,'adattatore'),(16367,1,6,'adattatore'),(16377,1,7,'adattatore'),(16385,1,8,'adattatore'),(16475,1,1,'compatibile'),(16476,1,1,'aus'),(16482,1,2,'compatibile'),(16483,1,2,'aus'),(16489,1,3,'compatibile'),(16490,1,3,'aus'),(16496,1,4,'compatibile'),(16497,1,4,'aus'),(16503,1,5,'compatibile'),(16504,1,5,'aus'),(16510,1,6,'2a'),(16511,1,6,'compatibile'),(16512,1,6,'us'),(16513,1,6,'eu'),(16514,1,6,'aus'),(16515,1,6,'uk'),(16521,1,7,'compatibile'),(16522,1,7,'aus'),(16528,1,8,'2a'),(16529,1,8,'compatibile'),(16530,1,8,'us'),(16531,1,8,'eu'),(16532,1,8,'aus'),(16533,1,8,'uk'),(16539,1,1,'custodia'),(16540,1,1,'dai'),(16541,1,1,'case'),(16542,1,1,'comoda'),(16543,1,1,'soluzione'),(16544,1,1,'tenere'),(16545,1,1,'insieme'),(16546,1,1,'proteggere'),(16547,1,1,'salva'),(16548,1,1,'preferito'),(16549,1,1,'suoi'),(16570,1,2,'custodia'),(16571,1,2,'dispositivo'),(16572,1,2,'accessori'),(16576,1,3,'custodia'),(16577,1,3,'dispositivo'),(16578,1,3,'accessori'),(16582,1,4,'custodia'),(16583,1,4,'dispositivo'),(16584,1,4,'accessori'),(16588,1,5,'custodia'),(16589,1,5,'dispositivo'),(16590,1,5,'accessori'),(16594,1,6,'custodia'),(16595,1,6,'dispositivo'),(16596,1,6,'ed'),(16597,1,6,'accessori'),(16601,1,7,'custodia'),(16602,1,7,'dispositivo'),(16603,1,7,'accessori'),(16607,1,8,'custodia'),(16608,1,8,'dispositivo'),(16609,1,8,'ed'),(16610,1,8,'accessori'),(17386,1,2,'space'),(17387,1,2,'saving'),(17388,1,2,'portable'),(17389,1,2,'device'),(17390,1,2,'your'),(17391,1,2,'new'),(17392,1,2,'travel'),(17393,1,2,'companion'),(17394,1,2,'practical'),(17395,1,2,'able'),(17396,1,2,'make'),(17397,1,2,'each'),(17398,1,2,'trip'),(17399,1,2,'pleasure'),(17400,1,2,'take'),(17401,1,2,'everywhere'),(17402,1,2,'with'),(17403,1,2,'you'),(17404,1,2,'for'),(17405,1,2,'perfect'),(17406,1,2,'result'),(17407,1,2,'just'),(17408,1,2,'minutes'),(17409,1,2,'keep'),(17410,1,2,'and'),(17411,1,2,'suitcase'),(17412,1,2,'order'),(17413,1,2,'fear'),(17414,1,2,'return'),(17415,1,2,'journey'),(17416,1,2,'plug'),(17417,1,2,'use'),(17418,1,2,'wherever'),(17419,1,2,'like'),(17420,1,2,'connect'),(17421,1,2,'one'),(17422,1,2,'fantastic'),(17423,1,2,'bags'),(17424,1,2,'thanks'),(17425,1,2,'adapter'),(17426,1,2,'vacuums'),(17427,1,2,'out'),(17428,1,2,'air'),(17429,1,2,'its'),(17430,1,2,'own'),(17431,1,2,'need'),(17432,1,2,'hold'),(17433,1,2,'place'),(17434,1,2,'during'),(17435,1,2,'process'),(17436,1,2,'purchase'),(17437,1,2,'beautifully'),(17438,1,2,'colourful'),(17439,1,2,'sold'),(17440,1,2,'separately'),(17441,1,2,'double'),(17442,1,2,'layer'),(17443,1,2,'extraordinary'),(17444,1,2,'resistance'),(17445,1,2,'smart'),(17446,1,2,'imaginative'),(17447,1,2,'way'),(17448,1,2,'bring'),(17449,1,2,'some'),(17450,1,2,'into'),(17451,1,2,'life'),(17747,1,2,'bag'),(17748,1,2,'adaptors'),(17749,1,2,'user'),(17750,1,2,'friendliness'),(17751,1,2,'exceeds'),(17752,1,2,'all'),(17753,1,2,'limits'),(17754,1,2,'wide'),(17755,1,2,'range'),(17756,1,2,'accessories'),(17757,1,2,'which'),(17758,1,2,'eliminate'),(17759,1,2,'problems'),(17760,1,2,'are'),(17761,1,2,'possibilities'),(17762,1,2,'hand'),(17763,1,2,'any'),(17764,1,2,'kind'),(18080,1,2,'sizeuniversal'),(18081,1,2,'size'),(18082,1,2,'3235'),(18083,1,2,'bagsmaterialpla'),(18084,1,2,'bluepieces'),(18085,1,2,'package2'),(18273,1,2,'free'),(18274,1,2,'flow'),(18275,1,2,'range18'),(18276,1,2,'lpmfree'),(18277,1,2,'timingsize'),(18278,1,2,'60x40'),(18279,1,2,'about'),(18280,1,2,'min'),(18281,1,2,'80x60'),(18282,1,2,'90x70'),(18283,1,2,'note'),(18284,1,2,'timings'),(18285,1,2,'may'),(18286,1,2,'vary'),(18287,1,2,'depending'),(18288,1,2,'quantity'),(18289,1,2,'type'),(18290,1,2,'clothing'),(18291,1,2,'item'),(18292,1,2,'weight444'),(18293,1,2,'gproduct'),(18294,1,2,'dimensions83'),(18295,1,2,'143'),(18296,1,2,'cmbox'),(18297,1,2,'dimensions112'),(18298,1,2,'117'),(18299,1,2,'205'),(18446,1,2,'car'),(18447,1,2,'power'),(18448,1,2,'supply'),(18449,1,2,'long'),(18450,1,2,'journeys'),(18451,1,2,'huge'),(18452,1,2,'waste'),(18453,1,2,'time'),(18454,1,2,'optimize'),(18455,1,2,'while'),(18456,1,2,'travelling'),(18457,1,2,'inputdc'),(18458,1,2,'output'),(18459,1,2,'5apower'),(18460,1,2,'jack'),(18461,1,2,'size55x21'),(18462,1,2,'mmsafety'),(18463,1,2,'featuresmaximum'),(18464,1,2,'efficiency'),(18465,1,2,'guaranteed'),(18466,1,2,'reliability'),(18467,1,2,'protection'),(18468,1,2,'from'),(18469,1,2,'excess'),(18470,1,2,'voltage'),(18471,1,2,'compatibilityus'),(18472,1,2,'original'),(18473,1,2,'native'),(18474,1,2,'systems'),(18563,1,2,'universal'),(18564,1,2,'compatible'),(18565,1,2,'when'),(18566,1,2,'rome'),(18567,1,2,'right'),(18568,1,2,'allows'),(18569,1,2,'favourite'),(18570,1,2,'travels'),(18571,1,2,'might'),(18572,1,2,'input100240v'),(18573,1,2,'5060'),(18574,1,2,'12vplug'),(18575,1,2,'size55'),(18576,1,2,'mmcable'),(18577,1,2,'lenght115'),(18578,1,2,'cmcompatibility'),(18579,1,2,'sockets'),(18704,1,2,'case'),(18705,1,2,'tidy'),(18706,1,2,'convenient'),(18707,1,2,'solution'),(18708,1,2,'together'),(18709,1,2,'protect'),(18710,1,2,'partitionadjust'),(18711,1,2,'contain'),(18712,1,2,'accessoriesmate'),(18713,1,2,'size14x18x55'),(18714,1,2,'cmclosingwith'),(18715,1,2,'zipperprotectio'),(18716,1,2,'shock'),(18717,1,2,'padding'),(18718,1,2,'safeguard'),(18719,1,2,'components'),(18807,1,1,'01wacu01012015'),(18808,1,1,'8057017530008'),(18912,1,2,'01wacu01012015'),(18913,1,2,'8057017530008'),(19015,1,3,'01wacu01012015'),(19016,1,3,'8057017530008'),(19022,1,4,'01wacu01012015'),(19023,1,4,'8057017530008'),(19029,1,5,'01wacu01012015'),(19030,1,5,'8057017530008'),(19036,1,6,'01wacu01012015'),(19037,1,6,'8057017530008'),(19045,1,7,'01wacu01012015'),(19046,1,7,'8057017530008'),(19052,1,8,'01wacu01012015'),(19053,1,8,'8057017530008'),(19061,1,1,'01wacubisman'),(19062,1,1,'01wacubisman1l'),(19063,1,1,'8057017530015'),(19094,1,2,'01wacubisman'),(19095,1,2,'01wacubisman1l'),(19096,1,2,'8057017530015'),(19127,1,3,'01wacubisman'),(19128,1,3,'01wacubisman1l'),(19129,1,3,'8057017530015'),(19160,1,4,'01wacubisman'),(19161,1,4,'01wacubisman1l'),(19162,1,4,'8057017530015'),(19193,1,5,'01wacubisman'),(19194,1,5,'01wacubisman1l'),(19195,1,5,'8057017530015'),(19226,1,6,'01wacubisman'),(19227,1,6,'01wacubisman1l'),(19228,1,6,'8057017530015'),(19266,1,7,'01wacubisman'),(19267,1,7,'01wacubisman1l'),(19268,1,7,'8057017530015'),(19299,1,8,'01wacubisman'),(19300,1,8,'01wacubisman1l'),(19301,1,8,'8057017530015'),(19339,1,1,'01wacubisman1s'),(19340,1,1,'8057017530039'),(19374,1,2,'01wacubisman1s'),(19375,1,2,'8057017530039'),(19409,1,3,'01wacubisman1s'),(19410,1,3,'8057017530039'),(19444,1,4,'01wacubisman1s'),(19445,1,4,'8057017530039'),(19479,1,5,'01wacubisman1s'),(19480,1,5,'8057017530039'),(19514,1,6,'01wacubisman1s'),(19515,1,6,'8057017530039'),(19556,1,7,'01wacubisman1s'),(19557,1,7,'8057017530039'),(19591,1,8,'01wacubisman1s'),(19592,1,8,'8057017530039'),(19633,1,1,'01wacubisman1m'),(19634,1,1,'8057017530022'),(19670,1,2,'01wacubisman1m'),(19671,1,2,'8057017530022'),(19707,1,3,'01wacubisman1m'),(19708,1,3,'8057017530022'),(19744,1,4,'01wacubisman1m'),(19745,1,4,'8057017530022'),(19781,1,5,'01wacubisman1m'),(19782,1,5,'8057017530022'),(19818,1,6,'01wacubisman1m'),(19819,1,6,'8057017530022'),(19862,1,7,'01wacubisman1m'),(19863,1,7,'8057017530022'),(19899,1,8,'01wacubisman1m'),(19900,1,8,'8057017530022'),(19943,1,1,'01wacuvinwon1'),(19944,1,1,'8057017530046'),(19975,1,2,'01wacuvinwon1'),(19976,1,2,'8057017530046'),(20009,1,3,'01wacuvinwon1'),(20010,1,3,'8057017530046'),(20043,1,4,'01wacuvinwon1'),(20044,1,4,'8057017530046'),(20077,1,5,'01wacuvinwon1'),(20078,1,5,'8057017530046'),(20111,1,6,'01wacuvinwon1'),(20112,1,6,'8057017530046'),(20151,1,7,'01wacuvinwon1'),(20152,1,7,'8057017530046'),(20184,1,8,'01wacuvinwon1'),(20185,1,8,'8057017530046'),(20224,1,1,'01wacuvinwon1l'),(20257,1,2,'01wacuvinwon1l'),(20292,1,3,'01wacuvinwon1l'),(20327,1,4,'01wacuvinwon1l'),(20362,1,5,'01wacuvinwon1l'),(20397,1,6,'01wacuvinwon1l'),(20438,1,7,'01wacuvinwon1l'),(20472,1,8,'01wacuvinwon1l'),(20513,1,1,'01wacuvinwon1s'),(20514,1,1,'8057017530060'),(20548,1,2,'01wacuvinwon1s'),(20549,1,2,'8057017530060'),(20585,1,3,'01wacuvinwon1s'),(20586,1,3,'8057017530060'),(20622,1,4,'01wacuvinwon1s'),(20623,1,4,'8057017530060'),(20659,1,5,'01wacuvinwon1s'),(20660,1,5,'8057017530060'),(20696,1,6,'01wacuvinwon1s'),(20697,1,6,'8057017530060'),(20739,1,7,'01wacuvinwon1s'),(20740,1,7,'8057017530060'),(20775,1,8,'01wacuvinwon1s'),(20776,1,8,'8057017530060'),(20818,1,1,'01wacuvinwon1m'),(20819,1,1,'8057017530053'),(20855,1,2,'01wacuvinwon1m'),(20856,1,2,'8057017530053'),(20894,1,3,'01wacuvinwon1m'),(20895,1,3,'8057017530053'),(20933,1,4,'01wacuvinwon1m'),(20934,1,4,'8057017530053'),(20972,1,5,'01wacuvinwon1m'),(20973,1,5,'8057017530053'),(21011,1,6,'01wacuvinwon1m'),(21012,1,6,'8057017530053'),(21056,1,7,'01wacuvinwon1m'),(21057,1,7,'8057017530053'),(21094,1,8,'01wacuvinwon1m'),(21095,1,8,'8057017530053'),(21460,1,1,'01waculitbuc1'),(21461,1,1,'01waculitbuc1l'),(21462,1,1,'8057017530077'),(21493,1,2,'01waculitbuc1'),(21494,1,2,'01waculitbuc1l'),(21495,1,2,'8057017530077'),(21525,1,3,'01waculitbuc1'),(21526,1,3,'01waculitbuc1l'),(21527,1,3,'8057017530077'),(21557,1,4,'01waculitbuc1'),(21558,1,4,'01waculitbuc1l'),(21559,1,4,'8057017530077'),(21589,1,5,'01waculitbuc1'),(21590,1,5,'01waculitbuc1l'),(21591,1,5,'8057017530077'),(21621,1,6,'01waculitbuc1'),(21622,1,6,'01waculitbuc1l'),(21623,1,6,'8057017530077'),(21661,1,7,'01waculitbuc1'),(21662,1,7,'01waculitbuc1l'),(21663,1,7,'8057017530077'),(21693,1,8,'01waculitbuc1'),(21694,1,8,'01waculitbuc1l'),(21695,1,8,'8057017530077'),(21733,1,1,'01waculitbuc1s'),(21734,1,1,'8057017530091'),(21768,1,2,'01waculitbuc1s'),(21769,1,2,'8057017530091'),(21802,1,3,'01waculitbuc1s'),(21803,1,3,'8057017530091'),(21836,1,4,'01waculitbuc1s'),(21837,1,4,'8057017530091'),(21870,1,5,'01waculitbuc1s'),(21871,1,5,'8057017530091'),(21904,1,6,'01waculitbuc1s'),(21905,1,6,'8057017530091'),(21946,1,7,'01waculitbuc1s'),(21947,1,7,'8057017530091'),(21980,1,8,'01waculitbuc1s'),(21981,1,8,'8057017530091'),(22022,1,1,'01waculitbuc1m'),(22023,1,1,'8057017530084'),(22059,1,2,'01waculitbuc1m'),(22060,1,2,'8057017530084'),(22095,1,3,'01waculitbuc1m'),(22096,1,3,'8057017530084'),(22131,1,4,'01waculitbuc1m'),(22132,1,4,'8057017530084'),(22167,1,5,'01waculitbuc1m'),(22168,1,5,'8057017530084'),(22203,1,6,'01waculitbuc1m'),(22204,1,6,'8057017530084'),(22247,1,7,'01waculitbuc1m'),(22248,1,7,'8057017530084'),(22283,1,8,'01waculitbuc1m'),(22284,1,8,'8057017530084'),(22327,1,1,'01waculitpri1l'),(22328,1,1,'8057017530107'),(22360,1,2,'01waculitpri1l'),(22361,1,2,'8057017530107'),(22392,1,3,'01waculitpri1l'),(22393,1,3,'8057017530107'),(22424,1,4,'01waculitpri1l'),(22425,1,4,'8057017530107'),(22456,1,5,'01waculitpri1l'),(22457,1,5,'8057017530107'),(22488,1,6,'01waculitpri1l'),(22489,1,6,'8057017530107'),(22528,1,7,'01waculitpri1l'),(22529,1,7,'8057017530107'),(22560,1,8,'01waculitpri1l'),(22561,1,8,'8057017530107'),(22600,1,1,'01waculitpri1m'),(22601,1,1,'8057017530114'),(22635,1,2,'01waculitpri1m'),(22636,1,2,'8057017530114'),(22669,1,3,'01waculitpri1m'),(22670,1,3,'8057017530114'),(22703,1,4,'01waculitpri1m'),(22704,1,4,'8057017530114'),(22737,1,5,'01waculitpri1m'),(22738,1,5,'8057017530114'),(22771,1,6,'01waculitpri1m'),(22772,1,6,'8057017530114'),(22813,1,7,'01waculitpri1m'),(22814,1,7,'8057017530114'),(22847,1,8,'01waculitpri1m'),(22848,1,8,'8057017530114'),(22889,1,1,'01waculitpri1s'),(22890,1,1,'8057017530121'),(22926,1,2,'01waculitpri1s'),(22927,1,2,'8057017530121'),(22962,1,3,'01waculitpri1s'),(22963,1,3,'8057017530121'),(22998,1,4,'01waculitpri1s'),(22999,1,4,'8057017530121'),(23034,1,5,'01waculitpri1s'),(23035,1,5,'8057017530121'),(23070,1,6,'01waculitpri1s'),(23071,1,6,'8057017530121'),(23114,1,7,'01waculitpri1s'),(23115,1,7,'8057017530121'),(23150,1,8,'01waculitpri1s'),(23151,1,8,'8057017530121'),(23194,1,1,'01wacutrav1'),(23195,1,1,'01wacutrav1l'),(23196,1,1,'8057017530138'),(23227,1,2,'01wacutrav1'),(23228,1,2,'01wacutrav1l'),(23229,1,2,'8057017530138'),(23259,1,3,'01wacutrav1'),(23260,1,3,'01wacutrav1l'),(23261,1,3,'8057017530138'),(23291,1,4,'01wacutrav1'),(23292,1,4,'01wacutrav1l'),(23293,1,4,'8057017530138'),(23323,1,5,'01wacutrav1'),(23324,1,5,'01wacutrav1l'),(23325,1,5,'8057017530138'),(23355,1,6,'01wacutrav1'),(23356,1,6,'01wacutrav1l'),(23357,1,6,'8057017530138'),(23395,1,7,'01wacutrav1'),(23396,1,7,'01wacutrav1l'),(23397,1,7,'8057017530138'),(23427,1,8,'01wacutrav1'),(23428,1,8,'01wacutrav1l'),(23429,1,8,'8057017530138'),(23467,1,1,'01wacutrav1m'),(23468,1,1,'8057017530145'),(23502,1,2,'01wacutrav1m'),(23503,1,2,'8057017530145'),(23536,1,3,'01wacutrav1m'),(23537,1,3,'8057017530145'),(23570,1,4,'01wacutrav1m'),(23571,1,4,'8057017530145'),(23604,1,5,'01wacutrav1m'),(23605,1,5,'8057017530145'),(23638,1,6,'01wacutrav1m'),(23639,1,6,'8057017530145'),(23680,1,7,'01wacutrav1m'),(23681,1,7,'8057017530145'),(23714,1,8,'01wacutrav1m'),(23715,1,8,'8057017530145'),(23756,1,1,'01wacutrav1s'),(23757,1,1,'8057017530152'),(23793,1,2,'01wacutrav1s'),(23794,1,2,'8057017530152'),(23829,1,3,'01wacutrav1s'),(23830,1,3,'8057017530152'),(23865,1,4,'01wacutrav1s'),(23866,1,4,'8057017530152'),(23901,1,5,'01wacutrav1s'),(23902,1,5,'8057017530152'),(23937,1,6,'01wacutrav1s'),(23938,1,6,'8057017530152'),(23981,1,7,'01wacutrav1s'),(23982,1,7,'8057017530152'),(24017,1,8,'01wacutrav1s'),(24018,1,8,'8057017530152'),(24823,1,1,'01adapter17'),(24824,1,1,'8057017530176'),(24853,1,2,'01adapter17'),(24854,1,2,'8057017530176'),(24890,1,3,'01adapter17'),(24891,1,3,'8057017530176'),(24899,1,4,'01adapter17'),(24900,1,4,'8057017530176'),(24908,1,5,'01adapter17'),(24909,1,5,'8057017530176'),(24917,1,6,'01adapter17'),(24918,1,6,'8057017530176'),(24928,1,7,'01adapter17'),(24929,1,7,'8057017530176'),(24937,1,8,'01adapter17'),(24938,1,8,'8057017530176'),(24948,1,1,'01unisupply17'),(24949,1,1,'8057017530183'),(24958,1,2,'01unisupply17'),(24959,1,2,'8057017530183'),(25010,1,3,'01unisupply17'),(25011,1,3,'8057017530183'),(25020,1,4,'01unisupply17'),(25021,1,4,'8057017530183'),(25030,1,5,'01unisupply17'),(25031,1,5,'8057017530183'),(25040,1,6,'01unisupply17'),(25041,1,6,'8057017530183'),(25054,1,7,'01unisupply17'),(25055,1,7,'8057017530183'),(25064,1,8,'01unisupply17'),(25065,1,8,'8057017530183'),(25078,1,1,'prese'),(25079,1,1,'usa'),(25080,1,1,'paese'),(25081,1,1,'presa'),(25082,1,1,'trovi'),(25083,1,1,'permette'),(25084,1,1,'attimo'),(25085,1,1,'strumento'),(25086,1,1,'porti'),(25087,1,1,'ingresso100240v'),(25088,1,1,'5060'),(25089,1,1,'uscita'),(25090,1,1,'12vdimensioni'),(25091,1,1,'spina55'),(25092,1,1,'mmlunghezza'),(25093,1,1,'cavo115'),(25094,1,1,'cmcompatibilita'),(25095,1,1,'elettriche'),(25410,1,1,'01caradapt17'),(25411,1,1,'8057017530190'),(25443,1,2,'01caradapt17'),(25444,1,2,'8057017530190'),(25502,1,3,'01caradapt17'),(25503,1,3,'8057017530190'),(25511,1,4,'01caradapt17'),(25512,1,4,'8057017530190'),(25520,1,5,'01caradapt17'),(25521,1,5,'8057017530190'),(25529,1,6,'01caradapt17'),(25530,1,6,'8057017530190'),(25542,1,7,'01caradapt17'),(25543,1,7,'8057017530190'),(25551,1,8,'01caradapt17'),(25552,1,8,'8057017530190'),(25564,1,1,'01pochette17'),(25565,1,1,'8057017530206'),(25599,1,2,'01pochette17'),(25600,1,2,'8057017530206'),(25648,1,3,'01pochette17'),(25649,1,3,'8057017530206'),(25658,1,4,'01pochette17'),(25659,1,4,'8057017530206'),(25668,1,5,'01pochette17'),(25669,1,5,'8057017530206'),(25678,1,6,'01pochette17'),(25679,1,6,'8057017530206'),(25691,1,7,'01pochette17'),(25692,1,7,'8057017530206'),(25701,1,8,'01pochette17'),(25702,1,8,'8057017530206'),(25751,1,2,'greater'),(25752,1,2,'adapts'),(25753,1,2,'sizes'),(25754,1,2,'patterns'),(25755,1,2,'collect'),(25756,1,2,'keeps'),(25757,1,2,'items'),(25758,1,2,'safe'),(25759,1,2,'protected'),(25760,1,2,'valve'),(25761,1,2,'that'),(25762,1,2,'can'),(25763,1,2,'used'),(26069,1,2,'pack'),(26070,1,2,'contains'),(26071,1,2,'available'),(26072,1,2,'60x40cm'),(26073,1,2,'80x60cm'),(26074,1,2,'90x70cm'),(27686,1,2,'saver'),(27687,1,1,'bundle'),(27688,1,1,'box'),(27689,1,1,'starter'),(27690,1,1,'01bundlestarter'),(27691,1,1,'8057017530220'),(27692,1,1,'kit'),(27693,1,1,'comprende'),(27694,1,1,'world'),(27695,1,1,'formati'),(27696,1,1,'taglia'),(27703,1,2,'01bundlestarter'),(27704,1,2,'8057017530220'),(27705,1,2,'bundle'),(27706,1,2,'box'),(27707,1,2,'starter'),(27708,1,2,'kit'),(27709,1,2,'includes'),(27710,1,2,'world'),(27724,1,3,'01bundlestarter'),(27725,1,3,'8057017530220'),(27731,1,4,'01bundlestarter'),(27732,1,4,'8057017530220'),(27738,1,5,'01bundlestarter'),(27739,1,5,'8057017530220'),(27745,1,6,'bundle'),(27746,1,6,'box'),(27747,1,6,'01bundlestarter'),(27748,1,6,'8057017530220'),(27755,1,7,'bundle'),(27756,1,7,'box'),(27757,1,7,'01bundlestarter'),(27758,1,7,'8057017530220'),(27763,1,8,'bundle'),(27764,1,8,'box'),(27765,1,8,'01bundlestarter'),(27766,1,8,'8057017530220'),(27773,1,1,'01wacuwor1'),(27774,1,1,'01wacuwor1l'),(27775,1,1,'8057017530275'),(27776,1,1,'01wacuwor1m'),(27777,1,1,'8057017530282'),(27778,1,1,'01wacuwor1s'),(27779,1,1,'8057017530299'),(27808,1,2,'01wacuwor1'),(27809,1,2,'01wacuwor1l'),(27810,1,2,'8057017530275'),(27811,1,2,'01wacuwor1m'),(27812,1,2,'8057017530282'),(27813,1,2,'01wacuwor1s'),(27814,1,2,'8057017530299'),(27856,1,3,'01wacuwor1'),(27857,1,3,'01wacuwor1l'),(27858,1,3,'8057017530275'),(27859,1,3,'01wacuwor1m'),(27860,1,3,'8057017530282'),(27861,1,3,'01wacuwor1s'),(27862,1,3,'8057017530299'),(27895,1,4,'01wacuwor1'),(27896,1,4,'01wacuwor1l'),(27897,1,4,'8057017530275'),(27898,1,4,'01wacuwor1m'),(27899,1,4,'8057017530282'),(27900,1,4,'01wacuwor1s'),(27901,1,4,'8057017530299'),(27934,1,5,'01wacuwor1'),(27935,1,5,'01wacuwor1l'),(27936,1,5,'8057017530275'),(27937,1,5,'01wacuwor1m'),(27938,1,5,'8057017530282'),(27939,1,5,'01wacuwor1s'),(27940,1,5,'8057017530299'),(27973,1,6,'01wacuwor1'),(27974,1,6,'01wacuwor1l'),(27975,1,6,'8057017530275'),(27976,1,6,'01wacuwor1m'),(27977,1,6,'8057017530282'),(27978,1,6,'01wacuwor1s'),(27979,1,6,'8057017530299'),(28018,1,7,'01wacuwor1'),(28019,1,7,'01wacuwor1l'),(28020,1,7,'8057017530275'),(28021,1,7,'01wacuwor1m'),(28022,1,7,'8057017530282'),(28023,1,7,'01wacuwor1s'),(28024,1,7,'8057017530299'),(28056,1,8,'01wacuwor1'),(28057,1,8,'01wacuwor1l'),(28058,1,8,'8057017530275'),(28059,1,8,'01wacuwor1m'),(28060,1,8,'8057017530282'),(28061,1,8,'01wacuwor1s'),(28062,1,8,'8057017530299'),(29085,1,1,'premium'),(29086,1,1,'01bundlepremium'),(29087,1,1,'8057017530213'),(29101,1,2,'premium'),(29102,1,2,'01bundlepremium'),(29103,1,2,'8057017530213'),(29119,1,3,'01bundlepremium'),(29120,1,3,'8057017530213'),(29126,1,4,'01bundlepremium'),(29127,1,4,'8057017530213'),(29133,1,5,'01bundlepremium'),(29134,1,5,'8057017530213'),(29140,1,6,'01bundlepremium'),(29141,1,6,'8057017530213'),(29150,1,7,'01bundlepremium'),(29151,1,7,'8057017530213'),(29158,1,8,'01bundlepremium'),(29159,1,8,'8057017530213'),(44244,1,1,'gold'),(44245,1,1,'01bundlegold18'),(44246,1,1,'8057017530237'),(44247,1,1,'scelta'),(44248,1,1,'dei'),(44249,1,1,'disposizione'),(44262,1,2,'01bundlegold18'),(44263,1,2,'8057017530237'),(44272,1,3,'01bundlegold18'),(44273,1,3,'8057017530237'),(44279,1,4,'01bundlegold18'),(44280,1,4,'8057017530237'),(44286,1,5,'01bundlegold18'),(44287,1,5,'8057017530237'),(44293,1,6,'01bundlegold18'),(44294,1,6,'8057017530237'),(44303,1,7,'01bundlegold18'),(44304,1,7,'8057017530237'),(44311,1,8,'01bundlegold18'),(44312,1,8,'8057017530237'),(44313,1,1,'pack'),(44314,1,1,'contiene'),(44315,1,1,'portatile1'),(44316,1,1,'compatto'),(44317,1,1,'leggero'),(44318,1,1,'adatto'),(44319,1,1,'domestico'),(44320,1,1,'provvisto'),(44321,1,1,'elettrico'),(44322,1,1,'rispondente'),(44323,1,1,'normative'),(44324,1,1,'emc'),(44325,1,1,'funzionante'),(44326,1,1,'accendisigari'),(44327,1,1,'adattabili'),(44328,1,1,'raddoppiato'),(44329,1,1,'maggiore'),(44330,1,1,'aspiratori'),(44368,1,2,'sealer1'),(44369,1,2,'compact'),(44370,1,2,'lightweight'),(44371,1,2,'suitable'),(44372,1,2,'equipped'),(44373,1,2,'electric'),(44374,1,2,'complying'),(44375,1,2,'emc'),(44376,1,2,'regulations'),(44377,1,2,'working'),(44378,1,2,'also'),(44379,1,2,'cigarette'),(44380,1,2,'lighter'),(44381,1,2,'adaptable'),(44382,1,2,'suitcases'),(44383,1,2,'thickness'),(44384,1,2,'other'),(44385,1,2,'aspirators'),(44659,1,2,'gold'),(44660,1,2,'objects'),(45000,1,2,'withall'),(63944,1,1,'40cm'),(63945,1,1,'60cm'),(63946,1,1,'70cm'),(64007,1,2,'40cm'),(64008,1,2,'60cm'),(64009,1,2,'70cm'),(70965,1,1,'01bundlego18'),(70966,1,1,'portatile2'),(71020,1,2,'01bundlego18'),(71021,1,2,'sealer2'),(71081,1,3,'01bundlego18'),(71088,1,4,'01bundlego18'),(71095,1,5,'01bundlego18'),(71102,1,6,'01bundlego18'),(71112,1,7,'01bundlego18'),(71120,1,8,'01bundlego18'),(75749,1,1,'8057017530312'),(75804,1,2,'8057017530312'),(75864,1,3,'8057017530312'),(75871,1,4,'8057017530312'),(75878,1,5,'8057017530312'),(75885,1,6,'8057017530312'),(75895,1,7,'8057017530312'),(75903,1,8,'8057017530312'),(75913,1,1,'01bundlego2018'),(75968,1,2,'01bundlego2018'),(76028,1,3,'01bundlego2018'),(76035,1,4,'01bundlego2018'),(76042,1,5,'01bundlego2018'),(76049,1,6,'01bundlego2018'),(76059,1,7,'01bundlego2018'),(76067,1,8,'01bundlego2018');

#
# Structure for table "_WCprTUAsekeyword"
#

CREATE TABLE `_WCprTUAsekeyword` (
  `id_sekeyword` int(10) unsigned NOT NULL AUTO_INCREMENT,
  `id_shop` int(10) unsigned NOT NULL DEFAULT '1',
  `id_shop_group` int(10) unsigned NOT NULL DEFAULT '1',
  `keyword` varchar(256) NOT NULL,
  `date_add` datetime NOT NULL,
  PRIMARY KEY (`id_sekeyword`)
) ENGINE=InnoDB AUTO_INCREMENT=84 DEFAULT CHARSET=utf8;

#
# Data for table "_WCprTUAsekeyword"
#

INSERT INTO `_WCprTUAsekeyword` VALUES (1,1,1,'wacu','2018-04-05 12:10:07'),(2,1,1,'https://www.wacu.it/it/','2018-04-14 06:43:12'),(3,1,1,'https://www.wacu.it/it/','2018-04-14 08:46:40'),(4,1,1,'https://www.wacu.it/it/','2018-04-15 01:16:52'),(5,1,1,'https://www.wacu.it/it/','2018-04-16 02:04:24'),(6,1,1,'sacchetti sottovuoto per indumenti ebay','2018-05-15 05:11:25'),(7,1,1,'wacù aspiratore salvaspazio portatile','2018-05-21 07:46:39'),(8,1,1,'macchina sottovuoto vestiti','2018-05-24 23:14:56'),(9,1,1,'wacù','2018-05-26 08:55:46'),(10,1,1,'wacù','2018-05-27 04:50:44'),(11,1,1,'macchina.x vestiti sottovuoto','2018-05-27 04:59:05'),(12,1,1,'https://www.wacu.it/it/','2018-05-31 05:05:11'),(13,1,1,'https://www.wacu.it/it/','2018-06-01 00:15:04'),(14,1,1,'wacu','2018-06-01 08:50:01'),(15,1,1,'sacchetti sottovuoto abiti dove comprarli','2018-06-02 11:11:25'),(16,1,1,'https://www.wacu.it/it/','2018-06-04 00:04:43'),(17,1,1,'https://www.wacu.it/it/','2018-06-05 00:12:57'),(18,1,1,'https://www.wacu.it/it/','2018-06-06 00:13:50'),(19,1,1,'https://www.wacu.it/it/','2018-06-07 00:19:12'),(20,1,1,'https://www.wacu.it/it/','2018-06-08 00:13:19'),(21,1,1,'https://www.wacu.it/it/','2018-06-11 00:04:51'),(22,1,1,'https://www.wacu.it/it/','2018-06-12 00:07:40'),(23,1,1,'https://www.wacu.it/it/','2018-06-13 00:06:13'),(24,1,1,'https://www.wacu.it/it/','2018-06-14 06:39:03'),(25,1,1,'https://www.wacu.it/it/','2018-06-15 00:20:08'),(26,1,1,'https://yandex.ru/clck/jsredir?from=yandex.ru%3bsearch%3bweb%3b%3b&text=&etext=1822.1n4pvt9wzgyfhwfcgbceospm8q_kxngjkhseh8ex7lwjgqnn-qy6gwwqhtzhuzru.b17c499f61d79d8726b3bae3dee149e051d947a2&uuid=&state=_blhiln4sxnivvl0w45ksic66ucig23qh8irg98qeixmeppkguc0ym','2018-06-17 21:31:10'),(27,1,1,'https://www.wacu.it/it/','2018-06-18 02:28:02'),(28,1,1,'https://yandex.ru/clck/jsredir?from=yandex.ru%3bsearch%3bweb%3b%3b&text=&etext=1823.2lyhfxrw1z6qqqvodcw8vejjo6skllyxt3u8pfkimka44rmwloqoy2z0rbgnbsx9.0f5fda1ee17f5f25fa5f1a105202103fa516bc57&uuid=&state=_blhiln4sxnivvl0w45ksic66ucig23qh8irg98qeixmeppkguc0yg','2018-06-18 13:02:56'),(29,1,1,'https://www.wacu.it/it/','2018-06-19 00:05:33'),(30,1,1,'https://yandex.ru/clck/jsredir?from=yandex.ru%3bsearch%3bweb%3b%3b&text=&etext=1824.edchvqnjbn7hjklu6xubc-nqrlqipp10zpa9wlw2xub-vmbejoddoaojvbsgkf2p.d908d651c639c760e5c7a88e9af1b019f6b2ef41&uuid=&state=_blhiln4sxnivvl0w45ksic66ucig23qh8irg98qeixmeppkguc0yc','2018-06-19 21:49:49'),(31,1,1,'https://yandex.ru/clck/jsredir?from=yandex.ru%3bsearch%3bweb%3b%3b&text=&etext=1826.ugnxoaojz_zqnp1b33a9kqoftlaed8vx9gi_fhgzf27robv0czhu9myoim1qnzlj.a11c049dd1ab945ea365741e20b579906fd01971&uuid=&state=_blhiln4sxnivvl0w45ksic66ucig23qh8irg98qeixmeppkguc0yc','2018-06-21 18:32:20'),(32,1,1,'https://yandex.ru/clck/jsredir?from=yandex.ru%3bsearch%3bweb%3b%3b&text=&etext=1826.il4afao7xekjt3j9gmaibhrp6nskd3bbvhsat1is_428gi8z6jlhqkm40a5st1gm.fcf7deaa7a51691e2b74a875916d9bbdbaa2fbed&uuid=&state=_blhiln4sxnivvl0w45ksic66ucig23qh8irg98qeixmeppkguc0yh','2018-06-21 21:51:11'),(33,1,1,'https://www.wacu.it/it/aspiratore-sottovuoto-wacu/14-wacu-bundle-box-gold-8057017530237.html','2018-07-13 07:29:20'),(34,1,1,'https://www.wacu.it/it/aspiratore-sottovuoto-wacu/14-wacu-bundle-box-gold-8057017530237.html','2018-07-16 04:06:05'),(35,1,1,'https://www.wacu.it/it/aspiratore-sottovuoto-wacu/14-wacu-bundle-box-gold-8057017530237.html','2018-07-16 07:24:20'),(36,1,1,'https://www.wacu.it/it/aspiratore-sottovuoto-wacu/14-wacu-bundle-box-gold-8057017530237.html','2018-07-16 07:25:14'),(37,1,1,'https://www.wacu.it/it/aspiratore-sottovuoto-wacu/14-wacu-bundle-box-gold-8057017530237.html','2018-07-16 08:59:09'),(38,1,1,'wacu','2018-07-18 13:59:41'),(39,1,1,'wacu','2018-07-19 15:29:58'),(40,1,1,'wacu steps','2018-07-24 03:53:50'),(41,1,1,'wacu steps','2018-07-24 04:56:09'),(42,1,1,'https://www.wacu.it/it/aspiratore-sottovuoto-wacu/14-wacu-bundle-box-gold-8057017530237.html','2018-07-24 19:05:12'),(43,1,1,'https://www.wacu.it/it/','2018-07-25 05:09:17'),(44,1,1,'aspiratore sottovuoto da viaggio','2018-07-31 22:23:49'),(45,1,1,'wacu','2018-08-01 09:29:06'),(46,1,1,'wacu','2018-08-02 07:09:29'),(47,1,1,'wacu','2018-08-03 10:11:27'),(48,1,1,'wacu','2018-08-03 22:29:23'),(49,1,1,'wacú sottovuoto valigia','2018-09-08 03:31:41'),(50,1,1,'wacú sottovuoto valigia','2018-09-08 03:33:16'),(51,1,1,'wacu\'','2018-09-08 03:41:53'),(52,1,1,'wacù aspiratore','2018-09-25 22:50:10'),(53,1,1,'spacesaver luggage','2018-09-26 07:08:45'),(54,1,1,'i wacu','2018-09-26 07:09:09'),(55,1,1,'i wacu','2018-09-27 18:06:26'),(56,1,1,'i wacu','2018-09-27 19:04:25'),(57,1,1,'i wacu','2018-09-27 20:11:04'),(58,1,1,'i wacu','2018-09-27 20:44:19'),(59,1,1,'protiable space saver for pc','2018-09-28 14:36:31'),(60,1,1,'protiable space saver for pc','2018-09-28 16:11:08'),(61,1,1,'protiable space saver for pc','2018-09-28 17:00:45'),(62,1,1,'protiable space saver for pc','2018-09-28 18:44:27'),(63,1,1,'wacu','2018-10-04 12:08:27'),(64,1,1,'wacu','2018-10-23 03:13:04'),(65,1,1,'wacu','2018-10-31 11:01:36'),(66,1,1,'i wacu','2018-10-31 12:56:18'),(67,1,1,'i wacu','2018-10-31 15:18:41'),(68,1,1,'i wacu','2018-10-31 17:52:18'),(69,1,1,'i wacu','2018-10-31 19:12:37'),(70,1,1,'i wacu','2018-11-02 00:00:58'),(71,1,1,'i wacu','2018-11-02 00:32:14'),(72,1,1,'i wacu','2018-11-02 01:19:42'),(73,1,1,'i wacu','2018-11-02 01:47:18'),(74,1,1,'i wacu','2018-11-02 13:30:26'),(75,1,1,'i wacu','2018-11-02 16:31:08'),(76,1,1,'i wacu','2018-11-02 17:20:41'),(77,1,1,'i wacu','2018-11-02 19:21:52'),(78,1,1,'waku sottovuoto','2018-11-24 06:43:53'),(79,1,1,'waku sottovuoto','2018-11-24 07:04:06'),(80,1,1,'wacu sottovuoto','2018-11-24 07:15:58'),(81,1,1,'wacu','2018-11-30 01:32:20'),(82,1,1,'wacu','2018-12-05 07:47:41'),(83,1,1,'wacu','2018-12-11 15:18:14');

#
# Structure for table "_WCprTUAshop"
#

CREATE TABLE `_WCprTUAshop` (
  `id_shop` int(11) unsigned NOT NULL AUTO_INCREMENT,
  `id_shop_group` int(11) unsigned NOT NULL,
  `name` varchar(64) NOT NULL,
  `id_category` int(11) unsigned NOT NULL DEFAULT '1',
  `id_theme` int(1) unsigned NOT NULL,
  `active` tinyint(1) NOT NULL DEFAULT '1',
  `deleted` tinyint(1) NOT NULL DEFAULT '0',
  PRIMARY KEY (`id_shop`),
  KEY `id_shop_group` (`id_shop_group`,`deleted`),
  KEY `id_category` (`id_category`),
  KEY `id_theme` (`id_theme`)
) ENGINE=InnoDB AUTO_INCREMENT=2 DEFAULT CHARSET=utf8;

#
# Data for table "_WCprTUAshop"
#

INSERT INTO `_WCprTUAshop` VALUES (1,1,'Wacù salvaspazio per valigie e bagagli. Sottovuoto portatile',2,3,1,0);

#
# Structure for table "_WCprTUAshop_group"
#

CREATE TABLE `_WCprTUAshop_group` (
  `id_shop_group` int(11) unsigned NOT NULL AUTO_INCREMENT,
  `name` varchar(64) NOT NULL,
  `share_customer` tinyint(1) NOT NULL,
  `share_order` tinyint(1) NOT NULL,
  `share_stock` tinyint(1) NOT NULL,
  `active` tinyint(1) NOT NULL DEFAULT '1',
  `deleted` tinyint(1) NOT NULL DEFAULT '0',
  PRIMARY KEY (`id_shop_group`),
  KEY `deleted` (`deleted`,`name`)
) ENGINE=InnoDB AUTO_INCREMENT=2 DEFAULT CHARSET=utf8;

#
# Data for table "_WCprTUAshop_group"
#

INSERT INTO `_WCprTUAshop_group` VALUES (1,'Default',0,0,0,1,0);

#
# Structure for table "_WCprTUAshop_url"
#

CREATE TABLE `_WCprTUAshop_url` (
  `id_shop_url` int(11) unsigned NOT NULL AUTO_INCREMENT,
  `id_shop` int(11) unsigned NOT NULL,
  `domain` varchar(150) NOT NULL,
  `domain_ssl` varchar(150) NOT NULL,
  `physical_uri` varchar(64) NOT NULL,
  `virtual_uri` varchar(64) NOT NULL,
  `main` tinyint(1) NOT NULL,
  `active` tinyint(1) NOT NULL,
  PRIMARY KEY (`id_shop_url`),
  UNIQUE KEY `full_shop_url` (`domain`,`physical_uri`,`virtual_uri`),
  UNIQUE KEY `full_shop_url_ssl` (`domain_ssl`,`physical_uri`,`virtual_uri`),
  KEY `id_shop` (`id_shop`,`main`)
) ENGINE=InnoDB AUTO_INCREMENT=2 DEFAULT CHARSET=utf8;

#
# Data for table "_WCprTUAshop_url"
#

INSERT INTO `_WCprTUAshop_url` VALUES (1,1,'wacu.it','www.wacu.it','/','',1,1);

#
# Structure for table "_WCprTUAsmarty_cache"
#

CREATE TABLE `_WCprTUAsmarty_cache` (
  `id_smarty_cache` char(40) NOT NULL,
  `name` char(40) NOT NULL,
  `cache_id` varchar(254) DEFAULT NULL,
  `modified` timestamp NOT NULL DEFAULT CURRENT_TIMESTAMP,
  `content` longtext NOT NULL,
  PRIMARY KEY (`id_smarty_cache`),
  KEY `name` (`name`),
  KEY `cache_id` (`cache_id`),
  KEY `modified` (`modified`)
) ENGINE=InnoDB DEFAULT CHARSET=utf8;

#
# Data for table "_WCprTUAsmarty_cache"
#


#
# Structure for table "_WCprTUAsmarty_last_flush"
#

CREATE TABLE `_WCprTUAsmarty_last_flush` (
  `type` enum('compile','template') NOT NULL,
  `last_flush` datetime NOT NULL DEFAULT '0000-00-00 00:00:00',
  PRIMARY KEY (`type`)
) ENGINE=InnoDB DEFAULT CHARSET=utf8;

#
# Data for table "_WCprTUAsmarty_last_flush"
#

INSERT INTO `_WCprTUAsmarty_last_flush` VALUES ('compile','2018-11-23 06:42:07'),('template','2018-11-23 06:42:07');

#
# Structure for table "_WCprTUAsmarty_lazy_cache"
#

CREATE TABLE `_WCprTUAsmarty_lazy_cache` (
  `template_hash` varchar(32) NOT NULL DEFAULT '',
  `cache_id` varchar(255) NOT NULL DEFAULT '',
  `compile_id` varchar(32) NOT NULL DEFAULT '',
  `filepath` varchar(255) NOT NULL DEFAULT '',
  `last_update` datetime NOT NULL DEFAULT '0000-00-00 00:00:00',
  PRIMARY KEY (`template_hash`,`cache_id`,`compile_id`)
) ENGINE=InnoDB DEFAULT CHARSET=utf8;

#
# Data for table "_WCprTUAsmarty_lazy_cache"
#


#
# Structure for table "_WCprTUAspecific_price"
#

CREATE TABLE `_WCprTUAspecific_price` (
  `id_specific_price` int(10) unsigned NOT NULL AUTO_INCREMENT,
  `id_specific_price_rule` int(11) unsigned NOT NULL,
  `id_cart` int(11) unsigned NOT NULL,
  `id_product` int(10) unsigned NOT NULL,
  `id_shop` int(11) unsigned NOT NULL DEFAULT '1',
  `id_shop_group` int(11) unsigned NOT NULL,
  `id_currency` int(10) unsigned NOT NULL,
  `id_country` int(10) unsigned NOT NULL,
  `id_group` int(10) unsigned NOT NULL,
  `id_customer` int(10) unsigned NOT NULL,
  `id_product_attribute` int(10) unsigned NOT NULL,
  `price` decimal(20,6) NOT NULL,
  `from_quantity` mediumint(8) unsigned NOT NULL,
  `reduction` decimal(20,6) NOT NULL,
  `reduction_tax` tinyint(1) NOT NULL DEFAULT '1',
  `reduction_type` enum('amount','percentage') NOT NULL,
  `from` datetime NOT NULL,
  `to` datetime NOT NULL,
  PRIMARY KEY (`id_specific_price`),
  UNIQUE KEY `id_product_2` (`id_product`,`id_product_attribute`,`id_customer`,`id_cart`,`from`,`to`,`id_shop`,`id_shop_group`,`id_currency`,`id_country`,`id_group`,`from_quantity`,`id_specific_price_rule`),
  KEY `id_product` (`id_product`,`id_shop`,`id_currency`,`id_country`,`id_group`,`id_customer`,`from_quantity`,`from`,`to`),
  KEY `from_quantity` (`from_quantity`),
  KEY `id_specific_price_rule` (`id_specific_price_rule`),
  KEY `id_cart` (`id_cart`),
  KEY `id_product_attribute` (`id_product_attribute`),
  KEY `id_shop` (`id_shop`),
  KEY `id_customer` (`id_customer`),
  KEY `from` (`from`),
  KEY `to` (`to`)
) ENGINE=InnoDB AUTO_INCREMENT=1126 DEFAULT CHARSET=utf8;

#
# Data for table "_WCprTUAspecific_price"
#

INSERT INTO `_WCprTUAspecific_price` VALUES (281,0,0,8,0,0,0,203,0,0,0,58.300000,1,0.000000,1,'amount','0000-00-00 00:00:00','0000-00-00 00:00:00'),(287,0,0,9,0,0,0,22,0,0,47,20.231700,1,0.000000,1,'amount','0000-00-00 00:00:00','0000-00-00 00:00:00'),(291,0,0,9,0,0,0,22,0,0,55,17.340000,1,0.000000,1,'amount','0000-00-00 00:00:00','0000-00-00 00:00:00'),(293,0,0,9,0,0,0,22,0,0,48,14.450000,1,0.000000,1,'amount','0000-00-00 00:00:00','0000-00-00 00:00:00'),(294,0,0,10,0,0,0,22,0,0,49,20.230000,1,0.000000,1,'amount','0000-00-00 00:00:00','0000-00-00 00:00:00'),(297,0,0,10,0,0,0,22,0,0,50,14.450000,1,0.000000,1,'amount','0000-00-00 00:00:00','0000-00-00 00:00:00'),(298,0,0,10,0,0,0,22,0,0,51,17.340000,1,0.000000,1,'amount','0000-00-00 00:00:00','0000-00-00 00:00:00'),(300,0,0,9,0,0,0,21,0,0,47,18.370000,1,0.000000,1,'amount','0000-00-00 00:00:00','0000-00-00 00:00:00'),(303,0,0,9,0,0,0,21,0,0,55,15.720000,1,0.000000,1,'amount','0000-00-00 00:00:00','0000-00-00 00:00:00'),(304,0,0,9,0,0,0,21,0,0,48,13.050000,1,0.000000,1,'amount','0000-00-00 00:00:00','0000-00-00 00:00:00'),(305,0,0,10,0,0,0,21,0,0,50,13.050000,1,0.000000,1,'amount','0000-00-00 00:00:00','0000-00-00 00:00:00'),(306,0,0,10,0,0,0,21,0,0,51,15.720000,1,0.000000,1,'amount','0000-00-00 00:00:00','0000-00-00 00:00:00'),(307,0,0,10,0,0,0,21,0,0,49,18.370000,1,0.000000,1,'amount','0000-00-00 00:00:00','0000-00-00 00:00:00'),(308,0,0,11,0,0,0,21,0,0,52,18.370000,1,0.000000,1,'amount','0000-00-00 00:00:00','0000-00-00 00:00:00'),(309,0,0,11,0,0,0,21,0,0,54,15.720000,1,0.000000,1,'amount','0000-00-00 00:00:00','0000-00-00 00:00:00'),(310,0,0,11,0,0,0,21,0,0,53,13.050000,1,0.000000,1,'amount','0000-00-00 00:00:00','0000-00-00 00:00:00'),(312,0,0,11,0,0,0,22,0,0,52,20.230000,1,0.000000,1,'amount','0000-00-00 00:00:00','0000-00-00 00:00:00'),(313,0,0,11,0,0,0,22,0,0,54,17.340000,1,0.000000,1,'amount','0000-00-00 00:00:00','0000-00-00 00:00:00'),(315,0,0,11,0,0,0,22,0,0,53,14.450000,1,0.000000,1,'amount','0000-00-00 00:00:00','0000-00-00 00:00:00'),(316,0,0,12,0,0,0,22,0,0,57,14.450000,1,0.000000,1,'amount','0000-00-00 00:00:00','0000-00-00 00:00:00'),(317,0,0,12,0,0,0,22,0,0,58,17.340000,1,0.000000,1,'amount','0000-00-00 00:00:00','0000-00-00 00:00:00'),(318,0,0,12,0,0,0,22,0,0,56,20.230000,1,0.000000,1,'amount','0000-00-00 00:00:00','0000-00-00 00:00:00'),(320,0,0,12,0,0,0,21,0,0,58,15.720000,1,0.000000,1,'amount','0000-00-00 00:00:00','0000-00-00 00:00:00'),(321,0,0,12,0,0,0,21,0,0,57,13.050000,1,0.000000,1,'amount','0000-00-00 00:00:00','0000-00-00 00:00:00'),(322,0,0,12,0,0,0,21,0,0,56,18.370000,1,0.000000,1,'amount','0000-00-00 00:00:00','0000-00-00 00:00:00'),(323,0,0,13,0,0,0,21,0,0,60,13.050000,1,0.000000,1,'amount','0000-00-00 00:00:00','0000-00-00 00:00:00'),(324,0,0,13,0,0,0,21,0,0,61,15.720000,1,0.000000,1,'amount','0000-00-00 00:00:00','0000-00-00 00:00:00'),(325,0,0,13,0,0,0,21,0,0,59,18.370000,1,0.000000,1,'amount','0000-00-00 00:00:00','0000-00-00 00:00:00'),(326,0,0,13,0,0,0,22,0,0,60,14.450000,1,0.000000,1,'amount','0000-00-00 00:00:00','0000-00-00 00:00:00'),(328,0,0,13,0,0,0,22,0,0,61,17.340000,1,0.000000,1,'amount','0000-00-00 00:00:00','0000-00-00 00:00:00'),(329,0,0,13,0,0,0,22,0,0,59,20.230000,1,0.000000,1,'amount','0000-00-00 00:00:00','0000-00-00 00:00:00'),(330,0,0,15,0,0,0,22,0,0,0,7.120000,1,0.000000,1,'amount','0000-00-00 00:00:00','0000-00-00 00:00:00'),(331,0,0,15,0,0,0,21,0,0,0,6.840000,1,0.000000,1,'amount','0000-00-00 00:00:00','0000-00-00 00:00:00'),(332,0,0,16,0,0,0,21,0,0,0,15.300000,1,0.000000,1,'amount','0000-00-00 00:00:00','0000-00-00 00:00:00'),(333,0,0,16,0,0,0,22,0,0,0,11.550000,1,0.000000,1,'amount','0000-00-00 00:00:00','0000-00-00 00:00:00'),(334,0,0,17,0,0,0,22,0,0,0,18.780000,1,0.000000,1,'amount','0000-00-00 00:00:00','0000-00-00 00:00:00'),(335,0,0,17,0,0,0,21,0,0,0,20.760000,1,0.000000,1,'amount','0000-00-00 00:00:00','0000-00-00 00:00:00'),(336,0,0,18,0,0,0,22,0,0,0,14.440000,1,0.000000,1,'amount','0000-00-00 00:00:00','0000-00-00 00:00:00'),(337,0,0,18,0,0,0,21,0,0,0,13.790000,1,0.000000,1,'amount','0000-00-00 00:00:00','0000-00-00 00:00:00'),(341,0,0,8,0,0,0,22,0,0,0,72.250000,1,0.000000,1,'amount','0000-00-00 00:00:00','0000-00-00 00:00:00'),(343,0,0,9,0,0,0,4,0,0,47,18.370000,1,0.000000,1,'amount','0000-00-00 00:00:00','0000-00-00 00:00:00'),(344,0,0,9,0,0,0,4,0,0,48,13.050000,1,0.000000,1,'amount','0000-00-00 00:00:00','0000-00-00 00:00:00'),(345,0,0,9,0,0,0,4,0,0,55,15.720000,1,0.000000,1,'amount','0000-00-00 00:00:00','0000-00-00 00:00:00'),(346,0,0,9,0,0,0,203,0,0,47,12.200000,1,0.000000,1,'amount','0000-00-00 00:00:00','0000-00-00 00:00:00'),(347,0,0,9,0,0,0,203,0,0,55,11.450000,1,0.000000,1,'amount','0000-00-00 00:00:00','0000-00-00 00:00:00'),(348,0,0,9,0,0,0,203,0,0,48,9.950000,1,0.000000,1,'amount','0000-00-00 00:00:00','0000-00-00 00:00:00'),(349,0,0,10,0,0,0,203,0,0,50,9.950000,1,0.000000,1,'amount','0000-00-00 00:00:00','0000-00-00 00:00:00'),(350,0,0,10,0,0,0,203,0,0,51,11.450000,1,0.000000,1,'amount','0000-00-00 00:00:00','0000-00-00 00:00:00'),(351,0,0,10,0,0,0,203,0,0,49,12.200000,1,0.000000,1,'amount','0000-00-00 00:00:00','0000-00-00 00:00:00'),(352,0,0,10,0,0,0,4,0,0,51,15.720000,1,0.000000,1,'amount','0000-00-00 00:00:00','0000-00-00 00:00:00'),(354,0,0,10,0,0,0,4,0,0,50,13.050000,1,0.000000,1,'amount','0000-00-00 00:00:00','0000-00-00 00:00:00'),(355,0,0,10,0,0,0,4,0,0,49,18.370000,1,0.000000,1,'amount','0000-00-00 00:00:00','0000-00-00 00:00:00'),(356,0,0,8,0,0,0,4,0,0,0,58.900000,1,0.000000,1,'amount','0000-00-00 00:00:00','0000-00-00 00:00:00'),(357,0,0,8,0,0,0,21,0,0,0,58.900000,1,0.000000,1,'amount','0000-00-00 00:00:00','0000-00-00 00:00:00'),(360,0,0,21,0,0,0,22,0,0,62,20.230000,1,0.000000,1,'amount','0000-00-00 00:00:00','0000-00-00 00:00:00'),(361,0,0,21,0,0,0,4,0,0,62,18.370000,1,0.000000,1,'amount','0000-00-00 00:00:00','0000-00-00 00:00:00'),(362,0,0,21,0,0,0,21,0,0,62,18.370000,1,0.000000,1,'amount','0000-00-00 00:00:00','0000-00-00 00:00:00'),(363,0,0,21,0,0,0,203,0,0,62,12.200000,1,0.000000,1,'amount','0000-00-00 00:00:00','0000-00-00 00:00:00'),(364,0,0,21,0,0,0,4,0,0,63,13.050000,1,0.000000,1,'amount','0000-00-00 00:00:00','0000-00-00 00:00:00'),(365,0,0,21,0,0,0,21,0,0,63,13.050000,1,0.000000,1,'amount','0000-00-00 00:00:00','0000-00-00 00:00:00'),(366,0,0,21,0,0,0,22,0,0,63,14.450000,1,0.000000,1,'amount','0000-00-00 00:00:00','0000-00-00 00:00:00'),(367,0,0,21,0,0,0,203,0,0,63,9.950000,1,0.000000,1,'amount','0000-00-00 00:00:00','0000-00-00 00:00:00'),(368,0,0,21,0,0,0,21,0,0,64,15.720000,1,0.000000,1,'amount','0000-00-00 00:00:00','0000-00-00 00:00:00'),(369,0,0,21,0,0,0,4,0,0,64,15.720000,1,0.000000,1,'amount','0000-00-00 00:00:00','0000-00-00 00:00:00'),(370,0,0,21,0,0,0,22,0,0,64,17.340000,1,0.000000,1,'amount','0000-00-00 00:00:00','0000-00-00 00:00:00'),(372,0,0,21,0,0,0,203,0,0,64,11.450000,1,0.000000,1,'amount','0000-00-00 00:00:00','0000-00-00 00:00:00'),(373,0,0,20,0,0,0,4,0,0,0,70.220000,1,0.000000,1,'amount','0000-00-00 00:00:00','0000-00-00 00:00:00'),(374,0,0,20,0,0,0,21,0,0,0,70.220000,1,0.000000,1,'amount','0000-00-00 00:00:00','0000-00-00 00:00:00'),(375,0,0,20,0,0,0,203,0,0,0,69.310000,1,0.000000,1,'amount','0000-00-00 00:00:00','0000-00-00 00:00:00'),(376,0,0,20,0,0,0,22,0,0,0,106.683000,1,0.000000,1,'amount','0000-00-00 00:00:00','0000-00-00 00:00:00'),(380,0,0,22,0,0,0,4,0,0,0,70.220000,1,0.000000,1,'amount','0000-00-00 00:00:00','0000-00-00 00:00:00'),(381,0,0,22,0,0,0,21,0,0,0,70.220000,1,0.000000,1,'amount','0000-00-00 00:00:00','0000-00-00 00:00:00'),(382,0,0,22,0,0,0,22,0,0,0,106.683000,1,0.000000,1,'amount','0000-00-00 00:00:00','0000-00-00 00:00:00'),(383,0,0,22,0,0,0,203,0,0,0,69.310000,1,0.000000,1,'amount','0000-00-00 00:00:00','0000-00-00 00:00:00'),(390,0,0,14,0,0,0,4,0,0,0,74.341000,1,0.000000,1,'amount','0000-00-00 00:00:00','0000-00-00 00:00:00'),(391,0,0,14,0,0,0,21,0,0,0,74.341000,1,0.000000,1,'amount','0000-00-00 00:00:00','0000-00-00 00:00:00'),(392,0,0,14,0,0,0,22,0,0,0,111.143000,1,0.000000,1,'amount','0000-00-00 00:00:00','0000-00-00 00:00:00'),(393,0,0,14,0,0,0,203,0,0,0,72.600000,1,0.000000,1,'amount','0000-00-00 00:00:00','0000-00-00 00:00:00'),(395,0,0,18,0,0,0,4,0,0,0,13.790000,1,0.000000,1,'amount','0000-00-00 00:00:00','0000-00-00 00:00:00'),(403,0,0,11,0,0,0,4,0,0,54,15.720000,1,0.000000,1,'amount','0000-00-00 00:00:00','0000-00-00 00:00:00'),(404,0,0,11,0,0,0,4,0,0,53,13.050000,1,0.000000,1,'amount','0000-00-00 00:00:00','0000-00-00 00:00:00'),(405,0,0,11,0,0,0,4,0,0,52,18.370000,1,0.000000,1,'amount','0000-00-00 00:00:00','0000-00-00 00:00:00'),(406,0,0,11,0,0,0,203,0,0,53,9.830000,1,0.000000,1,'amount','0000-00-00 00:00:00','0000-00-00 00:00:00'),(407,0,0,11,0,0,0,203,0,0,52,12.300000,1,0.000000,1,'amount','0000-00-00 00:00:00','0000-00-00 00:00:00'),(408,0,0,11,0,0,0,203,0,0,54,11.480000,1,0.000000,1,'amount','0000-00-00 00:00:00','0000-00-00 00:00:00'),(416,0,0,12,0,0,0,4,0,0,56,18.370000,1,0.000000,1,'amount','0000-00-00 00:00:00','0000-00-00 00:00:00'),(419,0,0,12,0,0,0,4,0,0,57,13.050000,1,0.000000,1,'amount','0000-00-00 00:00:00','0000-00-00 00:00:00'),(420,0,0,12,0,0,0,4,0,0,58,15.720000,1,0.000000,1,'amount','0000-00-00 00:00:00','0000-00-00 00:00:00'),(422,0,0,13,0,0,0,4,0,0,59,18.370000,1,0.000000,1,'amount','0000-00-00 00:00:00','0000-00-00 00:00:00'),(423,0,0,13,0,0,0,4,0,0,60,13.050000,1,0.000000,1,'amount','0000-00-00 00:00:00','0000-00-00 00:00:00'),(424,0,0,13,0,0,0,4,0,0,61,15.720000,1,0.000000,1,'amount','0000-00-00 00:00:00','0000-00-00 00:00:00'),(426,0,0,13,0,0,0,203,0,0,60,9.950000,1,0.000000,1,'amount','0000-00-00 00:00:00','0000-00-00 00:00:00'),(427,0,0,13,0,0,0,203,0,0,61,11.450000,1,0.000000,1,'amount','0000-00-00 00:00:00','0000-00-00 00:00:00'),(428,0,0,13,0,0,0,203,0,0,59,12.200000,1,0.000000,1,'amount','0000-00-00 00:00:00','0000-00-00 00:00:00'),(429,0,0,15,0,0,0,4,0,0,0,6.840000,1,0.000000,1,'amount','0000-00-00 00:00:00','0000-00-00 00:00:00'),(430,0,0,15,0,0,0,203,0,0,0,5.690000,1,0.000000,1,'amount','0000-00-00 00:00:00','0000-00-00 00:00:00'),(432,0,0,16,0,0,0,4,0,0,0,15.300000,1,0.000000,1,'amount','0000-00-00 00:00:00','0000-00-00 00:00:00'),(433,0,0,16,0,0,0,203,0,0,0,13.930000,1,0.000000,1,'amount','0000-00-00 00:00:00','0000-00-00 00:00:00'),(435,0,0,17,0,0,0,4,0,0,0,20.760000,1,0.000000,1,'amount','0000-00-00 00:00:00','0000-00-00 00:00:00'),(436,0,0,17,0,0,0,203,0,0,0,19.700000,1,0.000000,1,'amount','0000-00-00 00:00:00','0000-00-00 00:00:00'),(438,0,0,18,0,0,0,203,0,0,0,12.280000,1,0.000000,1,'amount','0000-00-00 00:00:00','0000-00-00 00:00:00'),(439,0,0,8,0,0,0,110,0,0,0,72.250000,1,0.000000,1,'amount','0000-00-00 00:00:00','0000-00-00 00:00:00'),(440,0,0,8,0,0,0,5,0,0,0,72.250000,1,0.000000,1,'amount','0000-00-00 00:00:00','0000-00-00 00:00:00'),(441,0,0,8,0,0,0,177,0,0,0,72.250000,1,0.000000,1,'amount','0000-00-00 00:00:00','0000-00-00 00:00:00'),(442,0,0,8,0,0,0,145,0,0,0,72.250000,1,0.000000,1,'amount','0000-00-00 00:00:00','0000-00-00 00:00:00'),(443,0,0,8,0,0,0,111,0,0,0,72.250000,1,0.000000,1,'amount','0000-00-00 00:00:00','0000-00-00 00:00:00'),(444,0,0,8,0,0,0,11,0,0,0,72.250000,1,0.000000,1,'amount','0000-00-00 00:00:00','0000-00-00 00:00:00'),(445,0,0,8,0,0,0,25,0,0,0,72.250000,1,0.000000,1,'amount','0000-00-00 00:00:00','0000-00-00 00:00:00'),(446,0,0,8,0,0,0,172,0,0,0,72.250000,1,0.000000,1,'amount','0000-00-00 00:00:00','0000-00-00 00:00:00'),(447,0,0,8,0,0,0,206,0,0,0,72.250000,1,0.000000,1,'amount','0000-00-00 00:00:00','0000-00-00 00:00:00'),(448,0,0,8,0,0,0,136,0,0,0,72.250000,1,0.000000,1,'amount','0000-00-00 00:00:00','0000-00-00 00:00:00'),(449,0,0,8,0,0,0,197,0,0,0,72.250000,1,0.000000,1,'amount','0000-00-00 00:00:00','0000-00-00 00:00:00'),(450,0,0,8,0,0,0,59,0,0,0,72.250000,1,0.000000,1,'amount','0000-00-00 00:00:00','0000-00-00 00:00:00'),(451,0,0,8,0,0,0,49,0,0,0,72.250000,1,0.000000,1,'amount','0000-00-00 00:00:00','0000-00-00 00:00:00'),(452,0,0,8,0,0,0,96,0,0,0,72.250000,1,0.000000,1,'amount','0000-00-00 00:00:00','0000-00-00 00:00:00'),(453,0,0,14,0,0,0,5,0,0,0,111.140000,1,0.000000,1,'amount','0000-00-00 00:00:00','0000-00-00 00:00:00'),(454,0,0,14,0,0,0,177,0,0,0,111.140000,1,0.000000,1,'amount','0000-00-00 00:00:00','0000-00-00 00:00:00'),(455,0,0,14,0,0,0,11,0,0,0,111.140000,1,0.000000,1,'amount','0000-00-00 00:00:00','0000-00-00 00:00:00'),(456,0,0,14,0,0,0,145,0,0,0,111.140000,1,0.000000,1,'amount','0000-00-00 00:00:00','0000-00-00 00:00:00'),(457,0,0,14,0,0,0,110,0,0,0,111.140000,1,0.000000,1,'amount','0000-00-00 00:00:00','0000-00-00 00:00:00'),(458,0,0,14,0,0,0,111,0,0,0,111.140000,1,0.000000,1,'amount','0000-00-00 00:00:00','0000-00-00 00:00:00'),(459,0,0,14,0,0,0,206,0,0,0,111.140000,1,0.000000,1,'amount','0000-00-00 00:00:00','0000-00-00 00:00:00'),(460,0,0,14,0,0,0,172,0,0,0,111.140000,1,0.000000,1,'amount','0000-00-00 00:00:00','0000-00-00 00:00:00'),(461,0,0,14,0,0,0,25,0,0,0,111.140000,1,0.000000,1,'amount','0000-00-00 00:00:00','0000-00-00 00:00:00'),(462,0,0,14,0,0,0,122,0,0,0,111.140000,1,0.000000,1,'amount','0000-00-00 00:00:00','0000-00-00 00:00:00'),(463,0,0,14,0,0,0,136,0,0,0,111.140000,1,0.000000,1,'amount','0000-00-00 00:00:00','0000-00-00 00:00:00'),(464,0,0,14,0,0,0,49,0,0,0,111.140000,1,0.000000,1,'amount','0000-00-00 00:00:00','0000-00-00 00:00:00'),(465,0,0,14,0,0,0,197,0,0,0,111.140000,1,0.000000,1,'amount','0000-00-00 00:00:00','0000-00-00 00:00:00'),(466,0,0,14,0,0,0,59,0,0,0,111.140000,1,0.000000,1,'amount','0000-00-00 00:00:00','0000-00-00 00:00:00'),(467,0,0,14,0,0,0,96,0,0,0,111.140000,1,0.000000,1,'amount','0000-00-00 00:00:00','0000-00-00 00:00:00'),(468,0,0,20,0,0,0,5,0,0,0,106.680000,1,0.000000,1,'amount','0000-00-00 00:00:00','0000-00-00 00:00:00'),(469,0,0,20,0,0,0,110,0,0,0,106.680000,1,0.000000,1,'amount','0000-00-00 00:00:00','0000-00-00 00:00:00'),(470,0,0,20,0,0,0,11,0,0,0,106.680000,1,0.000000,1,'amount','0000-00-00 00:00:00','0000-00-00 00:00:00'),(472,0,0,20,0,0,0,145,0,0,0,106.680000,1,0.000000,1,'amount','0000-00-00 00:00:00','0000-00-00 00:00:00'),(473,0,0,20,0,0,0,177,0,0,0,106.680000,1,0.000000,1,'amount','0000-00-00 00:00:00','0000-00-00 00:00:00'),(474,0,0,20,0,0,0,206,0,0,0,106.680000,1,0.000000,1,'amount','0000-00-00 00:00:00','0000-00-00 00:00:00'),(475,0,0,20,0,0,0,25,0,0,0,106.680000,1,0.000000,1,'amount','0000-00-00 00:00:00','0000-00-00 00:00:00'),(476,0,0,20,0,0,0,172,0,0,0,106.680000,1,0.000000,1,'amount','0000-00-00 00:00:00','0000-00-00 00:00:00'),(477,0,0,20,0,0,0,122,0,0,0,106.680000,1,0.000000,1,'amount','0000-00-00 00:00:00','0000-00-00 00:00:00'),(478,0,0,20,0,0,0,111,0,0,0,106.680000,1,0.000000,1,'amount','0000-00-00 00:00:00','0000-00-00 00:00:00'),(479,0,0,20,0,0,0,59,0,0,0,106.680000,1,0.000000,1,'amount','0000-00-00 00:00:00','0000-00-00 00:00:00'),(480,0,0,20,0,0,0,136,0,0,0,106.680000,1,0.000000,1,'amount','0000-00-00 00:00:00','0000-00-00 00:00:00'),(481,0,0,20,0,0,0,49,0,0,0,106.680000,1,0.000000,1,'amount','0000-00-00 00:00:00','0000-00-00 00:00:00'),(482,0,0,20,0,0,0,96,0,0,0,106.680000,1,0.000000,1,'amount','0000-00-00 00:00:00','0000-00-00 00:00:00'),(483,0,0,20,0,0,0,197,0,0,0,106.680000,1,0.000000,1,'amount','0000-00-00 00:00:00','0000-00-00 00:00:00'),(484,0,0,22,0,0,0,5,0,0,0,106.680000,1,0.000000,1,'amount','0000-00-00 00:00:00','0000-00-00 00:00:00'),(485,0,0,22,0,0,0,110,0,0,0,106.680000,1,0.000000,1,'amount','0000-00-00 00:00:00','0000-00-00 00:00:00'),(486,0,0,22,0,0,0,145,0,0,0,106.680000,1,0.000000,1,'amount','0000-00-00 00:00:00','0000-00-00 00:00:00'),(487,0,0,22,0,0,0,11,0,0,0,106.680000,1,0.000000,1,'amount','0000-00-00 00:00:00','0000-00-00 00:00:00'),(488,0,0,22,0,0,0,177,0,0,0,106.680000,1,0.000000,1,'amount','0000-00-00 00:00:00','0000-00-00 00:00:00'),(489,0,0,22,0,0,0,172,0,0,0,106.680000,1,0.000000,1,'amount','0000-00-00 00:00:00','0000-00-00 00:00:00'),(490,0,0,22,0,0,0,206,0,0,0,106.680000,1,0.000000,1,'amount','0000-00-00 00:00:00','0000-00-00 00:00:00'),(491,0,0,22,0,0,0,25,0,0,0,106.680000,1,0.000000,1,'amount','0000-00-00 00:00:00','0000-00-00 00:00:00'),(492,0,0,22,0,0,0,122,0,0,0,106.680000,1,0.000000,1,'amount','0000-00-00 00:00:00','0000-00-00 00:00:00'),(493,0,0,22,0,0,0,111,0,0,0,106.680000,1,0.000000,1,'amount','0000-00-00 00:00:00','0000-00-00 00:00:00'),(494,0,0,22,0,0,0,136,0,0,0,106.680000,1,0.000000,1,'amount','0000-00-00 00:00:00','0000-00-00 00:00:00'),(495,0,0,22,0,0,0,59,0,0,0,106.680000,1,0.000000,1,'amount','0000-00-00 00:00:00','0000-00-00 00:00:00'),(496,0,0,22,0,0,0,197,0,0,0,106.680000,1,0.000000,1,'amount','0000-00-00 00:00:00','0000-00-00 00:00:00'),(497,0,0,22,0,0,0,49,0,0,0,106.680000,1,0.000000,1,'amount','0000-00-00 00:00:00','0000-00-00 00:00:00'),(498,0,0,22,0,0,0,96,0,0,0,106.680000,1,0.000000,1,'amount','0000-00-00 00:00:00','0000-00-00 00:00:00'),(499,0,0,17,0,0,0,5,0,0,0,18.780000,1,0.000000,1,'amount','0000-00-00 00:00:00','0000-00-00 00:00:00'),(500,0,0,17,0,0,0,110,0,0,0,18.780000,1,0.000000,1,'amount','0000-00-00 00:00:00','0000-00-00 00:00:00'),(501,0,0,17,0,0,0,111,0,0,0,18.780000,1,0.000000,1,'amount','0000-00-00 00:00:00','0000-00-00 00:00:00'),(502,0,0,17,0,0,0,177,0,0,0,18.780000,1,0.000000,1,'amount','0000-00-00 00:00:00','0000-00-00 00:00:00'),(503,0,0,17,0,0,0,145,0,0,0,18.780000,1,0.000000,1,'amount','0000-00-00 00:00:00','0000-00-00 00:00:00'),(504,0,0,17,0,0,0,172,0,0,0,18.780000,1,0.000000,1,'amount','0000-00-00 00:00:00','0000-00-00 00:00:00'),(505,0,0,17,0,0,0,11,0,0,0,18.780000,1,0.000000,1,'amount','0000-00-00 00:00:00','0000-00-00 00:00:00'),(506,0,0,17,0,0,0,206,0,0,0,18.780000,1,0.000000,1,'amount','0000-00-00 00:00:00','0000-00-00 00:00:00'),(507,0,0,17,0,0,0,25,0,0,0,18.780000,1,0.000000,1,'amount','0000-00-00 00:00:00','0000-00-00 00:00:00'),(508,0,0,17,0,0,0,122,0,0,0,18.780000,1,0.000000,1,'amount','0000-00-00 00:00:00','0000-00-00 00:00:00'),(509,0,0,17,0,0,0,136,0,0,0,18.780000,1,0.000000,1,'amount','0000-00-00 00:00:00','0000-00-00 00:00:00'),(510,0,0,17,0,0,0,49,0,0,0,18.780000,1,0.000000,1,'amount','0000-00-00 00:00:00','0000-00-00 00:00:00'),(511,0,0,17,0,0,0,59,0,0,0,18.780000,1,0.000000,1,'amount','0000-00-00 00:00:00','0000-00-00 00:00:00'),(512,0,0,17,0,0,0,96,0,0,0,18.780000,1,0.000000,1,'amount','0000-00-00 00:00:00','0000-00-00 00:00:00'),(513,0,0,17,0,0,0,197,0,0,0,18.780000,1,0.000000,1,'amount','0000-00-00 00:00:00','0000-00-00 00:00:00'),(514,0,0,16,0,0,0,5,0,0,0,11.550000,1,0.000000,1,'amount','0000-00-00 00:00:00','0000-00-00 00:00:00'),(515,0,0,16,0,0,0,110,0,0,0,11.550000,1,0.000000,1,'amount','0000-00-00 00:00:00','0000-00-00 00:00:00'),(516,0,0,16,0,0,0,177,0,0,0,11.550000,1,0.000000,1,'amount','0000-00-00 00:00:00','0000-00-00 00:00:00'),(517,0,0,16,0,0,0,145,0,0,0,11.550000,1,0.000000,1,'amount','0000-00-00 00:00:00','0000-00-00 00:00:00'),(518,0,0,16,0,0,0,11,0,0,0,11.550000,1,0.000000,1,'amount','0000-00-00 00:00:00','0000-00-00 00:00:00'),(519,0,0,16,0,0,0,136,0,0,0,11.550000,1,0.000000,1,'amount','0000-00-00 00:00:00','0000-00-00 00:00:00'),(520,0,0,16,0,0,0,172,0,0,0,11.550000,1,0.000000,1,'amount','0000-00-00 00:00:00','0000-00-00 00:00:00'),(521,0,0,16,0,0,0,206,0,0,0,11.550000,1,0.000000,1,'amount','0000-00-00 00:00:00','0000-00-00 00:00:00'),(522,0,0,16,0,0,0,25,0,0,0,11.550000,1,0.000000,1,'amount','0000-00-00 00:00:00','0000-00-00 00:00:00'),(523,0,0,16,0,0,0,122,0,0,0,11.550000,1,0.000000,1,'amount','0000-00-00 00:00:00','0000-00-00 00:00:00'),(524,0,0,16,0,0,0,111,0,0,0,11.550000,1,0.000000,1,'amount','0000-00-00 00:00:00','0000-00-00 00:00:00'),(525,0,0,15,0,0,0,5,0,0,0,7.120000,1,0.000000,1,'amount','0000-00-00 00:00:00','0000-00-00 00:00:00'),(526,0,0,15,0,0,0,110,0,0,0,7.120000,1,0.000000,1,'amount','0000-00-00 00:00:00','0000-00-00 00:00:00'),(527,0,0,15,0,0,0,177,0,0,0,7.120000,1,0.000000,1,'amount','0000-00-00 00:00:00','0000-00-00 00:00:00'),(528,0,0,15,0,0,0,136,0,0,0,7.120000,1,0.000000,1,'amount','0000-00-00 00:00:00','0000-00-00 00:00:00'),(529,0,0,15,0,0,0,145,0,0,0,7.120000,1,0.000000,1,'amount','0000-00-00 00:00:00','0000-00-00 00:00:00'),(530,0,0,15,0,0,0,206,0,0,0,7.120000,1,0.000000,1,'amount','0000-00-00 00:00:00','0000-00-00 00:00:00'),(531,0,0,15,0,0,0,111,0,0,0,7.120000,1,0.000000,1,'amount','0000-00-00 00:00:00','0000-00-00 00:00:00'),(532,0,0,15,0,0,0,122,0,0,0,7.120000,1,0.000000,1,'amount','0000-00-00 00:00:00','0000-00-00 00:00:00'),(533,0,0,15,0,0,0,25,0,0,0,7.120000,1,0.000000,1,'amount','0000-00-00 00:00:00','0000-00-00 00:00:00'),(534,0,0,15,0,0,0,11,0,0,0,7.120000,1,0.000000,1,'amount','0000-00-00 00:00:00','0000-00-00 00:00:00'),(535,0,0,15,0,0,0,172,0,0,0,7.120000,1,0.000000,1,'amount','0000-00-00 00:00:00','0000-00-00 00:00:00'),(536,0,0,15,0,0,0,59,0,0,0,7.120000,1,0.000000,1,'amount','0000-00-00 00:00:00','0000-00-00 00:00:00'),(537,0,0,15,0,0,0,49,0,0,0,7.120000,1,0.000000,1,'amount','0000-00-00 00:00:00','0000-00-00 00:00:00'),(538,0,0,15,0,0,0,197,0,0,0,7.120000,1,0.000000,1,'amount','0000-00-00 00:00:00','0000-00-00 00:00:00'),(539,0,0,15,0,0,0,96,0,0,0,7.120000,1,0.000000,1,'amount','0000-00-00 00:00:00','0000-00-00 00:00:00'),(540,0,0,18,0,0,0,5,0,0,0,14.440000,1,0.000000,1,'amount','0000-00-00 00:00:00','0000-00-00 00:00:00'),(541,0,0,18,0,0,0,110,0,0,0,14.440000,1,0.000000,1,'amount','0000-00-00 00:00:00','0000-00-00 00:00:00'),(542,0,0,18,0,0,0,145,0,0,0,14.440000,1,0.000000,1,'amount','0000-00-00 00:00:00','0000-00-00 00:00:00'),(543,0,0,18,0,0,0,11,0,0,0,14.440000,1,0.000000,1,'amount','0000-00-00 00:00:00','0000-00-00 00:00:00'),(544,0,0,18,0,0,0,206,0,0,0,14.440000,1,0.000000,1,'amount','0000-00-00 00:00:00','0000-00-00 00:00:00'),(545,0,0,18,0,0,0,136,0,0,0,14.440000,1,0.000000,1,'amount','0000-00-00 00:00:00','0000-00-00 00:00:00'),(546,0,0,18,0,0,0,172,0,0,0,14.440000,1,0.000000,1,'amount','0000-00-00 00:00:00','0000-00-00 00:00:00'),(547,0,0,18,0,0,0,25,0,0,0,14.440000,1,0.000000,1,'amount','0000-00-00 00:00:00','0000-00-00 00:00:00'),(548,0,0,18,0,0,0,177,0,0,0,14.440000,1,0.000000,1,'amount','0000-00-00 00:00:00','0000-00-00 00:00:00'),(549,0,0,18,0,0,0,111,0,0,0,14.440000,1,0.000000,1,'amount','0000-00-00 00:00:00','0000-00-00 00:00:00'),(550,0,0,18,0,0,0,122,0,0,0,14.440000,1,0.000000,1,'amount','0000-00-00 00:00:00','0000-00-00 00:00:00'),(551,0,0,18,0,0,0,49,0,0,0,14.440000,1,0.000000,1,'amount','0000-00-00 00:00:00','0000-00-00 00:00:00'),(552,0,0,18,0,0,0,59,0,0,0,14.440000,1,0.000000,1,'amount','0000-00-00 00:00:00','0000-00-00 00:00:00'),(553,0,0,18,0,0,0,197,0,0,0,14.440000,1,0.000000,1,'amount','0000-00-00 00:00:00','0000-00-00 00:00:00'),(554,0,0,18,0,0,0,96,0,0,0,14.440000,1,0.000000,1,'amount','0000-00-00 00:00:00','0000-00-00 00:00:00'),(555,0,0,8,0,0,0,8,0,0,0,49.900000,1,0.000000,1,'amount','0000-00-00 00:00:00','0000-00-00 00:00:00'),(556,0,0,8,0,0,0,6,0,0,0,49.900000,1,0.000000,1,'amount','0000-00-00 00:00:00','0000-00-00 00:00:00'),(557,0,0,8,0,0,0,1,0,0,0,49.900000,1,0.000000,1,'amount','0000-00-00 00:00:00','0000-00-00 00:00:00'),(558,0,0,8,0,0,0,17,0,0,0,49.900000,1,0.000000,1,'amount','0000-00-00 00:00:00','0000-00-00 00:00:00'),(559,0,0,8,0,0,0,2,0,0,0,49.900000,1,0.000000,1,'amount','0000-00-00 00:00:00','0000-00-00 00:00:00'),(560,0,0,8,0,0,0,15,0,0,0,49.900000,1,0.000000,1,'amount','0000-00-00 00:00:00','0000-00-00 00:00:00'),(561,0,0,8,0,0,0,3,0,0,0,49.900000,1,0.000000,1,'amount','0000-00-00 00:00:00','0000-00-00 00:00:00'),(562,0,0,8,0,0,0,74,0,0,0,49.900000,1,0.000000,1,'amount','0000-00-00 00:00:00','0000-00-00 00:00:00'),(563,0,0,8,0,0,0,37,0,0,0,49.900000,1,0.000000,1,'amount','0000-00-00 00:00:00','0000-00-00 00:00:00'),(564,0,0,8,0,0,0,193,0,0,0,49.900000,1,0.000000,1,'amount','0000-00-00 00:00:00','0000-00-00 00:00:00'),(565,0,0,8,0,0,0,13,0,0,0,49.900000,1,0.000000,1,'amount','0000-00-00 00:00:00','0000-00-00 00:00:00'),(566,0,0,8,0,0,0,20,0,0,0,49.900000,1,0.000000,1,'amount','0000-00-00 00:00:00','0000-00-00 00:00:00'),(567,0,0,8,0,0,0,18,0,0,0,49.900000,1,0.000000,1,'amount','0000-00-00 00:00:00','0000-00-00 00:00:00'),(568,0,0,8,0,0,0,7,0,0,0,49.900000,1,0.000000,1,'amount','0000-00-00 00:00:00','0000-00-00 00:00:00'),(569,0,0,8,0,0,0,143,0,0,0,49.900000,1,0.000000,1,'amount','0000-00-00 00:00:00','0000-00-00 00:00:00'),(570,0,0,8,0,0,0,36,0,0,0,49.900000,1,0.000000,1,'amount','0000-00-00 00:00:00','0000-00-00 00:00:00'),(571,0,0,8,0,0,0,148,0,0,0,49.900000,1,0.000000,1,'amount','0000-00-00 00:00:00','0000-00-00 00:00:00'),(572,0,0,8,0,0,0,76,0,0,0,49.900000,1,0.000000,1,'amount','0000-00-00 00:00:00','0000-00-00 00:00:00'),(573,0,0,8,0,0,0,26,0,0,0,49.900000,1,0.000000,1,'amount','0000-00-00 00:00:00','0000-00-00 00:00:00'),(574,0,0,8,0,0,0,14,0,0,0,49.900000,1,0.000000,1,'amount','0000-00-00 00:00:00','0000-00-00 00:00:00'),(575,0,0,8,0,0,0,139,0,0,0,49.900000,1,0.000000,1,'amount','0000-00-00 00:00:00','0000-00-00 00:00:00'),(576,0,0,8,0,0,0,131,0,0,0,49.900000,1,0.000000,1,'amount','0000-00-00 00:00:00','0000-00-00 00:00:00'),(577,0,0,8,0,0,0,12,0,0,0,49.900000,1,0.000000,1,'amount','0000-00-00 00:00:00','0000-00-00 00:00:00'),(578,0,0,8,0,0,0,86,0,0,0,49.900000,1,0.000000,1,'amount','0000-00-00 00:00:00','0000-00-00 00:00:00'),(579,0,0,8,0,0,0,16,0,0,0,49.900000,1,0.000000,1,'amount','0000-00-00 00:00:00','0000-00-00 00:00:00'),(580,0,0,8,0,0,0,125,0,0,0,49.900000,1,0.000000,1,'amount','0000-00-00 00:00:00','0000-00-00 00:00:00'),(581,0,0,14,0,0,0,8,0,0,0,74.900000,1,0.000000,1,'amount','0000-00-00 00:00:00','0000-00-00 00:00:00'),(582,0,0,14,0,0,0,1,0,0,0,74.900000,1,0.000000,1,'amount','0000-00-00 00:00:00','0000-00-00 00:00:00'),(583,0,0,14,0,0,0,6,0,0,0,74.900000,1,0.000000,1,'amount','0000-00-00 00:00:00','0000-00-00 00:00:00'),(584,0,0,14,0,0,0,17,0,0,0,74.900000,1,0.000000,1,'amount','0000-00-00 00:00:00','0000-00-00 00:00:00'),(585,0,0,14,0,0,0,2,0,0,0,74.900000,1,0.000000,1,'amount','0000-00-00 00:00:00','0000-00-00 00:00:00'),(586,0,0,14,0,0,0,15,0,0,0,74.900000,1,0.000000,1,'amount','0000-00-00 00:00:00','0000-00-00 00:00:00'),(587,0,0,14,0,0,0,3,0,0,0,74.900000,1,0.000000,1,'amount','0000-00-00 00:00:00','0000-00-00 00:00:00'),(588,0,0,14,0,0,0,74,0,0,0,74.900000,1,0.000000,1,'amount','0000-00-00 00:00:00','0000-00-00 00:00:00'),(589,0,0,14,0,0,0,37,0,0,0,74.900000,1,0.000000,1,'amount','0000-00-00 00:00:00','0000-00-00 00:00:00'),(590,0,0,14,0,0,0,193,0,0,0,74.900000,1,0.000000,1,'amount','0000-00-00 00:00:00','0000-00-00 00:00:00'),(591,0,0,14,0,0,0,13,0,0,0,74.900000,1,0.000000,1,'amount','0000-00-00 00:00:00','0000-00-00 00:00:00'),(592,0,0,14,0,0,0,20,0,0,0,74.900000,1,0.000000,1,'amount','0000-00-00 00:00:00','0000-00-00 00:00:00'),(593,0,0,14,0,0,0,18,0,0,0,74.900000,1,0.000000,1,'amount','0000-00-00 00:00:00','0000-00-00 00:00:00'),(594,0,0,14,0,0,0,7,0,0,0,74.900000,1,0.000000,1,'amount','0000-00-00 00:00:00','0000-00-00 00:00:00'),(595,0,0,14,0,0,0,143,0,0,0,74.900000,1,0.000000,1,'amount','0000-00-00 00:00:00','0000-00-00 00:00:00'),(596,0,0,14,0,0,0,36,0,0,0,74.900000,1,0.000000,1,'amount','0000-00-00 00:00:00','0000-00-00 00:00:00'),(597,0,0,14,0,0,0,148,0,0,0,74.900000,1,0.000000,1,'amount','0000-00-00 00:00:00','0000-00-00 00:00:00'),(598,0,0,14,0,0,0,76,0,0,0,74.900000,1,0.000000,1,'amount','0000-00-00 00:00:00','0000-00-00 00:00:00'),(599,0,0,14,0,0,0,26,0,0,0,74.900000,1,0.000000,1,'amount','0000-00-00 00:00:00','0000-00-00 00:00:00'),(600,0,0,14,0,0,0,139,0,0,0,74.900000,1,0.000000,1,'amount','0000-00-00 00:00:00','0000-00-00 00:00:00'),(601,0,0,14,0,0,0,131,0,0,0,74.900000,1,0.000000,1,'amount','0000-00-00 00:00:00','0000-00-00 00:00:00'),(602,0,0,14,0,0,0,12,0,0,0,74.900000,1,0.000000,1,'amount','0000-00-00 00:00:00','0000-00-00 00:00:00'),(603,0,0,14,0,0,0,86,0,0,0,74.900000,1,0.000000,1,'amount','0000-00-00 00:00:00','0000-00-00 00:00:00'),(604,0,0,14,0,0,0,16,0,0,0,74.900000,1,0.000000,1,'amount','0000-00-00 00:00:00','0000-00-00 00:00:00'),(605,0,0,14,0,0,0,125,0,0,0,74.900000,1,0.000000,1,'amount','0000-00-00 00:00:00','0000-00-00 00:00:00'),(606,0,0,20,0,0,0,8,0,0,0,69.900000,1,0.000000,1,'amount','0000-00-00 00:00:00','0000-00-00 00:00:00'),(607,0,0,20,0,0,0,1,0,0,0,69.900000,1,0.000000,1,'amount','0000-00-00 00:00:00','0000-00-00 00:00:00'),(608,0,0,20,0,0,0,6,0,0,0,69.900000,1,0.000000,1,'amount','0000-00-00 00:00:00','0000-00-00 00:00:00'),(609,0,0,20,0,0,0,17,0,0,0,69.900000,1,0.000000,1,'amount','0000-00-00 00:00:00','0000-00-00 00:00:00'),(610,0,0,20,0,0,0,2,0,0,0,69.900000,1,0.000000,1,'amount','0000-00-00 00:00:00','0000-00-00 00:00:00'),(611,0,0,20,0,0,0,15,0,0,0,69.900000,1,0.000000,1,'amount','0000-00-00 00:00:00','0000-00-00 00:00:00'),(612,0,0,20,0,0,0,3,0,0,0,69.900000,1,0.000000,1,'amount','0000-00-00 00:00:00','0000-00-00 00:00:00'),(613,0,0,20,0,0,0,74,0,0,0,69.900000,1,0.000000,1,'amount','0000-00-00 00:00:00','0000-00-00 00:00:00'),(614,0,0,20,0,0,0,37,0,0,0,69.900000,1,0.000000,1,'amount','0000-00-00 00:00:00','0000-00-00 00:00:00'),(615,0,0,20,0,0,0,193,0,0,0,69.900000,1,0.000000,1,'amount','0000-00-00 00:00:00','0000-00-00 00:00:00'),(616,0,0,20,0,0,0,13,0,0,0,69.900000,1,0.000000,1,'amount','0000-00-00 00:00:00','0000-00-00 00:00:00'),(617,0,0,20,0,0,0,20,0,0,0,69.900000,1,0.000000,1,'amount','0000-00-00 00:00:00','0000-00-00 00:00:00'),(618,0,0,20,0,0,0,18,0,0,0,69.900000,1,0.000000,1,'amount','0000-00-00 00:00:00','0000-00-00 00:00:00'),(619,0,0,20,0,0,0,7,0,0,0,69.900000,1,0.000000,1,'amount','0000-00-00 00:00:00','0000-00-00 00:00:00'),(620,0,0,20,0,0,0,143,0,0,0,69.900000,1,0.000000,1,'amount','0000-00-00 00:00:00','0000-00-00 00:00:00'),(621,0,0,20,0,0,0,36,0,0,0,69.900000,1,0.000000,1,'amount','0000-00-00 00:00:00','0000-00-00 00:00:00'),(622,0,0,20,0,0,0,76,0,0,0,69.900000,1,0.000000,1,'amount','0000-00-00 00:00:00','0000-00-00 00:00:00'),(623,0,0,20,0,0,0,26,0,0,0,69.900000,1,0.000000,1,'amount','0000-00-00 00:00:00','0000-00-00 00:00:00'),(624,0,0,20,0,0,0,148,0,0,0,69.900000,1,0.000000,1,'amount','0000-00-00 00:00:00','0000-00-00 00:00:00'),(625,0,0,20,0,0,0,139,0,0,0,69.900000,1,0.000000,1,'amount','0000-00-00 00:00:00','0000-00-00 00:00:00'),(626,0,0,20,0,0,0,131,0,0,0,69.900000,1,0.000000,1,'amount','0000-00-00 00:00:00','0000-00-00 00:00:00'),(627,0,0,20,0,0,0,12,0,0,0,69.900000,1,0.000000,1,'amount','0000-00-00 00:00:00','0000-00-00 00:00:00'),(628,0,0,20,0,0,0,86,0,0,0,69.900000,1,0.000000,1,'amount','0000-00-00 00:00:00','0000-00-00 00:00:00'),(629,0,0,20,0,0,0,16,0,0,0,69.900000,1,0.000000,1,'amount','0000-00-00 00:00:00','0000-00-00 00:00:00'),(630,0,0,20,0,0,0,125,0,0,0,69.900000,1,0.000000,1,'amount','0000-00-00 00:00:00','0000-00-00 00:00:00'),(631,0,0,22,0,0,0,8,0,0,0,69.900000,1,0.000000,1,'amount','0000-00-00 00:00:00','0000-00-00 00:00:00'),(632,0,0,22,0,0,0,1,0,0,0,69.900000,1,0.000000,1,'amount','0000-00-00 00:00:00','0000-00-00 00:00:00'),(633,0,0,22,0,0,0,6,0,0,0,69.900000,1,0.000000,1,'amount','0000-00-00 00:00:00','0000-00-00 00:00:00'),(634,0,0,22,0,0,0,17,0,0,0,69.900000,1,0.000000,1,'amount','0000-00-00 00:00:00','0000-00-00 00:00:00'),(635,0,0,22,0,0,0,2,0,0,0,69.900000,1,0.000000,1,'amount','0000-00-00 00:00:00','0000-00-00 00:00:00'),(636,0,0,22,0,0,0,15,0,0,0,69.900000,1,0.000000,1,'amount','0000-00-00 00:00:00','0000-00-00 00:00:00'),(637,0,0,22,0,0,0,3,0,0,0,69.900000,1,0.000000,1,'amount','0000-00-00 00:00:00','0000-00-00 00:00:00'),(638,0,0,22,0,0,0,74,0,0,0,69.900000,1,0.000000,1,'amount','0000-00-00 00:00:00','0000-00-00 00:00:00'),(639,0,0,22,0,0,0,37,0,0,0,69.900000,1,0.000000,1,'amount','0000-00-00 00:00:00','0000-00-00 00:00:00'),(640,0,0,22,0,0,0,193,0,0,0,69.900000,1,0.000000,1,'amount','0000-00-00 00:00:00','0000-00-00 00:00:00'),(641,0,0,22,0,0,0,13,0,0,0,69.900000,1,0.000000,1,'amount','0000-00-00 00:00:00','0000-00-00 00:00:00'),(642,0,0,22,0,0,0,20,0,0,0,69.900000,1,0.000000,1,'amount','0000-00-00 00:00:00','0000-00-00 00:00:00'),(643,0,0,22,0,0,0,18,0,0,0,69.900000,1,0.000000,1,'amount','0000-00-00 00:00:00','0000-00-00 00:00:00'),(644,0,0,22,0,0,0,7,0,0,0,69.900000,1,0.000000,1,'amount','0000-00-00 00:00:00','0000-00-00 00:00:00'),(645,0,0,22,0,0,0,143,0,0,0,69.900000,1,0.000000,1,'amount','0000-00-00 00:00:00','0000-00-00 00:00:00'),(646,0,0,22,0,0,0,36,0,0,0,69.900000,1,0.000000,1,'amount','0000-00-00 00:00:00','0000-00-00 00:00:00'),(647,0,0,22,0,0,0,148,0,0,0,69.900000,1,0.000000,1,'amount','0000-00-00 00:00:00','0000-00-00 00:00:00'),(648,0,0,22,0,0,0,76,0,0,0,69.900000,1,0.000000,1,'amount','0000-00-00 00:00:00','0000-00-00 00:00:00'),(649,0,0,22,0,0,0,26,0,0,0,69.900000,1,0.000000,1,'amount','0000-00-00 00:00:00','0000-00-00 00:00:00'),(650,0,0,22,0,0,0,14,0,0,0,69.900000,1,0.000000,1,'amount','0000-00-00 00:00:00','0000-00-00 00:00:00'),(651,0,0,22,0,0,0,139,0,0,0,69.900000,1,0.000000,1,'amount','0000-00-00 00:00:00','0000-00-00 00:00:00'),(652,0,0,22,0,0,0,131,0,0,0,69.900000,1,0.000000,1,'amount','0000-00-00 00:00:00','0000-00-00 00:00:00'),(653,0,0,22,0,0,0,12,0,0,0,69.900000,1,0.000000,1,'amount','0000-00-00 00:00:00','0000-00-00 00:00:00'),(654,0,0,22,0,0,0,86,0,0,0,69.900000,1,0.000000,1,'amount','0000-00-00 00:00:00','0000-00-00 00:00:00'),(655,0,0,22,0,0,0,16,0,0,0,69.900000,1,0.000000,1,'amount','0000-00-00 00:00:00','0000-00-00 00:00:00'),(656,0,0,22,0,0,0,125,0,0,0,69.900000,1,0.000000,1,'amount','0000-00-00 00:00:00','0000-00-00 00:00:00'),(657,0,0,16,0,0,0,8,0,0,0,7.900000,1,0.000000,1,'amount','0000-00-00 00:00:00','0000-00-00 00:00:00'),(658,0,0,16,0,0,0,1,0,0,0,7.900000,1,0.000000,1,'amount','0000-00-00 00:00:00','0000-00-00 00:00:00'),(659,0,0,16,0,0,0,6,0,0,0,7.900000,1,0.000000,1,'amount','0000-00-00 00:00:00','0000-00-00 00:00:00'),(660,0,0,16,0,0,0,17,0,0,0,7.900000,1,0.000000,1,'amount','0000-00-00 00:00:00','0000-00-00 00:00:00'),(661,0,0,16,0,0,0,2,0,0,0,7.900000,1,0.000000,1,'amount','0000-00-00 00:00:00','0000-00-00 00:00:00'),(662,0,0,16,0,0,0,15,0,0,0,7.900000,1,0.000000,1,'amount','0000-00-00 00:00:00','0000-00-00 00:00:00'),(663,0,0,16,0,0,0,3,0,0,0,7.900000,1,0.000000,1,'amount','0000-00-00 00:00:00','0000-00-00 00:00:00'),(664,0,0,16,0,0,0,74,0,0,0,7.900000,1,0.000000,1,'amount','0000-00-00 00:00:00','0000-00-00 00:00:00'),(665,0,0,16,0,0,0,37,0,0,0,7.900000,1,0.000000,1,'amount','0000-00-00 00:00:00','0000-00-00 00:00:00'),(666,0,0,16,0,0,0,193,0,0,0,7.900000,1,0.000000,1,'amount','0000-00-00 00:00:00','0000-00-00 00:00:00'),(667,0,0,16,0,0,0,13,0,0,0,7.900000,1,0.000000,1,'amount','0000-00-00 00:00:00','0000-00-00 00:00:00'),(668,0,0,16,0,0,0,20,0,0,0,7.900000,1,0.000000,1,'amount','0000-00-00 00:00:00','0000-00-00 00:00:00'),(669,0,0,16,0,0,0,18,0,0,0,7.900000,1,0.000000,1,'amount','0000-00-00 00:00:00','0000-00-00 00:00:00'),(670,0,0,16,0,0,0,7,0,0,0,7.900000,1,0.000000,1,'amount','0000-00-00 00:00:00','0000-00-00 00:00:00'),(671,0,0,16,0,0,0,143,0,0,0,7.900000,1,0.000000,1,'amount','0000-00-00 00:00:00','0000-00-00 00:00:00'),(672,0,0,16,0,0,0,36,0,0,0,7.900000,1,0.000000,1,'amount','0000-00-00 00:00:00','0000-00-00 00:00:00'),(673,0,0,16,0,0,0,148,0,0,0,7.900000,1,0.000000,1,'amount','0000-00-00 00:00:00','0000-00-00 00:00:00'),(674,0,0,16,0,0,0,76,0,0,0,7.900000,1,0.000000,1,'amount','0000-00-00 00:00:00','0000-00-00 00:00:00'),(675,0,0,16,0,0,0,26,0,0,0,7.900000,1,0.000000,1,'amount','0000-00-00 00:00:00','0000-00-00 00:00:00'),(676,0,0,16,0,0,0,14,0,0,0,7.900000,1,0.000000,1,'amount','0000-00-00 00:00:00','0000-00-00 00:00:00'),(677,0,0,16,0,0,0,139,0,0,0,7.900000,1,0.000000,1,'amount','0000-00-00 00:00:00','0000-00-00 00:00:00'),(678,0,0,16,0,0,0,131,0,0,0,7.900000,1,0.000000,1,'amount','0000-00-00 00:00:00','0000-00-00 00:00:00'),(679,0,0,16,0,0,0,12,0,0,0,7.900000,1,0.000000,1,'amount','0000-00-00 00:00:00','0000-00-00 00:00:00'),(680,0,0,16,0,0,0,86,0,0,0,7.900000,1,0.000000,1,'amount','0000-00-00 00:00:00','0000-00-00 00:00:00'),(681,0,0,16,0,0,0,16,0,0,0,7.900000,1,0.000000,1,'amount','0000-00-00 00:00:00','0000-00-00 00:00:00'),(682,0,0,16,0,0,0,125,0,0,0,7.900000,1,0.000000,1,'amount','0000-00-00 00:00:00','0000-00-00 00:00:00'),(683,0,0,15,0,0,0,8,0,0,0,4.900000,1,0.000000,1,'amount','0000-00-00 00:00:00','0000-00-00 00:00:00'),(684,0,0,15,0,0,0,1,0,0,0,4.900000,1,0.000000,1,'amount','0000-00-00 00:00:00','0000-00-00 00:00:00'),(685,0,0,15,0,0,0,17,0,0,0,4.900000,1,0.000000,1,'amount','0000-00-00 00:00:00','0000-00-00 00:00:00'),(686,0,0,15,0,0,0,2,0,0,0,4.900000,1,0.000000,1,'amount','0000-00-00 00:00:00','0000-00-00 00:00:00'),(687,0,0,15,0,0,0,15,0,0,0,4.900000,1,0.000000,1,'amount','0000-00-00 00:00:00','0000-00-00 00:00:00'),(688,0,0,15,0,0,0,3,0,0,0,4.900000,1,0.000000,1,'amount','0000-00-00 00:00:00','0000-00-00 00:00:00'),(689,0,0,15,0,0,0,74,0,0,0,4.900000,1,0.000000,1,'amount','0000-00-00 00:00:00','0000-00-00 00:00:00'),(690,0,0,15,0,0,0,37,0,0,0,4.900000,1,0.000000,1,'amount','0000-00-00 00:00:00','0000-00-00 00:00:00'),(691,0,0,15,0,0,0,193,0,0,0,4.900000,1,0.000000,1,'amount','0000-00-00 00:00:00','0000-00-00 00:00:00'),(692,0,0,15,0,0,0,13,0,0,0,4.900000,1,0.000000,1,'amount','0000-00-00 00:00:00','0000-00-00 00:00:00'),(693,0,0,15,0,0,0,20,0,0,0,4.900000,1,0.000000,1,'amount','0000-00-00 00:00:00','0000-00-00 00:00:00'),(694,0,0,15,0,0,0,18,0,0,0,4.900000,1,0.000000,1,'amount','0000-00-00 00:00:00','0000-00-00 00:00:00'),(695,0,0,15,0,0,0,7,0,0,0,4.900000,1,0.000000,1,'amount','0000-00-00 00:00:00','0000-00-00 00:00:00'),(696,0,0,15,0,0,0,143,0,0,0,4.900000,1,0.000000,1,'amount','0000-00-00 00:00:00','0000-00-00 00:00:00'),(697,0,0,15,0,0,0,36,0,0,0,4.900000,1,0.000000,1,'amount','0000-00-00 00:00:00','0000-00-00 00:00:00'),(698,0,0,15,0,0,0,148,0,0,0,4.900000,1,0.000000,1,'amount','0000-00-00 00:00:00','0000-00-00 00:00:00'),(699,0,0,15,0,0,0,76,0,0,0,4.900000,1,0.000000,1,'amount','0000-00-00 00:00:00','0000-00-00 00:00:00'),(700,0,0,15,0,0,0,26,0,0,0,4.900000,1,0.000000,1,'amount','0000-00-00 00:00:00','0000-00-00 00:00:00'),(701,0,0,15,0,0,0,14,0,0,0,4.900000,1,0.000000,1,'amount','0000-00-00 00:00:00','0000-00-00 00:00:00'),(702,0,0,15,0,0,0,139,0,0,0,4.900000,1,0.000000,1,'amount','0000-00-00 00:00:00','0000-00-00 00:00:00'),(703,0,0,15,0,0,0,131,0,0,0,4.900000,1,0.000000,1,'amount','0000-00-00 00:00:00','0000-00-00 00:00:00'),(704,0,0,15,0,0,0,12,0,0,0,4.900000,1,0.000000,1,'amount','0000-00-00 00:00:00','0000-00-00 00:00:00'),(705,0,0,15,0,0,0,86,0,0,0,4.900000,1,0.000000,1,'amount','0000-00-00 00:00:00','0000-00-00 00:00:00'),(706,0,0,15,0,0,0,16,0,0,0,4.900000,1,0.000000,1,'amount','0000-00-00 00:00:00','0000-00-00 00:00:00'),(707,0,0,15,0,0,0,125,0,0,0,4.900000,1,0.000000,1,'amount','0000-00-00 00:00:00','0000-00-00 00:00:00'),(708,0,0,17,0,0,0,8,0,0,0,12.900000,1,0.000000,1,'amount','0000-00-00 00:00:00','0000-00-00 00:00:00'),(709,0,0,17,0,0,0,1,0,0,0,12.900000,1,0.000000,1,'amount','0000-00-00 00:00:00','0000-00-00 00:00:00'),(710,0,0,17,0,0,0,6,0,0,0,12.900000,1,0.000000,1,'amount','0000-00-00 00:00:00','0000-00-00 00:00:00'),(711,0,0,17,0,0,0,17,0,0,0,12.900000,1,0.000000,1,'amount','0000-00-00 00:00:00','0000-00-00 00:00:00'),(712,0,0,17,0,0,0,2,0,0,0,12.900000,1,0.000000,1,'amount','0000-00-00 00:00:00','0000-00-00 00:00:00'),(713,0,0,17,0,0,0,15,0,0,0,12.900000,1,0.000000,1,'amount','0000-00-00 00:00:00','0000-00-00 00:00:00'),(714,0,0,17,0,0,0,3,0,0,0,12.900000,1,0.000000,1,'amount','0000-00-00 00:00:00','0000-00-00 00:00:00'),(715,0,0,17,0,0,0,74,0,0,0,12.900000,1,0.000000,1,'amount','0000-00-00 00:00:00','0000-00-00 00:00:00'),(716,0,0,17,0,0,0,37,0,0,0,12.900000,1,0.000000,1,'amount','0000-00-00 00:00:00','0000-00-00 00:00:00'),(717,0,0,17,0,0,0,193,0,0,0,12.900000,1,0.000000,1,'amount','0000-00-00 00:00:00','0000-00-00 00:00:00'),(718,0,0,17,0,0,0,13,0,0,0,12.900000,1,0.000000,1,'amount','0000-00-00 00:00:00','0000-00-00 00:00:00'),(719,0,0,17,0,0,0,20,0,0,0,12.900000,1,0.000000,1,'amount','0000-00-00 00:00:00','0000-00-00 00:00:00'),(720,0,0,17,0,0,0,18,0,0,0,12.900000,1,0.000000,1,'amount','0000-00-00 00:00:00','0000-00-00 00:00:00'),(721,0,0,17,0,0,0,7,0,0,0,12.900000,1,0.000000,1,'amount','0000-00-00 00:00:00','0000-00-00 00:00:00'),(722,0,0,17,0,0,0,143,0,0,0,12.900000,1,0.000000,1,'amount','0000-00-00 00:00:00','0000-00-00 00:00:00'),(723,0,0,17,0,0,0,36,0,0,0,12.900000,1,0.000000,1,'amount','0000-00-00 00:00:00','0000-00-00 00:00:00'),(724,0,0,17,0,0,0,148,0,0,0,12.900000,1,0.000000,1,'amount','0000-00-00 00:00:00','0000-00-00 00:00:00'),(725,0,0,17,0,0,0,76,0,0,0,12.900000,1,0.000000,1,'amount','0000-00-00 00:00:00','0000-00-00 00:00:00'),(726,0,0,17,0,0,0,26,0,0,0,12.900000,1,0.000000,1,'amount','0000-00-00 00:00:00','0000-00-00 00:00:00'),(727,0,0,17,0,0,0,14,0,0,0,12.900000,1,0.000000,1,'amount','0000-00-00 00:00:00','0000-00-00 00:00:00'),(728,0,0,17,0,0,0,139,0,0,0,12.900000,1,0.000000,1,'amount','0000-00-00 00:00:00','0000-00-00 00:00:00'),(729,0,0,17,0,0,0,131,0,0,0,12.900000,1,0.000000,1,'amount','0000-00-00 00:00:00','0000-00-00 00:00:00'),(730,0,0,17,0,0,0,12,0,0,0,12.900000,1,0.000000,1,'amount','0000-00-00 00:00:00','0000-00-00 00:00:00'),(731,0,0,17,0,0,0,86,0,0,0,12.900000,1,0.000000,1,'amount','0000-00-00 00:00:00','0000-00-00 00:00:00'),(732,0,0,17,0,0,0,125,0,0,0,12.900000,1,0.000000,1,'amount','0000-00-00 00:00:00','0000-00-00 00:00:00'),(733,0,0,18,0,0,0,8,0,0,0,9.900000,1,0.000000,1,'amount','0000-00-00 00:00:00','0000-00-00 00:00:00'),(734,0,0,18,0,0,0,1,0,0,0,9.900000,1,0.000000,1,'amount','0000-00-00 00:00:00','0000-00-00 00:00:00'),(735,0,0,18,0,0,0,6,0,0,0,9.900000,1,0.000000,1,'amount','0000-00-00 00:00:00','0000-00-00 00:00:00'),(736,0,0,18,0,0,0,17,0,0,0,9.900000,1,0.000000,1,'amount','0000-00-00 00:00:00','0000-00-00 00:00:00'),(737,0,0,18,0,0,0,2,0,0,0,9.900000,1,0.000000,1,'amount','0000-00-00 00:00:00','0000-00-00 00:00:00'),(738,0,0,18,0,0,0,15,0,0,0,9.900000,1,0.000000,1,'amount','0000-00-00 00:00:00','0000-00-00 00:00:00'),(739,0,0,18,0,0,0,3,0,0,0,9.900000,1,0.000000,1,'amount','0000-00-00 00:00:00','0000-00-00 00:00:00'),(740,0,0,18,0,0,0,74,0,0,0,9.900000,1,0.000000,1,'amount','0000-00-00 00:00:00','0000-00-00 00:00:00'),(741,0,0,18,0,0,0,37,0,0,0,9.900000,1,0.000000,1,'amount','0000-00-00 00:00:00','0000-00-00 00:00:00'),(742,0,0,18,0,0,0,193,0,0,0,9.900000,1,0.000000,1,'amount','0000-00-00 00:00:00','0000-00-00 00:00:00'),(743,0,0,18,0,0,0,13,0,0,0,9.900000,1,0.000000,1,'amount','0000-00-00 00:00:00','0000-00-00 00:00:00'),(744,0,0,18,0,0,0,20,0,0,0,9.900000,1,0.000000,1,'amount','0000-00-00 00:00:00','0000-00-00 00:00:00'),(745,0,0,18,0,0,0,18,0,0,0,9.900000,1,0.000000,1,'amount','0000-00-00 00:00:00','0000-00-00 00:00:00'),(746,0,0,18,0,0,0,7,0,0,0,9.900000,1,0.000000,1,'amount','0000-00-00 00:00:00','0000-00-00 00:00:00'),(747,0,0,18,0,0,0,143,0,0,0,9.900000,1,0.000000,1,'amount','0000-00-00 00:00:00','0000-00-00 00:00:00'),(748,0,0,18,0,0,0,36,0,0,0,9.900000,1,0.000000,1,'amount','0000-00-00 00:00:00','0000-00-00 00:00:00'),(749,0,0,18,0,0,0,148,0,0,0,9.900000,1,0.000000,1,'amount','0000-00-00 00:00:00','0000-00-00 00:00:00'),(750,0,0,18,0,0,0,76,0,0,0,9.900000,1,0.000000,1,'amount','0000-00-00 00:00:00','0000-00-00 00:00:00'),(751,0,0,18,0,0,0,26,0,0,0,9.900000,1,0.000000,1,'amount','0000-00-00 00:00:00','0000-00-00 00:00:00'),(752,0,0,18,0,0,0,14,0,0,0,9.900000,1,0.000000,1,'amount','0000-00-00 00:00:00','0000-00-00 00:00:00'),(753,0,0,18,0,0,0,139,0,0,0,9.900000,1,0.000000,1,'amount','0000-00-00 00:00:00','0000-00-00 00:00:00'),(754,0,0,18,0,0,0,131,0,0,0,9.900000,1,0.000000,1,'amount','0000-00-00 00:00:00','0000-00-00 00:00:00'),(755,0,0,18,0,0,0,12,0,0,0,9.900000,1,0.000000,1,'amount','0000-00-00 00:00:00','0000-00-00 00:00:00'),(756,0,0,18,0,0,0,86,0,0,0,9.900000,1,0.000000,1,'amount','0000-00-00 00:00:00','0000-00-00 00:00:00'),(757,0,0,18,0,0,0,16,0,0,0,9.900000,1,0.000000,1,'amount','0000-00-00 00:00:00','0000-00-00 00:00:00'),(758,0,0,18,0,0,0,125,0,0,0,9.900000,1,0.000000,1,'amount','0000-00-00 00:00:00','0000-00-00 00:00:00'),(759,0,0,9,0,0,0,8,0,0,48,9.900000,1,0.000000,1,'amount','0000-00-00 00:00:00','0000-00-00 00:00:00'),(761,0,0,9,0,0,0,8,0,0,47,14.900000,1,0.000000,1,'amount','0000-00-00 00:00:00','0000-00-00 00:00:00'),(762,0,0,9,0,0,0,1,0,0,48,9.900000,1,0.000000,1,'amount','0000-00-00 00:00:00','0000-00-00 00:00:00'),(763,0,0,9,0,0,0,1,0,0,55,11.900000,1,0.000000,1,'amount','0000-00-00 00:00:00','0000-00-00 00:00:00'),(764,0,0,9,0,0,0,1,0,0,47,14.900000,1,0.000000,1,'amount','0000-00-00 00:00:00','0000-00-00 00:00:00'),(765,0,0,9,0,0,0,6,0,0,48,9.900000,1,0.000000,1,'amount','0000-00-00 00:00:00','0000-00-00 00:00:00'),(766,0,0,9,0,0,0,6,0,0,55,11.900000,1,0.000000,1,'amount','0000-00-00 00:00:00','0000-00-00 00:00:00'),(767,0,0,9,0,0,0,6,0,0,47,14.900000,1,0.000000,1,'amount','0000-00-00 00:00:00','0000-00-00 00:00:00'),(768,0,0,9,0,0,0,17,0,0,48,9.900000,1,0.000000,1,'amount','0000-00-00 00:00:00','0000-00-00 00:00:00'),(769,0,0,9,0,0,0,17,0,0,47,14.900000,1,0.000000,1,'amount','0000-00-00 00:00:00','0000-00-00 00:00:00'),(770,0,0,9,0,0,0,17,0,0,55,11.900000,1,0.000000,1,'amount','0000-00-00 00:00:00','0000-00-00 00:00:00'),(771,0,0,9,0,0,0,2,0,0,48,9.900000,1,0.000000,1,'amount','0000-00-00 00:00:00','0000-00-00 00:00:00'),(772,0,0,9,0,0,0,2,0,0,55,11.900000,1,0.000000,1,'amount','0000-00-00 00:00:00','0000-00-00 00:00:00'),(773,0,0,9,0,0,0,2,0,0,47,14.900000,1,0.000000,1,'amount','0000-00-00 00:00:00','0000-00-00 00:00:00'),(774,0,0,9,0,0,0,15,0,0,48,9.900000,1,0.000000,1,'amount','0000-00-00 00:00:00','0000-00-00 00:00:00'),(775,0,0,9,0,0,0,15,0,0,55,11.900000,1,0.000000,1,'amount','0000-00-00 00:00:00','0000-00-00 00:00:00'),(776,0,0,9,0,0,0,15,0,0,47,14.900000,1,0.000000,1,'amount','0000-00-00 00:00:00','0000-00-00 00:00:00'),(777,0,0,9,0,0,0,3,0,0,48,9.900000,1,0.000000,1,'amount','0000-00-00 00:00:00','0000-00-00 00:00:00'),(778,0,0,9,0,0,0,3,0,0,55,11.900000,1,0.000000,1,'amount','0000-00-00 00:00:00','0000-00-00 00:00:00'),(779,0,0,9,0,0,0,3,0,0,47,14.900000,1,0.000000,1,'amount','0000-00-00 00:00:00','0000-00-00 00:00:00'),(780,0,0,9,0,0,0,74,0,0,48,9.900000,1,0.000000,1,'amount','0000-00-00 00:00:00','0000-00-00 00:00:00'),(781,0,0,9,0,0,0,74,0,0,55,11.900000,1,0.000000,1,'amount','0000-00-00 00:00:00','0000-00-00 00:00:00'),(782,0,0,9,0,0,0,74,0,0,47,14.900000,1,0.000000,1,'amount','0000-00-00 00:00:00','0000-00-00 00:00:00'),(783,0,0,9,0,0,0,37,0,0,48,9.900000,1,0.000000,1,'amount','0000-00-00 00:00:00','0000-00-00 00:00:00'),(784,0,0,9,0,0,0,37,0,0,55,11.900000,1,0.000000,1,'amount','0000-00-00 00:00:00','0000-00-00 00:00:00'),(785,0,0,9,0,0,0,37,0,0,47,14.900000,1,0.000000,1,'amount','0000-00-00 00:00:00','0000-00-00 00:00:00'),(786,0,0,9,0,0,0,193,0,0,47,14.900000,1,0.000000,1,'amount','0000-00-00 00:00:00','0000-00-00 00:00:00'),(787,0,0,9,0,0,0,193,0,0,55,11.900000,1,0.000000,1,'amount','0000-00-00 00:00:00','0000-00-00 00:00:00'),(788,0,0,9,0,0,0,193,0,0,48,9.900000,1,0.000000,1,'amount','0000-00-00 00:00:00','0000-00-00 00:00:00'),(789,0,0,9,0,0,0,13,0,0,48,9.900000,1,0.000000,1,'amount','0000-00-00 00:00:00','0000-00-00 00:00:00'),(790,0,0,9,0,0,0,13,0,0,55,11.900000,1,0.000000,1,'amount','0000-00-00 00:00:00','0000-00-00 00:00:00'),(791,0,0,9,0,0,0,13,0,0,47,14.900000,1,0.000000,1,'amount','0000-00-00 00:00:00','0000-00-00 00:00:00'),(792,0,0,9,0,0,0,20,0,0,48,9.900000,1,0.000000,1,'amount','0000-00-00 00:00:00','0000-00-00 00:00:00'),(794,0,0,9,0,0,0,20,0,0,55,11.900000,1,0.000000,1,'amount','0000-00-00 00:00:00','0000-00-00 00:00:00'),(795,0,0,9,0,0,0,20,0,0,47,14.900000,1,0.000000,1,'amount','0000-00-00 00:00:00','0000-00-00 00:00:00'),(796,0,0,9,0,0,0,18,0,0,48,9.900000,1,0.000000,1,'amount','0000-00-00 00:00:00','0000-00-00 00:00:00'),(797,0,0,9,0,0,0,18,0,0,55,11.900000,1,0.000000,1,'amount','0000-00-00 00:00:00','0000-00-00 00:00:00'),(798,0,0,9,0,0,0,18,0,0,47,14.900000,1,0.000000,1,'amount','0000-00-00 00:00:00','0000-00-00 00:00:00'),(799,0,0,9,0,0,0,7,0,0,48,9.900000,1,0.000000,1,'amount','0000-00-00 00:00:00','0000-00-00 00:00:00'),(800,0,0,9,0,0,0,7,0,0,55,11.900000,1,0.000000,1,'amount','0000-00-00 00:00:00','0000-00-00 00:00:00'),(802,0,0,9,0,0,0,143,0,0,48,9.900000,1,0.000000,1,'amount','0000-00-00 00:00:00','0000-00-00 00:00:00'),(803,0,0,9,0,0,0,143,0,0,55,11.900000,1,0.000000,1,'amount','0000-00-00 00:00:00','0000-00-00 00:00:00'),(804,0,0,9,0,0,0,143,0,0,47,14.900000,1,0.000000,1,'amount','0000-00-00 00:00:00','0000-00-00 00:00:00'),(805,0,0,9,0,0,0,36,0,0,48,9.900000,1,0.000000,1,'amount','0000-00-00 00:00:00','0000-00-00 00:00:00'),(806,0,0,9,0,0,0,36,0,0,55,11.900000,1,0.000000,1,'amount','0000-00-00 00:00:00','0000-00-00 00:00:00'),(807,0,0,9,0,0,0,36,0,0,47,14.900000,1,0.000000,1,'amount','0000-00-00 00:00:00','0000-00-00 00:00:00'),(808,0,0,9,0,0,0,148,0,0,48,9.900000,1,0.000000,1,'amount','0000-00-00 00:00:00','0000-00-00 00:00:00'),(809,0,0,9,0,0,0,148,0,0,55,11.900000,1,0.000000,1,'amount','0000-00-00 00:00:00','0000-00-00 00:00:00'),(818,0,0,9,0,0,1,7,0,0,47,14.900000,1,0.000000,1,'amount','0000-00-00 00:00:00','0000-00-00 00:00:00'),(819,0,0,9,0,0,0,148,0,0,47,14.900000,1,0.000000,1,'amount','0000-00-00 00:00:00','0000-00-00 00:00:00'),(908,0,0,23,0,0,0,4,0,0,0,70.220000,1,0.000000,1,'amount','0000-00-00 00:00:00','0000-00-00 00:00:00'),(909,0,0,23,0,0,0,5,0,0,0,106.680000,1,0.000000,1,'amount','0000-00-00 00:00:00','0000-00-00 00:00:00'),(913,0,0,23,0,0,0,11,0,0,0,106.680000,1,0.000000,1,'amount','0000-00-00 00:00:00','0000-00-00 00:00:00'),(921,0,0,23,0,0,0,21,0,0,0,70.220000,1,0.000000,1,'amount','0000-00-00 00:00:00','0000-00-00 00:00:00'),(922,0,0,23,0,0,0,22,0,0,0,106.683000,1,0.000000,1,'amount','0000-00-00 00:00:00','0000-00-00 00:00:00'),(923,0,0,23,0,0,0,25,0,0,0,106.680000,1,0.000000,1,'amount','0000-00-00 00:00:00','0000-00-00 00:00:00'),(927,0,0,23,0,0,0,49,0,0,0,106.680000,1,0.000000,1,'amount','0000-00-00 00:00:00','0000-00-00 00:00:00'),(928,0,0,23,0,0,0,59,0,0,0,106.680000,1,0.000000,1,'amount','0000-00-00 00:00:00','0000-00-00 00:00:00'),(932,0,0,23,0,0,0,96,0,0,0,106.680000,1,0.000000,1,'amount','0000-00-00 00:00:00','0000-00-00 00:00:00'),(933,0,0,23,0,0,0,110,0,0,0,106.680000,1,0.000000,1,'amount','0000-00-00 00:00:00','0000-00-00 00:00:00'),(934,0,0,23,0,0,0,111,0,0,0,106.680000,1,0.000000,1,'amount','0000-00-00 00:00:00','0000-00-00 00:00:00'),(935,0,0,23,0,0,0,122,0,0,0,106.680000,1,0.000000,1,'amount','0000-00-00 00:00:00','0000-00-00 00:00:00'),(938,0,0,23,0,0,0,136,0,0,0,106.680000,1,0.000000,1,'amount','0000-00-00 00:00:00','0000-00-00 00:00:00'),(941,0,0,23,0,0,0,145,0,0,0,106.680000,1,0.000000,1,'amount','0000-00-00 00:00:00','0000-00-00 00:00:00'),(943,0,0,23,0,0,0,172,0,0,0,106.680000,1,0.000000,1,'amount','0000-00-00 00:00:00','0000-00-00 00:00:00'),(944,0,0,23,0,0,0,177,0,0,0,106.680000,1,0.000000,1,'amount','0000-00-00 00:00:00','0000-00-00 00:00:00'),(946,0,0,23,0,0,0,197,0,0,0,106.680000,1,0.000000,1,'amount','0000-00-00 00:00:00','0000-00-00 00:00:00'),(947,0,0,23,0,0,0,203,0,0,0,69.310000,1,0.000000,1,'amount','0000-00-00 00:00:00','0000-00-00 00:00:00'),(948,0,0,23,0,0,0,206,0,0,0,106.680000,1,0.000000,1,'amount','0000-00-00 00:00:00','0000-00-00 00:00:00'),(951,0,0,23,0,0,1,1,0,0,0,49.000000,1,0.000000,1,'amount','0000-00-00 00:00:00','0000-00-00 00:00:00'),(952,0,0,23,0,0,1,2,0,0,0,49.000000,1,0.000000,1,'amount','0000-00-00 00:00:00','0000-00-00 00:00:00'),(953,0,0,23,0,0,1,3,0,0,0,49.000000,1,0.000000,1,'amount','0000-00-00 00:00:00','0000-00-00 00:00:00'),(954,0,0,23,0,0,1,8,0,0,0,49.000000,1,0.000000,1,'amount','0000-00-00 00:00:00','0000-00-00 00:00:00'),(955,0,0,23,0,0,1,6,0,0,0,49.000000,1,0.000000,1,'amount','0000-00-00 00:00:00','0000-00-00 00:00:00'),(956,0,0,23,0,0,1,13,0,0,0,49.000000,1,0.000000,1,'amount','0000-00-00 00:00:00','0000-00-00 00:00:00'),(957,0,0,23,0,0,1,18,0,0,0,49.000000,1,0.000000,1,'amount','0000-00-00 00:00:00','0000-00-00 00:00:00'),(958,0,0,23,0,0,1,20,0,0,0,49.000000,1,0.000000,1,'amount','0000-00-00 00:00:00','0000-00-00 00:00:00'),(959,0,0,23,0,0,1,148,0,0,0,49.000000,1,0.000000,1,'amount','0000-00-00 00:00:00','0000-00-00 00:00:00'),(960,0,0,23,0,0,1,193,0,0,0,49.000000,1,0.000000,1,'amount','0000-00-00 00:00:00','0000-00-00 00:00:00'),(961,0,0,23,0,0,1,7,0,0,0,49.000000,1,0.000000,1,'amount','0000-00-00 00:00:00','0000-00-00 00:00:00'),(962,0,0,23,0,0,1,12,0,0,0,49.000000,1,0.000000,1,'amount','0000-00-00 00:00:00','0000-00-00 00:00:00'),(963,0,0,23,0,0,1,15,0,0,0,49.000000,1,0.000000,1,'amount','0000-00-00 00:00:00','0000-00-00 00:00:00'),(964,0,0,23,0,0,1,17,0,0,0,49.000000,1,0.000000,1,'amount','0000-00-00 00:00:00','0000-00-00 00:00:00'),(965,0,0,23,0,0,0,26,0,0,0,49.000000,1,0.000000,1,'amount','0000-00-00 00:00:00','0000-00-00 00:00:00'),(966,0,0,23,0,0,0,16,0,0,0,49.000000,1,0.000000,1,'amount','0000-00-00 00:00:00','0000-00-00 00:00:00'),(967,0,0,23,0,0,1,36,0,0,0,49.000000,1,0.000000,1,'amount','0000-00-00 00:00:00','0000-00-00 00:00:00'),(968,0,0,23,0,0,1,37,0,0,0,49.000000,1,0.000000,1,'amount','0000-00-00 00:00:00','0000-00-00 00:00:00'),(969,0,0,23,0,0,1,74,0,0,0,49.000000,1,0.000000,1,'amount','0000-00-00 00:00:00','0000-00-00 00:00:00'),(970,0,0,23,0,0,1,76,0,0,0,49.000000,1,0.000000,1,'amount','0000-00-00 00:00:00','0000-00-00 00:00:00'),(971,0,0,23,0,0,1,125,0,0,0,49.000000,1,0.000000,1,'amount','0000-00-00 00:00:00','0000-00-00 00:00:00'),(972,0,0,23,0,0,1,131,0,0,0,49.000000,1,0.000000,1,'amount','0000-00-00 00:00:00','0000-00-00 00:00:00'),(973,0,0,23,0,0,1,86,0,0,0,49.000000,1,0.000000,1,'amount','0000-00-00 00:00:00','0000-00-00 00:00:00'),(974,0,0,23,0,0,1,139,0,0,0,49.000000,1,0.000000,1,'amount','0000-00-00 00:00:00','0000-00-00 00:00:00'),(975,0,0,23,0,0,0,143,0,0,0,49.000000,1,0.000000,1,'amount','0000-00-00 00:00:00','0000-00-00 00:00:00'),(1073,0,0,23,0,0,0,10,0,0,0,49.000000,1,19.600000,1,'amount','0000-00-00 00:00:00','0000-00-00 00:00:00'),(1074,0,0,8,0,0,0,10,0,0,0,49.900000,1,19.960000,1,'amount','0000-00-00 00:00:00','0000-00-00 00:00:00'),(1077,0,0,22,0,0,0,10,0,0,0,69.900000,1,27.960000,1,'amount','0000-00-00 00:00:00','0000-00-00 00:00:00'),(1078,0,0,20,0,0,0,10,0,0,0,69.900000,1,27.960000,1,'amount','0000-00-00 00:00:00','0000-00-00 00:00:00'),(1079,0,0,18,0,0,0,10,0,0,0,9.900000,1,3.960000,1,'amount','0000-00-00 00:00:00','0000-00-00 00:00:00'),(1081,0,0,16,0,0,0,10,0,0,0,7.900000,1,3.160000,1,'amount','0000-00-00 00:00:00','0000-00-00 00:00:00'),(1082,0,0,15,0,0,0,10,0,0,0,4.900000,1,1.960000,1,'amount','0000-00-00 00:00:00','0000-00-00 00:00:00'),(1083,0,0,17,0,0,0,10,0,0,0,12.900000,1,5.160000,1,'amount','0000-00-00 00:00:00','0000-00-00 00:00:00'),(1084,0,0,14,0,0,0,10,0,0,0,74.900000,1,29.960000,1,'amount','0000-00-00 00:00:00','0000-00-00 00:00:00'),(1085,0,0,9,0,0,0,10,0,0,47,14.900000,1,5.960000,1,'amount','0000-00-00 00:00:00','0000-00-00 00:00:00'),(1086,0,0,9,0,0,0,10,0,0,55,11.900000,1,4.760000,1,'amount','0000-00-00 00:00:00','0000-00-00 00:00:00'),(1087,0,0,9,0,0,0,10,0,0,48,9.900000,1,3.960000,1,'amount','0000-00-00 00:00:00','0000-00-00 00:00:00'),(1088,0,0,10,0,0,0,10,0,0,50,9.900000,1,3.960000,1,'amount','0000-00-00 00:00:00','0000-00-00 00:00:00'),(1089,0,0,10,0,0,0,10,0,0,51,11.900000,1,4.760000,1,'amount','0000-00-00 00:00:00','0000-00-00 00:00:00'),(1090,0,0,10,0,0,0,10,0,0,49,14.900000,1,5.960000,1,'amount','0000-00-00 00:00:00','0000-00-00 00:00:00'),(1091,0,0,11,0,0,0,10,0,0,53,9.900000,1,3.960000,1,'amount','0000-00-00 00:00:00','0000-00-00 00:00:00'),(1092,0,0,11,0,0,0,10,0,0,54,11.900000,1,4.760000,1,'amount','0000-00-00 00:00:00','0000-00-00 00:00:00'),(1093,0,0,11,0,0,0,10,0,0,52,14.900000,1,5.960000,1,'amount','0000-00-00 00:00:00','0000-00-00 00:00:00'),(1094,0,0,12,0,0,0,10,0,0,56,14.900000,1,5.960000,1,'amount','0000-00-00 00:00:00','0000-00-00 00:00:00'),(1095,0,0,12,0,0,0,10,0,0,58,11.900000,1,4.760000,1,'amount','0000-00-00 00:00:00','0000-00-00 00:00:00'),(1096,0,0,12,0,0,0,10,0,0,57,9.900000,1,3.960000,1,'amount','0000-00-00 00:00:00','0000-00-00 00:00:00'),(1097,0,0,13,0,0,0,10,0,0,59,14.900000,1,5.960000,1,'amount','0000-00-00 00:00:00','0000-00-00 00:00:00'),(1098,0,0,13,0,0,0,10,0,0,61,11.900000,1,4.760000,1,'amount','0000-00-00 00:00:00','0000-00-00 00:00:00'),(1099,0,0,13,0,0,0,10,0,0,60,9.900000,1,3.960000,1,'amount','0000-00-00 00:00:00','0000-00-00 00:00:00'),(1100,0,0,21,0,0,0,10,0,0,63,9.900000,1,3.960000,1,'amount','0000-00-00 00:00:00','0000-00-00 00:00:00'),(1101,0,0,21,0,0,0,10,0,0,62,14.900000,1,5.960000,1,'amount','0000-00-00 00:00:00','0000-00-00 00:00:00'),(1102,0,0,21,0,0,0,10,0,0,64,11.900000,1,4.760000,1,'amount','0000-00-00 00:00:00','0000-00-00 00:00:00'),(1103,0,0,24,0,0,0,10,0,0,0,49.900000,1,19.960000,1,'amount','0000-00-00 00:00:00','0000-00-00 00:00:00'),(1104,0,0,24,0,0,0,3,0,0,0,49.900000,1,0.000000,1,'amount','0000-00-00 00:00:00','0000-00-00 00:00:00'),(1105,0,0,24,0,0,0,1,0,0,0,49.900000,1,0.000000,1,'amount','0000-00-00 00:00:00','0000-00-00 00:00:00'),(1106,0,0,24,0,0,0,2,0,0,0,49.900000,1,0.000000,1,'amount','0000-00-00 00:00:00','0000-00-00 00:00:00'),(1107,0,0,24,0,0,0,8,0,0,0,49.900000,1,0.000000,1,'amount','0000-00-00 00:00:00','0000-00-00 00:00:00'),(1108,0,0,24,0,0,0,5,0,0,0,72.250000,1,0.000000,1,'amount','0000-00-00 00:00:00','0000-00-00 00:00:00'),(1109,0,0,24,0,0,0,6,0,0,0,49.900000,1,0.000000,1,'amount','0000-00-00 00:00:00','0000-00-00 00:00:00'),(1110,0,0,24,0,0,0,7,0,0,0,49.900000,1,0.000000,1,'amount','0000-00-00 00:00:00','0000-00-00 00:00:00'),(1111,0,0,24,0,0,0,13,0,0,0,49.900000,1,0.000000,1,'amount','0000-00-00 00:00:00','0000-00-00 00:00:00'),(1112,0,0,24,0,0,0,17,0,0,0,49.900000,1,0.000000,1,'amount','0000-00-00 00:00:00','0000-00-00 00:00:00'),(1113,0,0,24,0,0,0,110,0,0,0,72.250000,1,0.000000,1,'amount','0000-00-00 00:00:00','0000-00-00 00:00:00'),(1114,0,0,24,0,0,0,21,0,0,0,58.900000,1,0.000000,1,'amount','0000-00-00 00:00:00','0000-00-00 00:00:00'),(1115,0,0,24,0,0,0,4,0,0,0,58.900000,1,0.000000,1,'amount','0000-00-00 00:00:00','0000-00-00 00:00:00'),(1116,0,0,24,0,0,0,11,0,0,0,72.250000,1,0.000000,1,'amount','0000-00-00 00:00:00','0000-00-00 00:00:00'),(1117,0,0,24,0,0,0,12,0,0,0,49.900000,1,0.000000,1,'amount','0000-00-00 00:00:00','0000-00-00 00:00:00'),(1118,0,0,24,0,0,0,14,0,0,0,49.900000,1,0.000000,1,'amount','0000-00-00 00:00:00','0000-00-00 00:00:00'),(1119,0,0,24,0,0,0,15,0,0,0,49.900000,1,0.000000,1,'amount','0000-00-00 00:00:00','0000-00-00 00:00:00'),(1120,0,0,24,0,0,0,16,0,0,0,49.900000,1,0.000000,1,'amount','0000-00-00 00:00:00','0000-00-00 00:00:00'),(1121,0,0,24,0,0,0,18,0,0,0,49.900000,1,0.000000,1,'amount','0000-00-00 00:00:00','0000-00-00 00:00:00'),(1122,0,0,24,0,0,0,20,0,0,0,49.900000,1,0.000000,1,'amount','0000-00-00 00:00:00','0000-00-00 00:00:00'),(1123,0,0,24,0,0,0,22,0,0,0,72.250000,1,0.000000,1,'amount','0000-00-00 00:00:00','0000-00-00 00:00:00'),(1124,0,0,24,0,0,0,25,0,0,0,72.250000,1,0.000000,1,'amount','0000-00-00 00:00:00','0000-00-00 00:00:00'),(1125,0,0,24,0,0,0,26,0,0,0,49.900000,1,0.000000,1,'amount','0000-00-00 00:00:00','0000-00-00 00:00:00');

#
# Structure for table "_WCprTUAspecific_price_priority"
#

CREATE TABLE `_WCprTUAspecific_price_priority` (
  `id_specific_price_priority` int(11) NOT NULL AUTO_INCREMENT,
  `id_product` int(11) NOT NULL,
  `priority` varchar(80) NOT NULL,
  PRIMARY KEY (`id_specific_price_priority`,`id_product`),
  UNIQUE KEY `id_product` (`id_product`)
) ENGINE=InnoDB AUTO_INCREMENT=295 DEFAULT CHARSET=utf8;

#
# Data for table "_WCprTUAspecific_price_priority"
#

INSERT INTO `_WCprTUAspecific_price_priority` VALUES (1,19,'id_country;id_currency;id_shop;id_group'),(2,21,'id_country;id_currency;id_shop;id_group'),(28,20,'id_country;id_currency;id_shop;id_group'),(50,22,'id_country;id_currency;id_shop;id_group'),(59,14,'id_country;id_currency;id_shop;id_group'),(70,18,'id_country;id_currency;id_shop;id_group'),(72,8,'id_country;id_currency;id_shop;id_group'),(73,9,'id_country;id_currency;id_shop;id_group'),(80,10,'id_country;id_currency;id_shop;id_group'),(85,11,'id_country;id_currency;id_shop;id_group'),(98,12,'id_country;id_currency;id_shop;id_group'),(109,13,'id_country;id_currency;id_shop;id_group'),(123,15,'id_country;id_currency;id_shop;id_group'),(127,16,'id_country;id_currency;id_shop;id_group'),(132,17,'id_country;id_currency;id_shop;id_group'),(160,23,'id_country;id_currency;id_shop;id_group'),(294,24,'id_country;id_currency;id_shop;id_group');

#
# Structure for table "_WCprTUAspecific_price_rule"
#

CREATE TABLE `_WCprTUAspecific_price_rule` (
  `id_specific_price_rule` int(10) unsigned NOT NULL AUTO_INCREMENT,
  `name` varchar(255) NOT NULL,
  `id_shop` int(11) unsigned NOT NULL DEFAULT '1',
  `id_currency` int(10) unsigned NOT NULL,
  `id_country` int(10) unsigned NOT NULL,
  `id_group` int(10) unsigned NOT NULL,
  `from_quantity` mediumint(8) unsigned NOT NULL,
  `price` decimal(20,6) DEFAULT NULL,
  `reduction` decimal(20,6) NOT NULL,
  `reduction_tax` tinyint(1) NOT NULL DEFAULT '1',
  `reduction_type` enum('amount','percentage') NOT NULL,
  `from` datetime NOT NULL,
  `to` datetime NOT NULL,
  PRIMARY KEY (`id_specific_price_rule`),
  KEY `id_product` (`id_shop`,`id_currency`,`id_country`,`id_group`,`from_quantity`,`from`,`to`)
) ENGINE=InnoDB DEFAULT CHARSET=utf8;

#
# Data for table "_WCprTUAspecific_price_rule"
#


#
# Structure for table "_WCprTUAspecific_price_rule_condition"
#

CREATE TABLE `_WCprTUAspecific_price_rule_condition` (
  `id_specific_price_rule_condition` int(11) unsigned NOT NULL AUTO_INCREMENT,
  `id_specific_price_rule_condition_group` int(11) unsigned NOT NULL,
  `type` varchar(255) NOT NULL,
  `value` varchar(255) NOT NULL,
  PRIMARY KEY (`id_specific_price_rule_condition`),
  KEY `id_specific_price_rule_condition_group` (`id_specific_price_rule_condition_group`)
) ENGINE=InnoDB DEFAULT CHARSET=utf8;

#
# Data for table "_WCprTUAspecific_price_rule_condition"
#


#
# Structure for table "_WCprTUAspecific_price_rule_condition_group"
#

CREATE TABLE `_WCprTUAspecific_price_rule_condition_group` (
  `id_specific_price_rule_condition_group` int(11) unsigned NOT NULL AUTO_INCREMENT,
  `id_specific_price_rule` int(11) unsigned NOT NULL,
  PRIMARY KEY (`id_specific_price_rule_condition_group`,`id_specific_price_rule`)
) ENGINE=InnoDB DEFAULT CHARSET=utf8;

#
# Data for table "_WCprTUAspecific_price_rule_condition_group"
#


#
# Structure for table "_WCprTUAstate"
#

CREATE TABLE `_WCprTUAstate` (
  `id_state` int(10) unsigned NOT NULL AUTO_INCREMENT,
  `id_country` int(11) unsigned NOT NULL,
  `id_zone` int(11) unsigned NOT NULL,
  `name` varchar(64) NOT NULL,
  `iso_code` varchar(7) NOT NULL,
  `tax_behavior` smallint(1) NOT NULL DEFAULT '0',
  `active` tinyint(1) NOT NULL DEFAULT '0',
  PRIMARY KEY (`id_state`),
  KEY `id_country` (`id_country`),
  KEY `name` (`name`),
  KEY `id_zone` (`id_zone`)
) ENGINE=InnoDB AUTO_INCREMENT=313 DEFAULT CHARSET=utf8;

#
# Data for table "_WCprTUAstate"
#

INSERT INTO `_WCprTUAstate` VALUES (1,21,2,'Alabama','AL',0,1),(2,21,2,'Alaska','AK',0,1),(3,21,2,'Arizona','AZ',0,1),(4,21,2,'Arkansas','AR',0,1),(5,21,2,'California','CA',0,1),(6,21,2,'Colorado','CO',0,1),(7,21,2,'Connecticut','CT',0,1),(8,21,2,'Delaware','DE',0,1),(9,21,2,'Florida','FL',0,1),(10,21,2,'Georgia','GA',0,1),(11,21,2,'Hawaii','HI',0,1),(12,21,2,'Idaho','ID',0,1),(13,21,2,'Illinois','IL',0,1),(14,21,2,'Indiana','IN',0,1),(15,21,2,'Iowa','IA',0,1),(16,21,2,'Kansas','KS',0,1),(17,21,2,'Kentucky','KY',0,1),(18,21,2,'Louisiana','LA',0,1),(19,21,2,'Maine','ME',0,1),(20,21,2,'Maryland','MD',0,1),(21,21,2,'Massachusetts','MA',0,1),(22,21,2,'Michigan','MI',0,1),(23,21,2,'Minnesota','MN',0,1),(24,21,2,'Mississippi','MS',0,1),(25,21,2,'Missouri','MO',0,1),(26,21,2,'Montana','MT',0,1),(27,21,2,'Nebraska','NE',0,1),(28,21,2,'Nevada','NV',0,1),(29,21,2,'New Hampshire','NH',0,1),(30,21,2,'New Jersey','NJ',0,1),(31,21,2,'New Mexico','NM',0,1),(32,21,2,'New York','NY',0,1),(33,21,2,'North Carolina','NC',0,1),(34,21,2,'North Dakota','ND',0,1),(35,21,2,'Ohio','OH',0,1),(36,21,2,'Oklahoma','OK',0,1),(37,21,2,'Oregon','OR',0,1),(38,21,2,'Pennsylvania','PA',0,1),(39,21,2,'Rhode Island','RI',0,1),(40,21,2,'South Carolina','SC',0,1),(41,21,2,'South Dakota','SD',0,1),(42,21,2,'Tennessee','TN',0,1),(43,21,2,'Texas','TX',0,1),(44,21,2,'Utah','UT',0,1),(45,21,2,'Vermont','VT',0,1),(46,21,2,'Virginia','VA',0,1),(47,21,2,'Washington','WA',0,1),(48,21,2,'West Virginia','WV',0,1),(49,21,2,'Wisconsin','WI',0,1),(50,21,2,'Wyoming','WY',0,1),(51,21,2,'Puerto Rico','PR',0,1),(52,21,2,'US Virgin Islands','VI',0,1),(53,21,2,'District of Columbia','DC',0,1),(54,145,2,'Aguascalientes','AGS',0,1),(55,145,2,'Baja California','BCN',0,1),(56,145,2,'Baja California Sur','BCS',0,1),(57,145,2,'Campeche','CAM',0,1),(58,145,2,'Chiapas','CHP',0,1),(59,145,2,'Chihuahua','CHH',0,1),(60,145,2,'Coahuila','COA',0,1),(61,145,2,'Colima','COL',0,1),(62,145,2,'Distrito Federal','DIF',0,1),(63,145,2,'Durango','DUR',0,1),(64,145,2,'Guanajuato','GUA',0,1),(65,145,2,'Guerrero','GRO',0,1),(66,145,2,'Hidalgo','HID',0,1),(67,145,2,'Jalisco','JAL',0,1),(68,145,2,'Estado de México','MEX',0,1),(69,145,2,'Michoacán','MIC',0,1),(70,145,2,'Morelos','MOR',0,1),(71,145,2,'Nayarit','NAY',0,1),(72,145,2,'Nuevo León','NLE',0,1),(73,145,2,'Oaxaca','OAX',0,1),(74,145,2,'Puebla','PUE',0,1),(75,145,2,'Querétaro','QUE',0,1),(76,145,2,'Quintana Roo','ROO',0,1),(77,145,2,'San Luis Potosí','SLP',0,1),(78,145,2,'Sinaloa','SIN',0,1),(79,145,2,'Sonora','SON',0,1),(80,145,2,'Tabasco','TAB',0,1),(81,145,2,'Tamaulipas','TAM',0,1),(82,145,2,'Tlaxcala','TLA',0,1),(83,145,2,'Veracruz','VER',0,1),(84,145,2,'Yucatán','YUC',0,1),(85,145,2,'Zacatecas','ZAC',0,1),(86,4,2,'Ontario','ON',0,1),(87,4,2,'Quebec','QC',0,1),(88,4,2,'British Columbia','BC',0,1),(89,4,2,'Alberta','AB',0,1),(90,4,2,'Manitoba','MB',0,1),(91,4,2,'Saskatchewan','SK',0,1),(92,4,2,'Nova Scotia','NS',0,1),(93,4,2,'New Brunswick','NB',0,1),(94,4,2,'Newfoundland and Labrador','NL',0,1),(95,4,2,'Prince Edward Island','PE',0,1),(96,4,2,'Northwest Territories','NT',0,1),(97,4,2,'Yukon','YT',0,1),(98,4,2,'Nunavut','NU',0,1),(99,44,6,'Buenos Aires','B',0,1),(100,44,6,'Catamarca','K',0,1),(101,44,6,'Chaco','H',0,1),(102,44,6,'Chubut','U',0,1),(103,44,6,'Ciudad de Buenos Aires','C',0,1),(104,44,6,'Córdoba','X',0,1),(105,44,6,'Corrientes','W',0,1),(106,44,6,'Entre Ríos','E',0,1),(107,44,6,'Formosa','P',0,1),(108,44,6,'Jujuy','Y',0,1),(109,44,6,'La Pampa','L',0,1),(110,44,6,'La Rioja','F',0,1),(111,44,6,'Mendoza','M',0,1),(112,44,6,'Misiones','N',0,1),(113,44,6,'Neuquén','Q',0,1),(114,44,6,'Río Negro','R',0,1),(115,44,6,'Salta','A',0,1),(116,44,6,'San Juan','J',0,1),(117,44,6,'San Luis','D',0,1),(118,44,6,'Santa Cruz','Z',0,1),(119,44,6,'Santa Fe','S',0,1),(120,44,6,'Santiago del Estero','G',0,1),(121,44,6,'Tierra del Fuego','V',0,1),(122,44,6,'Tucumán','T',0,1),(123,10,10,'Agrigento','AG',0,1),(124,10,10,'Alessandria','AL',0,1),(125,10,10,'Ancona','AN',0,1),(126,10,10,'Aosta','AO',0,1),(127,10,10,'Arezzo','AR',0,1),(128,10,10,'Ascoli Piceno','AP',0,1),(129,10,10,'Asti','AT',0,1),(130,10,10,'Avellino','AV',0,1),(131,10,10,'Bari','BA',0,1),(132,10,10,'Barletta-Andria-Trani','BT',0,1),(133,10,10,'Belluno','BL',0,1),(134,10,10,'Benevento','BN',0,1),(135,10,10,'Bergamo','BG',0,1),(136,10,10,'Biella','BI',0,1),(137,10,10,'Bologna','BO',0,1),(138,10,10,'Bolzano','BZ',0,1),(139,10,10,'Brescia','BS',0,1),(140,10,10,'Brindisi','BR',0,1),(141,10,10,'Cagliari','CA',0,1),(142,10,10,'Caltanissetta','CL',0,1),(143,10,10,'Campobasso','CB',0,1),(144,10,10,'Carbonia-Iglesias','CI',0,1),(145,10,10,'Caserta','CE',0,1),(146,10,10,'Catania','CT',0,1),(147,10,10,'Catanzaro','CZ',0,1),(148,10,10,'Chieti','CH',0,1),(149,10,10,'Como','CO',0,1),(150,10,10,'Cosenza','CS',0,1),(151,10,10,'Cremona','CR',0,1),(152,10,10,'Crotone','KR',0,1),(153,10,10,'Cuneo','CN',0,1),(154,10,10,'Enna','EN',0,1),(155,10,10,'Fermo','FM',0,1),(156,10,10,'Ferrara','FE',0,1),(157,10,10,'Firenze','FI',0,1),(158,10,10,'Foggia','FG',0,1),(159,10,10,'Forlì-Cesena','FC',0,1),(160,10,10,'Frosinone','FR',0,1),(161,10,10,'Genova','GE',0,1),(162,10,10,'Gorizia','GO',0,1),(163,10,10,'Grosseto','GR',0,1),(164,10,10,'Imperia','IM',0,1),(165,10,10,'Isernia','IS',0,1),(166,10,10,'L\'Aquila','AQ',0,1),(167,10,10,'La Spezia','SP',0,1),(168,10,10,'Latina','LT',0,1),(169,10,10,'Lecce','LE',0,1),(170,10,10,'Lecco','LC',0,1),(171,10,10,'Livorno','LI',0,1),(172,10,10,'Lodi','LO',0,1),(173,10,10,'Lucca','LU',0,1),(174,10,10,'Macerata','MC',0,1),(175,10,10,'Mantova','MN',0,1),(176,10,10,'Massa','MS',0,1),(177,10,10,'Matera','MT',0,1),(178,10,10,'Medio Campidano','VS',0,1),(179,10,10,'Messina','ME',0,1),(180,10,10,'Milano','MI',0,1),(181,10,10,'Modena','MO',0,1),(182,10,10,'Monza e della Brianza','MB',0,1),(183,10,10,'Napoli','NA',0,1),(184,10,10,'Novara','NO',0,1),(185,10,10,'Nuoro','NU',0,1),(186,10,10,'Ogliastra','OG',0,1),(187,10,10,'Olbia-Tempio','OT',0,1),(188,10,10,'Oristano','OR',0,1),(189,10,10,'Padova','PD',0,1),(190,10,10,'Palermo','PA',0,1),(191,10,10,'Parma','PR',0,1),(192,10,10,'Pavia','PV',0,1),(193,10,10,'Perugia','PG',0,1),(194,10,10,'Pesaro-Urbino','PU',0,1),(195,10,10,'Pescara','PE',0,1),(196,10,10,'Piacenza','PC',0,1),(197,10,10,'Pisa','PI',0,1),(198,10,10,'Pistoia','PT',0,1),(199,10,10,'Pordenone','PN',0,1),(200,10,10,'Potenza','PZ',0,1),(201,10,10,'Prato','PO',0,1),(202,10,10,'Ragusa','RG',0,1),(203,10,10,'Ravenna','RA',0,1),(204,10,10,'Reggio Calabria','RC',0,1),(205,10,10,'Reggio Emilia','RE',0,1),(206,10,10,'Rieti','RI',0,1),(207,10,10,'Rimini','RN',0,1),(208,10,10,'Roma','RM',0,1),(209,10,10,'Rovigo','RO',0,1),(210,10,10,'Salerno','SA',0,1),(211,10,10,'Sassari','SS',0,1),(212,10,10,'Savona','SV',0,1),(213,10,10,'Siena','SI',0,1),(214,10,10,'Siracusa','SR',0,1),(215,10,10,'Sondrio','SO',0,1),(216,10,10,'Taranto','TA',0,1),(217,10,10,'Teramo','TE',0,1),(218,10,10,'Terni','TR',0,1),(219,10,10,'Torino','TO',0,1),(220,10,10,'Trapani','TP',0,1),(221,10,10,'Trento','TN',0,1),(222,10,10,'Treviso','TV',0,1),(223,10,10,'Trieste','TS',0,1),(224,10,10,'Udine','UD',0,1),(225,10,10,'Varese','VA',0,1),(226,10,10,'Venezia','VE',0,1),(227,10,10,'Verbano-Cusio-Ossola','VB',0,1),(228,10,10,'Vercelli','VC',0,1),(229,10,10,'Verona','VR',0,1),(230,10,10,'Vibo Valentia','VV',0,1),(231,10,10,'Vicenza','VI',0,1),(232,10,10,'Viterbo','VT',0,1),(233,111,3,'Aceh','AC',0,1),(234,111,3,'Bali','BA',0,1),(235,111,3,'Bangka','BB',0,1),(236,111,3,'Banten','BT',0,1),(237,111,3,'Bengkulu','BE',0,1),(238,111,3,'Central Java','JT',0,1),(239,111,3,'Central Kalimantan','KT',0,1),(240,111,3,'Central Sulawesi','ST',0,1),(241,111,3,'Coat of arms of East Java','JI',0,1),(242,111,3,'East kalimantan','KI',0,1),(243,111,3,'East Nusa Tenggara','NT',0,1),(244,111,3,'Lambang propinsi','GO',0,1),(245,111,3,'Jakarta','JK',0,1),(246,111,3,'Jambi','JA',0,1),(247,111,3,'Lampung','LA',0,1),(248,111,3,'Maluku','MA',0,1),(249,111,3,'North Maluku','MU',0,1),(250,111,3,'North Sulawesi','SA',0,1),(251,111,3,'North Sumatra','SU',0,1),(252,111,3,'Papua','PA',0,1),(253,111,3,'Riau','RI',0,1),(254,111,3,'Lambang Riau','KR',0,1),(255,111,3,'Southeast Sulawesi','SG',0,1),(256,111,3,'South Kalimantan','KS',0,1),(257,111,3,'South Sulawesi','SN',0,1),(258,111,3,'South Sumatra','SS',0,1),(259,111,3,'West Java','JB',0,1),(260,111,3,'West Kalimantan','KB',0,1),(261,111,3,'West Nusa Tenggara','NB',0,1),(262,111,3,'Lambang Provinsi Papua Barat','PB',0,1),(263,111,3,'West Sulawesi','SR',0,1),(264,111,3,'West Sumatra','SB',0,1),(265,111,3,'Yogyakarta','YO',0,1),(266,11,3,'Aichi','23',0,1),(267,11,3,'Akita','05',0,1),(268,11,3,'Aomori','02',0,1),(269,11,3,'Chiba','12',0,1),(270,11,3,'Ehime','38',0,1),(271,11,3,'Fukui','18',0,1),(272,11,3,'Fukuoka','40',0,1),(273,11,3,'Fukushima','07',0,1),(274,11,3,'Gifu','21',0,1),(275,11,3,'Gunma','10',0,1),(276,11,3,'Hiroshima','34',0,1),(277,11,3,'Hokkaido','01',0,1),(278,11,3,'Hyogo','28',0,1),(279,11,3,'Ibaraki','08',0,1),(280,11,3,'Ishikawa','17',0,1),(281,11,3,'Iwate','03',0,1),(282,11,3,'Kagawa','37',0,1),(283,11,3,'Kagoshima','46',0,1),(284,11,3,'Kanagawa','14',0,1),(285,11,3,'Kochi','39',0,1),(286,11,3,'Kumamoto','43',0,1),(287,11,3,'Kyoto','26',0,1),(288,11,3,'Mie','24',0,1),(289,11,3,'Miyagi','04',0,1),(290,11,3,'Miyazaki','45',0,1),(291,11,3,'Nagano','20',0,1),(292,11,3,'Nagasaki','42',0,1),(293,11,3,'Nara','29',0,1),(294,11,3,'Niigata','15',0,1),(295,11,3,'Oita','44',0,1),(296,11,3,'Okayama','33',0,1),(297,11,3,'Okinawa','47',0,1),(298,11,3,'Osaka','27',0,1),(299,11,3,'Saga','41',0,1),(300,11,3,'Saitama','11',0,1),(301,11,3,'Shiga','25',0,1),(302,11,3,'Shimane','32',0,1),(303,11,3,'Shizuoka','22',0,1),(304,11,3,'Tochigi','09',0,1),(305,11,3,'Tokushima','36',0,1),(306,11,3,'Tokyo','13',0,1),(307,11,3,'Tottori','31',0,1),(308,11,3,'Toyama','16',0,1),(309,11,3,'Wakayama','30',0,1),(310,11,3,'Yamagata','06',0,1),(311,11,3,'Yamaguchi','35',0,1),(312,11,3,'Yamanashi','19',0,1);

#
# Structure for table "_WCprTUAstatssearch"
#

CREATE TABLE `_WCprTUAstatssearch` (
  `id_statssearch` int(10) unsigned NOT NULL AUTO_INCREMENT,
  `id_shop` int(10) unsigned NOT NULL DEFAULT '1',
  `id_shop_group` int(10) unsigned NOT NULL DEFAULT '1',
  `keywords` varchar(255) NOT NULL,
  `results` int(6) NOT NULL DEFAULT '0',
  `date_add` datetime NOT NULL,
  PRIMARY KEY (`id_statssearch`)
) ENGINE=InnoDB AUTO_INCREMENT=1056 DEFAULT CHARSET=utf8;

#
# Data for table "_WCprTUAstatssearch"
#

INSERT INTO `_WCprTUAstatssearch` VALUES (1,1,1,'business',1,'2018-04-06 09:04:58'),(2,1,1,'business',1,'2018-04-06 09:04:58'),(3,1,1,'buste sottovuoto',4,'2018-04-07 04:35:57'),(4,1,1,'busta sottovuoto',4,'2018-04-07 04:35:58'),(5,1,1,'busta salvaspazio',4,'2018-04-07 04:35:58'),(6,1,1,'buste salvaspazio',4,'2018-04-07 04:35:59'),(7,1,1,'busta sottovuoto',4,'2018-04-07 06:14:16'),(8,1,1,'busta salvaspazio',4,'2018-04-07 06:24:36'),(9,1,1,'busta salvaspazio',4,'2018-04-07 09:21:40'),(10,1,1,'buste salvaspazio',4,'2018-04-07 09:21:43'),(11,1,1,'buste sottovuoto',4,'2018-04-07 09:21:46'),(12,1,1,'busta sottovuoto',4,'2018-04-07 09:21:48'),(13,1,1,'tes',0,'2018-04-07 10:37:09'),(14,1,1,'tes\'',0,'2018-04-07 10:37:10'),(15,1,1,'tes\'',0,'2018-04-07 10:37:11'),(16,1,1,'\'/g',0,'2018-04-07 10:37:50'),(17,1,1,'\'/g',0,'2018-04-07 10:37:52'),(18,1,1,'buste sottovuoto',4,'2018-04-07 12:19:47'),(19,1,1,'buste salvaspazio',4,'2018-04-08 00:14:41'),(20,1,1,'Macchina sottovuoto per indumenti',7,'2018-04-08 09:13:41'),(21,1,1,'buste salvaspazio',4,'2018-04-09 09:21:10'),(22,1,1,'busta sottovuoto',4,'2018-04-09 09:22:25'),(23,1,1,'buste sottovuoto',4,'2018-04-09 09:22:34'),(24,1,1,'busta salvaspazio',4,'2018-04-09 09:22:45'),(25,1,1,'MACCHINA SOTTOVUOTO',10,'2018-04-10 03:37:51'),(26,1,1,'Wacu',10,'2018-04-10 10:32:31'),(27,1,1,'buste sottovuoto',4,'2018-04-10 13:30:30'),(28,1,1,'busta sottovuoto',4,'2018-04-10 13:30:35'),(29,1,1,'busta salvaspazio',4,'2018-04-10 13:30:41'),(30,1,1,'buste salvaspazio',4,'2018-04-10 13:30:46'),(31,1,1,'buste salvaspazio',4,'2018-04-10 21:30:29'),(32,1,1,'busta salvaspazio',4,'2018-04-10 21:30:31'),(33,1,1,'buste sottovuoto',4,'2018-04-10 21:30:34'),(34,1,1,'busta sottovuoto',4,'2018-04-10 21:30:35'),(35,1,1,'busta salvaspazio',4,'2018-04-11 09:13:33'),(36,1,1,'busta salvaspazio',4,'2018-04-11 09:13:35'),(37,1,1,'busta sottovuoto',4,'2018-04-11 09:13:37'),(38,1,1,'busta sottovuoto',4,'2018-04-11 09:13:39'),(39,1,1,'buste salvaspazio',4,'2018-04-11 09:13:42'),(40,1,1,'buste salvaspazio',4,'2018-04-11 09:13:43'),(41,1,1,'buste sottovuoto',4,'2018-04-11 09:13:46'),(42,1,1,'buste sottovuoto',4,'2018-04-11 09:13:48'),(43,1,1,'buste sottovuoto',4,'2018-04-12 03:20:43'),(44,1,1,'busta sottovuoto',4,'2018-04-12 03:20:44'),(45,1,1,'buste salvaspazio',4,'2018-04-12 03:20:48'),(46,1,1,'busta salvaspazio',4,'2018-04-12 03:20:51'),(47,1,1,'busta sottovuoto',1,'2018-04-12 03:22:33'),(48,1,1,'buste salvaspazio',1,'2018-04-12 03:23:50'),(49,1,1,'busta salvaspazio',1,'2018-04-12 03:25:21'),(50,1,1,'buste sottovuoto',1,'2018-04-12 16:14:56'),(51,1,1,'buste sottovuoto',4,'2018-04-13 07:15:04'),(52,1,1,'busta sottovuoto',4,'2018-04-13 07:15:05'),(53,1,1,'buste salvaspazio',4,'2018-04-13 07:15:08'),(54,1,1,'busta salvaspazio',4,'2018-04-13 07:15:09'),(55,1,1,'buste sottovuoto',1,'2018-04-13 07:15:49'),(56,1,1,'busta sottovuoto',1,'2018-04-13 07:15:51'),(57,1,1,'buste salvaspazio',1,'2018-04-13 07:15:52'),(58,1,1,'busta salvaspazio',1,'2018-04-13 07:15:54'),(59,1,1,'buste sottovuoto',4,'2018-04-13 12:49:01'),(60,1,1,'buste sottovuoto',1,'2018-04-13 12:49:06'),(61,1,1,'busta sottovuoto',4,'2018-04-13 12:49:26'),(62,1,1,'busta sottovuoto',1,'2018-04-13 12:49:31'),(63,1,1,'busta salvaspazio',4,'2018-04-13 12:49:36'),(64,1,1,'buste salvaspazio',4,'2018-04-13 12:49:41'),(65,1,1,'busta salvaspazio',1,'2018-04-13 12:49:47'),(66,1,1,'buste salvaspazio',1,'2018-04-13 12:49:52'),(67,1,1,'busta salvaspazio',4,'2018-04-15 01:45:04'),(68,1,1,'busta sottovuoto',4,'2018-04-15 01:45:47'),(69,1,1,'buste salvaspazio',4,'2018-04-15 01:45:49'),(70,1,1,'buste sottovuoto',4,'2018-04-15 01:45:52'),(71,1,1,'buste salvaspazio',4,'2018-04-15 03:14:15'),(72,1,1,'buste salvaspazio',4,'2018-04-15 08:59:56'),(73,1,1,'busta salvaspazio',4,'2018-04-15 11:31:31'),(74,1,1,'buste sottovuoto',4,'2018-04-16 01:25:12'),(75,1,1,'busta sottovuoto',4,'2018-04-16 02:40:59'),(76,1,1,'buste sottovuoto',1,'2018-04-16 07:44:08'),(77,1,1,'busta sottovuoto',1,'2018-04-16 08:59:56'),(78,1,1,'busta sottovuoto',1,'2018-04-16 09:50:08'),(79,1,1,'buste salvaspazio',1,'2018-04-16 09:50:21'),(80,1,1,'buste sottovuoto',1,'2018-04-16 09:50:33'),(81,1,1,'buste salvaspazio',1,'2018-04-16 10:15:43'),(82,1,1,'busta salvaspazio',1,'2018-04-16 11:31:30'),(83,1,1,'buste salvaspazio',4,'2018-04-17 05:10:51'),(84,1,1,'buste sottovuoto',4,'2018-04-18 23:16:58'),(85,1,1,'busta sottovuoto',4,'2018-04-19 00:32:45'),(86,1,1,'busta salvaspazio',4,'2018-04-19 03:04:20'),(87,1,1,'buste salvaspazio',4,'2018-04-19 05:35:55'),(88,1,1,'busta salvaspazio',1,'2018-04-21 03:26:13'),(89,1,1,'buste sottovuoto',1,'2018-04-22 19:21:34'),(90,1,1,'buste sottovuoto',4,'2018-04-22 20:08:59'),(91,1,1,'buste sottovuoto',4,'2018-04-22 20:09:18'),(92,1,1,'buste sottovuoto',1,'2018-04-22 22:55:01'),(93,1,1,'buste sottovuoto',1,'2018-04-22 22:55:02'),(94,1,1,'aspira',10,'2018-04-24 03:32:21'),(95,1,1,'aspirapol',0,'2018-04-24 03:32:22'),(96,1,1,'aspirapolvere',0,'2018-04-24 03:32:23'),(97,1,1,'aspirapolvere',0,'2018-04-24 03:32:23'),(98,1,1,'aspirapolvere',0,'2018-04-24 03:32:37'),(99,1,1,'aspiratore',10,'2018-04-24 03:32:39'),(100,1,1,'aspiratore',10,'2018-04-24 03:32:40'),(101,1,1,'buste sottovuoto',1,'2018-04-25 23:33:35'),(102,1,1,'buste sottovuoto',1,'2018-04-26 14:47:25'),(103,1,1,'buste sottovuoto',1,'2018-04-26 20:55:55'),(104,1,1,'buste sottovuoto',1,'2018-04-27 00:42:34'),(105,1,1,'buste sottovuoto',1,'2018-04-28 03:50:02'),(106,1,1,'buste sottovuoto',1,'2018-04-28 03:50:02'),(107,1,1,'busta salvaspazio',5,'2018-05-04 03:29:44'),(108,1,1,'buste sottovuoto',5,'2018-05-04 03:30:02'),(109,1,1,'busta sottovuoto',5,'2018-05-04 03:30:12'),(110,1,1,'busta salvaspazio',5,'2018-05-04 05:57:49'),(111,1,1,'busta salvaspazio',5,'2018-05-04 06:36:52'),(112,1,1,'buste sottovuoto',5,'2018-05-04 06:43:07'),(113,1,1,'buste sottovuoto',1,'2018-05-04 10:34:13'),(114,1,1,'buste sottovuoto',1,'2018-05-04 11:24:54'),(115,1,1,'buste sottovuoto',1,'2018-05-04 21:04:11'),(116,1,1,'buste sottovuoto',1,'2018-05-05 22:12:53'),(117,1,1,'buste sottovuoto',1,'2018-05-06 00:31:20'),(118,1,1,'buste sottovuoto',1,'2018-05-06 01:37:43'),(119,1,1,'buste sottovuoto',1,'2018-05-06 02:02:08'),(120,1,1,'busta sottovuoto',1,'2018-05-06 02:08:14'),(121,1,1,'buste sottovuoto',5,'2018-05-07 04:17:12'),(122,1,1,'busta salvaspazio',5,'2018-05-07 04:27:53'),(123,1,1,'buste sottovuoto',1,'2018-05-07 06:37:14'),(124,1,1,'buste salvaspazio',5,'2018-05-07 06:39:42'),(125,1,1,'antani',0,'2018-05-07 07:41:10'),(126,1,1,'antani',0,'2018-05-07 07:41:12'),(127,1,1,'buste sottovuoto',5,'2018-05-07 11:36:05'),(128,1,1,'buste sottovuoto',5,'2018-05-07 12:39:14'),(129,1,1,'buste sottovuoto',5,'2018-05-07 12:39:22'),(130,1,1,'buste sottovuoto',5,'2018-05-07 12:39:25'),(131,1,1,'buste sottovuoto',1,'2018-05-07 21:10:15'),(132,1,1,'buste sottovuoto',1,'2018-05-08 09:43:52'),(133,1,1,'buste sottovuoto',1,'2018-05-08 22:16:44'),(134,1,1,'buste sottovuoto',1,'2018-05-09 03:45:48'),(135,1,1,'buste sottovuoto',1,'2018-05-09 20:03:22'),(136,1,1,'buste salvaspazio',5,'2018-05-10 12:50:49'),(137,1,1,'busta salvaspazio',5,'2018-05-10 12:51:20'),(138,1,1,'buste sottovuoto',5,'2018-05-10 12:51:51'),(139,1,1,'busta sottovuoto',5,'2018-05-10 12:52:22'),(140,1,1,'buste salvaspazio',1,'2018-05-10 13:05:40'),(141,1,1,'busta salvaspazio',1,'2018-05-10 13:06:11'),(142,1,1,'buste sottovuoto',1,'2018-05-10 13:06:42'),(143,1,1,'busta sottovuoto',1,'2018-05-10 13:06:42'),(144,1,1,'buste sottovuoto',1,'2018-05-10 22:28:37'),(145,1,1,'buste sottovuoto',1,'2018-05-10 22:28:38'),(146,1,1,'buste sottovuoto',1,'2018-05-10 22:28:40'),(147,1,1,'buste sottovuoto',1,'2018-05-10 22:28:41'),(148,1,1,'buste sottovuoto',1,'2018-05-10 22:28:42'),(149,1,1,'buste sottovuoto',1,'2018-05-10 22:28:44'),(150,1,1,'buste sottovuoto',1,'2018-05-10 22:28:46'),(151,1,1,'buste sottovuoto',1,'2018-05-10 22:28:47'),(152,1,1,'buste sottovuoto',1,'2018-05-10 22:28:49'),(153,1,1,'buste sottovuoto',1,'2018-05-10 22:28:51'),(154,1,1,'buste sottovuoto',1,'2018-05-10 22:28:52'),(155,1,1,'buste sottovuoto',1,'2018-05-10 22:28:54'),(156,1,1,'buste sottovuoto',1,'2018-05-10 22:28:55'),(157,1,1,'buste sottovuoto',1,'2018-05-10 22:29:22'),(158,1,1,'buste sottovuoto',1,'2018-05-14 03:29:06'),(159,1,1,'buste sottovuoto',1,'2018-05-14 03:29:07'),(160,1,1,'buste sottovuoto',5,'2018-05-14 04:25:22'),(161,1,1,'buste sottovuoto',5,'2018-05-14 05:07:19'),(162,1,1,'buste sottovuoto',5,'2018-05-14 05:18:53'),(163,1,1,'buste sottovuoto',5,'2018-05-14 06:44:27'),(164,1,1,'buste sottovuoto',5,'2018-05-14 07:42:58'),(165,1,1,'buste sottovuoto',5,'2018-05-14 09:05:31'),(166,1,1,'buste sottovuoto',5,'2018-05-14 09:05:52'),(167,1,1,'buste sottovuoto',5,'2018-05-14 10:25:06'),(168,1,1,'buste sottovuoto',5,'2018-05-14 14:27:27'),(169,1,1,'buste sottovuoto',5,'2018-05-14 14:29:45'),(170,1,1,'buste sottovuoto',5,'2018-05-14 15:22:42'),(171,1,1,'buste sottovuoto',5,'2018-05-14 17:29:56'),(172,1,1,'buste sottovuoto',1,'2018-05-14 18:30:51'),(173,1,1,'buste sottovuoto',5,'2018-05-15 02:00:29'),(174,1,1,'buste sottovuoto',5,'2018-05-15 02:14:56'),(175,1,1,'buste sottovuoto',5,'2018-05-15 02:15:22'),(176,1,1,'buste sottovuoto',1,'2018-05-15 04:01:21'),(177,1,1,'buste sottovuoto',5,'2018-05-15 04:48:48'),(178,1,1,'buste sottovuoto',5,'2018-05-15 04:57:33'),(179,1,1,'buste sottovuoto',5,'2018-05-15 05:11:25'),(180,1,1,'buste sottovuoto',5,'2018-05-15 06:34:23'),(181,1,1,'buste sottovuoto',5,'2018-05-15 08:51:35'),(182,1,1,'buste sottovuoto',1,'2018-05-15 09:47:22'),(183,1,1,'buste sottovuoto',5,'2018-05-15 10:51:49'),(184,1,1,'buste sottovuoto',1,'2018-05-15 11:30:52'),(185,1,1,'buste sottovuoto',1,'2018-05-15 17:31:19'),(186,1,1,'buste sottovuoto',1,'2018-05-15 17:39:14'),(187,1,1,'buste sottovuoto',5,'2018-05-15 23:50:17'),(188,1,1,'buste sottovuoto',5,'2018-05-16 02:09:09'),(189,1,1,'buste sottovuoto',5,'2018-05-16 02:09:09'),(190,1,1,'buste sottovuoto',5,'2018-05-16 03:10:02'),(191,1,1,'buste sottovuoto',5,'2018-05-16 03:21:33'),(192,1,1,'buste sottovuoto',5,'2018-05-16 04:14:42'),(193,1,1,'buste sottovuoto',5,'2018-05-16 04:22:55'),(194,1,1,'buste sottovuoto',1,'2018-05-16 04:40:25'),(195,1,1,'buste sottovuoto',1,'2018-05-16 08:00:55'),(196,1,1,'buste sottovuoto',5,'2018-05-16 08:49:18'),(197,1,1,'buste sottovuoto',5,'2018-05-16 09:54:46'),(198,1,1,'buste sottovuoto',5,'2018-05-16 09:59:18'),(199,1,1,'buste sottovuoto',5,'2018-05-16 10:46:50'),(200,1,1,'buste sottovuoto',5,'2018-05-16 12:33:34'),(201,1,1,'buste sottovuoto',5,'2018-05-16 12:52:09'),(202,1,1,'buste sottovuoto',1,'2018-05-16 17:41:42'),(203,1,1,'buste sottovuoto',5,'2018-05-16 22:18:53'),(204,1,1,'buste sottovuoto',5,'2018-05-16 22:20:03'),(205,1,1,'buste sottovuoto',5,'2018-05-16 22:38:22'),(206,1,1,'buste sottovuoto',5,'2018-05-16 22:41:02'),(207,1,1,'buste sottovuoto',5,'2018-05-16 23:11:08'),(208,1,1,'buste sottovuoto',5,'2018-05-16 23:11:35'),(209,1,1,'buste sottovuoto',5,'2018-05-17 02:04:27'),(210,1,1,'buste sottovuoto',1,'2018-05-17 04:36:56'),(211,1,1,'buste sottovuoto',5,'2018-05-17 05:28:36'),(212,1,1,'buste sottovuoto',5,'2018-05-17 06:51:40'),(213,1,1,'buste sottovuoto',5,'2018-05-17 07:09:50'),(214,1,1,'buste sottovuoto',1,'2018-05-17 07:15:25'),(215,1,1,'buste sottovuoto',5,'2018-05-17 09:02:51'),(216,1,1,'buste sottovuoto',5,'2018-05-17 09:23:21'),(217,1,1,'buste sottovuoto',5,'2018-05-17 13:22:39'),(218,1,1,'buste sottovuoto',5,'2018-05-17 14:14:06'),(219,1,1,'buste sottovuoto',5,'2018-05-17 14:19:35'),(220,1,1,'buste sottovuoto',5,'2018-05-17 14:28:13'),(221,1,1,'buste sottovuoto',5,'2018-05-17 14:47:53'),(222,1,1,'buste sottovuoto',5,'2018-05-17 14:48:41'),(223,1,1,'buste sottovuoto',1,'2018-05-17 19:25:12'),(224,1,1,'buste sottovuoto',5,'2018-05-17 21:53:16'),(225,1,1,'buste sottovuoto',5,'2018-05-17 22:06:43'),(226,1,1,'buste sottovuoto',5,'2018-05-17 23:26:35'),(227,1,1,'buste sottovuoto',5,'2018-05-17 23:27:57'),(228,1,1,'buste sottovuoto',5,'2018-05-17 23:37:16'),(229,1,1,'buste sottovuoto',5,'2018-05-18 01:04:47'),(230,1,1,'buste sottovuoto',5,'2018-05-18 01:37:56'),(231,1,1,'buste sottovuoto',1,'2018-05-18 03:04:09'),(232,1,1,'buste sottovuoto',5,'2018-05-18 03:54:02'),(233,1,1,'buste sottovuoto',1,'2018-05-18 03:59:38'),(234,1,1,'buste sottovuoto',5,'2018-05-18 04:02:26'),(235,1,1,'buste sottovuoto',5,'2018-05-18 04:14:37'),(236,1,1,'buste sottovuoto',5,'2018-05-18 05:17:41'),(237,1,1,'buste sottovuoto',5,'2018-05-18 06:09:51'),(238,1,1,'buste sottovuoto',5,'2018-05-18 07:08:01'),(239,1,1,'buste sottovuoto',5,'2018-05-18 12:56:50'),(240,1,1,'buste sottovuoto',5,'2018-05-18 12:57:17'),(241,1,1,'buste sottovuoto',5,'2018-05-18 14:06:09'),(242,1,1,'buste sottovuoto',1,'2018-05-18 17:48:11'),(243,1,1,'buste sottovuoto',5,'2018-05-18 21:31:17'),(244,1,1,'buste sottovuoto',5,'2018-05-18 21:35:21'),(245,1,1,'buste sottovuoto',5,'2018-05-19 00:12:03'),(246,1,1,'buste sottovuoto',5,'2018-05-19 00:13:03'),(247,1,1,'buste sottovuoto',1,'2018-05-19 01:56:38'),(248,1,1,'buste sottovuoto',1,'2018-05-19 04:58:10'),(249,1,1,'buste sottovuoto',5,'2018-05-19 06:17:14'),(250,1,1,'buste sottovuoto',5,'2018-05-19 07:48:55'),(251,1,1,'buste sottovuoto',5,'2018-05-19 08:27:01'),(252,1,1,'buste sottovuoto',5,'2018-05-19 10:28:31'),(253,1,1,'buste sottovuoto',5,'2018-05-19 10:28:59'),(254,1,1,'buste sottovuoto',5,'2018-05-19 10:58:53'),(255,1,1,'buste sottovuoto',5,'2018-05-19 11:39:33'),(256,1,1,'buste sottovuoto',5,'2018-05-19 11:41:28'),(257,1,1,'buste sottovuoto',5,'2018-05-19 11:42:06'),(258,1,1,'buste sottovuoto',5,'2018-05-19 13:05:43'),(259,1,1,'buste sottovuoto',5,'2018-05-19 15:03:36'),(260,1,1,'buste sottovuoto',5,'2018-05-19 23:09:59'),(261,1,1,'buste sottovuoto',5,'2018-05-19 23:42:06'),(262,1,1,'buste sottovuoto',5,'2018-05-19 23:56:42'),(263,1,1,'buste sottovuoto',1,'2018-05-20 01:30:10'),(264,1,1,'buste sottovuoto',5,'2018-05-20 02:33:41'),(265,1,1,'buste sottovuoto',5,'2018-05-20 02:34:10'),(266,1,1,'buste sottovuoto',5,'2018-05-20 03:12:05'),(267,1,1,'buste sottovuoto',5,'2018-05-20 03:25:27'),(268,1,1,'buste sottovuoto',5,'2018-05-20 04:31:40'),(269,1,1,'buste sottovuoto',5,'2018-05-20 04:32:50'),(270,1,1,'buste sottovuoto',5,'2018-05-20 04:38:28'),(271,1,1,'buste sottovuoto',5,'2018-05-20 04:45:28'),(272,1,1,'buste sottovuoto',5,'2018-05-20 04:45:46'),(273,1,1,'buste sottovuoto',1,'2018-05-20 04:46:10'),(274,1,1,'buste sottovuoto',5,'2018-05-20 05:21:36'),(275,1,1,'buste sottovuoto',5,'2018-05-20 06:22:51'),(276,1,1,'buste sottovuoto',5,'2018-05-20 07:43:48'),(277,1,1,'buste sottovuoto',5,'2018-05-20 07:45:25'),(278,1,1,'buste sottovuoto',5,'2018-05-20 11:33:46'),(279,1,1,'buste sottovuoto',1,'2018-05-20 12:14:40'),(280,1,1,'buste sottovuoto',5,'2018-05-20 12:50:11'),(281,1,1,'buste sottovuoto',5,'2018-05-20 13:03:10'),(282,1,1,'buste sottovuoto',5,'2018-05-20 23:44:56'),(283,1,1,'buste sottovuoto',5,'2018-05-21 01:07:56'),(284,1,1,'buste sottovuoto',5,'2018-05-21 01:46:54'),(285,1,1,'buste sottovuoto',5,'2018-05-21 03:00:50'),(286,1,1,'buste sottovuoto',5,'2018-05-21 03:07:55'),(287,1,1,'buste sottovuoto',5,'2018-05-21 03:09:52'),(288,1,1,'buste sottovuoto',5,'2018-05-21 03:09:58'),(289,1,1,'buste sottovuoto',5,'2018-05-21 03:10:40'),(290,1,1,'buste sottovuoto',5,'2018-05-21 03:10:46'),(291,1,1,'buste sottovuoto',5,'2018-05-21 03:11:15'),(292,1,1,'buste sottovuoto',5,'2018-05-21 03:58:47'),(293,1,1,'buste sottovuoto',1,'2018-05-21 04:23:09'),(294,1,1,'buste sottovuoto',5,'2018-05-21 05:37:28'),(295,1,1,'buste sottovuoto',5,'2018-05-21 05:41:24'),(296,1,1,'buste sottovuoto',5,'2018-05-21 06:36:54'),(297,1,1,'buste sottovuoto',5,'2018-05-21 06:55:22'),(298,1,1,'buste sottovuoto',5,'2018-05-21 07:58:16'),(299,1,1,'buste sottovuoto',1,'2018-05-21 10:01:11'),(300,1,1,'buste sottovuoto',5,'2018-05-21 10:56:32'),(301,1,1,'buste sottovuoto',5,'2018-05-21 13:17:59'),(302,1,1,'buste sottovuoto',5,'2018-05-21 14:33:47'),(303,1,1,'buste sottovuoto',5,'2018-05-21 16:23:54'),(304,1,1,'buste sottovuoto',5,'2018-05-21 23:50:15'),(305,1,1,'buste sottovuoto',1,'2018-05-22 04:56:44'),(306,1,1,'buste sottovuoto',5,'2018-05-22 05:34:13'),(307,1,1,'buste sottovuoto',5,'2018-05-22 05:48:27'),(308,1,1,'buste sottovuoto',5,'2018-05-22 05:49:01'),(309,1,1,'buste sottovuoto',5,'2018-05-22 06:22:38'),(310,1,1,'stra',1,'2018-05-22 06:32:10'),(311,1,1,'stran',0,'2018-05-22 06:32:12'),(312,1,1,'strange',0,'2018-05-22 06:32:14'),(313,1,1,'stranger ',0,'2018-05-22 06:32:15'),(314,1,1,'stranger things lo ',0,'2018-05-22 06:32:15'),(315,1,1,'Stranger things lo',0,'2018-05-22 06:32:16'),(316,1,1,'Stranger things lo',0,'2018-05-22 06:32:16'),(317,1,1,'buste sottovuoto',5,'2018-05-22 07:01:28'),(318,1,1,'buste sottovuoto',5,'2018-05-22 07:26:41'),(319,1,1,'buste sottovuoto',5,'2018-05-22 07:41:41'),(320,1,1,'buste sottovuoto',5,'2018-05-22 07:42:11'),(321,1,1,'buste sottovuoto',5,'2018-05-22 07:42:26'),(322,1,1,'valigia str',2,'2018-05-22 09:35:31'),(323,1,1,'valigia stranger ',1,'2018-05-22 09:35:32'),(324,1,1,'valigia stranger thin',1,'2018-05-22 09:35:34'),(325,1,1,'valigia stranger things',1,'2018-05-22 09:35:35'),(326,1,1,'Valigia stranger things',1,'2018-05-22 09:35:35'),(327,1,1,'buste sottovuoto',1,'2018-05-22 10:18:14'),(328,1,1,'buste sottovuoto',5,'2018-05-22 10:47:39'),(329,1,1,'buste sottovuoto',5,'2018-05-22 11:16:50'),(330,1,1,'stran',0,'2018-05-22 11:39:56'),(331,1,1,'stranger thin',0,'2018-05-22 11:39:59'),(332,1,1,'stranger things',0,'2018-05-22 11:40:00'),(333,1,1,'Stranger things',0,'2018-05-22 11:40:00'),(334,1,1,'buste salvaspazio',5,'2018-05-22 17:23:37'),(335,1,1,'busta salvaspazio',5,'2018-05-22 17:23:40'),(336,1,1,'buste sottovuoto',5,'2018-05-22 17:23:42'),(337,1,1,'busta sottovuoto',5,'2018-05-22 17:23:44'),(338,1,1,'buste salvaspazio',1,'2018-05-22 17:26:16'),(339,1,1,'busta salvaspazio',1,'2018-05-22 17:26:19'),(340,1,1,'buste sottovuoto',1,'2018-05-22 17:26:22'),(341,1,1,'busta sottovuoto',1,'2018-05-22 17:26:26'),(342,1,1,'buste sottovuoto',5,'2018-05-22 18:04:11'),(343,1,1,'buste sottovuoto',5,'2018-05-22 23:06:34'),(344,1,1,'buste sottovuoto',1,'2018-05-23 00:14:45'),(345,1,1,'buste sottovuoto',5,'2018-05-23 00:55:21'),(346,1,1,'buste sottovuoto',5,'2018-05-23 01:09:08'),(347,1,1,'buste sottovuoto',5,'2018-05-23 02:21:38'),(348,1,1,'buste sottovuoto',5,'2018-05-23 02:22:36'),(349,1,1,'buste sottovuoto',5,'2018-05-23 02:24:18'),(350,1,1,'buste sottovuoto',1,'2018-05-23 04:13:44'),(351,1,1,'buste sottovuoto',1,'2018-05-23 04:18:15'),(352,1,1,'buste sottovuoto',5,'2018-05-23 04:48:21'),(353,1,1,'buste sottovuoto',5,'2018-05-23 05:02:40'),(354,1,1,'buste sottovuoto',5,'2018-05-23 05:27:28'),(355,1,1,'buste sottovuoto',5,'2018-05-23 05:28:05'),(356,1,1,'buste sottovuoto',5,'2018-05-23 06:23:29'),(357,1,1,'buste sottovuoto',5,'2018-05-23 06:34:16'),(358,1,1,'buste sottovuoto',5,'2018-05-23 06:57:24'),(359,1,1,'buste sottovuoto',5,'2018-05-23 07:38:26'),(360,1,1,'buste sottovuoto',1,'2018-05-23 09:52:14'),(361,1,1,'buste sottovuoto',1,'2018-05-23 09:53:02'),(362,1,1,'buste sottovuoto',5,'2018-05-23 15:46:56'),(363,1,1,'buste sottovuoto',5,'2018-05-23 16:43:03'),(364,1,1,'buste sottovuoto',5,'2018-05-23 16:44:53'),(365,1,1,'buste sottovuoto',1,'2018-05-23 17:47:23'),(366,1,1,'buste sottovuoto',5,'2018-05-23 21:39:26'),(367,1,1,'buste sottovuoto',5,'2018-05-24 01:13:08'),(368,1,1,'buste sottovuoto',5,'2018-05-24 01:16:14'),(369,1,1,'buste sottovuoto',5,'2018-05-24 02:03:00'),(370,1,1,'buste sottovuoto',5,'2018-05-24 03:17:10'),(371,1,1,'buste sottovuoto',1,'2018-05-24 04:20:14'),(372,1,1,'buste sottovuoto',5,'2018-05-24 04:30:32'),(373,1,1,'buste sottovuoto',1,'2018-05-24 04:51:44'),(374,1,1,'buste sottovuoto',5,'2018-05-24 05:36:57'),(375,1,1,'buste sottovuoto',5,'2018-05-24 05:37:07'),(376,1,1,'buste sottovuoto',5,'2018-05-24 06:07:20'),(377,1,1,'buste sottovuoto',5,'2018-05-24 06:07:37'),(378,1,1,'buste sottovuoto',5,'2018-05-24 07:21:45'),(379,1,1,'buste sottovuoto',5,'2018-05-24 07:22:07'),(380,1,1,'buste sottovuoto',5,'2018-05-24 10:20:46'),(381,1,1,'buste sottovuoto',5,'2018-05-24 10:32:21'),(382,1,1,'buste sottovuoto',5,'2018-05-24 11:02:47'),(383,1,1,'buste sottovuoto',5,'2018-05-24 11:17:37'),(384,1,1,'buste sottovuoto',5,'2018-05-24 11:19:14'),(385,1,1,'bus',10,'2018-05-24 11:45:01'),(386,1,1,'buste ',10,'2018-05-24 11:45:02'),(387,1,1,'buste',10,'2018-05-24 11:45:05'),(388,1,1,'bust',10,'2018-05-24 11:45:11'),(389,1,1,'busta',10,'2018-05-24 11:45:13'),(390,1,1,'busta ',10,'2018-05-24 11:45:15'),(391,1,1,'busta s',10,'2018-05-24 11:45:16'),(392,1,1,'buste sottovuoto',5,'2018-05-24 12:14:24'),(393,1,1,'buste sottovuoto',5,'2018-05-24 12:19:33'),(394,1,1,'buste sottovuoto',5,'2018-05-24 12:41:56'),(395,1,1,'buste sottovuoto',5,'2018-05-24 12:42:15'),(396,1,1,'buste sottovuoto',5,'2018-05-24 12:42:35'),(397,1,1,'buste sottovuoto',5,'2018-05-24 13:21:27'),(398,1,1,'buste sottovuoto',5,'2018-05-24 13:21:50'),(399,1,1,'buste sottovuoto',5,'2018-05-24 13:42:04'),(400,1,1,'buste sottovuoto',5,'2018-05-24 17:37:11'),(401,1,1,'buste sottovuoto',1,'2018-05-24 18:41:36'),(402,1,1,'buste sottovuoto',5,'2018-05-24 22:19:43'),(403,1,1,'buste sottovuoto',5,'2018-05-25 01:51:17'),(404,1,1,'buste sottovuoto',5,'2018-05-25 01:51:29'),(405,1,1,'buste sottovuoto',5,'2018-05-25 01:53:32'),(406,1,1,'buste sottovuoto',5,'2018-05-25 02:44:46'),(407,1,1,'buste sottovuoto',5,'2018-05-25 03:44:27'),(408,1,1,'buste sottovuoto',1,'2018-05-25 03:54:37'),(409,1,1,'buste sottovuoto',1,'2018-05-25 04:19:06'),(410,1,1,'buste sottovuoto',5,'2018-05-25 05:46:22'),(411,1,1,'buste salvaspazio',5,'2018-05-25 10:27:57'),(412,1,1,'buste sottovuoto',5,'2018-05-25 13:29:36'),(413,1,1,'buste sottovuoto',5,'2018-05-25 13:30:15'),(414,1,1,'buste sottovuoto',5,'2018-05-25 13:41:18'),(415,1,1,'buste sottovuoto',5,'2018-05-25 15:58:47'),(416,1,1,'buste sottovuoto',1,'2018-05-25 16:58:49'),(417,1,1,'buste sottovuoto',5,'2018-05-25 23:54:34'),(418,1,1,'buste sottovuoto',5,'2018-05-26 01:30:50'),(419,1,1,'buste sottovuoto',5,'2018-05-26 01:35:13'),(420,1,1,'buste sottovuoto',5,'2018-05-26 02:05:41'),(421,1,1,'buste sottovuoto',5,'2018-05-26 02:21:26'),(422,1,1,'buste sottovuoto',1,'2018-05-26 03:51:37'),(423,1,1,'buste sottovuoto',1,'2018-05-26 03:56:36'),(424,1,1,'buste sottovuoto',5,'2018-05-26 08:14:27'),(425,1,1,'buste sottovuoto',5,'2018-05-26 08:14:27'),(426,1,1,'buste sottovuoto',5,'2018-05-26 09:46:11'),(427,1,1,'buste sottovuoto',5,'2018-05-26 09:46:57'),(428,1,1,'buste sottovuoto',5,'2018-05-26 09:48:51'),(429,1,1,'buste sottovuoto',5,'2018-05-26 09:49:21'),(430,1,1,'buste sottovuoto',5,'2018-05-26 10:04:09'),(431,1,1,'buste sottovuoto',5,'2018-05-26 11:39:51'),(432,1,1,'buste sottovuoto',5,'2018-05-26 12:00:21'),(433,1,1,'buste sottovuoto',5,'2018-05-26 21:35:22'),(434,1,1,'buste sottovuoto',5,'2018-05-26 22:00:08'),(435,1,1,'buste sottovuoto',5,'2018-05-26 23:28:54'),(436,1,1,'buste sottovuoto',5,'2018-05-26 23:32:40'),(437,1,1,'buste sottovuoto',5,'2018-05-26 23:35:27'),(438,1,1,'buste sottovuoto',5,'2018-05-26 23:42:59'),(439,1,1,'buste sottovuoto',5,'2018-05-27 00:38:34'),(440,1,1,'buste sottovuoto',5,'2018-05-27 00:39:53'),(441,1,1,'buste sottovuoto',5,'2018-05-27 02:24:16'),(442,1,1,'buste sottovuoto',5,'2018-05-27 03:02:43'),(443,1,1,'buste sottovuoto',5,'2018-05-27 03:32:23'),(444,1,1,'buste sottovuoto',1,'2018-05-27 04:02:37'),(445,1,1,'buste sottovuoto',1,'2018-05-27 04:10:06'),(446,1,1,'buste sottovuoto',5,'2018-05-27 04:41:43'),(447,1,1,'buste sottovuoto',5,'2018-05-27 04:56:02'),(448,1,1,'buste sottovuoto',5,'2018-05-27 06:59:53'),(449,1,1,'buste sottovuoto',5,'2018-05-27 07:20:18'),(450,1,1,'buste sottovuoto',5,'2018-05-27 07:21:45'),(451,1,1,'buste sottovuoto',5,'2018-05-27 07:49:58'),(452,1,1,'buste sottovuoto',5,'2018-05-27 07:56:21'),(453,1,1,'buste sottovuoto',5,'2018-05-27 07:56:45'),(454,1,1,'buste sottovuoto',5,'2018-05-27 07:56:57'),(455,1,1,'buste sottovuoto',5,'2018-05-27 07:57:15'),(456,1,1,'buste sottovuoto',5,'2018-05-27 08:25:12'),(457,1,1,'buste sottovuoto',5,'2018-05-27 08:26:06'),(458,1,1,'buste sottovuoto',5,'2018-05-27 09:20:58'),(459,1,1,'buste sottovuoto',5,'2018-05-27 09:48:50'),(460,1,1,'buste sottovuoto',5,'2018-05-27 11:11:45'),(461,1,1,'buste sottovuoto',5,'2018-05-27 14:41:48'),(462,1,1,'buste sottovuoto',5,'2018-05-27 14:42:34'),(463,1,1,'buste sottovuoto',5,'2018-05-27 15:02:11'),(464,1,1,'buste sottovuoto',5,'2018-05-28 01:34:23'),(465,1,1,'buste sottovuoto',5,'2018-05-28 02:54:28'),(466,1,1,'buste sottovuoto',1,'2018-05-28 04:14:36'),(467,1,1,'buste sottovuoto',5,'2018-05-28 04:34:26'),(468,1,1,'buste sottovuoto',1,'2018-05-28 04:52:06'),(469,1,1,'buste sottovuoto',5,'2018-05-28 05:31:05'),(470,1,1,'buste sottovuoto',5,'2018-05-28 07:55:35'),(471,1,1,'buste sottovuoto',5,'2018-05-28 08:36:24'),(472,1,1,'buste sottovuoto',5,'2018-05-28 08:43:50'),(473,1,1,'buste sottovuoto',5,'2018-05-28 12:12:04'),(474,1,1,'buste sottovuoto',1,'2018-05-28 17:59:23'),(475,1,1,'buste sottovuoto',5,'2018-05-28 22:57:09'),(476,1,1,'buste sottovuoto',5,'2018-05-29 00:14:29'),(477,1,1,'buste sottovuoto',5,'2018-05-29 01:34:24'),(478,1,1,'buste sottovuoto',5,'2018-05-29 02:58:27'),(479,1,1,'buste sottovuoto',5,'2018-05-29 03:02:54'),(480,1,1,'buste sottovuoto',5,'2018-05-29 03:33:15'),(481,1,1,'buste sottovuoto',5,'2018-05-29 03:34:49'),(482,1,1,'buste sottovuoto',5,'2018-05-29 04:25:02'),(483,1,1,'buste sottovuoto',5,'2018-05-29 04:47:12'),(484,1,1,'buste sottovuoto',5,'2018-05-29 04:48:15'),(485,1,1,'buste sottovuoto',1,'2018-05-29 04:59:36'),(486,1,1,'buste sottovuoto',1,'2018-05-29 05:21:06'),(487,1,1,'buste sottovuoto',5,'2018-05-29 05:33:58'),(488,1,1,'buste sottovuoto',5,'2018-05-29 05:38:21'),(489,1,1,'buste sottovuoto',5,'2018-05-29 06:58:54'),(490,1,1,'buste sottovuoto',5,'2018-05-29 07:00:43'),(491,1,1,'buste sottovuoto',5,'2018-05-29 07:01:15'),(492,1,1,'buste sottovuoto',5,'2018-05-29 07:01:31'),(493,1,1,'buste sottovuoto',5,'2018-05-29 07:01:40'),(494,1,1,'buste sottovuoto',5,'2018-05-29 07:20:01'),(495,1,1,'buste sottovuoto',5,'2018-05-29 08:32:02'),(496,1,1,'buste sottovuoto',5,'2018-05-29 11:11:14'),(497,1,1,'buste sottovuoto',5,'2018-05-29 11:23:40'),(498,1,1,'buste sottovuoto',5,'2018-05-29 11:24:17'),(499,1,1,'busta salvaspazio',1,'2018-05-29 14:40:17'),(500,1,1,'busta sottovuoto',1,'2018-05-29 21:40:18'),(501,1,1,'buste sottovuoto',5,'2018-05-30 00:23:20'),(502,1,1,'buste salvaspazio',1,'2018-05-30 03:34:54'),(503,1,1,'buste salvaspazio',1,'2018-05-30 03:55:17'),(504,1,1,'buste sottovuoto',1,'2018-05-30 04:48:36'),(505,1,1,'buste sottovuoto',5,'2018-05-30 04:54:38'),(506,1,1,'buste sottovuoto',5,'2018-05-30 04:55:18'),(507,1,1,'buste sottovuoto',1,'2018-05-30 05:03:06'),(508,1,1,'buste sottovuoto',5,'2018-05-30 05:39:01'),(509,1,1,'buste sottovuoto',5,'2018-05-30 06:09:38'),(510,1,1,'buste sottovuoto',5,'2018-05-30 07:01:48'),(511,1,1,'buste sottovuoto',5,'2018-05-30 07:32:23'),(512,1,1,'buste sottovuoto',1,'2018-05-30 07:53:36'),(513,1,1,'buste sottovuoto',5,'2018-05-30 09:02:05'),(514,1,1,'buste sottovuoto',5,'2018-05-30 09:16:03'),(515,1,1,'buste sottovuoto',5,'2018-05-30 09:22:59'),(516,1,1,'buste sottovuoto',5,'2018-05-30 09:23:48'),(517,1,1,'buste sottovuoto',5,'2018-05-30 11:21:27'),(518,1,1,'buste sottovuoto',5,'2018-05-30 12:34:36'),(519,1,1,'buste sottovuoto',5,'2018-05-30 14:05:31'),(520,1,1,'buste sottovuoto',5,'2018-05-30 22:04:05'),(521,1,1,'buste sottovuoto',1,'2018-05-30 22:18:48'),(522,1,1,'buste sottovuoto',1,'2018-05-30 22:50:13'),(523,1,1,'buste sottovuoto',1,'2018-05-30 22:50:33'),(524,1,1,'buste sottovuoto',1,'2018-05-30 22:51:02'),(525,1,1,'buste sottovuoto',5,'2018-05-30 23:44:26'),(526,1,1,'buste sottovuoto',5,'2018-05-30 23:48:16'),(527,1,1,'buste sottovuoto',5,'2018-05-30 23:49:39'),(528,1,1,'buste sottovuoto',5,'2018-05-31 03:15:06'),(529,1,1,'warr',0,'2018-05-31 04:47:28'),(530,1,1,'warran',0,'2018-05-31 04:47:29'),(531,1,1,'warranty',0,'2018-05-31 04:47:31'),(532,1,1,'warranty',0,'2018-05-31 04:47:31'),(533,1,1,'buste sottovuoto',5,'2018-05-31 04:57:03'),(534,1,1,'buste sottovuoto',1,'2018-05-31 05:33:11'),(535,1,1,'buste sottovuoto',5,'2018-05-31 05:33:14'),(536,1,1,'buste sottovuoto',5,'2018-05-31 05:53:14'),(537,1,1,'buste sottovuoto',5,'2018-05-31 06:24:03'),(538,1,1,'buste sottovuoto',5,'2018-05-31 06:43:10'),(539,1,1,'buste sottovuoto',5,'2018-05-31 06:45:46'),(540,1,1,'buste sottovuoto',5,'2018-05-31 07:37:19'),(541,1,1,'buste sottovuoto',5,'2018-05-31 07:37:47'),(542,1,1,'buste sottovuoto',5,'2018-05-31 09:30:29'),(543,1,1,'buste salvaspazio',5,'2018-05-31 10:21:06'),(544,1,1,'buste salvaspazio',5,'2018-05-31 10:22:05'),(545,1,1,'buste sottovuoto',5,'2018-05-31 11:12:03'),(546,1,1,'buste sottovuoto',5,'2018-05-31 12:00:43'),(547,1,1,'buste sottovuoto',5,'2018-05-31 12:03:56'),(548,1,1,'buste sottovuoto',5,'2018-05-31 13:09:55'),(549,1,1,'buste sottovuoto',1,'2018-05-31 13:22:27'),(550,1,1,'busta salvaspazio',5,'2018-05-31 13:27:07'),(551,1,1,'busta salvaspazio',5,'2018-05-31 13:28:54'),(552,1,1,'buste sottovuoto',5,'2018-05-31 14:23:21'),(553,1,1,'buste sottovuoto',5,'2018-05-31 21:29:02'),(554,1,1,'buste sottovuoto',5,'2018-05-31 21:46:27'),(555,1,1,'buste sottovuoto',5,'2018-05-31 22:58:06'),(556,1,1,'buste sottovuoto',5,'2018-06-01 00:48:03'),(557,1,1,'buste sottovuoto',5,'2018-06-01 00:56:13'),(558,1,1,'buste sottovuoto',5,'2018-06-01 00:56:47'),(559,1,1,'buste sottovuoto',5,'2018-06-01 02:01:51'),(560,1,1,'buste sottovuoto',5,'2018-06-01 02:33:51'),(561,1,1,'buste sottovuoto',1,'2018-06-01 05:58:56'),(562,1,1,'buste sottovuoto',5,'2018-06-01 06:46:59'),(563,1,1,'buste sottovuoto',5,'2018-06-01 06:47:56'),(564,1,1,'buste sottovuoto',5,'2018-06-01 07:56:19'),(565,1,1,'buste sottovuoto',5,'2018-06-01 08:13:36'),(566,1,1,'buste sottovuoto',5,'2018-06-01 08:15:53'),(567,1,1,'buste sottovuoto',5,'2018-06-01 09:55:33'),(568,1,1,'buste sottovuoto',5,'2018-06-01 11:20:11'),(569,1,1,'buste sottovuoto',5,'2018-06-01 11:24:00'),(570,1,1,'buste sottovuoto',5,'2018-06-01 12:06:05'),(571,1,1,'buste sottovuoto',5,'2018-06-01 12:23:38'),(572,1,1,'buste sottovuoto',1,'2018-06-01 13:13:53'),(573,1,1,'buste sottovuoto',5,'2018-06-01 13:46:56'),(574,1,1,'buste sottovuoto',5,'2018-06-02 01:12:05'),(575,1,1,'buste sottovuoto',5,'2018-06-02 01:22:19'),(576,1,1,'buste sottovuoto',5,'2018-06-02 01:22:34'),(577,1,1,'buste sottovuoto',5,'2018-06-02 01:48:08'),(578,1,1,'buste sottovuoto',5,'2018-06-02 01:53:56'),(579,1,1,'buste sottovuoto',5,'2018-06-02 04:33:49'),(580,1,1,'buste sottovuoto',1,'2018-06-02 04:48:56'),(581,1,1,'buste sottovuoto',5,'2018-06-02 05:21:45'),(582,1,1,'buste sottovuoto',5,'2018-06-02 06:07:24'),(583,1,1,'buste sottovuoto',5,'2018-06-02 06:17:07'),(584,1,1,'buste sottovuoto',5,'2018-06-02 06:17:45'),(585,1,1,'buste sottovuoto',5,'2018-06-02 08:16:48'),(586,1,1,'buste sottovuoto',5,'2018-06-02 08:20:10'),(587,1,1,'buste sottovuoto',5,'2018-06-02 08:20:26'),(588,1,1,'buste sottovuoto',5,'2018-06-02 08:20:44'),(589,1,1,'buste sottovuoto',5,'2018-06-02 08:27:31'),(590,1,1,'buste sottovuoto',5,'2018-06-02 08:37:12'),(591,1,1,'buste sottovuoto',5,'2018-06-02 10:06:09'),(592,1,1,'buste sottovuoto',5,'2018-06-02 11:11:25'),(593,1,1,'buste sottovuoto',5,'2018-06-02 12:17:28'),(594,1,1,'buste sottovuoto',1,'2018-06-02 13:03:55'),(595,1,1,'buste sottovuoto',5,'2018-06-02 13:49:26'),(596,1,1,'buste sottovuoto',5,'2018-06-02 14:16:26'),(597,1,1,'buste sottovuoto',5,'2018-06-02 14:56:51'),(598,1,1,'buste sottovuoto',1,'2018-06-02 17:48:52'),(599,1,1,'buste sottovuoto',5,'2018-06-02 23:38:59'),(600,1,1,'buste sottovuoto',5,'2018-06-02 23:46:43'),(601,1,1,'buste sottovuoto',5,'2018-06-03 00:18:29'),(602,1,1,'buste sottovuoto',5,'2018-06-03 00:29:46'),(603,1,1,'buste sottovuoto',5,'2018-06-03 00:30:15'),(604,1,1,'buste sottovuoto',5,'2018-06-03 01:36:54'),(605,1,1,'buste sottovuoto',5,'2018-06-03 02:08:27'),(606,1,1,'buste sottovuoto',5,'2018-06-03 02:54:47'),(607,1,1,'buste sottovuoto',5,'2018-06-03 03:26:57'),(608,1,1,'buste sottovuoto',1,'2018-06-03 04:11:56'),(609,1,1,'buste sottovuoto',5,'2018-06-03 05:03:24'),(610,1,1,'buste sottovuoto',5,'2018-06-03 05:05:37'),(611,1,1,'buste sottovuoto',5,'2018-06-03 05:06:27'),(612,1,1,'buste sottovuoto',5,'2018-06-03 06:14:23'),(613,1,1,'buste sottovuoto',5,'2018-06-03 06:16:27'),(614,1,1,'buste sottovuoto',5,'2018-06-03 06:31:28'),(615,1,1,'buste sottovuoto',5,'2018-06-03 06:33:05'),(616,1,1,'buste sottovuoto',5,'2018-06-03 07:12:37'),(617,1,1,'buste sottovuoto',5,'2018-06-03 07:13:37'),(618,1,1,'buste sottovuoto',5,'2018-06-03 07:36:54'),(619,1,1,'buste sottovuoto',5,'2018-06-03 09:16:57'),(620,1,1,'buste sottovuoto',5,'2018-06-03 10:18:41'),(621,1,1,'buste sottovuoto',5,'2018-06-03 10:19:29'),(622,1,1,'buste sottovuoto',1,'2018-06-03 13:37:28'),(623,1,1,'buste sottovuoto',5,'2018-06-03 16:55:21'),(624,1,1,'busta sottovuoto',1,'2018-06-04 02:18:57'),(625,1,1,'buste sottovuoto',5,'2018-06-04 02:55:03'),(626,1,1,'buste sottovuoto',5,'2018-06-04 02:55:35'),(627,1,1,'buste sottovuoto',5,'2018-06-04 02:55:53'),(628,1,1,'busta sottovuoto',1,'2018-06-04 04:31:29'),(629,1,1,'buste sottovuoto',5,'2018-06-04 04:34:40'),(630,1,1,'buste sottovuoto',1,'2018-06-04 04:39:25'),(631,1,1,'buste sottovuoto',5,'2018-06-04 04:53:32'),(632,1,1,'buste sottovuoto',5,'2018-06-04 05:05:58'),(633,1,1,'buste sottovuoto',5,'2018-06-04 07:47:21'),(634,1,1,'buste sottovuoto',5,'2018-06-04 08:16:51'),(635,1,1,'buste sottovuoto',5,'2018-06-04 08:18:59'),(636,1,1,'buste sottovuoto',5,'2018-06-04 08:24:17'),(637,1,1,'buste sottovuoto',5,'2018-06-04 09:52:31'),(638,1,1,'buste sottovuoto',5,'2018-06-04 10:18:57'),(639,1,1,'buste sottovuoto',5,'2018-06-04 13:11:04'),(640,1,1,'buste sottovuoto',5,'2018-06-04 13:11:54'),(641,1,1,'buste sottovuoto',5,'2018-06-04 13:12:06'),(642,1,1,'buste sottovuoto',5,'2018-06-04 13:12:43'),(643,1,1,'buste sottovuoto',5,'2018-06-04 13:59:04'),(644,1,1,'buste sottovuoto',1,'2018-06-04 14:08:29'),(645,1,1,'buste sottovuoto',5,'2018-06-04 22:57:16'),(646,1,1,'buste sottovuoto',5,'2018-06-04 23:12:38'),(647,1,1,'buste sottovuoto',5,'2018-06-05 01:40:31'),(648,1,1,'buste sottovuoto',5,'2018-06-05 03:45:54'),(649,1,1,'buste sottovuoto',1,'2018-06-05 04:54:57'),(650,1,1,'buste sottovuoto',5,'2018-06-05 05:48:18'),(651,1,1,'busta sottovuoto',1,'2018-06-05 09:45:04'),(652,1,1,'buste sottovuoto',1,'2018-06-05 12:19:43'),(653,1,1,'buste sottovuoto',1,'2018-06-05 12:20:19'),(654,1,1,'buste sottovuoto',1,'2018-06-05 12:20:49'),(655,1,1,'buste sottovuoto',1,'2018-06-05 14:33:52'),(656,1,1,'buste sottovuoto',1,'2018-06-05 20:45:29'),(657,1,1,'buste sottovuoto',1,'2018-06-06 05:00:47'),(658,1,1,'buste sottovuoto',1,'2018-06-06 11:25:59'),(659,1,1,'buste sottovuoto',1,'2018-06-06 18:04:57'),(660,1,1,'buste salvaspazio',5,'2018-06-07 00:54:42'),(661,1,1,'buste sottovuoto',5,'2018-06-07 09:52:10'),(662,1,1,'buste sottovuoto',1,'2018-06-07 10:48:14'),(663,1,1,'buste sottovuoto',5,'2018-06-07 11:17:36'),(664,1,1,'buste sottovuoto',1,'2018-06-07 18:37:15'),(665,1,1,'buste salvaspazio',5,'2018-06-08 09:32:26'),(666,1,1,'buste salvaspazio',5,'2018-06-08 09:47:11'),(667,1,1,'buste salvaspazio',5,'2018-06-08 09:47:30'),(668,1,1,'bundle box',3,'2018-06-08 10:25:16'),(669,1,1,'bundle box',3,'2018-06-08 10:25:19'),(670,1,1,'bundle box',3,'2018-06-08 10:25:31'),(671,1,1,'bundle box',3,'2018-06-08 10:25:41'),(672,1,1,'buste sottovuoto',1,'2018-06-08 18:03:24'),(673,1,1,'buste sottovuoto',1,'2018-06-08 18:37:47'),(674,1,1,'buste sottovuoto',5,'2018-06-09 07:21:55'),(675,1,1,'buste salvaspazio',1,'2018-06-09 15:26:56'),(676,1,1,'buste sottovuoto',1,'2018-06-09 18:17:31'),(677,1,1,'buste sottovuoto',1,'2018-06-09 18:17:44'),(678,1,1,'buste sottovuoto',5,'2018-06-09 19:21:11'),(679,1,1,'buste sottovuoto',5,'2018-06-09 19:21:36'),(680,1,1,'buste sottovuoto',5,'2018-06-09 19:21:54'),(681,1,1,'buste sottovuoto',5,'2018-06-10 13:35:18'),(682,1,1,'buste sottovuoto',1,'2018-06-10 19:40:44'),(683,1,1,'buste sottovuoto',5,'2018-06-11 01:17:49'),(684,1,1,'buste salvaspazio',5,'2018-06-11 11:21:16'),(685,1,1,'buste sottovuoto',1,'2018-06-13 18:17:51'),(686,1,1,'buste sottovuoto',1,'2018-06-14 01:46:03'),(687,1,1,'buste sottovuoto',1,'2018-06-14 06:37:56'),(688,1,1,'buste sottovuoto',1,'2018-06-14 06:38:13'),(689,1,1,'buste sottovuoto',1,'2018-06-14 06:38:32'),(690,1,1,'buste sottovuoto',1,'2018-06-15 10:15:12'),(691,1,1,'buste sottovuoto',1,'2018-06-15 10:15:29'),(692,1,1,'buste sottovuoto',1,'2018-06-15 10:15:50'),(693,1,1,'buste sottovuoto',1,'2018-06-16 05:39:42'),(694,1,1,'buste sottovuoto',5,'2018-06-16 13:38:09'),(695,1,1,'buste sottovuoto',1,'2018-06-17 08:19:48'),(696,1,1,'buste sottovuoto',5,'2018-06-18 13:32:38'),(697,1,1,'buste salvaspazio',5,'2018-06-19 00:59:52'),(698,1,1,'busta sottovuoto',5,'2018-06-19 01:00:06'),(699,1,1,'buste sottovuoto',5,'2018-06-19 01:00:10'),(700,1,1,'buste sottovuoto',5,'2018-06-19 17:58:58'),(701,1,1,'buste sottovuoto',5,'2018-06-20 04:33:33'),(702,1,1,'buste sottovuoto',1,'2018-06-20 17:32:52'),(703,1,1,'buste sottovuoto',1,'2018-06-20 17:33:10'),(704,1,1,'buste sottovuoto',1,'2018-06-20 17:33:26'),(705,1,1,'buste sottovuoto',1,'2018-06-21 04:39:25'),(706,1,1,'net',0,'2018-06-21 15:32:12'),(707,1,1,'neth',0,'2018-06-21 15:32:13'),(708,1,1,'nether',0,'2018-06-21 15:32:13'),(709,1,1,'netherlands',0,'2018-06-21 15:32:15'),(710,1,1,'Netherlands',0,'2018-06-21 15:32:15'),(711,1,1,'Netherlands',0,'2018-06-21 15:32:47'),(712,1,1,'buste sottovuoto',5,'2018-06-22 07:57:05'),(713,1,1,'buste sottovuoto',5,'2018-06-22 07:57:30'),(714,1,1,'buste sottovuoto',5,'2018-06-22 07:57:53'),(715,1,1,'buste salvaspazio',5,'2018-06-22 16:53:51'),(716,1,1,'busta salvaspazio',5,'2018-06-22 16:54:23'),(717,1,1,'buste sottovuoto',5,'2018-06-22 16:54:54'),(718,1,1,'busta sottovuoto',5,'2018-06-22 16:55:25'),(719,1,1,'buste salvaspazio',1,'2018-06-22 17:01:42'),(720,1,1,'busta salvaspazio',1,'2018-06-22 17:02:13'),(721,1,1,'buste sottovuoto',1,'2018-06-22 17:02:44'),(722,1,1,'busta sottovuoto',1,'2018-06-22 17:03:16'),(723,1,1,'buste sottovuoto',5,'2018-06-23 05:46:18'),(724,1,1,'busta salvaspazio',1,'2018-06-23 12:18:39'),(725,1,1,'buste sottovuoto',5,'2018-06-23 17:36:56'),(726,1,1,'buste sottovuoto',5,'2018-06-23 21:16:19'),(727,1,1,'buste sottovuoto',1,'2018-06-23 21:30:26'),(728,1,1,'buste sottovuoto',5,'2018-06-23 21:41:54'),(729,1,1,'buste sottovuoto',5,'2018-06-23 21:47:36'),(730,1,1,'buste sottovuoto',5,'2018-06-23 21:47:41'),(731,1,1,'buste sottovuoto',5,'2018-06-23 22:17:14'),(732,1,1,'buste sottovuoto',5,'2018-06-23 22:23:59'),(733,1,1,'buste sottovuoto',1,'2018-06-25 13:19:45'),(734,1,1,'buste sottovuoto',1,'2018-06-25 21:21:07'),(735,1,1,'busta sottovuoto',1,'2018-06-26 07:36:42'),(736,1,1,'busta sottovuoto',1,'2018-06-26 08:32:32'),(737,1,1,'busta sottovuoto',1,'2018-06-27 13:50:02'),(738,1,1,'buste sottovuoto',1,'2018-06-27 15:47:18'),(739,1,1,'buste sottovuoto',1,'2018-06-27 15:47:40'),(740,1,1,'buste sottovuoto',1,'2018-06-27 15:48:04'),(741,1,1,'buste sottovuoto',5,'2018-06-27 22:34:54'),(742,1,1,'buste salvaspazio',1,'2018-06-28 12:37:33'),(743,1,1,'busta sottovuoto',1,'2018-06-28 13:28:49'),(744,1,1,'busta sottovuoto',1,'2018-06-28 14:24:47'),(745,1,1,'buste salvaspazio',1,'2018-06-28 14:49:52'),(746,1,1,'buste sottovuoto',1,'2018-06-28 15:24:44'),(747,1,1,'busta sottovuoto',1,'2018-06-28 15:25:56'),(748,1,1,'busta sottovuoto',1,'2018-06-28 17:02:53'),(749,1,1,'busta sottovuoto',1,'2018-06-28 19:00:24'),(750,1,1,'busta sottovuoto',1,'2018-06-28 19:00:24'),(751,1,1,'busta sottovuoto',1,'2018-06-29 01:26:26'),(752,1,1,'busta sottovuoto',1,'2018-06-30 01:14:06'),(753,1,1,'busta sottovuoto',1,'2018-06-30 03:30:37'),(754,1,1,'buste sottovuoto',1,'2018-06-30 13:44:51'),(755,1,1,'buste salvaspazio',5,'2018-06-30 15:49:44'),(756,1,1,'busta sottovuoto',1,'2018-06-30 18:06:38'),(757,1,1,'busta sottovuoto',1,'2018-07-01 15:15:19'),(758,1,1,'hottest',0,'2018-07-03 00:48:50'),(759,1,1,'buste sottovuoto',1,'2018-07-03 16:32:10'),(760,1,1,'buste sottovuoto',1,'2018-07-04 06:30:19'),(761,1,1,'buste salvaspazio',5,'2018-07-04 07:52:28'),(762,1,1,'buste sottovuoto',5,'2018-07-04 17:02:20'),(763,1,1,'cou',0,'2018-07-05 00:21:15'),(764,1,1,'coupon',0,'2018-07-05 00:21:16'),(765,1,1,'Coupon',0,'2018-07-05 00:21:16'),(766,1,1,'couponspe',0,'2018-07-05 00:21:29'),(767,1,1,'couponspecial',0,'2018-07-05 00:21:31'),(768,1,1,'spe',0,'2018-07-05 00:21:35'),(769,1,1,'special',0,'2018-07-05 00:21:37'),(770,1,1,'special o',0,'2018-07-05 00:21:38'),(771,1,1,'Special offer',0,'2018-07-05 00:21:40'),(772,1,1,'buste sottovuoto',5,'2018-07-05 17:36:20'),(773,1,1,'buste sottovuoto',5,'2018-07-06 07:11:18'),(774,1,1,'buste salvaspazio',1,'2018-07-07 05:28:57'),(775,1,1,'buste sottovuoto',5,'2018-07-08 14:39:13'),(776,1,1,'buste salvaspazio',1,'2018-07-08 23:46:30'),(777,1,1,'buste salvaspazio',1,'2018-07-09 01:53:15'),(778,1,1,'buste sottovuoto',1,'2018-07-09 04:05:19'),(779,1,1,'busta sottovuoto',1,'2018-07-09 05:27:39'),(780,1,1,'buste salvaspazio',5,'2018-07-09 08:03:21'),(781,1,1,'buste salvaspazio',5,'2018-07-09 12:07:40'),(782,1,1,'busta salvaspazio',5,'2018-07-09 12:07:45'),(783,1,1,'buste sottovuoto',5,'2018-07-09 12:07:53'),(784,1,1,'busta sottovuoto',5,'2018-07-09 12:07:56'),(785,1,1,'buste salvaspazio',1,'2018-07-09 12:11:19'),(786,1,1,'busta salvaspazio',1,'2018-07-09 12:11:21'),(787,1,1,'buste sottovuoto',1,'2018-07-09 12:11:25'),(788,1,1,'busta sottovuoto',1,'2018-07-09 12:11:26'),(789,1,1,'buste sottovuoto',1,'2018-07-09 18:11:01'),(790,1,1,'buste salvaspazio',5,'2018-07-10 07:19:02'),(791,1,1,'busta salvaspazio',5,'2018-07-10 13:35:28'),(792,1,1,'busta salvaspazio',5,'2018-07-14 01:23:13'),(793,1,1,'fare',0,'2018-07-14 14:48:22'),(794,1,1,'farett',0,'2018-07-14 14:48:23'),(795,1,1,'faretti ',0,'2018-07-14 14:48:25'),(796,1,1,'faretti su',0,'2018-07-14 14:48:26'),(797,1,1,'faretti supple',0,'2018-07-14 14:48:27'),(798,1,1,'faretti suppleme',0,'2018-07-14 14:48:28'),(799,1,1,'faretti supplement',0,'2018-07-14 14:48:29'),(800,1,1,'faretti supplementari',0,'2018-07-14 14:48:30'),(801,1,1,'faretti supplementari ',0,'2018-07-14 14:48:31'),(802,1,1,'faretti supplementari moto',0,'2018-07-14 14:48:33'),(803,1,1,'faretti supplementari moto',0,'2018-07-14 14:48:34'),(804,1,1,'faretsupplementari moto',0,'2018-07-14 14:48:49'),(805,1,1,'farsupplementari moto',0,'2018-07-14 14:48:49'),(806,1,1,'fari supplementari moto',0,'2018-07-14 14:48:51'),(807,1,1,'fari supplementari moto',0,'2018-07-14 14:48:52'),(808,1,1,'fari supplementari moto',0,'2018-07-14 14:48:54'),(809,1,1,'fari supplementar moto',0,'2018-07-14 14:49:03'),(810,1,1,' moto',0,'2018-07-14 14:49:05'),(811,1,1,' moto',0,'2018-07-14 14:49:05'),(812,1,1,'buste salvaspazio',1,'2018-07-14 21:24:26'),(813,1,1,'buste salvaspazio',5,'2018-07-15 20:08:21'),(814,1,1,'busta salvaspazio',1,'2018-07-15 20:38:34'),(815,1,1,'buste salvaspazio',1,'2018-07-16 14:37:05'),(816,1,1,'buste salvaspazio',1,'2018-07-17 08:20:31'),(817,1,1,'busta salvaspazio',1,'2018-07-17 09:44:34'),(818,1,1,'buono ',0,'2018-07-18 07:31:49'),(819,1,1,'buono acq',1,'2018-07-18 07:31:50'),(820,1,1,'buono acquist',1,'2018-07-18 07:31:51'),(821,1,1,'buono acquisto',0,'2018-07-18 07:31:52'),(822,1,1,'buono acquisto',0,'2018-07-18 07:31:52'),(823,1,1,'TRACKING OSPITE',0,'2018-07-19 02:11:23'),(824,1,1,'busta sottovuoto',1,'2018-07-19 20:06:34'),(825,1,1,'resi',10,'2018-07-20 03:35:26'),(826,1,1,'reclami',0,'2018-07-20 03:35:32'),(827,1,1,'reclami',0,'2018-07-20 03:35:34'),(828,1,1,'buste sottovuoto',1,'2018-07-20 09:25:12'),(829,1,1,'buste salvaspazio',1,'2018-07-23 04:10:31'),(830,1,1,'buste sottovuoto',5,'2018-07-23 05:23:41'),(831,1,1,'buste sottovuoto',5,'2018-07-23 05:23:53'),(832,1,1,'buste salvaspazio',1,'2018-07-24 16:31:19'),(833,1,1,'buste salvaspazio',1,'2018-07-24 18:58:51'),(834,1,1,'buste salvaspazio',1,'2018-07-24 21:29:29'),(835,1,1,'buste salvaspazio',1,'2018-07-25 03:12:33'),(836,1,1,'buste salvaspazio',1,'2018-07-25 05:14:04'),(837,1,1,'buste salvaspazio',1,'2018-07-25 06:14:55'),(838,1,1,'buste salvaspazio',1,'2018-07-25 08:21:51'),(839,1,1,'buste salvaspazio',1,'2018-07-25 11:26:44'),(840,1,1,'buste salvaspazio',1,'2018-07-25 13:53:04'),(841,1,1,'buste salvaspazio',1,'2018-07-25 15:44:45'),(842,1,1,'buste salvaspazio',1,'2018-07-25 18:47:46'),(843,1,1,'buste salvaspazio',1,'2018-07-25 19:48:36'),(844,1,1,'buste salvaspazio',1,'2018-07-25 21:04:56'),(845,1,1,'buste salvaspazio',1,'2018-07-26 00:00:28'),(846,1,1,'buste salvaspazio',1,'2018-07-26 03:00:29'),(847,1,1,'buste salvaspazio',1,'2018-07-26 05:34:46'),(848,1,1,'buste salvaspazio',1,'2018-07-26 08:09:04'),(849,1,1,'buste salvaspazio',1,'2018-07-26 10:17:38'),(850,1,1,'buste salvaspazio',1,'2018-07-26 14:50:12'),(851,1,1,'buste salvaspazio',1,'2018-07-26 19:12:57'),(852,1,1,'buste salvaspazio',1,'2018-07-26 21:19:35'),(853,1,1,'buste salvaspazio',1,'2018-07-27 11:04:12'),(854,1,1,'buste salvaspazio',1,'2018-07-27 14:59:51'),(855,1,1,'buste salvaspazio',1,'2018-07-27 19:28:38'),(856,1,1,'buste salvaspazio',1,'2018-07-27 23:22:22'),(857,1,1,'buste salvaspazio',1,'2018-07-28 00:34:03'),(858,1,1,'buste salvaspazio',1,'2018-07-28 05:33:26'),(859,1,1,'buste salvaspazio',1,'2018-07-28 05:33:27'),(860,1,1,'buste salvaspazio',1,'2018-07-28 06:59:44'),(861,1,1,'buste salvaspazio',1,'2018-07-28 09:42:16'),(862,1,1,'buste salvaspazio',1,'2018-07-28 12:28:37'),(863,1,1,'buste salvaspazio',1,'2018-07-28 13:49:59'),(864,1,1,'buste salvaspazio',1,'2018-07-28 14:56:30'),(865,1,1,'buste salvaspazio',1,'2018-07-28 15:57:57'),(866,1,1,'buste salvaspazio',1,'2018-07-28 18:30:57'),(867,1,1,'busta sottovuoto',5,'2018-07-28 19:37:32'),(868,1,1,'buste sottovuoto',5,'2018-07-28 19:37:33'),(869,1,1,'busta sottovuoto',5,'2018-07-28 19:51:40'),(870,1,1,'buste sottovuoto',5,'2018-07-28 19:51:41'),(871,1,1,'buste salvaspazio',1,'2018-07-28 20:38:05'),(872,1,1,'busta sottovuoto',5,'2018-07-28 21:09:30'),(873,1,1,'buste sottovuoto',5,'2018-07-28 21:09:31'),(874,1,1,'buste salvaspazio',1,'2018-07-29 00:56:59'),(875,1,1,'busta sottovuoto',5,'2018-07-29 01:02:55'),(876,1,1,'buste sottovuoto',5,'2018-07-29 01:02:56'),(877,1,1,'buste salvaspazio',1,'2018-07-29 02:20:27'),(878,1,1,'buste salvaspazio',1,'2018-07-29 05:40:26'),(879,1,1,'buste salvaspazio',1,'2018-07-29 07:00:26'),(880,1,1,'buste salvaspazio',1,'2018-07-29 10:20:28'),(881,1,1,'buste salvaspazio',1,'2018-07-29 12:20:26'),(882,1,1,'buste salvaspazio',1,'2018-07-29 14:21:18'),(883,1,1,'buste salvaspazio',1,'2018-07-29 15:47:47'),(884,1,1,'buste salvaspazio',1,'2018-07-29 17:03:58'),(885,1,1,'buste salvaspazio',1,'2018-07-29 18:24:47'),(886,1,1,'buste salvaspazio',1,'2018-07-29 22:08:29'),(887,1,1,'buste salvaspazio',1,'2018-07-30 00:40:58'),(888,1,1,'buste salvaspazio',1,'2018-07-30 02:38:00'),(889,1,1,'buste salvaspazio',1,'2018-07-30 03:59:27'),(890,1,1,'buste salvaspazio',1,'2018-07-30 07:48:53'),(891,1,1,'buste salvaspazio',1,'2018-07-30 09:25:32'),(892,1,1,'buste salvaspazio',1,'2018-07-30 11:08:51'),(893,1,1,'buste salvaspazio',1,'2018-07-30 13:43:23'),(894,1,1,'buste salvaspazio',1,'2018-08-01 23:33:31'),(895,1,1,'travel bag ',1,'2018-08-02 01:03:50'),(896,1,1,'Travel bag ',1,'2018-08-02 01:03:50'),(897,1,1,'Travel bag ',1,'2018-08-02 01:05:12'),(898,1,1,'busta salvaspazio',5,'2018-08-02 13:20:15'),(899,1,1,'01bu',3,'2018-08-09 07:24:49'),(900,1,1,'01bun',3,'2018-08-09 07:24:51'),(901,1,1,'01bundl',3,'2018-08-09 07:24:51'),(902,1,1,'01bundle',3,'2018-08-09 07:24:52'),(903,1,1,'01bundlestar',1,'2018-08-09 07:24:54'),(904,1,1,'01bundlestar18',0,'2018-08-09 07:24:57'),(905,1,1,'01bundlestar18',0,'2018-08-09 07:24:57'),(906,1,1,'01bundlestar18',0,'2018-08-09 07:25:15'),(907,1,1,'01wacu',7,'2018-08-09 07:25:33'),(908,1,1,'01wacuwo',1,'2018-08-09 07:25:35'),(909,1,1,'01wacuwor',1,'2018-08-09 07:25:37'),(910,1,1,'01wacuwor1',1,'2018-08-09 07:25:38'),(911,1,1,'01wacuwor1l',1,'2018-08-09 07:25:39'),(912,1,1,'01wacuwor1l',1,'2018-08-09 07:25:39'),(913,1,1,'01wacuwor1l',1,'2018-08-09 07:26:19'),(914,1,1,'busta sottovuoto',5,'2018-08-11 20:30:03'),(915,1,1,'buste sottovuoto',5,'2018-08-11 20:30:05'),(916,1,1,'buste sottovuoto',5,'2018-08-12 12:43:28'),(917,1,1,'reso',0,'2018-08-13 02:51:38'),(918,1,1,'res',10,'2018-08-13 13:27:03'),(919,1,1,'reg',1,'2018-08-13 13:27:05'),(920,1,1,'regi',0,'2018-08-13 13:27:08'),(921,1,1,'registra',0,'2018-08-13 13:27:10'),(922,1,1,'registrazione',0,'2018-08-13 13:27:12'),(923,1,1,'Registrazione',0,'2018-08-13 13:27:13'),(924,1,1,'busta sottovuoto',5,'2018-08-13 13:56:32'),(925,1,1,'buste sottovuoto',5,'2018-08-13 13:56:34'),(926,1,1,'buste sottovuoto',5,'2018-08-20 05:26:45'),(927,1,1,'buste sottovuoto',5,'2018-08-22 07:37:13'),(928,1,1,'buste sottovuoto',5,'2018-08-22 07:37:21'),(929,1,1,'L',0,'2018-08-29 05:18:37'),(930,1,1,'L',0,'2018-08-29 05:18:38'),(931,1,1,'buste',10,'2018-08-29 05:18:47'),(932,1,1,'buste',11,'2018-08-29 05:18:48'),(933,1,1,'buste',11,'2018-08-29 05:39:34'),(934,1,1,'L',0,'2018-08-29 05:39:35'),(935,1,1,'busta salvaspazio',1,'2018-09-01 04:21:57'),(936,1,1,'poscerr',0,'2018-09-01 05:21:24'),(937,1,1,'pos',3,'2018-09-01 05:21:27'),(938,1,1,'posc',0,'2018-09-01 05:21:30'),(939,1,1,'poschette',0,'2018-09-01 05:21:32'),(940,1,1,'Poschette',0,'2018-09-01 05:21:33'),(941,1,1,'busta salvaspazio',1,'2018-09-02 12:33:51'),(942,1,1,'buste sottovuoto',5,'2018-09-02 16:08:39'),(943,1,1,'busta salvaspazio',1,'2018-09-03 20:16:53'),(944,1,1,'busta salvaspazio',1,'2018-09-05 00:17:13'),(945,1,1,'busta salvaspazio',1,'2018-09-05 12:40:59'),(946,1,1,'busta salvaspazio',1,'2018-09-08 04:14:22'),(947,1,1,'busta salvaspazio',1,'2018-09-08 11:17:25'),(948,1,1,'buste sottovuoto',5,'2018-09-08 20:22:56'),(949,1,1,'busta sottovuoto',5,'2018-09-09 15:21:41'),(950,1,1,'buste sottovuoto',5,'2018-09-12 02:15:28'),(951,1,1,'busta salvaspazio',1,'2018-09-17 06:42:54'),(952,1,1,'buste sottovuoto',1,'2018-09-20 04:34:50'),(953,1,1,'busta sottovuoto',5,'2018-09-20 05:50:35'),(954,1,1,'buste salvaspazio',1,'2018-09-20 07:06:23'),(955,1,1,'busta salvaspazio',1,'2018-09-20 08:22:10'),(956,1,1,'buste sottovuoto',5,'2018-09-21 05:50:29'),(957,1,1,'buste sottovuoto',5,'2018-09-21 05:50:41'),(958,1,1,'busta sottovuoto',1,'2018-09-24 18:34:57'),(959,1,1,'buste sottovuoto',1,'2018-10-01 04:31:33'),(960,1,1,'buste salvaspazio',1,'2018-10-03 08:18:50'),(961,1,1,'busta salvaspazio',1,'2018-10-03 17:46:44'),(962,1,1,'busta sottovuoto',1,'2018-10-04 23:03:53'),(963,1,1,'busta sottovuoto',1,'2018-10-05 23:52:12'),(964,1,1,'busta sottovuoto',1,'2018-10-09 17:45:50'),(965,1,1,'buste salvaspazio',5,'2018-10-14 13:07:39'),(966,1,1,'buste salvaspazio',1,'2018-10-15 06:22:55'),(967,1,1,'buste salvaspazio',1,'2018-10-15 08:22:55'),(968,1,1,'buste sottovuoto',5,'2018-10-20 12:56:33'),(969,1,1,'buste sottovuoto',5,'2018-10-21 22:40:46'),(970,1,1,'buste sottovuoto',5,'2018-10-21 23:52:48'),(971,1,1,'buste sottovuoto',1,'2018-10-22 00:36:29'),(972,1,1,'buste sottovuoto',1,'2018-10-22 01:31:23'),(973,1,1,'poch',1,'2018-10-24 23:38:33'),(974,1,1,'poche',0,'2018-10-24 23:38:33'),(975,1,1,'pochette',0,'2018-10-24 23:38:34'),(976,1,1,'Pochette',0,'2018-10-24 23:38:35'),(977,1,1,'buste sottovuoto',5,'2018-10-26 04:14:26'),(978,1,1,'buste salvaspazio',5,'2018-10-26 04:14:26'),(979,1,1,'busta salvaspazio',5,'2018-10-26 04:14:26'),(980,1,1,'busta sottovuoto',5,'2018-10-26 04:14:26'),(981,1,1,'busta sottovuoto',5,'2018-10-28 04:48:04'),(982,1,1,'buste salvaspazio',5,'2018-10-28 04:48:04'),(983,1,1,'buste sottovuoto',5,'2018-10-28 04:48:04'),(984,1,1,'busta salvaspazio',5,'2018-10-28 04:48:04'),(985,1,1,'buste sottovuoto',1,'2018-11-10 12:35:56'),(986,1,1,'busta salvaspazio',5,'2018-11-14 11:32:29'),(987,1,1,'busta sottovuoto',5,'2018-11-14 11:32:43'),(988,1,1,'buste salvaspazio',5,'2018-11-14 11:32:49'),(989,1,1,'buste sottovuoto',5,'2018-11-14 11:32:53'),(990,1,1,'busta salvaspazio',1,'2018-11-14 12:50:10'),(991,1,1,'busta sottovuoto',1,'2018-11-14 12:50:15'),(992,1,1,'buste salvaspazio',1,'2018-11-14 12:50:50'),(993,1,1,'buste sottovuoto',1,'2018-11-14 12:51:05'),(994,1,1,'buste salvaspazio',1,'2018-11-15 02:08:23'),(995,1,1,'buste sottovuoto',5,'2018-11-20 04:18:35'),(996,1,1,'buste sottovuoto',5,'2018-11-20 07:00:23'),(997,1,1,'buste sottovuoto',5,'2018-11-20 08:24:43'),(998,1,1,'buste sottovuoto',5,'2018-11-20 09:03:59'),(999,1,1,'buste salvaspazio',5,'2018-11-23 16:23:13'),(1000,1,1,'servizio ',0,'2018-11-24 02:18:39'),(1001,1,1,'servizio clienti',0,'2018-11-24 02:18:40'),(1002,1,1,'Servizio clienti',0,'2018-11-24 02:18:41'),(1003,1,1,'busta sottovuoto',5,'2018-11-25 08:50:23'),(1004,1,1,'black ',0,'2018-11-25 13:15:12'),(1005,1,1,'black friday',0,'2018-11-25 13:15:13'),(1006,1,1,'Black Friday',0,'2018-11-25 13:15:14'),(1007,1,1,'box',4,'2018-12-04 17:23:55'),(1008,1,1,'box go',4,'2018-12-04 17:23:56'),(1009,1,1,'Box go',4,'2018-12-04 17:23:59'),(1010,1,1,'Waku premium',1,'2018-12-05 15:06:33'),(1011,1,1,'buste sottovuoto',1,'2018-12-05 19:38:47'),(1012,1,1,'busta salvaspazio',5,'2018-12-07 17:16:35'),(1013,1,1,'pochette',0,'2018-12-09 00:44:28'),(1014,1,1,'pochette',0,'2018-12-09 00:44:30'),(1015,1,1,'wac',10,'2018-12-10 12:15:20'),(1016,1,1,'wacu',10,'2018-12-10 12:15:21'),(1017,1,1,'wacu ',10,'2018-12-10 12:15:22'),(1018,1,1,'wacu bu',10,'2018-12-10 12:15:28'),(1019,1,1,'wacu bun',10,'2018-12-10 12:15:29'),(1020,1,1,'wacu bund',10,'2018-12-10 12:15:30'),(1021,1,1,'wacu bundl',10,'2018-12-10 12:15:31'),(1022,1,1,'cus',1,'2018-12-10 12:17:03'),(1023,1,1,'cust',1,'2018-12-10 12:17:03'),(1024,1,1,'custo',1,'2018-12-10 12:17:04'),(1025,1,1,'custodi',1,'2018-12-10 12:17:05'),(1026,1,1,'busta ',10,'2018-12-10 12:17:46'),(1027,1,1,'busta s',10,'2018-12-10 12:17:47'),(1028,1,1,'bust',10,'2018-12-10 12:19:24'),(1029,1,1,'busta sotto',10,'2018-12-10 12:19:26'),(1030,1,1,'bust',10,'2018-12-10 12:20:23'),(1031,1,1,'busta so',10,'2018-12-10 12:20:24'),(1032,1,1,'bust',10,'2018-12-10 12:20:50'),(1033,1,1,'busta s',10,'2018-12-10 12:20:51'),(1034,1,1,'busta so',10,'2018-12-10 12:20:51'),(1035,1,1,'busta sotto',10,'2018-12-10 12:20:52'),(1036,1,1,'buste sottovuoto',5,'2018-12-11 12:49:25'),(1037,1,1,'anna',0,'2018-12-11 15:22:52'),(1038,1,1,'ann',0,'2018-12-11 15:22:53'),(1039,1,1,'annu',0,'2018-12-11 15:22:54'),(1040,1,1,'annulla',0,'2018-12-11 15:22:55'),(1041,1,1,'annullare ',0,'2018-12-11 15:22:56'),(1042,1,1,'annullare o',0,'2018-12-11 15:22:57'),(1043,1,1,'annullare ordi',2,'2018-12-11 15:22:58'),(1044,1,1,'annullare ordin',2,'2018-12-11 15:22:59'),(1045,1,1,'annullare ordine',2,'2018-12-11 15:22:59'),(1046,1,1,'annullare ordine',2,'2018-12-11 15:23:03'),(1047,1,1,'busta sottovuoto',1,'2018-12-12 11:34:19'),(1048,1,1,'buste sottovuoto',1,'2018-12-14 01:45:33'),(1049,1,1,'auto',6,'2018-12-14 13:19:30'),(1050,1,1,'Auto',6,'2018-12-14 13:19:31'),(1051,1,1,'buste sottovuoto',1,'2018-12-14 23:12:37'),(1052,1,1,'buste sottovuoto',1,'2018-12-15 07:43:42'),(1053,1,1,'busta salvaspazio',5,'2018-12-15 08:43:28'),(1054,1,1,'buste sottovuoto',1,'2018-12-16 04:39:20'),(1055,1,1,'busta salvaspazio',1,'2018-12-16 04:40:12');

#
# Structure for table "_WCprTUAstock"
#

CREATE TABLE `_WCprTUAstock` (
  `id_stock` int(11) unsigned NOT NULL AUTO_INCREMENT,
  `id_warehouse` int(11) unsigned NOT NULL,
  `id_product` int(11) unsigned NOT NULL,
  `id_product_attribute` int(11) unsigned NOT NULL,
  `reference` varchar(32) NOT NULL,
  `ean13` varchar(13) DEFAULT NULL,
  `upc` varchar(12) DEFAULT NULL,
  `physical_quantity` int(11) unsigned NOT NULL,
  `usable_quantity` int(11) unsigned NOT NULL,
  `price_te` decimal(20,6) DEFAULT '0.000000',
  PRIMARY KEY (`id_stock`),
  KEY `id_warehouse` (`id_warehouse`),
  KEY `id_product` (`id_product`),
  KEY `id_product_attribute` (`id_product_attribute`)
) ENGINE=InnoDB DEFAULT CHARSET=utf8;

#
# Data for table "_WCprTUAstock"
#


#
# Structure for table "_WCprTUAstock_available"
#

CREATE TABLE `_WCprTUAstock_available` (
  `id_stock_available` int(11) unsigned NOT NULL AUTO_INCREMENT,
  `id_product` int(11) unsigned NOT NULL,
  `id_product_attribute` int(11) unsigned NOT NULL,
  `id_shop` int(11) unsigned NOT NULL,
  `id_shop_group` int(11) unsigned NOT NULL,
  `quantity` int(10) NOT NULL DEFAULT '0',
  `depends_on_stock` tinyint(1) unsigned NOT NULL DEFAULT '0',
  `out_of_stock` tinyint(1) unsigned NOT NULL DEFAULT '0',
  PRIMARY KEY (`id_stock_available`),
  UNIQUE KEY `product_sqlstock` (`id_product`,`id_product_attribute`,`id_shop`,`id_shop_group`),
  KEY `id_shop` (`id_shop`),
  KEY `id_shop_group` (`id_shop_group`),
  KEY `id_product` (`id_product`),
  KEY `id_product_attribute` (`id_product_attribute`)
) ENGINE=InnoDB AUTO_INCREMENT=96 DEFAULT CHARSET=utf8;

#
# Data for table "_WCprTUAstock_available"
#

INSERT INTO `_WCprTUAstock_available` VALUES (53,8,0,1,0,175,0,2),(54,2,0,1,0,0,0,0),(55,3,0,1,0,0,0,0),(56,4,0,1,0,0,0,0),(57,5,0,1,0,0,0,0),(58,6,0,1,0,0,0,0),(59,9,0,1,0,358,0,2),(61,9,47,1,0,145,0,2),(62,9,48,1,0,90,0,2),(63,1,0,1,0,0,0,0),(64,10,0,1,0,394,0,2),(65,10,49,1,0,139,0,2),(66,10,50,1,0,117,0,2),(67,10,51,1,0,138,0,2),(68,7,0,1,0,0,0,0),(69,11,0,1,0,424,0,2),(70,11,52,1,0,148,0,2),(71,11,53,1,0,133,0,2),(72,11,54,1,0,143,0,2),(73,9,55,1,0,123,0,2),(74,12,0,1,0,428,0,2),(75,12,56,1,0,148,0,2),(76,12,57,1,0,133,0,2),(77,12,58,1,0,147,0,2),(78,13,0,1,0,413,0,2),(79,13,59,1,0,146,0,2),(80,13,60,1,0,128,0,2),(81,13,61,1,0,139,0,2),(82,14,0,1,0,32,0,2),(83,15,0,1,0,439,0,2),(84,16,0,1,0,443,0,2),(85,17,0,1,0,447,0,2),(86,18,0,1,0,391,0,2),(88,20,0,1,0,143,0,2),(89,21,0,1,0,384,0,2),(90,21,62,1,0,139,0,2),(91,21,63,1,0,111,0,2),(92,21,64,1,0,134,0,2),(93,22,0,1,0,135,0,2),(94,23,0,1,0,1418,0,2),(95,24,0,1,0,300,0,2);

#
# Structure for table "_WCprTUAstock_mvt"
#

CREATE TABLE `_WCprTUAstock_mvt` (
  `id_stock_mvt` bigint(20) unsigned NOT NULL AUTO_INCREMENT,
  `id_stock` int(11) unsigned NOT NULL,
  `id_order` int(11) unsigned DEFAULT NULL,
  `id_supply_order` int(11) unsigned DEFAULT NULL,
  `id_stock_mvt_reason` int(11) unsigned NOT NULL,
  `id_employee` int(11) unsigned NOT NULL,
  `employee_lastname` varchar(32) DEFAULT '',
  `employee_firstname` varchar(32) DEFAULT '',
  `physical_quantity` int(11) unsigned NOT NULL,
  `date_add` datetime NOT NULL,
  `sign` tinyint(1) NOT NULL DEFAULT '1',
  `price_te` decimal(20,6) DEFAULT '0.000000',
  `last_wa` decimal(20,6) DEFAULT '0.000000',
  `current_wa` decimal(20,6) DEFAULT '0.000000',
  `referer` bigint(20) unsigned DEFAULT NULL,
  PRIMARY KEY (`id_stock_mvt`),
  KEY `id_stock` (`id_stock`),
  KEY `id_stock_mvt_reason` (`id_stock_mvt_reason`)
) ENGINE=InnoDB DEFAULT CHARSET=utf8;

#
# Data for table "_WCprTUAstock_mvt"
#


#
# Structure for table "_WCprTUAstock_mvt_reason"
#

CREATE TABLE `_WCprTUAstock_mvt_reason` (
  `id_stock_mvt_reason` int(11) unsigned NOT NULL AUTO_INCREMENT,
  `sign` tinyint(1) NOT NULL DEFAULT '1',
  `date_add` datetime NOT NULL,
  `date_upd` datetime NOT NULL,
  `deleted` tinyint(1) unsigned NOT NULL DEFAULT '0',
  PRIMARY KEY (`id_stock_mvt_reason`)
) ENGINE=InnoDB AUTO_INCREMENT=9 DEFAULT CHARSET=utf8;

#
# Data for table "_WCprTUAstock_mvt_reason"
#

INSERT INTO `_WCprTUAstock_mvt_reason` VALUES (1,1,'2018-03-16 17:21:47','2018-03-16 17:21:47',0),(2,-1,'2018-03-16 17:21:47','2018-03-16 17:21:47',0),(3,-1,'2018-03-16 17:21:47','2018-03-16 17:21:47',0),(4,-1,'2018-03-16 17:21:47','2018-03-16 17:21:47',0),(5,1,'2018-03-16 17:21:47','2018-03-16 17:21:47',0),(6,-1,'2018-03-16 17:21:47','2018-03-16 17:21:47',0),(7,1,'2018-03-16 17:21:47','2018-03-16 17:21:47',0),(8,1,'2018-03-16 17:21:47','2018-03-16 17:21:47',0);

#
# Structure for table "_WCprTUAstock_mvt_reason_lang"
#

CREATE TABLE `_WCprTUAstock_mvt_reason_lang` (
  `id_stock_mvt_reason` int(11) unsigned NOT NULL,
  `id_lang` int(11) unsigned NOT NULL,
  `name` varchar(255) NOT NULL,
  PRIMARY KEY (`id_stock_mvt_reason`,`id_lang`)
) ENGINE=InnoDB DEFAULT CHARSET=utf8;

#
# Data for table "_WCprTUAstock_mvt_reason_lang"
#

INSERT INTO `_WCprTUAstock_mvt_reason_lang` VALUES (1,1,'Aumento'),(1,2,'Aumento'),(1,3,'Aumento'),(1,4,'Aumento'),(1,5,'Aumento'),(1,6,'Aumento'),(1,7,'Aumento'),(1,8,'Aumento'),(2,1,'Diminuzione'),(2,2,'Diminuzione'),(2,3,'Diminuzione'),(2,4,'Diminuzione'),(2,5,'Diminuzione'),(2,6,'Diminuzione'),(2,7,'Diminuzione'),(2,8,'Diminuzione'),(3,1,'Ordine cliente'),(3,2,'Ordine cliente'),(3,3,'Ordine cliente'),(3,4,'Ordine cliente'),(3,5,'Ordine cliente'),(3,6,'Ordine cliente'),(3,7,'Ordine cliente'),(3,8,'Ordine cliente'),(4,1,'Adeguamento in seguito a un inventario delle scorte'),(4,2,'Adeguamento in seguito a un inventario delle scorte'),(4,3,'Adeguamento in seguito a un inventario delle scorte'),(4,4,'Adeguamento in seguito a un inventario delle scorte'),(4,5,'Adeguamento in seguito a un inventario delle scorte'),(4,6,'Adeguamento in seguito a un inventario delle scorte'),(4,7,'Adeguamento in seguito a un inventario delle scorte'),(4,8,'Adeguamento in seguito a un inventario delle scorte'),(5,1,'Adeguamento in seguito a un inventario delle scorte'),(5,2,'Adeguamento in seguito a un inventario delle scorte'),(5,3,'Adeguamento in seguito a un inventario delle scorte'),(5,4,'Adeguamento in seguito a un inventario delle scorte'),(5,5,'Adeguamento in seguito a un inventario delle scorte'),(5,6,'Adeguamento in seguito a un inventario delle scorte'),(5,7,'Adeguamento in seguito a un inventario delle scorte'),(5,8,'Adeguamento in seguito a un inventario delle scorte'),(6,1,'Trasferimento a un altro magazzino'),(6,2,'Trasferimento a un altro magazzino'),(6,3,'Trasferimento a un altro magazzino'),(6,4,'Trasferimento a un altro magazzino'),(6,5,'Trasferimento a un altro magazzino'),(6,6,'Trasferimento a un altro magazzino'),(6,7,'Trasferimento a un altro magazzino'),(6,8,'Trasferimento a un altro magazzino'),(7,1,'Trasferimento da un altro magazzino'),(7,2,'Trasferimento da un altro magazzino'),(7,3,'Trasferimento da un altro magazzino'),(7,4,'Trasferimento da un altro magazzino'),(7,5,'Trasferimento da un altro magazzino'),(7,6,'Trasferimento da un altro magazzino'),(7,7,'Trasferimento da un altro magazzino'),(7,8,'Trasferimento da un altro magazzino'),(8,1,'Ordine di fornitura'),(8,2,'Ordine di fornitura'),(8,3,'Ordine di fornitura'),(8,4,'Ordine di fornitura'),(8,5,'Ordine di fornitura'),(8,6,'Ordine di fornitura'),(8,7,'Ordine di fornitura'),(8,8,'Ordine di fornitura');

#
# Structure for table "_WCprTUAstore"
#

CREATE TABLE `_WCprTUAstore` (
  `id_store` int(10) unsigned NOT NULL AUTO_INCREMENT,
  `id_country` int(10) unsigned NOT NULL,
  `id_state` int(10) unsigned DEFAULT NULL,
  `name` varchar(128) NOT NULL,
  `address1` varchar(128) NOT NULL,
  `address2` varchar(128) DEFAULT NULL,
  `city` varchar(64) NOT NULL,
  `postcode` varchar(12) NOT NULL,
  `latitude` decimal(13,8) DEFAULT NULL,
  `longitude` decimal(13,8) DEFAULT NULL,
  `hours` varchar(254) DEFAULT NULL,
  `phone` varchar(16) DEFAULT NULL,
  `fax` varchar(16) DEFAULT NULL,
  `email` varchar(128) DEFAULT NULL,
  `note` text,
  `active` tinyint(1) unsigned NOT NULL DEFAULT '0',
  `date_add` datetime NOT NULL,
  `date_upd` datetime NOT NULL,
  PRIMARY KEY (`id_store`)
) ENGINE=InnoDB AUTO_INCREMENT=29 DEFAULT CHARSET=utf8;

#
# Data for table "_WCprTUAstore"
#

INSERT INTO `_WCprTUAstore` VALUES (1,10,183,'Elvetico S.r.l.','Via Cimarosa n. 96','','Napoli','80127',40.84272900,14.23128700,'a:7:{i:0;s:0:\"\";i:1;s:0:\"\";i:2;s:0:\"\";i:3;s:0:\"\";i:4;s:0:\"\";i:5;s:0:\"\";i:6;s:0:\"\";}','','','','',1,'2018-03-16 17:21:50','2018-04-04 18:59:12'),(2,10,128,'Expert c/o Polo Logistico Orlando Marconi Pad. 6','Via del Lavoro snc','','Centobuchi di Monteprandone','63033',42.88726200,13.84329800,'a:7:{i:0;s:0:\"\";i:1;s:0:\"\";i:2;s:0:\"\";i:3;s:0:\"\";i:4;s:0:\"\";i:5;s:0:\"\";i:6;s:0:\"\";}','','','','',1,'2018-04-04 19:13:23','2018-04-04 19:13:23'),(3,10,174,'Moreo S.r.l.','Via Ascoli n. 1012','','Montecosaro','62012',43.28129600,13.65171100,'a:7:{i:0;s:0:\"\";i:1;s:0:\"\";i:2;s:0:\"\";i:3;s:0:\"\";i:4;s:0:\"\";i:5;s:0:\"\";i:6;s:0:\"\";}','','','','',1,'2018-04-04 19:17:42','2018-04-04 19:17:42'),(4,10,218,'Pelletteria Shu S.n.c.','Via Garibaldi n. 112','','Terni','05100',42.56099700,12.64798600,'a:7:{i:0;s:0:\"\";i:1;s:0:\"\";i:2;s:0:\"\";i:3;s:0:\"\";i:4;s:0:\"\";i:5;s:0:\"\";i:6;s:0:\"\";}','','','','',1,'2018-04-04 19:31:20','2018-04-04 19:31:20'),(5,10,128,'Tecso di Virgulti L.A. & C. s.n.c.','Via Tranquilli n. 46','','Ascoli Piceno','63100',42.85248000,13.58698900,'a:7:{i:0;s:0:\"\";i:1;s:0:\"\";i:2;s:0:\"\";i:3;s:0:\"\";i:4;s:0:\"\";i:5;s:0:\"\";i:6;s:0:\"\";}','','','','',1,'2018-04-04 19:33:59','2018-04-04 19:33:59'),(6,10,193,'Top Service Centro Servizi','Via A. Manzoni n.188','','P. S. Giovanni','06135',43.09138300,12.43915500,'a:7:{i:0;s:0:\"\";i:1;s:0:\"\";i:2;s:0:\"\";i:3;s:0:\"\";i:4;s:0:\"\";i:5;s:0:\"\";i:6;s:0:\"\";}','','','','',1,'2018-04-04 19:38:41','2018-04-04 19:38:41'),(7,10,193,'Euronics','Via della Valtiera n. 5','','P. S. Giovanni','06135',43.08560100,12.44726300,'a:7:{i:0;s:0:\"\";i:1;s:0:\"\";i:2;s:0:\"\";i:3;s:0:\"\";i:4;s:0:\"\";i:5;s:0:\"\";i:6;s:0:\"\";}','','','','',1,'2018-04-04 19:39:55','2018-04-04 19:39:55'),(8,10,193,'Euronics','Via Settevalli 333','','Perugia','06129',43.08261400,12.36587300,'a:7:{i:0;s:0:\"\";i:1;s:0:\"\";i:2;s:0:\"\";i:3;s:0:\"\";i:4;s:0:\"\";i:5;s:0:\"\";i:6;s:0:\"\";}','','','','',1,'2018-04-05 10:45:37','2018-04-05 10:45:37'),(9,10,194,'Matteacci Hi-Tech di Matteacci Loretta','Via Flaminia 175/b','','Cagli','61043',43.55677200,12.65286400,'a:7:{i:0;s:0:\"\";i:1;s:0:\"\";i:2;s:0:\"\";i:3;s:0:\"\";i:4;s:0:\"\";i:5;s:0:\"\";i:6;s:0:\"\";}','','','','',1,'2018-04-05 10:54:18','2018-04-05 10:54:18'),(10,10,193,'Il Caimano di Calzoni Paola & C. S.a.s.','Via A. Diaz n.44','','Perugia','06128',43.09936700,12.37009300,'a:7:{i:0;s:0:\"\";i:1;s:0:\"\";i:2;s:0:\"\";i:3;s:0:\"\";i:4;s:0:\"\";i:5;s:0:\"\";i:6;s:0:\"\";}','','','','',1,'2018-04-05 11:03:55','2018-04-05 11:03:55'),(11,10,193,'Centro Casa Alessandrelli di Alessandrelli F.lli','Via G.Dottori 1/3','','Perugia','06129',43.08374900,12.36546300,'a:7:{i:0;s:0:\"\";i:1;s:0:\"\";i:2;s:0:\"\";i:3;s:0:\"\";i:4;s:0:\"\";i:5;s:0:\"\";i:6;s:0:\"\";}','','','','',1,'2018-04-05 11:06:57','2018-04-05 11:06:57'),(12,10,174,'JD Luxury S.r.l.','Via G. Velluti snc','','Macerata','62100',43.28074900,13.50045400,'a:7:{i:0;s:0:\"\";i:1;s:0:\"\";i:2;s:0:\"\";i:3;s:0:\"\";i:4;s:0:\"\";i:5;s:0:\"\";i:6;s:0:\"\";}','','','','',1,'2018-04-05 11:09:30','2018-04-05 11:09:30'),(13,10,193,'E.s.c.o. Elettronica S.a.s.','Zona Industriale Bodoglie 148/3/T','','Pian di Porto - Todi','06059',42.80851700,12.41317200,'a:7:{i:0;s:0:\"\";i:1;s:0:\"\";i:2;s:0:\"\";i:3;s:0:\"\";i:4;s:0:\"\";i:5;s:0:\"\";i:6;s:0:\"\";}','','','','',1,'2018-04-05 11:12:58','2018-04-05 11:12:58'),(14,8,0,'Terre du Présent','Avenue du Mesnil','','La Varenne Saint-Hilaire','94210',48.79482400,2.51411100,'a:7:{i:0;s:0:\"\";i:1;s:0:\"\";i:2;s:0:\"\";i:3;s:0:\"\";i:4;s:0:\"\";i:5;s:0:\"\";i:6;s:0:\"\";}','','','','',1,'2018-04-05 11:18:14','2018-04-05 11:18:14'),(15,22,0,'Time Square','Basement 1, Times Square, 1 Matheson Street','','Causeway Bay','',22.27820800,114.18229900,'a:7:{i:0;s:0:\"\";i:1;s:0:\"\";i:2;s:0:\"\";i:3;s:0:\"\";i:4;s:0:\"\";i:5;s:0:\"\";i:6;s:0:\"\";}','','','','',1,'2018-04-05 11:22:27','2018-04-05 11:25:19'),(16,22,0,'Harbour City','Shop 3202, Level 3, Gateway Arcade','','Harbour City - Kowloon','',22.29793700,114.16819200,'a:7:{i:0;s:0:\"\";i:1;s:0:\"\";i:2;s:0:\"\";i:3;s:0:\"\";i:4;s:0:\"\";i:5;s:0:\"\";i:6;s:0:\"\";}','','','','',1,'2018-04-05 11:24:56','2018-04-05 11:24:56'),(17,22,0,'Festival Walk','Unit 01, UG Level, Festival Walk, 80 Tat Chee Avenue','','Kowloon Tong - Kowloon','',22.29793700,114.16819200,'a:7:{i:0;s:0:\"\";i:1;s:0:\"\";i:2;s:0:\"\";i:3;s:0:\"\";i:4;s:0:\"\";i:5;s:0:\"\";i:6;s:0:\"\";}','','','','',1,'2018-04-05 11:27:50','2018-04-05 11:27:50'),(18,22,0,'City Plaza','Shop 260-261, Phase 2, Cityplaza,18 Taikoo Shing Road','','Tai Koo','',22.28679800,114.21805900,'a:7:{i:0;s:0:\"\";i:1;s:0:\"\";i:2;s:0:\"\";i:3;s:0:\"\";i:4;s:0:\"\";i:5;s:0:\"\";i:6;s:0:\"\";}','','','','',1,'2018-04-05 11:29:28','2018-04-05 11:29:28'),(19,22,0,'Mong Kok The Forest (Store 09) - Shop 204 - 206, 2/F.','The Forest, 17 Nelson Street, Mong Kok','','Kowloon','',22.31890200,114.17141500,'a:7:{i:0;s:0:\"\";i:1;s:0:\"\";i:2;s:0:\"\";i:3;s:0:\"\";i:4;s:0:\"\";i:5;s:0:\"\";i:6;s:0:\"\";}','','','','',1,'2018-04-05 11:33:24','2018-04-05 11:33:24'),(20,22,0,'iSquare Store','Shop UG 06, iSquare, 63 Nathan Road, Tsim Sha Tsui','','Kowloon','',22.29685300,114.17191400,'a:7:{i:0;s:0:\"\";i:1;s:0:\"\";i:2;s:0:\"\";i:3;s:0:\"\";i:4;s:0:\"\";i:5;s:0:\"\";i:6;s:0:\"\";}','','','','',1,'2018-04-05 11:34:57','2018-04-05 11:34:57'),(21,22,0,'Central Store','Basement Floor, Manning House, 48 Queen’s Road','','Central - Hong Kong','',22.28202100,114.15615100,'a:7:{i:0;s:0:\"\";i:1;s:0:\"\";i:2;s:0:\"\";i:3;s:0:\"\";i:4;s:0:\"\";i:5;s:0:\"\";i:6;s:0:\"\";}','','','','https://www.hktvmall.com/hktv/en/main/Hipster-HK/s/H0958004/Electronics-%26-Leisure/Outdoor-%26-Sports/Travel-Goods/Travel-Accessories/Spacesaving-Portable-Vacuum-Device/p/H0958004_S_Wacu-001',1,'2018-04-05 11:43:35','2018-04-05 12:19:34'),(22,203,0,'Oli Design 1','1F., No.19, Songgao Rd., Sinyi Dist.','','Taipei City','11073',25.03969200,121.56648400,'a:7:{i:0;s:0:\"\";i:1;s:0:\"\";i:2;s:0:\"\";i:3;s:0:\"\";i:4;s:0:\"\";i:5;s:0:\"\";i:6;s:0:\"\";}','','','','',1,'2018-04-05 12:25:19','2018-04-05 12:25:19'),(23,203,0,'Oli Design 2','3F., No.52, Emei St., Wanhua Dist.','','Taipei City','10844',25.04379800,121.50541200,'a:7:{i:0;s:0:\"\";i:1;s:0:\"\";i:2;s:0:\"\";i:3;s:0:\"\";i:4;s:0:\"\";i:5;s:0:\"\";i:6;s:0:\"\";}','','','','',1,'2018-04-05 12:31:17','2018-04-05 12:31:17'),(24,203,0,'Oli Design 3','3F., No.15, Hangjhan South Road, Dayuan District','','Taoyuan City','33758',24.99362800,121.30098000,'a:7:{i:0;s:0:\"\";i:1;s:0:\"\";i:2;s:0:\"\";i:3;s:0:\"\";i:4;s:0:\"\";i:5;s:0:\"\";i:6;s:0:\"\";}','','','','',1,'2018-04-05 12:42:45','2018-04-05 12:42:45'),(25,203,0,'Fayaque 1','B2F, No.9, Songshou Road, Sinyi District','','Taipei City','11051',25.03601800,121.56657500,'a:7:{i:0;s:0:\"\";i:1;s:0:\"\";i:2;s:0:\"\";i:3;s:0:\"\";i:4;s:0:\"\";i:5;s:0:\"\";i:6;s:0:\"\";}','','','','',1,'2018-04-05 12:45:18','2018-04-05 12:45:18'),(26,203,0,'Fayaque 2','9F, No.12, Nanjing W. Road, Jhongshan District','','Taipei City','10444',25.05230400,121.52110500,'a:7:{i:0;s:0:\"\";i:1;s:0:\"\";i:2;s:0:\"\";i:3;s:0:\"\";i:4;s:0:\"\";i:5;s:0:\"\";i:6;s:0:\"\";}','','','','',1,'2018-04-05 12:48:38','2018-04-05 12:49:15'),(27,203,0,'Fayaque 4','1F, No.658, Sec. 1, Ximen Road, West Central District','','Tainan City','70051',22.98682800,120.19770300,'a:7:{i:0;s:0:\"\";i:1;s:0:\"\";i:2;s:0:\"\";i:3;s:0:\"\";i:4;s:0:\"\";i:5;s:0:\"\";i:6;s:0:\"\";}','','','','',1,'2018-04-05 12:54:08','2018-04-05 12:54:08'),(28,203,0,'Fayaque 3','No.301, Sec. 3, Taiwan Blvd., Situn District','','Taichung City','40756',24.16627300,120.64339600,'a:7:{i:0;s:0:\"\";i:1;s:0:\"\";i:2;s:0:\"\";i:3;s:0:\"\";i:4;s:0:\"\";i:5;s:0:\"\";i:6;s:0:\"\";}','','','','',1,'2018-04-05 12:56:11','2018-04-05 12:56:11');

#
# Structure for table "_WCprTUAstore_shop"
#

CREATE TABLE `_WCprTUAstore_shop` (
  `id_store` int(11) unsigned NOT NULL,
  `id_shop` int(11) unsigned NOT NULL,
  PRIMARY KEY (`id_store`,`id_shop`),
  KEY `id_shop` (`id_shop`)
) ENGINE=InnoDB DEFAULT CHARSET=utf8;

#
# Data for table "_WCprTUAstore_shop"
#

INSERT INTO `_WCprTUAstore_shop` VALUES (1,1),(2,1),(3,1),(4,1),(5,1),(6,1),(7,1),(8,1),(9,1),(10,1),(11,1),(12,1),(13,1),(14,1),(15,1),(16,1),(17,1),(18,1),(19,1),(20,1),(21,1),(22,1),(23,1),(24,1),(25,1),(26,1),(27,1),(28,1);

#
# Structure for table "_WCprTUAsupplier"
#

CREATE TABLE `_WCprTUAsupplier` (
  `id_supplier` int(10) unsigned NOT NULL AUTO_INCREMENT,
  `name` varchar(64) NOT NULL,
  `date_add` datetime NOT NULL,
  `date_upd` datetime NOT NULL,
  `active` tinyint(1) NOT NULL DEFAULT '0',
  PRIMARY KEY (`id_supplier`)
) ENGINE=InnoDB DEFAULT CHARSET=utf8;

#
# Data for table "_WCprTUAsupplier"
#


#
# Structure for table "_WCprTUAsupplier_lang"
#

CREATE TABLE `_WCprTUAsupplier_lang` (
  `id_supplier` int(10) unsigned NOT NULL,
  `id_lang` int(10) unsigned NOT NULL,
  `description` text,
  `meta_title` varchar(128) DEFAULT NULL,
  `meta_keywords` varchar(255) DEFAULT NULL,
  `meta_description` varchar(255) DEFAULT NULL,
  PRIMARY KEY (`id_supplier`,`id_lang`)
) ENGINE=InnoDB DEFAULT CHARSET=utf8;

#
# Data for table "_WCprTUAsupplier_lang"
#


#
# Structure for table "_WCprTUAsupplier_shop"
#

CREATE TABLE `_WCprTUAsupplier_shop` (
  `id_supplier` int(11) unsigned NOT NULL,
  `id_shop` int(11) unsigned NOT NULL,
  PRIMARY KEY (`id_supplier`,`id_shop`),
  KEY `id_shop` (`id_shop`)
) ENGINE=InnoDB DEFAULT CHARSET=utf8;

#
# Data for table "_WCprTUAsupplier_shop"
#


#
# Structure for table "_WCprTUAsupply_order"
#

CREATE TABLE `_WCprTUAsupply_order` (
  `id_supply_order` int(11) unsigned NOT NULL AUTO_INCREMENT,
  `id_supplier` int(11) unsigned NOT NULL,
  `supplier_name` varchar(64) NOT NULL,
  `id_lang` int(11) unsigned NOT NULL,
  `id_warehouse` int(11) unsigned NOT NULL,
  `id_supply_order_state` int(11) unsigned NOT NULL,
  `id_currency` int(11) unsigned NOT NULL,
  `id_ref_currency` int(11) unsigned NOT NULL,
  `reference` varchar(64) NOT NULL,
  `date_add` datetime NOT NULL,
  `date_upd` datetime NOT NULL,
  `date_delivery_expected` datetime DEFAULT NULL,
  `total_te` decimal(20,6) DEFAULT '0.000000',
  `total_with_discount_te` decimal(20,6) DEFAULT '0.000000',
  `total_tax` decimal(20,6) DEFAULT '0.000000',
  `total_ti` decimal(20,6) DEFAULT '0.000000',
  `discount_rate` decimal(20,6) DEFAULT '0.000000',
  `discount_value_te` decimal(20,6) DEFAULT '0.000000',
  `is_template` tinyint(1) DEFAULT '0',
  PRIMARY KEY (`id_supply_order`),
  KEY `id_supplier` (`id_supplier`),
  KEY `id_warehouse` (`id_warehouse`),
  KEY `reference` (`reference`)
) ENGINE=InnoDB DEFAULT CHARSET=utf8;

#
# Data for table "_WCprTUAsupply_order"
#


#
# Structure for table "_WCprTUAsupply_order_detail"
#

CREATE TABLE `_WCprTUAsupply_order_detail` (
  `id_supply_order_detail` int(11) unsigned NOT NULL AUTO_INCREMENT,
  `id_supply_order` int(11) unsigned NOT NULL,
  `id_currency` int(11) unsigned NOT NULL,
  `id_product` int(11) unsigned NOT NULL,
  `id_product_attribute` int(11) unsigned NOT NULL,
  `reference` varchar(32) NOT NULL,
  `supplier_reference` varchar(32) NOT NULL,
  `name` varchar(128) NOT NULL,
  `ean13` varchar(13) DEFAULT NULL,
  `upc` varchar(12) DEFAULT NULL,
  `exchange_rate` decimal(20,6) DEFAULT '0.000000',
  `unit_price_te` decimal(20,6) DEFAULT '0.000000',
  `quantity_expected` int(11) unsigned NOT NULL,
  `quantity_received` int(11) unsigned NOT NULL,
  `price_te` decimal(20,6) DEFAULT '0.000000',
  `discount_rate` decimal(20,6) DEFAULT '0.000000',
  `discount_value_te` decimal(20,6) DEFAULT '0.000000',
  `price_with_discount_te` decimal(20,6) DEFAULT '0.000000',
  `tax_rate` decimal(20,6) DEFAULT '0.000000',
  `tax_value` decimal(20,6) DEFAULT '0.000000',
  `price_ti` decimal(20,6) DEFAULT '0.000000',
  `tax_value_with_order_discount` decimal(20,6) DEFAULT '0.000000',
  `price_with_order_discount_te` decimal(20,6) DEFAULT '0.000000',
  PRIMARY KEY (`id_supply_order_detail`),
  KEY `id_supply_order` (`id_supply_order`,`id_product`),
  KEY `id_product_attribute` (`id_product_attribute`),
  KEY `id_product_product_attribute` (`id_product`,`id_product_attribute`)
) ENGINE=InnoDB DEFAULT CHARSET=utf8;

#
# Data for table "_WCprTUAsupply_order_detail"
#


#
# Structure for table "_WCprTUAsupply_order_history"
#

CREATE TABLE `_WCprTUAsupply_order_history` (
  `id_supply_order_history` int(11) unsigned NOT NULL AUTO_INCREMENT,
  `id_supply_order` int(11) unsigned NOT NULL,
  `id_employee` int(11) unsigned NOT NULL,
  `employee_lastname` varchar(32) DEFAULT '',
  `employee_firstname` varchar(32) DEFAULT '',
  `id_state` int(11) unsigned NOT NULL,
  `date_add` datetime NOT NULL,
  PRIMARY KEY (`id_supply_order_history`),
  KEY `id_supply_order` (`id_supply_order`),
  KEY `id_employee` (`id_employee`),
  KEY `id_state` (`id_state`)
) ENGINE=InnoDB DEFAULT CHARSET=utf8;

#
# Data for table "_WCprTUAsupply_order_history"
#


#
# Structure for table "_WCprTUAsupply_order_receipt_history"
#

CREATE TABLE `_WCprTUAsupply_order_receipt_history` (
  `id_supply_order_receipt_history` int(11) unsigned NOT NULL AUTO_INCREMENT,
  `id_supply_order_detail` int(11) unsigned NOT NULL,
  `id_employee` int(11) unsigned NOT NULL,
  `employee_lastname` varchar(32) DEFAULT '',
  `employee_firstname` varchar(32) DEFAULT '',
  `id_supply_order_state` int(11) unsigned NOT NULL,
  `quantity` int(11) unsigned NOT NULL,
  `date_add` datetime NOT NULL,
  PRIMARY KEY (`id_supply_order_receipt_history`),
  KEY `id_supply_order_detail` (`id_supply_order_detail`),
  KEY `id_supply_order_state` (`id_supply_order_state`)
) ENGINE=InnoDB DEFAULT CHARSET=utf8;

#
# Data for table "_WCprTUAsupply_order_receipt_history"
#


#
# Structure for table "_WCprTUAsupply_order_state"
#

CREATE TABLE `_WCprTUAsupply_order_state` (
  `id_supply_order_state` int(11) unsigned NOT NULL AUTO_INCREMENT,
  `delivery_note` tinyint(1) NOT NULL DEFAULT '0',
  `editable` tinyint(1) NOT NULL DEFAULT '0',
  `receipt_state` tinyint(1) NOT NULL DEFAULT '0',
  `pending_receipt` tinyint(1) NOT NULL DEFAULT '0',
  `enclosed` tinyint(1) NOT NULL DEFAULT '0',
  `color` varchar(32) DEFAULT NULL,
  PRIMARY KEY (`id_supply_order_state`)
) ENGINE=InnoDB AUTO_INCREMENT=7 DEFAULT CHARSET=utf8;

#
# Data for table "_WCprTUAsupply_order_state"
#

INSERT INTO `_WCprTUAsupply_order_state` VALUES (1,0,1,0,0,0,'#faab00'),(2,1,0,0,0,0,'#273cff'),(3,0,0,0,1,0,'#ff37f5'),(4,0,0,1,1,0,'#ff3e33'),(5,0,0,1,0,1,'#00d60c'),(6,0,0,0,0,1,'#666666');

#
# Structure for table "_WCprTUAsupply_order_state_lang"
#

CREATE TABLE `_WCprTUAsupply_order_state_lang` (
  `id_supply_order_state` int(11) unsigned NOT NULL,
  `id_lang` int(11) unsigned NOT NULL,
  `name` varchar(128) DEFAULT NULL,
  PRIMARY KEY (`id_supply_order_state`,`id_lang`)
) ENGINE=InnoDB DEFAULT CHARSET=utf8;

#
# Data for table "_WCprTUAsupply_order_state_lang"
#

INSERT INTO `_WCprTUAsupply_order_state_lang` VALUES (1,1,'1 - Creazione in corso'),(1,2,'1 - Creazione in corso'),(1,3,'1 - Creazione in corso'),(1,4,'1 - Creazione in corso'),(1,5,'1 - Creazione in corso'),(1,6,'1 - Creazione in corso'),(1,7,'1 - Creazione in corso'),(1,8,'1 - Creazione in corso'),(2,1,'2 - Ordine convalidato'),(2,2,'2 - Ordine convalidato'),(2,3,'2 - Ordine convalidato'),(2,4,'2 - Ordine convalidato'),(2,5,'2 - Ordine convalidato'),(2,6,'2 - Ordine convalidato'),(2,7,'2 - Ordine convalidato'),(2,8,'2 - Ordine convalidato'),(3,1,'3 - In attesa di ricevimento'),(3,2,'3 - In attesa di ricevimento'),(3,3,'3 - In attesa di ricevimento'),(3,4,'3 - In attesa di ricevimento'),(3,5,'3 - In attesa di ricevimento'),(3,6,'3 - In attesa di ricevimento'),(3,7,'3 - In attesa di ricevimento'),(3,8,'3 - In attesa di ricevimento'),(4,1,'4 - Ordine ricevuto in parte'),(4,2,'4 - Ordine ricevuto in parte'),(4,3,'4 - Ordine ricevuto in parte'),(4,4,'4 - Ordine ricevuto in parte'),(4,5,'4 - Ordine ricevuto in parte'),(4,6,'4 - Ordine ricevuto in parte'),(4,7,'4 - Ordine ricevuto in parte'),(4,8,'4 - Ordine ricevuto in parte'),(5,1,'5 - Ordine ricevuto completamente'),(5,2,'5 - Ordine ricevuto completamente'),(5,3,'5 - Ordine ricevuto completamente'),(5,4,'5 - Ordine ricevuto completamente'),(5,5,'5 - Ordine ricevuto completamente'),(5,6,'5 - Ordine ricevuto completamente'),(5,7,'5 - Ordine ricevuto completamente'),(5,8,'5 - Ordine ricevuto completamente'),(6,1,'6 - Ordine annullato'),(6,2,'6 - Ordine annullato'),(6,3,'6 - Ordine annullato'),(6,4,'6 - Ordine annullato'),(6,5,'6 - Ordine annullato'),(6,6,'6 - Ordine annullato'),(6,7,'6 - Ordine annullato'),(6,8,'6 - Ordine annullato');

#
# Structure for table "_WCprTUAtab"
#

CREATE TABLE `_WCprTUAtab` (
  `id_tab` int(10) unsigned NOT NULL AUTO_INCREMENT,
  `id_parent` int(11) NOT NULL,
  `class_name` varchar(64) NOT NULL,
  `module` varchar(64) DEFAULT NULL,
  `position` int(10) unsigned NOT NULL,
  `active` tinyint(1) NOT NULL DEFAULT '1',
  `hide_host_mode` tinyint(1) NOT NULL DEFAULT '0',
  PRIMARY KEY (`id_tab`),
  KEY `class_name` (`class_name`),
  KEY `id_parent` (`id_parent`)
) ENGINE=InnoDB AUTO_INCREMENT=129 DEFAULT CHARSET=utf8;

#
# Data for table "_WCprTUAtab"
#

INSERT INTO `_WCprTUAtab` VALUES (1,0,'AdminDashboard','',0,1,0),(2,-1,'AdminCms','',0,1,0),(3,-1,'AdminCmsCategories','',1,1,0),(4,-1,'AdminAttributeGenerator','',2,1,0),(5,-1,'AdminSearch','',3,1,0),(6,-1,'AdminLogin','',4,1,0),(7,-1,'AdminShop','',5,1,0),(8,-1,'AdminShopUrl','',6,1,0),(9,0,'AdminCatalog','',1,1,0),(10,0,'AdminParentOrders','',2,1,0),(11,0,'AdminParentCustomer','',3,1,0),(12,0,'AdminPriceRule','',4,1,0),(13,0,'AdminParentModules','',5,1,0),(14,0,'AdminParentShipping','',6,1,0),(15,0,'AdminParentLocalization','',7,1,0),(16,0,'AdminParentPreferences','',8,1,0),(17,0,'AdminTools','',9,1,0),(18,0,'AdminAdmin','',10,1,0),(19,0,'AdminParentStats','',11,1,0),(20,0,'AdminStock','',12,1,0),(21,9,'AdminProducts','',0,1,0),(22,9,'AdminCategories','',1,1,0),(23,9,'AdminTracking','',2,1,0),(24,9,'AdminAttributesGroups','',3,1,0),(25,9,'AdminFeatures','',4,1,0),(26,9,'AdminManufacturers','',5,1,0),(27,9,'AdminSuppliers','',6,1,0),(28,9,'AdminTags','',7,1,0),(29,9,'AdminAttachments','',8,1,0),(30,10,'AdminOrders','',0,1,0),(31,10,'AdminInvoices','',1,1,0),(32,10,'AdminReturn','',2,1,0),(33,10,'AdminDeliverySlip','',3,1,0),(34,10,'AdminSlip','',4,1,0),(35,10,'AdminStatuses','',5,1,0),(36,10,'AdminOrderMessage','',6,1,0),(37,11,'AdminCustomers','',0,1,0),(38,11,'AdminAddresses','',1,1,0),(39,11,'AdminGroups','',2,1,0),(40,11,'AdminCarts','',3,1,0),(41,11,'AdminCustomerThreads','',4,1,0),(42,11,'AdminContacts','',5,1,0),(43,11,'AdminGenders','',6,1,0),(44,11,'AdminOutstanding','',7,0,0),(45,12,'AdminCartRules','',0,1,0),(46,12,'AdminSpecificPriceRule','',1,1,0),(47,12,'AdminMarketing','',2,1,0),(48,14,'AdminCarriers','',0,1,0),(49,14,'AdminShipping','',1,1,0),(50,14,'AdminCarrierWizard','',2,1,0),(51,15,'AdminLocalization','',0,1,0),(52,15,'AdminLanguages','',1,1,0),(53,15,'AdminZones','',2,1,0),(54,15,'AdminCountries','',3,1,0),(55,15,'AdminStates','',4,1,0),(56,15,'AdminCurrencies','',5,1,0),(57,15,'AdminTaxes','',6,1,0),(58,15,'AdminTaxRulesGroup','',7,1,0),(59,15,'AdminTranslations','',8,1,0),(60,13,'AdminModules','',0,1,0),(61,13,'AdminAddonsCatalog','',1,1,0),(62,13,'AdminModulesPositions','',2,1,0),(63,13,'AdminPayment','',3,1,0),(64,16,'AdminPreferences','',0,1,0),(65,16,'AdminOrderPreferences','',1,1,0),(66,16,'AdminPPreferences','',2,1,0),(67,16,'AdminCustomerPreferences','',3,1,0),(68,16,'AdminThemes','',4,1,0),(69,16,'AdminMeta','',5,1,0),(70,16,'AdminCmsContent','',6,1,0),(71,16,'AdminImages','',7,1,0),(72,16,'AdminStores','',8,1,0),(73,16,'AdminSearchConf','',9,1,0),(74,16,'AdminMaintenance','',10,1,0),(75,16,'AdminGeolocation','',11,1,0),(76,17,'AdminInformation','',0,1,0),(77,17,'AdminPerformance','',1,1,0),(78,17,'AdminEmails','',2,1,0),(79,17,'AdminShopGroup','',3,0,0),(80,17,'AdminImport','',4,1,0),(81,17,'AdminBackup','',5,1,0),(82,17,'AdminRequestSql','',6,1,0),(83,17,'AdminLogs','',7,1,0),(84,17,'AdminWebservice','',8,1,0),(85,18,'AdminAdminPreferences','',0,1,0),(86,18,'AdminQuickAccesses','',1,1,0),(87,18,'AdminEmployees','',2,1,0),(88,18,'AdminProfiles','',3,1,0),(89,18,'AdminAccess','',4,1,0),(90,18,'AdminTabs','',5,1,0),(91,19,'AdminStats','',0,1,0),(92,19,'AdminSearchEngines','',1,1,0),(93,19,'AdminReferrers','',2,1,0),(94,20,'AdminWarehouses','',0,1,0),(95,20,'AdminStockManagement','',1,1,0),(96,20,'AdminStockMvt','',2,1,0),(97,20,'AdminStockInstantState','',3,1,0),(98,20,'AdminStockCover','',4,1,0),(99,20,'AdminSupplyOrders','',5,1,0),(100,20,'AdminStockConfiguration','',6,1,0),(101,-1,'AdminBlockCategories','blockcategories',7,1,0),(102,-1,'AdminDashgoals','dashgoals',8,1,0),(103,-1,'AdminThemeConfigurator','themeconfigurator',9,1,0),(104,13,'AdminLeotempcpModule','leotempcp',4,1,0),(105,13,'AdminLeotempcpPanel','leotempcp',5,1,0),(106,13,'AdminLeotempcpTheme','leotempcp',6,1,0),(107,13,'AdminLeotempcpWidgets','leotempcp',7,1,0),(108,-1,'AdminLeotempcpImages','leotempcp',10,1,0),(109,-1,'AdminLeoSlideshow','leoslideshow',11,1,0),(110,0,'AdminApPageBuilder','appagebuilder',13,1,0),(111,110,'AdminApPageBuilderProfiles','appagebuilder',1,1,0),(112,110,'AdminApPageBuilderPositions','appagebuilder',2,1,0),(113,-1,'AdminApPageBuilderHome','appagebuilder',12,1,0),(114,110,'AdminApPageBuilderProducts','appagebuilder',3,1,0),(115,110,'AdminApPageBuilderModule','appagebuilder',4,1,0),(116,-1,'AdminApPageBuilderImages','appagebuilder',13,1,0),(117,-1,'AdminApPageBuilderShortcodes','appagebuilder',14,1,0),(118,0,'AdminLeoblogManagement','leoblog',14,1,0),(119,118,'AdminLeoblogDashboard','leoblog',1,1,0),(120,118,'AdminLeoblogCategories','leoblog',2,1,0),(121,118,'AdminLeoblogBlogs','leoblog',3,1,0),(122,118,'AdminLeoblogComments','leoblog',4,1,0),(123,-1,'AdminAutoLanguageCurrencyConf','autolanguagecurrency',15,1,0),(124,11,'AdminDataRequests','gdprpro',8,1,0),(125,0,'AdminModuleHooks','gdprpro',15,1,0),(126,11,'AdminDataRequests','gdprpro',9,0,0),(127,0,'AdminGdprConfig','gdprpro',16,1,0),(128,11,'AdminGdprLog','gdprpro',10,1,0);

#
# Structure for table "_WCprTUAtab_lang"
#

CREATE TABLE `_WCprTUAtab_lang` (
  `id_tab` int(10) unsigned NOT NULL,
  `id_lang` int(10) unsigned NOT NULL,
  `name` varchar(64) DEFAULT NULL,
  PRIMARY KEY (`id_tab`,`id_lang`)
) ENGINE=InnoDB DEFAULT CHARSET=utf8;

#
# Data for table "_WCprTUAtab_lang"
#

INSERT INTO `_WCprTUAtab_lang` VALUES (1,1,'Pannello di controllo'),(1,2,'Pannello di controllo'),(1,3,'Pannello di controllo'),(1,4,'Pannello di controllo'),(1,5,'Pannello di controllo'),(1,6,'儀表板'),(1,7,'Tableau de bord'),(1,8,'仪表盘'),(2,1,'Pagine CMS'),(2,2,'Pagine CMS'),(2,3,'Pagine CMS'),(2,4,'Pagine CMS'),(2,5,'Pagine CMS'),(2,6,'內容管理系統(CMS)頁面'),(2,7,'Pages et Catégories CMS'),(2,8,'客服页面'),(3,1,'Cstegorie CMS'),(3,2,'Categorie CMS'),(3,3,'Categorie CMS'),(3,4,'Categorie CMS'),(3,5,'Categorie CMS'),(3,6,'內容管理系統(CMS)分類'),(3,7,'Pages et Catégories CMS'),(3,8,'客服分类'),(4,1,'Generatore di Combinazioni'),(4,2,'Generatore di combinazioni'),(4,3,'Generatore di combinazioni'),(4,4,'Generatore di combinazioni'),(4,5,'Generatore di combinazioni'),(4,6,'Générateur de déclinaisons'),(4,7,'Générateur de déclinaisons'),(4,8,'Générateur de déclinaisons'),(5,1,'Cerca'),(5,2,'Cerca'),(5,3,'Cerca'),(5,4,'Cerca'),(5,5,'Cerca'),(5,6,'搜尋'),(5,7,'Rechercher'),(5,8,'搜索'),(6,1,'Entra'),(6,2,'Accesso'),(6,3,'Accesso'),(6,4,'Accesso'),(6,5,'Accesso'),(6,6,'登入'),(6,7,'Identifiant'),(6,8,'登录'),(7,1,'Negozi'),(7,2,'Negozi associati'),(7,3,'Negozi associati'),(7,4,'Negozi associati'),(7,5,'Negozi associati'),(7,6,'商店'),(7,7,'Boutiques'),(7,8,'店铺'),(8,1,'URLs negozio'),(8,2,'URL negozi'),(8,3,'URL negozi'),(8,4,'URL negozi'),(8,5,'URL negozi'),(8,6,'商店網址'),(8,7,'URL des boutiques'),(8,8,'店铺网址'),(9,1,'Catalogo'),(9,2,'Catalogo'),(9,3,'Catalogo'),(9,4,'Catalogo'),(9,5,'Catalogo'),(9,6,'商品目錄'),(9,7,'Catalogue'),(9,8,'分类'),(10,1,'Ordini'),(10,2,'Ordini'),(10,3,'Ordini'),(10,4,'Ordini'),(10,5,'Ordini'),(10,6,'訂單'),(10,7,'Commandes'),(10,8,'订单'),(11,1,'Clienti'),(11,2,'Clienti'),(11,3,'Clienti'),(11,4,'Clienti'),(11,5,'Clienti'),(11,6,'客戶'),(11,7,'Clients'),(11,8,'客户'),(12,1,'Regole prezzi'),(12,2,'Regole prezzi'),(12,3,'Regole prezzi'),(12,4,'Regole prezzi'),(12,5,'Regole prezzi'),(12,6,'價格規則'),(12,7,'Promotions'),(12,8,'价格规则'),(13,1,'Moduli e Servizi'),(13,2,'Moduli'),(13,3,'Moduli'),(13,4,'Moduli'),(13,5,'Moduli'),(13,6,'模組及服務'),(13,7,'Modules et services'),(13,8,'模块和服务'),(14,1,'Spedizione'),(14,2,'Spedizione'),(14,3,'Spedizione'),(14,4,'Spedizione'),(14,5,'Spedizione'),(14,6,'運費'),(14,7,'Expédition'),(14,8,'配送'),(15,1,'Localizzazione'),(15,2,'Localizzazione'),(15,3,'Localizzazione'),(15,4,'Localizzazione'),(15,5,'Localizzazione'),(15,6,'本地化'),(15,7,'Localisation'),(15,8,'本地化'),(16,1,'Impostazioni'),(16,2,'Preferenze'),(16,3,'Preferenze'),(16,4,'Preferenze'),(16,5,'Preferenze'),(16,6,'偏好設定'),(16,7,'Préférences'),(16,8,'选项'),(17,1,'Parametri Avanzati'),(17,2,'Parametri avanzati'),(17,3,'Parametri avanzati'),(17,4,'Parametri avanzati'),(17,5,'Parametri avanzati'),(17,6,'進階設定'),(17,7,'Paramètres avancés'),(17,8,'高级参数'),(18,1,'Amministrazione'),(18,2,'Amministrazione'),(18,3,'Amministrazione'),(18,4,'Amministrazione'),(18,5,'Amministrazione'),(18,6,'管理'),(18,7,'Administration'),(18,8,'行政'),(19,1,'Statistiche'),(19,2,'Statistiche'),(19,3,'Statistiche'),(19,4,'Statistiche'),(19,5,'Statistiche'),(19,6,'統計資訊'),(19,7,'Statistiques'),(19,8,'统计信息'),(20,1,'Magazzino'),(20,2,'Magazzino'),(20,3,'Magazzino'),(20,4,'Magazzino'),(20,5,'Magazzino'),(20,6,'庫存'),(20,7,'Stock'),(20,8,'库存'),(21,1,'Prodotti'),(21,2,'Prodotti'),(21,3,'Prodotti'),(21,4,'Prodotti'),(21,5,'Prodotti'),(21,6,'商品'),(21,7,'Produits'),(21,8,'单件商品'),(22,1,'Categorie'),(22,2,'Categorie'),(22,3,'Categorie'),(22,4,'Categorie'),(22,5,'Categorie'),(22,6,'分類'),(22,7,'Catégories'),(22,8,'分类'),(23,1,'Monitoraggio'),(23,2,'Monitoraggio'),(23,3,'Monitoraggio'),(23,4,'Monitoraggio'),(23,5,'Monitoraggio'),(23,6,'監控'),(23,7,'Suivi'),(23,8,'监测'),(24,1,'Attributi prodotto'),(24,2,'Attributi'),(24,3,'Attributi'),(24,4,'Attributi'),(24,5,'Attributi'),(24,6,'商品屬性'),(24,7,'Attributs des produits'),(24,8,'产品属性'),(25,1,'Caratteristiche prodotto'),(25,2,'Caratteristiche'),(25,3,'Caratteristiche'),(25,4,'Caratteristiche'),(25,5,'Caratteristiche'),(25,6,'商品特點'),(25,7,'Caractéristiques'),(25,8,'产品特点'),(26,1,'Produttori'),(26,2,'Produttori'),(26,3,'Produttori'),(26,4,'Produttori'),(26,5,'Produttori'),(26,6,'製造商'),(26,7,'Fabricants'),(26,8,'制造商'),(27,1,'Fornitori'),(27,2,'Fornitori'),(27,3,'Fornitori'),(27,4,'Fornitori'),(27,5,'Fornitori'),(27,6,'供應商'),(27,7,'Fournisseurs'),(27,8,'供应商'),(28,1,'Tags'),(28,2,'Tag'),(28,3,'Tag'),(28,4,'Tag'),(28,5,'Tag'),(28,6,'標籤'),(28,7,'Mots-clés'),(28,8,'标签'),(29,1,'Documenti Allegati'),(29,2,'Allegati'),(29,3,'Allegati'),(29,4,'Allegati'),(29,5,'Allegati'),(29,6,'附檔'),(29,7,'Documents joints'),(29,8,'附件'),(30,1,'Ordini'),(30,2,'Ordini'),(30,3,'Ordini'),(30,4,'Ordini'),(30,5,'Ordini'),(30,6,'訂單'),(30,7,'Commandes'),(30,8,'订单'),(31,1,'Fatture'),(31,2,'Fatture'),(31,3,'Fatture'),(31,4,'Fatture'),(31,5,'Fatture'),(31,6,'發票'),(31,7,'Factures'),(31,8,'发票'),(32,1,'Restituzione Prodotto'),(32,2,'Resi'),(32,3,'Resi'),(32,4,'Resi'),(32,5,'Resi'),(32,6,'退貨'),(32,7,'Retours produits'),(32,8,'Retours produit'),(33,1,'Bolle di consegna'),(33,2,'Note di consegna'),(33,3,'Note di consegna'),(33,4,'Note di consegna'),(33,5,'Note di consegna'),(33,6,'送貨單'),(33,7,'Bons de livraison'),(33,8,'交货单'),(34,1,'Buoni sconto'),(34,2,'Note di credito'),(34,3,'Note di credito'),(34,4,'Note di credito'),(34,5,'Note di credito'),(34,6,'貸方票據'),(34,7,'Notes de crédit'),(34,8,'Avoirs'),(35,1,'Stati'),(35,2,'Stati'),(35,3,'Stati'),(35,4,'Stati'),(35,5,'Stati'),(35,6,'États'),(35,7,'États de commandes'),(35,8,'状态'),(36,1,'Messaggi d\'ordine'),(36,2,'Messaggi predefiniti'),(36,3,'Messaggi predefiniti'),(36,4,'Messaggi predefiniti'),(36,5,'Messaggi predefiniti'),(36,6,'訂購消息'),(36,7,'Messages prédéfinis'),(36,8,'Messages prédéfinis'),(37,1,'Clienti'),(37,2,'Clienti'),(37,3,'Clienti'),(37,4,'Clienti'),(37,5,'Clienti'),(37,6,'客戶'),(37,7,'Clients'),(37,8,'客户'),(38,1,'Indirizzi'),(38,2,'Indirizzi'),(38,3,'Indirizzi'),(38,4,'Indirizzi'),(38,5,'Indirizzi'),(38,6,'地址'),(38,7,'Adresses'),(38,8,'地址'),(39,1,'Gruppi'),(39,2,'Gruppi'),(39,3,'Gruppi'),(39,4,'Gruppi'),(39,5,'Gruppi'),(39,6,'群組'),(39,7,'Groupes'),(39,8,'组'),(40,1,'Carrello della spesa'),(40,2,'Carrello'),(40,3,'Carrello'),(40,4,'Carrello'),(40,5,'Carrello'),(40,6,'購物車'),(40,7,'Paniers'),(40,8,'购物车'),(41,1,'Servizio clienti'),(41,2,'Assistenza clienti'),(41,3,'Assistenza clienti'),(41,4,'Assistenza clienti'),(41,5,'Assistenza clienti'),(41,6,'客戶服務'),(41,7,'Service à la clientèle'),(41,8,'客户服务'),(42,1,'Contatti'),(42,2,'Contatti'),(42,3,'Contatti'),(42,4,'Contatti'),(42,5,'Contatti'),(42,6,'聯絡人'),(42,7,'Contacts'),(42,8,'联系方式'),(43,1,'Titoli'),(43,2,'Titoli'),(43,3,'Titoli'),(43,4,'Titoli'),(43,5,'Titoli'),(43,6,'標題'),(43,7,'Titres de civilité'),(43,8,'Titres de civilité'),(44,1,'In sospeso'),(44,2,'In sospeso'),(44,3,'In sospeso'),(44,4,'In sospeso'),(44,5,'In sospeso'),(44,6,'未付'),(44,7,'Encours autorisés'),(44,8,'未支付'),(45,1,'Regole Carrello'),(45,2,'Regole carrello'),(45,3,'Regole carrello'),(45,4,'Regole carrello'),(45,5,'Regole carrello'),(45,6,'購物車規則'),(45,7,'Règles panier'),(45,8,'购物车规则'),(46,1,'Regole Catalogo Prezzi'),(46,2,'Regole catalogo'),(46,3,'Regole catalogo'),(46,4,'Regole catalogo'),(46,5,'Regole catalogo'),(46,6,'目錄價格規則'),(46,7,'Règles de prix catalogue'),(46,8,'Règles de prix catalogue'),(47,1,'Marketing'),(47,2,'Marketing'),(47,3,'Marketing'),(47,4,'Marketing'),(47,5,'Marketing'),(47,6,'行銷'),(47,7,'Marketing'),(47,8,'商场'),(48,1,'Mezzi di spedizione'),(48,2,'Corrieri'),(48,3,'Corrieri'),(48,4,'Corrieri'),(48,5,'Corrieri'),(48,6,'承運商'),(48,7,'Transporteurs'),(48,8,'货运商'),(49,1,'Impostazioni'),(49,2,'Preferenze'),(49,3,'Preferenze'),(49,4,'Preferenze'),(49,5,'Preferenze'),(49,6,'偏好設定'),(49,7,'Préférences'),(49,8,'选项'),(50,1,'Corriere'),(50,2,'Corriere'),(50,3,'Corriere'),(50,4,'Corriere'),(50,5,'Corriere'),(50,6,'承運商'),(50,7,'Transporteur'),(50,8,'配送商'),(51,1,'Localizzazione'),(51,2,'Localizzazione'),(51,3,'Localizzazione'),(51,4,'Localizzazione'),(51,5,'Localizzazione'),(51,6,'本地化'),(51,7,'Localisation'),(51,8,'本地化'),(52,1,'Lingue'),(52,2,'Lingue'),(52,3,'Lingue'),(52,4,'Lingue'),(52,5,'Lingue'),(52,6,'語言'),(52,7,'Langues'),(52,8,'语言'),(53,1,'Zone'),(53,2,'Zone'),(53,3,'Zone'),(53,4,'Zone'),(53,5,'Zone'),(53,6,'區域'),(53,7,'Zones'),(53,8,'洲'),(54,1,'Nazione'),(54,2,'Nazioni'),(54,3,'Nazioni'),(54,4,'Nazioni'),(54,5,'Nazioni'),(54,6,'國家'),(54,7,'Pays'),(54,8,'国家'),(55,1,'Province'),(55,2,'Stati'),(55,3,'Stati'),(55,4,'Stati'),(55,5,'Stati'),(55,6,'州'),(55,7,'États'),(55,8,'省/市'),(56,1,'Valute'),(56,2,'Valute'),(56,3,'Valute'),(56,4,'Valute'),(56,5,'Valute'),(56,6,'貨幣'),(56,7,'Devises'),(56,8,'货币'),(57,1,'Tasse'),(57,2,'Tasse'),(57,3,'Tasse'),(57,4,'Tasse'),(57,5,'Tasse'),(57,6,'稅'),(57,7,'Taxes'),(57,8,'税'),(58,1,'Aliquote Iva'),(58,2,'Regole tasse'),(58,3,'Regole tasse'),(58,4,'Regole tasse'),(58,5,'Regole tasse'),(58,6,'稅務規則'),(58,7,'Règles de taxes'),(58,8,'税法'),(59,1,'Traduzioni'),(59,2,'Traduzioni'),(59,3,'Traduzioni'),(59,4,'Traduzioni'),(59,5,'Traduzioni'),(59,6,'翻譯'),(59,7,'Traductions'),(59,8,'翻译'),(60,1,'Moduli e Servizi'),(60,2,'Moduli e servizi'),(60,3,'Moduli e servizi'),(60,4,'Moduli e servizi'),(60,5,'Moduli e servizi'),(60,6,'模組及服務'),(60,7,'Modules et services'),(60,8,'模块和服务'),(61,1,'Catalogo Moduli e Temi'),(61,2,'Catalogo moduli e temi'),(61,3,'Catalogo moduli e temi'),(61,4,'Catalogo moduli e temi'),(61,5,'Catalogo moduli e temi'),(61,6,'模塊和主題目錄'),(61,7,'Catalogue de Modules et Thèmes'),(61,8,'模块和主题目录'),(62,1,'Posizioni'),(62,2,'Posizioni'),(62,3,'Posizioni'),(62,4,'Posizioni'),(62,5,'Posizioni'),(62,6,'位置'),(62,7,'Positions'),(62,8,'位置'),(63,1,'Pagamento'),(63,2,'Pagamento'),(63,3,'Pagamento'),(63,4,'Pagamento'),(63,5,'Pagamento'),(63,6,'付款方式'),(63,7,'Paiement'),(63,8,'付款'),(64,1,'Generale'),(64,2,'Generale'),(64,3,'Generale'),(64,4,'Generale'),(64,5,'Generale'),(64,6,'一般'),(64,7,'Paramètres généraux'),(64,8,'一般'),(65,1,'Ordini'),(65,2,'Ordini'),(65,3,'Ordini'),(65,4,'Ordini'),(65,5,'Ordini'),(65,6,'訂單'),(65,7,'Commandes'),(65,8,'订单'),(66,1,'Prodotti'),(66,2,'Prodotti'),(66,3,'Prodotti'),(66,4,'Prodotti'),(66,5,'Prodotti'),(66,6,'商品'),(66,7,'Produits'),(66,8,'单件商品'),(67,1,'Clienti'),(67,2,'Clienti'),(67,3,'Clienti'),(67,4,'Clienti'),(67,5,'Clienti'),(67,6,'客戶'),(67,7,'Clients'),(67,8,'客户'),(68,1,'Temi'),(68,2,'Temi'),(68,3,'Temi'),(68,4,'Temi'),(68,5,'Temi'),(68,6,'主題'),(68,7,'Thèmes'),(68,8,'主题'),(69,1,'SEO & URLs'),(69,2,'URL e SEO'),(69,3,'URL e SEO'),(69,4,'URL e SEO'),(69,5,'URL e SEO'),(69,6,'SEO & 鏈接'),(69,7,'SEO & URL'),(69,8,'SEO & 链接'),(70,1,'CMS'),(70,2,'CMS'),(70,3,'CMS'),(70,4,'CMS'),(70,5,'CMS'),(70,6,'內容管理系統'),(70,7,'CMS'),(70,8,'内容管理系统'),(71,1,'Immagini'),(71,2,'Immagini'),(71,3,'Immagini'),(71,4,'Immagini'),(71,5,'Immagini'),(71,6,'圖片'),(71,7,'Images'),(71,8,'图片'),(72,1,'Contatti negozio'),(72,2,'Contatti del negozio'),(72,3,'Contatti del negozio'),(72,4,'Contatti del negozio'),(72,5,'Contatti del negozio'),(72,6,'商店聯繫'),(72,7,'Coordonnées et magasins'),(72,8,'店铺联系'),(73,1,'Cerca'),(73,2,'Cerca'),(73,3,'Cerca'),(73,4,'Cerca'),(73,5,'Cerca'),(73,6,'搜尋'),(73,7,'Rechercher'),(73,8,'搜索'),(74,1,'Manutenzione'),(74,2,'Manutenzione'),(74,3,'Manutenzione'),(74,4,'Manutenzione'),(74,5,'Manutenzione'),(74,6,'網站維護'),(74,7,'Maintenance'),(74,8,'维护'),(75,1,'Geolocalizzazione'),(75,2,'Geolocalizzazione'),(75,3,'Geolocalizzazione'),(75,4,'Geolocalizzazione'),(75,5,'Geolocalizzazione'),(75,6,'地理位置'),(75,7,'Géolocalisation'),(75,8,'地理位置'),(76,1,'Informazioni'),(76,2,'Informazioni'),(76,3,'Informazioni'),(76,4,'Informazioni'),(76,5,'Informazioni'),(76,6,'設定資訊'),(76,7,'Informations de Configuration'),(76,8,'确认信息'),(77,1,'Prestazioni'),(77,2,'Prestazioni'),(77,3,'Prestazioni'),(77,4,'Prestazioni'),(77,5,'Prestazioni'),(77,6,'效能'),(77,7,'Performances'),(77,8,'性能'),(78,1,'Email'),(78,2,'E-mail'),(78,3,'E-mail'),(78,4,'E-mail'),(78,5,'E-mail'),(78,6,'電子信箱'),(78,7,'Courriel'),(78,8,'邮箱'),(79,1,'Multinegozio'),(79,2,'Multi-negozio'),(79,3,'Multi-negozio'),(79,4,'Multi-negozio'),(79,5,'Multi-negozio'),(79,6,'多店模式'),(79,7,'Multiboutique'),(79,8,'Multiboutique'),(80,1,'Importa CSV'),(80,2,'Importazione CSV'),(80,3,'Importazione CSV'),(80,4,'Importazione CSV'),(80,5,'Importazione CSV'),(80,6,'CSV 導入'),(80,7,'Importer CSV'),(80,8,'CSV 导入'),(81,1,'Backup DB'),(81,2,'Backup database'),(81,3,'Backup database'),(81,4,'Backup database'),(81,5,'Backup database'),(81,6,'數據庫備份'),(81,7,'Sauvegarde BDD'),(81,8,'数据库备份'),(82,1,'Manager SQL'),(82,2,'Manager SQL'),(82,3,'Manager SQL'),(82,4,'Manager SQL'),(82,5,'Manager SQL'),(82,6,'SQL管理器'),(82,7,'Gestionnaire SQL'),(82,8,'SQL管理器'),(83,1,'Logs'),(83,2,'Log'),(83,3,'Log'),(83,4,'Log'),(83,5,'Log'),(83,6,'記錄'),(83,7,'Logs'),(83,8,'日志'),(84,1,'Webservice'),(84,2,'Webservice'),(84,3,'Webservice'),(84,4,'Webservice'),(84,5,'Webservice'),(84,6,'網路服務'),(84,7,'Webservice'),(84,8,'Web服务'),(85,1,'Impostazioni'),(85,2,'Preferenze'),(85,3,'Preferenze'),(85,4,'Preferenze'),(85,5,'Preferenze'),(85,6,'偏好設定'),(85,7,'Préférences'),(85,8,'选项'),(86,1,'Accesso Veloce'),(86,2,'Accesso veloce'),(86,3,'Accesso veloce'),(86,4,'Accesso veloce'),(86,5,'Accesso veloce'),(86,6,'快速存取'),(86,7,'Accès Rapide'),(86,8,'快速通道'),(87,1,'Dipendenti'),(87,2,'Dipendenti'),(87,3,'Dipendenti'),(87,4,'Dipendenti'),(87,5,'Dipendenti'),(87,6,'員工'),(87,7,'Employés'),(87,8,'雇员'),(88,1,'Profili'),(88,2,'Profili'),(88,3,'Profili'),(88,4,'Profili'),(88,5,'Profili'),(88,6,'設定檔'),(88,7,'Profils'),(88,8,'职位'),(89,1,'Permessi'),(89,2,'Permessi'),(89,3,'Permessi'),(89,4,'Permessi'),(89,5,'Permessi'),(89,6,'權限'),(89,7,'Permissions'),(89,8,'权限'),(90,1,'Menù'),(90,2,'Menù'),(90,3,'Menù'),(90,4,'Menù'),(90,5,'Menù'),(90,6,'選單'),(90,7,'Menus'),(90,8,'菜单'),(91,1,'Statistiche'),(91,2,'Statistiche'),(91,3,'Statistiche'),(91,4,'Statistiche'),(91,5,'Statistiche'),(91,6,'統計資訊'),(91,7,'Statistiques'),(91,8,'统计信息'),(92,1,'Motori di ricerca'),(92,2,'Motori di ricerca'),(92,3,'Motori di ricerca'),(92,4,'Motori di ricerca'),(92,5,'Motori di ricerca'),(92,6,'搜索引擎'),(92,7,'Moteurs de recherche'),(92,8,'搜索引擎'),(93,1,'Affiliati'),(93,2,'Affiliati'),(93,3,'Affiliati'),(93,4,'Affiliati'),(93,5,'Affiliati'),(93,6,'來源'),(93,7,'Affiliés'),(93,8,'推荐'),(94,1,'Magazzini'),(94,2,'Magazzini'),(94,3,'Magazzini'),(94,4,'Magazzini'),(94,5,'Magazzini'),(94,6,'倉庫'),(94,7,'Entrepôts'),(94,8,'仓库'),(95,1,'Gestione del Magazzino'),(95,2,'Gestione magazzino'),(95,3,'Gestione magazzino'),(95,4,'Gestione magazzino'),(95,5,'Gestione magazzino'),(95,6,'存貨管理'),(95,7,'Gestion du stock'),(95,8,'Gestion de stock'),(96,1,'Movimenti di magazzino'),(96,2,'Movimento magazzino'),(96,3,'Movimento magazzino'),(96,4,'Movimento magazzino'),(96,5,'Movimento magazzino'),(96,6,'庫存變動'),(96,7,'Mouvements de stock'),(96,8,'库存变动'),(97,1,'Stato dello Stock Istantaneo'),(97,2,'Stato dello Stock Istantaneo'),(97,3,'Stato dello Stock Istantaneo'),(97,4,'Stato dello Stock Istantaneo'),(97,5,'Stato dello Stock Istantaneo'),(97,6,'即時庫存狀況'),(97,7,'État instantané du stock'),(97,8,'Etat instantané du stock'),(98,1,'Disponibilità di magazzino'),(98,2,'Copertura magazzino'),(98,3,'Copertura magazzino'),(98,4,'Copertura magazzino'),(98,5,'Copertura magazzino'),(98,6,'現貨供應情況'),(98,7,'Couverture du stock'),(98,8,'库存范围'),(99,1,'Ordini fornitura'),(99,2,'Ordini fornitura'),(99,3,'Ordini fornitura'),(99,4,'Ordini fornitura'),(99,5,'Ordini fornitura'),(99,6,'採購訂單'),(99,7,'Commandes fournisseurs'),(99,8,'供应订单'),(100,1,'Configurazione'),(100,2,'Configurazione'),(100,3,'Configurazione'),(100,4,'Configurazione'),(100,5,'Configurazione'),(100,6,'設定'),(100,7,'Paramètres'),(100,8,'配置'),(101,1,'Blocco Categorie'),(101,2,'BlockCategories'),(101,3,'BlockCategories'),(101,4,'BlockCategories'),(101,5,'BlockCategories'),(101,6,'版塊分類'),(101,7,'Bloc Catégories'),(101,8,'版块分类'),(102,1,'Dashgoals'),(102,2,'Dashgoals'),(102,3,'Dashgoals'),(102,4,'Dashgoals'),(102,5,'Dashgoals'),(102,6,'控制面板目標'),(102,7,'Objectifs'),(102,8,'冲刺目标'),(103,1,'configuratore tema'),(103,2,'themeconfigurator'),(103,3,'themeconfigurator'),(103,4,'themeconfigurator'),(103,5,'themeconfigurator'),(103,6,'主題配置'),(103,7,'Configurateur de thème'),(103,8,'主题配置'),(104,1,'Leo Theme Configuration'),(104,2,'Leo Theme Configuration'),(104,3,'Leo Theme Configuration'),(104,4,'Leo Theme Configuration'),(104,5,'Leo Theme Configuration'),(104,6,'Leo Theme Configuration'),(104,7,'Leo Theme Configuration'),(104,8,'Leo Theme Configuration'),(105,1,'Leo Positions Control Panel'),(105,2,'Leo Positions Control Panel'),(105,3,'Leo Positions Control Panel'),(105,4,'Leo Positions Control Panel'),(105,5,'Leo Positions Control Panel'),(105,6,'Leo Positions Control Panel'),(105,7,'Leo Positions Control Panel'),(105,8,'Leo Positions Control Panel'),(106,1,'Leo Live Theme Editor'),(106,2,'Leo Live Theme Editor'),(106,3,'Leo Live Theme Editor'),(106,4,'Leo Live Theme Editor'),(106,5,'Leo Live Theme Editor'),(106,6,'Leo Live Theme Editor'),(106,7,'Leo Live Theme Editor'),(106,8,'Leo Live Theme Editor'),(107,1,'Leo Manage widgets'),(107,2,'Leo Manage widgets'),(107,3,'Leo Manage widgets'),(107,4,'Leo Manage widgets'),(107,5,'Leo Manage widgets'),(107,6,'Leo Manage widgets'),(107,7,'Leo Manage widgets'),(107,8,'Leo Manage widgets'),(108,1,'Leo Manage Images'),(108,2,'Leo Manage Images'),(108,3,'Leo Manage Images'),(108,4,'Leo Manage Images'),(108,5,'Leo Manage Images'),(108,6,'Leo Manage Images'),(108,7,'Leo Manage Images'),(108,8,'Leo Manage Images'),(109,1,'LeoSlideShow'),(109,2,'LeoSlideShow'),(109,3,'LeoSlideShow'),(109,4,'LeoSlideShow'),(109,5,'LeoSlideShow'),(109,6,'LeoSlideShow'),(109,7,'LeoSlideShow'),(109,8,'LeoSlideShow'),(110,1,'Ap PageBuilder'),(110,2,'Ap PageBuilder'),(110,3,'Ap PageBuilder'),(110,4,'Ap PageBuilder'),(110,5,'Ap PageBuilder'),(110,6,'Ap PageBuilder'),(110,7,'Ap PageBuilder'),(110,8,'Ap PageBuilder'),(111,1,'Ap Profiles Manage'),(111,2,'Ap Profiles Manage'),(111,3,'Ap Profiles Manage'),(111,4,'Ap Profiles Manage'),(111,5,'Ap Profiles Manage'),(111,6,'Ap Profiles Manage'),(111,7,'Ap Profiles Manage'),(111,8,'Ap Profiles Manage'),(112,1,'Ap Positions Manage'),(112,2,'Ap Positions Manage'),(112,3,'Ap Positions Manage'),(112,4,'Ap Positions Manage'),(112,5,'Ap Positions Manage'),(112,6,'Ap Positions Manage'),(112,7,'Ap Positions Manage'),(112,8,'Ap Positions Manage'),(113,1,'Ap Hook Builder'),(113,2,'Ap Hook Builder'),(113,3,'Ap Hook Builder'),(113,4,'Ap Hook Builder'),(113,5,'Ap Hook Builder'),(113,6,'Ap Hook Builder'),(113,7,'Ap Hook Builder'),(113,8,'Ap Hook Builder'),(114,1,'Ap Products List Builder'),(114,2,'Ap Products List Builder'),(114,3,'Ap Products List Builder'),(114,4,'Ap Products List Builder'),(114,5,'Ap Products List Builder'),(114,6,'Ap Products List Builder'),(114,7,'Ap Products List Builder'),(114,8,'Ap Products List Builder'),(115,1,'Ap Page Builder Configuration'),(115,2,'Ap Page Builder Configuration'),(115,3,'Ap Page Builder Configuration'),(115,4,'Ap Page Builder Configuration'),(115,5,'Ap Page Builder Configuration'),(115,6,'Ap Page Builder Configuration'),(115,7,'Ap Page Builder Configuration'),(115,8,'Ap Page Builder Configuration'),(116,1,'Ap Image Manage'),(116,2,'Ap Image Manage'),(116,3,'Ap Image Manage'),(116,4,'Ap Image Manage'),(116,5,'Ap Image Manage'),(116,6,'Ap Image Manage'),(116,7,'Ap Image Manage'),(116,8,'Ap Image Manage'),(117,1,'Ap Shortcodes Builder'),(117,2,'Ap Shortcodes Builder'),(117,3,'Ap Shortcodes Builder'),(117,4,'Ap Shortcodes Builder'),(117,5,'Ap Shortcodes Builder'),(117,6,'Ap Shortcodes Builder'),(117,7,'Ap Shortcodes Builder'),(117,8,'Ap Shortcodes Builder'),(118,1,'Blog Management'),(118,2,'Blog Management'),(118,3,'Blog Management'),(118,4,'Blog Management'),(118,5,'Blog Management'),(118,6,'Blog Management'),(118,7,'Blog Management'),(118,8,'Blog Management'),(119,1,'Blog Dashboard'),(119,2,'Blog Dashboard'),(119,3,'Blog Dashboard'),(119,4,'Blog Dashboard'),(119,5,'Blog Dashboard'),(119,6,'Blog Dashboard'),(119,7,'Blog Dashboard'),(119,8,'Blog Dashboard'),(120,1,'Categories Management'),(120,2,'Categories Management'),(120,3,'Categories Management'),(120,4,'Categories Management'),(120,5,'Categories Management'),(120,6,'Categories Management'),(120,7,'Categories Management'),(120,8,'Categories Management'),(121,1,'Blogs Management'),(121,2,'Blogs Management'),(121,3,'Blogs Management'),(121,4,'Blogs Management'),(121,5,'Blogs Management'),(121,6,'Blogs Management'),(121,7,'Blogs Management'),(121,8,'Blogs Management'),(122,1,'Comment Management'),(122,2,'Comment Management'),(122,3,'Comment Management'),(122,4,'Comment Management'),(122,5,'Comment Management'),(122,6,'Comment Management'),(122,7,'Comment Management'),(122,8,'Comment Management'),(123,1,'AdminAutoLanguageCurrencyConf'),(123,2,'AdminAutoLanguageCurrencyConf'),(123,3,'AdminAutoLanguageCurrencyConf'),(123,4,'AdminAutoLanguageCurrencyConf'),(123,5,'AdminAutoLanguageCurrencyConf'),(123,6,'AdminAutoLanguageCurrencyConf'),(123,7,'AdminAutoLanguageCurrencyConf'),(123,8,'AdminAutoLanguageCurrencyConf'),(124,1,'Data Requests'),(124,2,'Data Requests'),(124,3,'Data Requests'),(124,4,'Data Requests'),(124,5,'Data Requests'),(124,6,'Data Requests'),(124,7,'Data Requests'),(124,8,'Data Requests'),(125,1,'GDPR Module Hooks'),(125,2,'GDPR Module Hooks'),(125,3,'GDPR Module Hooks'),(125,4,'GDPR Module Hooks'),(125,5,'GDPR Module Hooks'),(125,6,'GDPR Module Hooks'),(125,7,'GDPR Module Hooks'),(125,8,'GDPR Module Hooks'),(126,1,'Data requests'),(126,2,'Data requests'),(126,3,'Data requests'),(126,4,'Data requests'),(126,5,'Data requests'),(126,6,'Data requests'),(126,7,'Data requests'),(126,8,'Data requests'),(127,1,'GDPR Config'),(127,2,'GDPR Config'),(127,3,'GDPR Config'),(127,4,'GDPR Config'),(127,5,'GDPR Config'),(127,6,'GDPR Config'),(127,7,'GDPR Config'),(127,8,'GDPR Config'),(128,1,'Activity log'),(128,2,'Activity log'),(128,3,'Activity log'),(128,4,'Activity log'),(128,5,'Activity log'),(128,6,'Activity log'),(128,7,'Activity log'),(128,8,'Activity log');

#
# Structure for table "_WCprTUAtab_module_preference"
#

CREATE TABLE `_WCprTUAtab_module_preference` (
  `id_tab_module_preference` int(11) NOT NULL AUTO_INCREMENT,
  `id_employee` int(11) NOT NULL,
  `id_tab` int(11) NOT NULL,
  `module` varchar(255) NOT NULL,
  PRIMARY KEY (`id_tab_module_preference`),
  UNIQUE KEY `employee_module` (`id_employee`,`id_tab`,`module`)
) ENGINE=InnoDB DEFAULT CHARSET=utf8;

#
# Data for table "_WCprTUAtab_module_preference"
#


#
# Structure for table "_WCprTUAtag"
#

CREATE TABLE `_WCprTUAtag` (
  `id_tag` int(10) unsigned NOT NULL AUTO_INCREMENT,
  `id_lang` int(10) unsigned NOT NULL,
  `name` varchar(32) NOT NULL,
  PRIMARY KEY (`id_tag`),
  KEY `tag_name` (`name`),
  KEY `id_lang` (`id_lang`)
) ENGINE=InnoDB AUTO_INCREMENT=5 DEFAULT CHARSET=utf8;

#
# Data for table "_WCprTUAtag"
#

INSERT INTO `_WCprTUAtag` VALUES (1,1,'busta sottovuoto'),(2,1,'buste sottovuoto'),(3,1,'busta salvaspazio'),(4,1,'buste salvaspazio');

#
# Structure for table "_WCprTUAtag_count"
#

CREATE TABLE `_WCprTUAtag_count` (
  `id_group` int(10) unsigned NOT NULL DEFAULT '0',
  `id_tag` int(10) unsigned NOT NULL DEFAULT '0',
  `id_lang` int(10) unsigned NOT NULL DEFAULT '0',
  `id_shop` int(11) unsigned NOT NULL DEFAULT '0',
  `counter` int(10) unsigned NOT NULL DEFAULT '0',
  PRIMARY KEY (`id_group`,`id_tag`),
  KEY `id_group` (`id_group`,`id_lang`,`id_shop`,`counter`)
) ENGINE=InnoDB DEFAULT CHARSET=utf8;

#
# Data for table "_WCprTUAtag_count"
#

INSERT INTO `_WCprTUAtag_count` VALUES (0,1,1,1,5),(0,2,1,1,5),(0,3,1,1,5),(0,4,1,1,5),(1,1,1,1,5),(1,2,1,1,5),(1,3,1,1,5),(1,4,1,1,5),(2,1,1,1,5),(2,2,1,1,5),(2,3,1,1,5),(2,4,1,1,5),(3,1,1,1,5),(3,2,1,1,5),(3,3,1,1,5),(3,4,1,1,5);

#
# Structure for table "_WCprTUAtax"
#

CREATE TABLE `_WCprTUAtax` (
  `id_tax` int(10) unsigned NOT NULL AUTO_INCREMENT,
  `rate` decimal(10,3) NOT NULL,
  `active` tinyint(1) unsigned NOT NULL DEFAULT '1',
  `deleted` tinyint(1) unsigned NOT NULL DEFAULT '0',
  PRIMARY KEY (`id_tax`)
) ENGINE=InnoDB AUTO_INCREMENT=94 DEFAULT CHARSET=utf8;

#
# Data for table "_WCprTUAtax"
#

INSERT INTO `_WCprTUAtax` VALUES (1,22.000,1,0),(2,10.000,1,0),(3,4.000,1,0),(4,20.000,1,0),(5,21.000,1,0),(6,20.000,1,0),(7,19.000,1,0),(8,21.000,1,0),(9,19.000,1,0),(10,25.000,1,0),(11,20.000,1,0),(12,21.000,1,0),(13,24.000,1,0),(14,20.000,1,0),(15,20.000,1,0),(16,23.000,1,0),(17,25.000,1,0),(18,27.000,1,0),(19,23.000,1,0),(20,21.000,1,0),(21,17.000,1,0),(22,21.000,1,0),(23,18.000,1,0),(24,21.000,1,0),(25,23.000,1,0),(26,23.000,1,0),(27,20.000,1,0),(28,25.000,1,0),(29,22.000,1,0),(30,20.000,1,0),(31,4.000,1,0),(32,0.000,1,0),(33,6.600,1,0),(34,6.000,1,0),(35,8.250,1,0),(36,2.900,1,0),(37,0.000,1,0),(38,0.000,1,0),(39,6.000,1,0),(40,4.000,1,0),(41,4.000,1,0),(42,6.000,1,0),(43,6.250,1,0),(44,7.000,1,0),(45,6.000,1,0),(46,5.300,1,0),(47,6.000,1,0),(48,4.000,1,0),(49,5.000,1,0),(50,6.000,1,0),(51,6.250,1,0),(52,6.000,1,0),(53,6.875,1,0),(54,7.000,1,0),(55,4.225,1,0),(56,0.000,1,0),(57,5.500,1,0),(58,6.850,1,0),(59,0.000,1,0),(60,7.000,1,0),(61,5.125,1,0),(62,4.000,1,0),(63,5.500,1,0),(64,5.000,1,0),(65,5.500,1,0),(66,4.500,1,0),(67,0.000,1,0),(68,6.000,1,0),(69,7.000,1,0),(70,6.000,1,0),(71,4.000,1,0),(72,7.000,1,0),(73,6.250,1,0),(74,4.750,1,0),(75,6.000,1,0),(76,4.000,1,0),(77,6.500,1,0),(78,6.000,1,0),(79,5.000,1,0),(80,4.000,1,0),(81,5.500,1,0),(82,6.000,1,0),(83,5.000,1,0),(84,7.000,1,0),(85,8.000,1,0),(86,8.000,1,0),(87,8.000,1,0),(88,10.000,1,0),(89,8.000,1,0),(90,9.000,1,0),(91,9.975,1,0),(92,5.000,1,0),(93,5.000,1,0);

#
# Structure for table "_WCprTUAtax_lang"
#

CREATE TABLE `_WCprTUAtax_lang` (
  `id_tax` int(10) unsigned NOT NULL,
  `id_lang` int(10) unsigned NOT NULL,
  `name` varchar(32) NOT NULL,
  PRIMARY KEY (`id_tax`,`id_lang`)
) ENGINE=InnoDB DEFAULT CHARSET=utf8;

#
# Data for table "_WCprTUAtax_lang"
#

INSERT INTO `_WCprTUAtax_lang` VALUES (1,1,'IVA IT 22%'),(1,2,'IVA IT 22%'),(1,3,'IVA IT 22%'),(1,4,'IVA IT 22%'),(1,5,'IVA IT 22%'),(1,6,'IVA IT 22%'),(1,7,'IVA IT 22%'),(1,8,'IVA IT 22%'),(2,1,'IVA IT 10%'),(2,2,'IVA IT 10%'),(2,3,'IVA IT 10%'),(2,4,'IVA IT 10%'),(2,5,'IVA IT 10%'),(2,6,'IVA IT 10%'),(2,7,'IVA IT 10%'),(2,8,'IVA IT 10%'),(3,1,'IVA IT 4%'),(3,2,'IVA IT 4%'),(3,3,'IVA IT 4%'),(3,4,'IVA IT 4%'),(3,5,'IVA IT 4%'),(3,6,'IVA IT 4%'),(3,7,'IVA IT 4%'),(3,8,'IVA IT 4%'),(4,1,'USt. AT 20%'),(4,2,'USt. AT 20%'),(4,3,'USt. AT 20%'),(4,4,'USt. AT 20%'),(4,5,'USt. AT 20%'),(4,6,'USt. AT 20%'),(4,7,'USt. AT 20%'),(4,8,'USt. AT 20%'),(5,1,'TVA BE 21%'),(5,2,'TVA BE 21%'),(5,3,'TVA BE 21%'),(5,4,'TVA BE 21%'),(5,5,'TVA BE 21%'),(5,6,'TVA BE 21%'),(5,7,'TVA BE 21%'),(5,8,'TVA BE 21%'),(6,1,'ДДС BG 20%'),(6,2,'ДДС BG 20%'),(6,3,'ДДС BG 20%'),(6,4,'ДДС BG 20%'),(6,5,'ДДС BG 20%'),(6,6,'ДДС BG 20%'),(6,7,'ДДС BG 20%'),(6,8,'ДДС BG 20%'),(7,1,'ΦΠΑ CY 19%'),(7,2,'ΦΠΑ CY 19%'),(7,3,'ΦΠΑ CY 19%'),(7,4,'ΦΠΑ CY 19%'),(7,5,'ΦΠΑ CY 19%'),(7,6,'ΦΠΑ CY 19%'),(7,7,'ΦΠΑ CY 19%'),(7,8,'ΦΠΑ CY 19%'),(8,1,'DPH CZ 21%'),(8,2,'DPH CZ 21%'),(8,3,'DPH CZ 21%'),(8,4,'DPH CZ 21%'),(8,5,'DPH CZ 21%'),(8,6,'DPH CZ 21%'),(8,7,'DPH CZ 21%'),(8,8,'DPH CZ 21%'),(9,1,'MwSt. DE 19%'),(9,2,'MwSt. DE 19%'),(9,3,'MwSt. DE 19%'),(9,4,'MwSt. DE 19%'),(9,5,'MwSt. DE 19%'),(9,6,'MwSt. DE 19%'),(9,7,'MwSt. DE 19%'),(9,8,'MwSt. DE 19%'),(10,1,'moms DK 25%'),(10,2,'moms DK 25%'),(10,3,'moms DK 25%'),(10,4,'moms DK 25%'),(10,5,'moms DK 25%'),(10,6,'moms DK 25%'),(10,7,'moms DK 25%'),(10,8,'moms DK 25%'),(11,1,'km EE 20%'),(11,2,'km EE 20%'),(11,3,'km EE 20%'),(11,4,'km EE 20%'),(11,5,'km EE 20%'),(11,6,'km EE 20%'),(11,7,'km EE 20%'),(11,8,'km EE 20%'),(12,1,'IVA ES 21%'),(12,2,'IVA ES 21%'),(12,3,'IVA ES 21%'),(12,4,'IVA ES 21%'),(12,5,'IVA ES 21%'),(12,6,'IVA ES 21%'),(12,7,'IVA ES 21%'),(12,8,'IVA ES 21%'),(13,1,'ALV FI 24%'),(13,2,'ALV FI 24%'),(13,3,'ALV FI 24%'),(13,4,'ALV FI 24%'),(13,5,'ALV FI 24%'),(13,6,'ALV FI 24%'),(13,7,'ALV FI 24%'),(13,8,'ALV FI 24%'),(14,1,'TVA FR 20%'),(14,2,'TVA FR 20%'),(14,3,'TVA FR 20%'),(14,4,'TVA FR 20%'),(14,5,'TVA FR 20%'),(14,6,'TVA FR 20%'),(14,7,'TVA FR 20%'),(14,8,'TVA FR 20%'),(15,1,'VAT UK 20%'),(15,2,'VAT UK 20%'),(15,3,'VAT UK 20%'),(15,4,'VAT UK 20%'),(15,5,'VAT UK 20%'),(15,6,'VAT UK 20%'),(15,7,'VAT UK 20%'),(15,8,'VAT UK 20%'),(16,1,'ΦΠΑ GR 23%'),(16,2,'ΦΠΑ GR 23%'),(16,3,'ΦΠΑ GR 23%'),(16,4,'ΦΠΑ GR 23%'),(16,5,'ΦΠΑ GR 23%'),(16,6,'ΦΠΑ GR 23%'),(16,7,'ΦΠΑ GR 23%'),(16,8,'ΦΠΑ GR 23%'),(17,1,'Croatia PDV 25%'),(17,2,'Croatia PDV 25%'),(17,3,'Croatia PDV 25%'),(17,4,'Croatia PDV 25%'),(17,5,'Croatia PDV 25%'),(17,6,'Croatia PDV 25%'),(17,7,'Croatia PDV 25%'),(17,8,'Croatia PDV 25%'),(18,1,'ÁFA HU 27%'),(18,2,'ÁFA HU 27%'),(18,3,'ÁFA HU 27%'),(18,4,'ÁFA HU 27%'),(18,5,'ÁFA HU 27%'),(18,6,'ÁFA HU 27%'),(18,7,'ÁFA HU 27%'),(18,8,'ÁFA HU 27%'),(19,1,'VAT IE 23%'),(19,2,'VAT IE 23%'),(19,3,'VAT IE 23%'),(19,4,'VAT IE 23%'),(19,5,'VAT IE 23%'),(19,6,'VAT IE 23%'),(19,7,'VAT IE 23%'),(19,8,'VAT IE 23%'),(20,1,'PVM LT 21%'),(20,2,'PVM LT 21%'),(20,3,'PVM LT 21%'),(20,4,'PVM LT 21%'),(20,5,'PVM LT 21%'),(20,6,'PVM LT 21%'),(20,7,'PVM LT 21%'),(20,8,'PVM LT 21%'),(21,1,'TVA LU 17%'),(21,2,'TVA LU 17%'),(21,3,'TVA LU 17%'),(21,4,'TVA LU 17%'),(21,5,'TVA LU 17%'),(21,6,'TVA LU 17%'),(21,7,'TVA LU 17%'),(21,8,'TVA LU 17%'),(22,1,'PVN LV 21%'),(22,2,'PVN LV 21%'),(22,3,'PVN LV 21%'),(22,4,'PVN LV 21%'),(22,5,'PVN LV 21%'),(22,6,'PVN LV 21%'),(22,7,'PVN LV 21%'),(22,8,'PVN LV 21%'),(23,1,'VAT MT 18%'),(23,2,'VAT MT 18%'),(23,3,'VAT MT 18%'),(23,4,'VAT MT 18%'),(23,5,'VAT MT 18%'),(23,6,'VAT MT 18%'),(23,7,'VAT MT 18%'),(23,8,'VAT MT 18%'),(24,1,'BTW NL 21%'),(24,2,'BTW NL 21%'),(24,3,'BTW NL 21%'),(24,4,'BTW NL 21%'),(24,5,'BTW NL 21%'),(24,6,'BTW NL 21%'),(24,7,'BTW NL 21%'),(24,8,'BTW NL 21%'),(25,1,'PTU PL 23%'),(25,2,'PTU PL 23%'),(25,3,'PTU PL 23%'),(25,4,'PTU PL 23%'),(25,5,'PTU PL 23%'),(25,6,'PTU PL 23%'),(25,7,'PTU PL 23%'),(25,8,'PTU PL 23%'),(26,1,'IVA PT 23%'),(26,2,'IVA PT 23%'),(26,3,'IVA PT 23%'),(26,4,'IVA PT 23%'),(26,5,'IVA PT 23%'),(26,6,'IVA PT 23%'),(26,7,'IVA PT 23%'),(26,8,'IVA PT 23%'),(27,1,'TVA RO 20%'),(27,2,'TVA RO 20%'),(27,3,'TVA RO 20%'),(27,4,'TVA RO 20%'),(27,5,'TVA RO 20%'),(27,6,'TVA RO 20%'),(27,7,'TVA RO 20%'),(27,8,'TVA RO 20%'),(28,1,'Moms SE 25%'),(28,2,'Moms SE 25%'),(28,3,'Moms SE 25%'),(28,4,'Moms SE 25%'),(28,5,'Moms SE 25%'),(28,6,'Moms SE 25%'),(28,7,'Moms SE 25%'),(28,8,'Moms SE 25%'),(29,1,'DDV SI 22%'),(29,2,'DDV SI 22%'),(29,3,'DDV SI 22%'),(29,4,'DDV SI 22%'),(29,5,'DDV SI 22%'),(29,6,'DDV SI 22%'),(29,7,'DDV SI 22%'),(29,8,'DDV SI 22%'),(30,1,'DPH SK 20%'),(30,2,'DPH SK 20%'),(30,3,'DPH SK 20%'),(30,4,'DPH SK 20%'),(30,5,'DPH SK 20%'),(30,6,'DPH SK 20%'),(30,7,'DPH SK 20%'),(30,8,'DPH SK 20%'),(31,1,'Sales-taxes US-AL 4%'),(31,2,'Sales-taxes US-AL 4%'),(31,3,'Sales-taxes US-AL 4%'),(31,4,'Sales-taxes US-AL 4%'),(31,5,'Sales-taxes US-AL 4%'),(31,6,'Sales-taxes US-AL 4%'),(31,7,'Sales-taxes US-AL 4%'),(31,8,'Sales-taxes US-AL 4%'),(32,1,'Sales-taxes US-AK 0%'),(32,2,'Sales-taxes US-AK 0%'),(32,3,'Sales-taxes US-AK 0%'),(32,4,'Sales-taxes US-AK 0%'),(32,5,'Sales-taxes US-AK 0%'),(32,6,'Sales-taxes US-AK 0%'),(32,7,'Sales-taxes US-AK 0%'),(32,8,'Sales-taxes US-AK 0%'),(33,1,'Sales-taxes US-AZ 6.6%'),(33,2,'Sales-taxes US-AZ 6.6%'),(33,3,'Sales-taxes US-AZ 6.6%'),(33,4,'Sales-taxes US-AZ 6.6%'),(33,5,'Sales-taxes US-AZ 6.6%'),(33,6,'Sales-taxes US-AZ 6.6%'),(33,7,'Sales-taxes US-AZ 6.6%'),(33,8,'Sales-taxes US-AZ 6.6%'),(34,1,'Sales-taxes US-AR 6%'),(34,2,'Sales-taxes US-AR 6%'),(34,3,'Sales-taxes US-AR 6%'),(34,4,'Sales-taxes US-AR 6%'),(34,5,'Sales-taxes US-AR 6%'),(34,6,'Sales-taxes US-AR 6%'),(34,7,'Sales-taxes US-AR 6%'),(34,8,'Sales-taxes US-AR 6%'),(35,1,'Sales-taxes US-CA 8.25%'),(35,2,'Sales-taxes US-CA 8.25%'),(35,3,'Sales-taxes US-CA 8.25%'),(35,4,'Sales-taxes US-CA 8.25%'),(35,5,'Sales-taxes US-CA 8.25%'),(35,6,'Sales-taxes US-CA 8.25%'),(35,7,'Sales-taxes US-CA 8.25%'),(35,8,'Sales-taxes US-CA 8.25%'),(36,1,'Sales-taxes US-CO 2.9%'),(36,2,'Sales-taxes US-CO 2.9%'),(36,3,'Sales-taxes US-CO 2.9%'),(36,4,'Sales-taxes US-CO 2.9%'),(36,5,'Sales-taxes US-CO 2.9%'),(36,6,'Sales-taxes US-CO 2.9%'),(36,7,'Sales-taxes US-CO 2.9%'),(36,8,'Sales-taxes US-CO 2.9%'),(37,1,'Sales-taxes US-CT 0%'),(37,2,'Sales-taxes US-CT 0%'),(37,3,'Sales-taxes US-CT 0%'),(37,4,'Sales-taxes US-CT 0%'),(37,5,'Sales-taxes US-CT 0%'),(37,6,'Sales-taxes US-CT 0%'),(37,7,'Sales-taxes US-CT 0%'),(37,8,'Sales-taxes US-CT 0%'),(38,1,'Sales-taxes US-DE 0%'),(38,2,'Sales-taxes US-DE 0%'),(38,3,'Sales-taxes US-DE 0%'),(38,4,'Sales-taxes US-DE 0%'),(38,5,'Sales-taxes US-DE 0%'),(38,6,'Sales-taxes US-DE 0%'),(38,7,'Sales-taxes US-DE 0%'),(38,8,'Sales-taxes US-DE 0%'),(39,1,'Sales-taxes US-FL 6%'),(39,2,'Sales-taxes US-FL 6%'),(39,3,'Sales-taxes US-FL 6%'),(39,4,'Sales-taxes US-FL 6%'),(39,5,'Sales-taxes US-FL 6%'),(39,6,'Sales-taxes US-FL 6%'),(39,7,'Sales-taxes US-FL 6%'),(39,8,'Sales-taxes US-FL 6%'),(40,1,'Sales-taxes US-GA 4%'),(40,2,'Sales-taxes US-GA 4%'),(40,3,'Sales-taxes US-GA 4%'),(40,4,'Sales-taxes US-GA 4%'),(40,5,'Sales-taxes US-GA 4%'),(40,6,'Sales-taxes US-GA 4%'),(40,7,'Sales-taxes US-GA 4%'),(40,8,'Sales-taxes US-GA 4%'),(41,1,'Sales-taxes US-HI 4%'),(41,2,'Sales-taxes US-HI 4%'),(41,3,'Sales-taxes US-HI 4%'),(41,4,'Sales-taxes US-HI 4%'),(41,5,'Sales-taxes US-HI 4%'),(41,6,'Sales-taxes US-HI 4%'),(41,7,'Sales-taxes US-HI 4%'),(41,8,'Sales-taxes US-HI 4%'),(42,1,'Sales-taxes US-ID 6%'),(42,2,'Sales-taxes US-ID 6%'),(42,3,'Sales-taxes US-ID 6%'),(42,4,'Sales-taxes US-ID 6%'),(42,5,'Sales-taxes US-ID 6%'),(42,6,'Sales-taxes US-ID 6%'),(42,7,'Sales-taxes US-ID 6%'),(42,8,'Sales-taxes US-ID 6%'),(43,1,'Sales-taxes US-IL 6.25%'),(43,2,'Sales-taxes US-IL 6.25%'),(43,3,'Sales-taxes US-IL 6.25%'),(43,4,'Sales-taxes US-IL 6.25%'),(43,5,'Sales-taxes US-IL 6.25%'),(43,6,'Sales-taxes US-IL 6.25%'),(43,7,'Sales-taxes US-IL 6.25%'),(43,8,'Sales-taxes US-IL 6.25%'),(44,1,'Sales-taxes US-IN 7%'),(44,2,'Sales-taxes US-IN 7%'),(44,3,'Sales-taxes US-IN 7%'),(44,4,'Sales-taxes US-IN 7%'),(44,5,'Sales-taxes US-IN 7%'),(44,6,'Sales-taxes US-IN 7%'),(44,7,'Sales-taxes US-IN 7%'),(44,8,'Sales-taxes US-IN 7%'),(45,1,'Sales-taxes US-IA 6%'),(45,2,'Sales-taxes US-IA 6%'),(45,3,'Sales-taxes US-IA 6%'),(45,4,'Sales-taxes US-IA 6%'),(45,5,'Sales-taxes US-IA 6%'),(45,6,'Sales-taxes US-IA 6%'),(45,7,'Sales-taxes US-IA 6%'),(45,8,'Sales-taxes US-IA 6%'),(46,1,'Sales-taxes US-KS 5.3%'),(46,2,'Sales-taxes US-KS 5.3%'),(46,3,'Sales-taxes US-KS 5.3%'),(46,4,'Sales-taxes US-KS 5.3%'),(46,5,'Sales-taxes US-KS 5.3%'),(46,6,'Sales-taxes US-KS 5.3%'),(46,7,'Sales-taxes US-KS 5.3%'),(46,8,'Sales-taxes US-KS 5.3%'),(47,1,'Sales-taxes US-KY 6%'),(47,2,'Sales-taxes US-KY 6%'),(47,3,'Sales-taxes US-KY 6%'),(47,4,'Sales-taxes US-KY 6%'),(47,5,'Sales-taxes US-KY 6%'),(47,6,'Sales-taxes US-KY 6%'),(47,7,'Sales-taxes US-KY 6%'),(47,8,'Sales-taxes US-KY 6%'),(48,1,'Sales-taxes US-LA 4%'),(48,2,'Sales-taxes US-LA 4%'),(48,3,'Sales-taxes US-LA 4%'),(48,4,'Sales-taxes US-LA 4%'),(48,5,'Sales-taxes US-LA 4%'),(48,6,'Sales-taxes US-LA 4%'),(48,7,'Sales-taxes US-LA 4%'),(48,8,'Sales-taxes US-LA 4%'),(49,1,'Sales-taxes US-ME 5%'),(49,2,'Sales-taxes US-ME 5%'),(49,3,'Sales-taxes US-ME 5%'),(49,4,'Sales-taxes US-ME 5%'),(49,5,'Sales-taxes US-ME 5%'),(49,6,'Sales-taxes US-ME 5%'),(49,7,'Sales-taxes US-ME 5%'),(49,8,'Sales-taxes US-ME 5%'),(50,1,'Sales-taxes US-MD 6%'),(50,2,'Sales-taxes US-MD 6%'),(50,3,'Sales-taxes US-MD 6%'),(50,4,'Sales-taxes US-MD 6%'),(50,5,'Sales-taxes US-MD 6%'),(50,6,'Sales-taxes US-MD 6%'),(50,7,'Sales-taxes US-MD 6%'),(50,8,'Sales-taxes US-MD 6%'),(51,1,'Sales-taxes US-MA 6.25%'),(51,2,'Sales-taxes US-MA 6.25%'),(51,3,'Sales-taxes US-MA 6.25%'),(51,4,'Sales-taxes US-MA 6.25%'),(51,5,'Sales-taxes US-MA 6.25%'),(51,6,'Sales-taxes US-MA 6.25%'),(51,7,'Sales-taxes US-MA 6.25%'),(51,8,'Sales-taxes US-MA 6.25%'),(52,1,'Sales-taxes US-MI 6%'),(52,2,'Sales-taxes US-MI 6%'),(52,3,'Sales-taxes US-MI 6%'),(52,4,'Sales-taxes US-MI 6%'),(52,5,'Sales-taxes US-MI 6%'),(52,6,'Sales-taxes US-MI 6%'),(52,7,'Sales-taxes US-MI 6%'),(52,8,'Sales-taxes US-MI 6%'),(53,1,'Sales-taxes US-MN 6.875%'),(53,2,'Sales-taxes US-MN 6.875%'),(53,3,'Sales-taxes US-MN 6.875%'),(53,4,'Sales-taxes US-MN 6.875%'),(53,5,'Sales-taxes US-MN 6.875%'),(53,6,'Sales-taxes US-MN 6.875%'),(53,7,'Sales-taxes US-MN 6.875%'),(53,8,'Sales-taxes US-MN 6.875%'),(54,1,'Sales-taxes US-MS 7%'),(54,2,'Sales-taxes US-MS 7%'),(54,3,'Sales-taxes US-MS 7%'),(54,4,'Sales-taxes US-MS 7%'),(54,5,'Sales-taxes US-MS 7%'),(54,6,'Sales-taxes US-MS 7%'),(54,7,'Sales-taxes US-MS 7%'),(54,8,'Sales-taxes US-MS 7%'),(55,1,'Sales-taxes US-MO 4.225%'),(55,2,'Sales-taxes US-MO 4.225%'),(55,3,'Sales-taxes US-MO 4.225%'),(55,4,'Sales-taxes US-MO 4.225%'),(55,5,'Sales-taxes US-MO 4.225%'),(55,6,'Sales-taxes US-MO 4.225%'),(55,7,'Sales-taxes US-MO 4.225%'),(55,8,'Sales-taxes US-MO 4.225%'),(56,1,'Sales-taxes US-MT 0.0%'),(56,2,'Sales-taxes US-MT 0.0%'),(56,3,'Sales-taxes US-MT 0.0%'),(56,4,'Sales-taxes US-MT 0.0%'),(56,5,'Sales-taxes US-MT 0.0%'),(56,6,'Sales-taxes US-MT 0.0%'),(56,7,'Sales-taxes US-MT 0.0%'),(56,8,'Sales-taxes US-MT 0.0%'),(57,1,'Sales-taxes US-NE 5.5%'),(57,2,'Sales-taxes US-NE 5.5%'),(57,3,'Sales-taxes US-NE 5.5%'),(57,4,'Sales-taxes US-NE 5.5%'),(57,5,'Sales-taxes US-NE 5.5%'),(57,6,'Sales-taxes US-NE 5.5%'),(57,7,'Sales-taxes US-NE 5.5%'),(57,8,'Sales-taxes US-NE 5.5%'),(58,1,'Sales-taxes US-NV 6.85%'),(58,2,'Sales-taxes US-NV 6.85%'),(58,3,'Sales-taxes US-NV 6.85%'),(58,4,'Sales-taxes US-NV 6.85%'),(58,5,'Sales-taxes US-NV 6.85%'),(58,6,'Sales-taxes US-NV 6.85%'),(58,7,'Sales-taxes US-NV 6.85%'),(58,8,'Sales-taxes US-NV 6.85%'),(59,1,'Sales-taxes US-NH 0%'),(59,2,'Sales-taxes US-NH 0%'),(59,3,'Sales-taxes US-NH 0%'),(59,4,'Sales-taxes US-NH 0%'),(59,5,'Sales-taxes US-NH 0%'),(59,6,'Sales-taxes US-NH 0%'),(59,7,'Sales-taxes US-NH 0%'),(59,8,'Sales-taxes US-NH 0%'),(60,1,'Sales-taxes US-NJ 7%'),(60,2,'Sales-taxes US-NJ 7%'),(60,3,'Sales-taxes US-NJ 7%'),(60,4,'Sales-taxes US-NJ 7%'),(60,5,'Sales-taxes US-NJ 7%'),(60,6,'Sales-taxes US-NJ 7%'),(60,7,'Sales-taxes US-NJ 7%'),(60,8,'Sales-taxes US-NJ 7%'),(61,1,'Sales-taxes US-NM 5.125%'),(61,2,'Sales-taxes US-NM 5.125%'),(61,3,'Sales-taxes US-NM 5.125%'),(61,4,'Sales-taxes US-NM 5.125%'),(61,5,'Sales-taxes US-NM 5.125%'),(61,6,'Sales-taxes US-NM 5.125%'),(61,7,'Sales-taxes US-NM 5.125%'),(61,8,'Sales-taxes US-NM 5.125%'),(62,1,'Sales-taxes US-NY 4%'),(62,2,'Sales-taxes US-NY 4%'),(62,3,'Sales-taxes US-NY 4%'),(62,4,'Sales-taxes US-NY 4%'),(62,5,'Sales-taxes US-NY 4%'),(62,6,'Sales-taxes US-NY 4%'),(62,7,'Sales-taxes US-NY 4%'),(62,8,'Sales-taxes US-NY 4%'),(63,1,'Sales-taxes US-NC 5.5%'),(63,2,'Sales-taxes US-NC 5.5%'),(63,3,'Sales-taxes US-NC 5.5%'),(63,4,'Sales-taxes US-NC 5.5%'),(63,5,'Sales-taxes US-NC 5.5%'),(63,6,'Sales-taxes US-NC 5.5%'),(63,7,'Sales-taxes US-NC 5.5%'),(63,8,'Sales-taxes US-NC 5.5%'),(64,1,'Sales-taxes US-ND 5%'),(64,2,'Sales-taxes US-ND 5%'),(64,3,'Sales-taxes US-ND 5%'),(64,4,'Sales-taxes US-ND 5%'),(64,5,'Sales-taxes US-ND 5%'),(64,6,'Sales-taxes US-ND 5%'),(64,7,'Sales-taxes US-ND 5%'),(64,8,'Sales-taxes US-ND 5%'),(65,1,'Sales-taxes US-OH 5.5%'),(65,2,'Sales-taxes US-OH 5.5%'),(65,3,'Sales-taxes US-OH 5.5%'),(65,4,'Sales-taxes US-OH 5.5%'),(65,5,'Sales-taxes US-OH 5.5%'),(65,6,'Sales-taxes US-OH 5.5%'),(65,7,'Sales-taxes US-OH 5.5%'),(65,8,'Sales-taxes US-OH 5.5%'),(66,1,'Sales-taxes US-OK 4.5%'),(66,2,'Sales-taxes US-OK 4.5%'),(66,3,'Sales-taxes US-OK 4.5%'),(66,4,'Sales-taxes US-OK 4.5%'),(66,5,'Sales-taxes US-OK 4.5%'),(66,6,'Sales-taxes US-OK 4.5%'),(66,7,'Sales-taxes US-OK 4.5%'),(66,8,'Sales-taxes US-OK 4.5%'),(67,1,'Sales-taxes US-OR 0%'),(67,2,'Sales-taxes US-OR 0%'),(67,3,'Sales-taxes US-OR 0%'),(67,4,'Sales-taxes US-OR 0%'),(67,5,'Sales-taxes US-OR 0%'),(67,6,'Sales-taxes US-OR 0%'),(67,7,'Sales-taxes US-OR 0%'),(67,8,'Sales-taxes US-OR 0%'),(68,1,'Sales-taxes US-PA 6%'),(68,2,'Sales-taxes US-PA 6%'),(68,3,'Sales-taxes US-PA 6%'),(68,4,'Sales-taxes US-PA 6%'),(68,5,'Sales-taxes US-PA 6%'),(68,6,'Sales-taxes US-PA 6%'),(68,7,'Sales-taxes US-PA 6%'),(68,8,'Sales-taxes US-PA 6%'),(69,1,'Sales-taxes US-RI 7%'),(69,2,'Sales-taxes US-RI 7%'),(69,3,'Sales-taxes US-RI 7%'),(69,4,'Sales-taxes US-RI 7%'),(69,5,'Sales-taxes US-RI 7%'),(69,6,'Sales-taxes US-RI 7%'),(69,7,'Sales-taxes US-RI 7%'),(69,8,'Sales-taxes US-RI 7%'),(70,1,'Sales-taxes US-SC 6%'),(70,2,'Sales-taxes US-SC 6%'),(70,3,'Sales-taxes US-SC 6%'),(70,4,'Sales-taxes US-SC 6%'),(70,5,'Sales-taxes US-SC 6%'),(70,6,'Sales-taxes US-SC 6%'),(70,7,'Sales-taxes US-SC 6%'),(70,8,'Sales-taxes US-SC 6%'),(71,1,'Sales-taxes US-SD 4%'),(71,2,'Sales-taxes US-SD 4%'),(71,3,'Sales-taxes US-SD 4%'),(71,4,'Sales-taxes US-SD 4%'),(71,5,'Sales-taxes US-SD 4%'),(71,6,'Sales-taxes US-SD 4%'),(71,7,'Sales-taxes US-SD 4%'),(71,8,'Sales-taxes US-SD 4%'),(72,1,'Sales-taxes US-TN 7%'),(72,2,'Sales-taxes US-TN 7%'),(72,3,'Sales-taxes US-TN 7%'),(72,4,'Sales-taxes US-TN 7%'),(72,5,'Sales-taxes US-TN 7%'),(72,6,'Sales-taxes US-TN 7%'),(72,7,'Sales-taxes US-TN 7%'),(72,8,'Sales-taxes US-TN 7%'),(73,1,'Sales-taxes US-TX 6.25%'),(73,2,'Sales-taxes US-TX 6.25%'),(73,3,'Sales-taxes US-TX 6.25%'),(73,4,'Sales-taxes US-TX 6.25%'),(73,5,'Sales-taxes US-TX 6.25%'),(73,6,'Sales-taxes US-TX 6.25%'),(73,7,'Sales-taxes US-TX 6.25%'),(73,8,'Sales-taxes US-TX 6.25%'),(74,1,'Sales-taxes US-UT 4.75%'),(74,2,'Sales-taxes US-UT 4.75%'),(74,3,'Sales-taxes US-UT 4.75%'),(74,4,'Sales-taxes US-UT 4.75%'),(74,5,'Sales-taxes US-UT 4.75%'),(74,6,'Sales-taxes US-UT 4.75%'),(74,7,'Sales-taxes US-UT 4.75%'),(74,8,'Sales-taxes US-UT 4.75%'),(75,1,'Sales-taxes US-VT 6%'),(75,2,'Sales-taxes US-VT 6%'),(75,3,'Sales-taxes US-VT 6%'),(75,4,'Sales-taxes US-VT 6%'),(75,5,'Sales-taxes US-VT 6%'),(75,6,'Sales-taxes US-VT 6%'),(75,7,'Sales-taxes US-VT 6%'),(75,8,'Sales-taxes US-VT 6%'),(76,1,'Sales-taxes US-VA 4%'),(76,2,'Sales-taxes US-VA 4%'),(76,3,'Sales-taxes US-VA 4%'),(76,4,'Sales-taxes US-VA 4%'),(76,5,'Sales-taxes US-VA 4%'),(76,6,'Sales-taxes US-VA 4%'),(76,7,'Sales-taxes US-VA 4%'),(76,8,'Sales-taxes US-VA 4%'),(77,1,'Sales-taxes US-WA 6.5%'),(77,2,'Sales-taxes US-WA 6.5%'),(77,3,'Sales-taxes US-WA 6.5%'),(77,4,'Sales-taxes US-WA 6.5%'),(77,5,'Sales-taxes US-WA 6.5%'),(77,6,'Sales-taxes US-WA 6.5%'),(77,7,'Sales-taxes US-WA 6.5%'),(77,8,'Sales-taxes US-WA 6.5%'),(78,1,'Sales-taxes US-WV 6%'),(78,2,'Sales-taxes US-WV 6%'),(78,3,'Sales-taxes US-WV 6%'),(78,4,'Sales-taxes US-WV 6%'),(78,5,'Sales-taxes US-WV 6%'),(78,6,'Sales-taxes US-WV 6%'),(78,7,'Sales-taxes US-WV 6%'),(78,8,'Sales-taxes US-WV 6%'),(79,1,'Sales-taxes US-WI 5%'),(79,2,'Sales-taxes US-WI 5%'),(79,3,'Sales-taxes US-WI 5%'),(79,4,'Sales-taxes US-WI 5%'),(79,5,'Sales-taxes US-WI 5%'),(79,6,'Sales-taxes US-WI 5%'),(79,7,'Sales-taxes US-WI 5%'),(79,8,'Sales-taxes US-WI 5%'),(80,1,'Sales-taxes US-WY 4%'),(80,2,'Sales-taxes US-WY 4%'),(80,3,'Sales-taxes US-WY 4%'),(80,4,'Sales-taxes US-WY 4%'),(80,5,'Sales-taxes US-WY 4%'),(80,6,'Sales-taxes US-WY 4%'),(80,7,'Sales-taxes US-WY 4%'),(80,8,'Sales-taxes US-WY 4%'),(81,1,'Sales-taxes US-PR 5.5%'),(81,2,'Sales-taxes US-PR 5.5%'),(81,3,'Sales-taxes US-PR 5.5%'),(81,4,'Sales-taxes US-PR 5.5%'),(81,5,'Sales-taxes US-PR 5.5%'),(81,6,'Sales-taxes US-PR 5.5%'),(81,7,'Sales-taxes US-PR 5.5%'),(81,8,'Sales-taxes US-PR 5.5%'),(82,1,'Sales-taxes US-DC 6%'),(82,2,'Sales-taxes US-DC 6%'),(82,3,'Sales-taxes US-DC 6%'),(82,4,'Sales-taxes US-DC 6%'),(82,5,'Sales-taxes US-DC 6%'),(82,6,'Sales-taxes US-DC 6%'),(82,7,'Sales-taxes US-DC 6%'),(82,8,'Sales-taxes US-DC 6%'),(83,1,'CA 5%'),(83,2,'CA 5%'),(83,3,'CA 5%'),(83,4,'CA 5%'),(83,5,'CA 5%'),(83,6,'CA 5%'),(83,7,'CA 5%'),(83,8,'CA 5%'),(84,1,'CA-BC 7%'),(84,2,'CA-BC 7%'),(84,3,'CA-BC 7%'),(84,4,'CA-BC 7%'),(84,5,'CA-BC 7%'),(84,6,'CA-BC 7%'),(84,7,'CA-BC 7%'),(84,8,'CA-BC 7%'),(85,1,'CA-MB 8%'),(85,2,'CA-MB 8%'),(85,3,'CA-MB 8%'),(85,4,'CA-MB 8%'),(85,5,'CA-MB 8%'),(85,6,'CA-MB 8%'),(85,7,'CA-MB 8%'),(85,8,'CA-MB 8%'),(86,1,'CA-NB 8%'),(86,2,'CA-NB 8%'),(86,3,'CA-NB 8%'),(86,4,'CA-NB 8%'),(86,5,'CA-NB 8%'),(86,6,'CA-NB 8%'),(86,7,'CA-NB 8%'),(86,8,'CA-NB 8%'),(87,1,'CA-NL 8%'),(87,2,'CA-NL 8%'),(87,3,'CA-NL 8%'),(87,4,'CA-NL 8%'),(87,5,'CA-NL 8%'),(87,6,'CA-NL 8%'),(87,7,'CA-NL 8%'),(87,8,'CA-NL 8%'),(88,1,'CA-NS 10%'),(88,2,'CA-NS 10%'),(88,3,'CA-NS 10%'),(88,4,'CA-NS 10%'),(88,5,'CA-NS 10%'),(88,6,'CA-NS 10%'),(88,7,'CA-NS 10%'),(88,8,'CA-NS 10%'),(89,1,'CA-ON 8%'),(89,2,'CA-ON 8%'),(89,3,'CA-ON 8%'),(89,4,'CA-ON 8%'),(89,5,'CA-ON 8%'),(89,6,'CA-ON 8%'),(89,7,'CA-ON 8%'),(89,8,'CA-ON 8%'),(90,1,'CA-PE 9%'),(90,2,'CA-PE 9%'),(90,3,'CA-PE 9%'),(90,4,'CA-PE 9%'),(90,5,'CA-PE 9%'),(90,6,'CA-PE 9%'),(90,7,'CA-PE 9%'),(90,8,'CA-PE 9%'),(91,1,'CA-QC 9.975%'),(91,2,'CA-QC 9.975%'),(91,3,'CA-QC 9.975%'),(91,4,'CA-QC 9.975%'),(91,5,'CA-QC 9.975%'),(91,6,'CA-QC 9.975%'),(91,7,'CA-QC 9.975%'),(91,8,'CA-QC 9.975%'),(92,1,'CA-SK 5%'),(92,2,'CA-SK 5%'),(92,3,'CA-SK 5%'),(92,4,'CA-SK 5%'),(92,5,'CA-SK 5%'),(92,6,'CA-SK 5%'),(92,7,'CA-SK 5%'),(92,8,'CA-SK 5%'),(93,1,'VAT TW 5%'),(93,2,'VAT TW 5%'),(93,3,'VAT TW 5%'),(93,4,'VAT TW 5%'),(93,5,'VAT TW 5%'),(93,6,'VAT TW 5%'),(93,7,'VAT TW 5%'),(93,8,'VAT TW 5%');

#
# Structure for table "_WCprTUAtax_rule"
#

CREATE TABLE `_WCprTUAtax_rule` (
  `id_tax_rule` int(11) NOT NULL AUTO_INCREMENT,
  `id_tax_rules_group` int(11) NOT NULL,
  `id_country` int(11) NOT NULL,
  `id_state` int(11) NOT NULL,
  `zipcode_from` varchar(12) NOT NULL,
  `zipcode_to` varchar(12) NOT NULL,
  `id_tax` int(11) NOT NULL,
  `behavior` int(11) NOT NULL,
  `description` varchar(100) NOT NULL,
  PRIMARY KEY (`id_tax_rule`),
  KEY `id_tax_rules_group` (`id_tax_rules_group`),
  KEY `id_tax` (`id_tax`),
  KEY `category_getproducts` (`id_tax_rules_group`,`id_country`,`id_state`,`zipcode_from`)
) ENGINE=InnoDB AUTO_INCREMENT=222 DEFAULT CHARSET=utf8;

#
# Data for table "_WCprTUAtax_rule"
#

INSERT INTO `_WCprTUAtax_rule` VALUES (1,1,3,0,'0','0',1,0,''),(2,1,236,0,'0','0',1,0,''),(3,1,16,0,'0','0',1,0,''),(4,1,20,0,'0','0',1,0,''),(5,1,1,0,'0','0',1,0,''),(6,1,86,0,'0','0',1,0,''),(7,1,9,0,'0','0',1,0,''),(8,1,6,0,'0','0',1,0,''),(9,1,8,0,'0','0',1,0,''),(10,1,26,0,'0','0',1,0,''),(11,1,10,0,'0','0',1,0,''),(12,1,76,0,'0','0',1,0,''),(13,1,125,0,'0','0',1,0,''),(14,1,131,0,'0','0',1,0,''),(15,1,12,0,'0','0',1,0,''),(16,1,143,0,'0','0',1,0,''),(17,1,139,0,'0','0',1,0,''),(18,1,13,0,'0','0',1,0,''),(19,1,2,0,'0','0',1,0,''),(20,1,14,0,'0','0',1,0,''),(21,1,15,0,'0','0',1,0,''),(22,1,36,0,'0','0',1,0,''),(23,1,193,0,'0','0',1,0,''),(24,1,37,0,'0','0',1,0,''),(25,1,7,0,'0','0',1,0,''),(26,1,18,0,'0','0',1,0,''),(27,2,3,0,'0','0',2,0,''),(28,2,236,0,'0','0',2,0,''),(29,2,16,0,'0','0',2,0,''),(30,2,20,0,'0','0',2,0,''),(31,2,1,0,'0','0',2,0,''),(32,2,86,0,'0','0',2,0,''),(33,2,9,0,'0','0',2,0,''),(34,2,6,0,'0','0',2,0,''),(35,2,8,0,'0','0',2,0,''),(36,2,26,0,'0','0',2,0,''),(37,2,10,0,'0','0',2,0,''),(38,2,76,0,'0','0',2,0,''),(39,2,125,0,'0','0',2,0,''),(40,2,131,0,'0','0',2,0,''),(41,2,12,0,'0','0',2,0,''),(42,2,143,0,'0','0',2,0,''),(43,2,139,0,'0','0',2,0,''),(44,2,13,0,'0','0',2,0,''),(45,2,2,0,'0','0',2,0,''),(46,2,14,0,'0','0',2,0,''),(47,2,15,0,'0','0',2,0,''),(48,2,36,0,'0','0',2,0,''),(49,2,193,0,'0','0',2,0,''),(50,2,37,0,'0','0',2,0,''),(51,2,7,0,'0','0',2,0,''),(52,2,18,0,'0','0',2,0,''),(53,3,3,0,'0','0',3,0,''),(54,3,236,0,'0','0',3,0,''),(55,3,16,0,'0','0',3,0,''),(56,3,20,0,'0','0',3,0,''),(57,3,1,0,'0','0',3,0,''),(58,3,86,0,'0','0',3,0,''),(59,3,9,0,'0','0',3,0,''),(60,3,6,0,'0','0',3,0,''),(61,3,8,0,'0','0',3,0,''),(62,3,26,0,'0','0',3,0,''),(63,3,10,0,'0','0',3,0,''),(64,3,76,0,'0','0',3,0,''),(65,3,125,0,'0','0',3,0,''),(66,3,131,0,'0','0',3,0,''),(67,3,12,0,'0','0',3,0,''),(68,3,143,0,'0','0',3,0,''),(69,3,139,0,'0','0',3,0,''),(70,3,13,0,'0','0',3,0,''),(71,3,2,0,'0','0',3,0,''),(72,3,14,0,'0','0',3,0,''),(73,3,15,0,'0','0',3,0,''),(74,3,36,0,'0','0',3,0,''),(75,3,193,0,'0','0',3,0,''),(76,3,37,0,'0','0',3,0,''),(77,3,7,0,'0','0',3,0,''),(78,3,18,0,'0','0',3,0,''),(79,4,3,0,'0','0',3,0,''),(80,4,236,0,'0','0',3,0,''),(81,4,16,0,'0','0',3,0,''),(82,4,20,0,'0','0',3,0,''),(83,4,1,0,'0','0',3,0,''),(84,4,86,0,'0','0',3,0,''),(85,4,9,0,'0','0',3,0,''),(86,4,6,0,'0','0',3,0,''),(87,4,8,0,'0','0',3,0,''),(88,4,26,0,'0','0',3,0,''),(89,4,10,0,'0','0',3,0,''),(90,4,76,0,'0','0',3,0,''),(91,4,125,0,'0','0',3,0,''),(92,4,131,0,'0','0',3,0,''),(93,4,12,0,'0','0',3,0,''),(94,4,143,0,'0','0',3,0,''),(95,4,139,0,'0','0',3,0,''),(96,4,13,0,'0','0',3,0,''),(97,4,2,0,'0','0',3,0,''),(98,4,14,0,'0','0',3,0,''),(99,4,15,0,'0','0',3,0,''),(100,4,36,0,'0','0',3,0,''),(101,4,193,0,'0','0',3,0,''),(102,4,37,0,'0','0',3,0,''),(103,4,7,0,'0','0',3,0,''),(104,4,18,0,'0','0',3,0,''),(105,5,3,0,'0','0',3,0,''),(106,5,236,0,'0','0',3,0,''),(107,5,16,0,'0','0',3,0,''),(108,5,20,0,'0','0',3,0,''),(109,5,1,0,'0','0',3,0,''),(110,5,86,0,'0','0',3,0,''),(111,5,9,0,'0','0',3,0,''),(112,5,6,0,'0','0',3,0,''),(113,5,8,0,'0','0',3,0,''),(114,5,26,0,'0','0',3,0,''),(115,5,10,0,'0','0',3,0,''),(116,5,76,0,'0','0',3,0,''),(117,5,125,0,'0','0',3,0,''),(118,5,131,0,'0','0',3,0,''),(119,5,12,0,'0','0',3,0,''),(120,5,143,0,'0','0',3,0,''),(121,5,139,0,'0','0',3,0,''),(122,5,13,0,'0','0',3,0,''),(123,5,2,0,'0','0',3,0,''),(124,5,14,0,'0','0',3,0,''),(125,5,15,0,'0','0',3,0,''),(126,5,36,0,'0','0',3,0,''),(127,5,193,0,'0','0',3,0,''),(128,5,37,0,'0','0',3,0,''),(129,5,7,0,'0','0',3,0,''),(130,5,18,0,'0','0',3,0,''),(131,6,10,0,'0','0',1,0,''),(132,6,2,0,'0','0',4,0,''),(133,6,3,0,'0','0',5,0,''),(134,6,236,0,'0','0',6,0,''),(135,6,76,0,'0','0',7,0,''),(136,6,16,0,'0','0',8,0,''),(137,6,1,0,'0','0',9,0,''),(138,6,20,0,'0','0',10,0,''),(139,6,86,0,'0','0',11,0,''),(140,6,6,0,'0','0',12,0,''),(141,6,7,0,'0','0',13,0,''),(142,6,8,0,'0','0',14,0,''),(143,6,17,0,'0','0',15,0,''),(144,6,9,0,'0','0',16,0,''),(145,6,74,0,'0','0',17,0,''),(146,6,143,0,'0','0',18,0,''),(147,6,26,0,'0','0',19,0,''),(148,6,131,0,'0','0',20,0,''),(149,6,12,0,'0','0',21,0,''),(150,6,125,0,'0','0',22,0,''),(151,6,139,0,'0','0',23,0,''),(152,6,13,0,'0','0',24,0,''),(153,6,14,0,'0','0',25,0,''),(154,6,15,0,'0','0',26,0,''),(155,6,36,0,'0','0',27,0,''),(156,6,18,0,'0','0',28,0,''),(157,6,193,0,'0','0',29,0,''),(158,6,37,0,'0','0',30,0,''),(159,7,21,1,'0','0',31,1,''),(160,8,21,2,'0','0',32,1,''),(161,9,21,3,'0','0',33,1,''),(162,10,21,4,'0','0',34,1,''),(163,11,21,5,'0','0',35,1,''),(164,12,21,6,'0','0',36,1,''),(165,13,21,7,'0','0',37,1,''),(166,14,21,8,'0','0',38,1,''),(167,15,21,9,'0','0',39,1,''),(168,16,21,10,'0','0',40,1,''),(169,17,21,11,'0','0',41,1,''),(170,18,21,12,'0','0',42,1,''),(171,19,21,13,'0','0',43,1,''),(172,20,21,14,'0','0',44,1,''),(173,21,21,15,'0','0',45,1,''),(174,22,21,16,'0','0',46,1,''),(175,23,21,17,'0','0',47,1,''),(176,24,21,18,'0','0',48,1,''),(177,25,21,19,'0','0',49,1,''),(178,26,21,20,'0','0',50,1,''),(179,27,21,21,'0','0',51,1,''),(180,28,21,22,'0','0',52,1,''),(181,29,21,23,'0','0',53,1,''),(182,30,21,24,'0','0',54,1,''),(183,31,21,25,'0','0',55,1,''),(184,32,21,26,'0','0',56,1,''),(185,33,21,27,'0','0',57,1,''),(186,34,21,28,'0','0',58,1,''),(187,35,21,29,'0','0',59,1,''),(188,36,21,30,'0','0',60,1,''),(189,37,21,31,'0','0',61,1,''),(190,38,21,32,'0','0',62,1,''),(191,39,21,33,'0','0',63,1,''),(192,40,21,34,'0','0',64,1,''),(193,41,21,35,'0','0',65,1,''),(194,42,21,36,'0','0',66,1,''),(195,43,21,37,'0','0',67,1,''),(196,44,21,38,'0','0',68,1,''),(197,45,21,39,'0','0',69,1,''),(198,46,21,40,'0','0',70,1,''),(199,47,21,41,'0','0',71,1,''),(200,48,21,42,'0','0',72,1,''),(201,49,21,43,'0','0',73,1,''),(202,50,21,44,'0','0',74,1,''),(203,51,21,45,'0','0',75,1,''),(204,52,21,46,'0','0',76,1,''),(205,53,21,47,'0','0',77,1,''),(206,54,21,48,'0','0',78,1,''),(207,55,21,49,'0','0',79,1,''),(208,56,21,50,'0','0',80,1,''),(209,57,21,51,'0','0',81,1,''),(210,58,21,53,'0','0',82,1,''),(211,59,4,0,'0','0',83,0,''),(212,59,4,88,'0','0',84,1,''),(213,59,4,90,'0','0',85,1,''),(214,59,4,93,'0','0',86,1,''),(215,59,4,94,'0','0',87,1,''),(216,59,4,92,'0','0',88,1,''),(217,59,4,86,'0','0',89,1,''),(218,59,4,95,'0','0',90,1,''),(219,59,4,87,'0','0',91,1,''),(220,59,4,91,'0','0',92,1,''),(221,60,203,0,'0','0',93,0,'');

#
# Structure for table "_WCprTUAtax_rules_group"
#

CREATE TABLE `_WCprTUAtax_rules_group` (
  `id_tax_rules_group` int(11) NOT NULL AUTO_INCREMENT,
  `name` varchar(50) NOT NULL,
  `active` int(11) NOT NULL,
  `deleted` tinyint(1) unsigned NOT NULL,
  `date_add` datetime NOT NULL,
  `date_upd` datetime NOT NULL,
  PRIMARY KEY (`id_tax_rules_group`)
) ENGINE=InnoDB AUTO_INCREMENT=61 DEFAULT CHARSET=utf8;

#
# Data for table "_WCprTUAtax_rules_group"
#

INSERT INTO `_WCprTUAtax_rules_group` VALUES (1,'IT Standard Rate (22%)',1,0,'2018-03-16 17:21:48','2018-03-16 17:21:48'),(2,'IT Reduced Rate (10%)',1,0,'2018-03-16 17:21:48','2018-03-16 17:21:48'),(3,'IT Super Reduced Rate (4%)',1,0,'2018-03-16 17:21:48','2018-03-16 17:21:48'),(4,'IT Foodstuff Rate (4%)',1,0,'2018-03-16 17:21:48','2018-03-16 17:21:48'),(5,'IT Books Rate (4%)',1,0,'2018-03-16 17:21:48','2018-03-16 17:21:48'),(6,'EU VAT For Virtual Products',1,0,'2018-03-16 17:21:48','2018-03-16 17:21:48'),(7,'US-AL Rate (4%)',1,0,'2018-03-27 13:21:56','2018-03-27 13:21:56'),(8,'US-AK Rate (0%)',1,0,'2018-03-27 13:21:56','2018-03-27 13:21:56'),(9,'US-AZ Rate (6.6%)',1,0,'2018-03-27 13:21:56','2018-03-27 13:21:56'),(10,'US-AR Rate (6%)',1,0,'2018-03-27 13:21:56','2018-03-27 13:21:56'),(11,'US-CA Rate (8.25%)',1,0,'2018-03-27 13:21:56','2018-03-27 13:21:56'),(12,'US-CO Rate (2.9%)',1,0,'2018-03-27 13:21:56','2018-03-27 13:21:56'),(13,'US-CT Rate (0%)',1,0,'2018-03-27 13:21:56','2018-03-27 13:21:56'),(14,'US-DE Rate (0%)',1,0,'2018-03-27 13:21:56','2018-03-27 13:21:56'),(15,'US-FL Rate (6%)',1,0,'2018-03-27 13:21:56','2018-03-27 13:21:56'),(16,'US-GA Rate (4%)',1,0,'2018-03-27 13:21:56','2018-03-27 13:21:56'),(17,'US-HI Rate (4%)',1,0,'2018-03-27 13:21:56','2018-03-27 13:21:56'),(18,'US-ID Rate (6%)',1,0,'2018-03-27 13:21:56','2018-03-27 13:21:56'),(19,'US-IL Rate (6.25%)',1,0,'2018-03-27 13:21:56','2018-03-27 13:21:56'),(20,'US-IN Rate (7%)',1,0,'2018-03-27 13:21:56','2018-03-27 13:21:56'),(21,'US-IA Rate (6%)',1,0,'2018-03-27 13:21:56','2018-03-27 13:21:56'),(22,'US-KS Rate (5.3%)',1,0,'2018-03-27 13:21:56','2018-03-27 13:21:56'),(23,'US-KY Rate (6%)',1,0,'2018-03-27 13:21:56','2018-03-27 13:21:56'),(24,'US-LA Rate (4%)',1,0,'2018-03-27 13:21:56','2018-03-27 13:21:56'),(25,'US-ME Rate (5%)',1,0,'2018-03-27 13:21:56','2018-03-27 13:21:56'),(26,'US-MD Rate (6%)',1,0,'2018-03-27 13:21:56','2018-03-27 13:21:56'),(27,'US-MA Rate (6.25%)',1,0,'2018-03-27 13:21:56','2018-03-27 13:21:56'),(28,'US-MI Rate (6%)',1,0,'2018-03-27 13:21:56','2018-03-27 13:21:56'),(29,'US-MN Rate (6.875%)',1,0,'2018-03-27 13:21:56','2018-03-27 13:21:56'),(30,'US-MS Rate (7%)',1,0,'2018-03-27 13:21:56','2018-03-27 13:21:56'),(31,'US-MO Rate (4.225%)',1,0,'2018-03-27 13:21:56','2018-03-27 13:21:56'),(32,'US-MT Rate (0%)',1,0,'2018-03-27 13:21:56','2018-03-27 13:21:56'),(33,'US-NE Rate (5.5%)',1,0,'2018-03-27 13:21:56','2018-03-27 13:21:56'),(34,'US-NV Rate (6.85%)',1,0,'2018-03-27 13:21:56','2018-03-27 13:21:56'),(35,'US-NH Rate (0%)',1,0,'2018-03-27 13:21:56','2018-03-27 13:21:56'),(36,'US-NJ Rate (7%)',1,0,'2018-03-27 13:21:56','2018-03-27 13:21:56'),(37,'US-NM Rate (5.125%)',1,0,'2018-03-27 13:21:56','2018-03-27 13:21:56'),(38,'US-NY Rate (4%)',1,0,'2018-03-27 13:21:56','2018-03-27 13:21:56'),(39,'US-NC Rate (5.5%)',1,0,'2018-03-27 13:21:56','2018-03-27 13:21:56'),(40,'US-ND Rate (5%)',1,0,'2018-03-27 13:21:56','2018-03-27 13:21:56'),(41,'US-OH Rate (5.5%)',1,0,'2018-03-27 13:21:56','2018-03-27 13:21:56'),(42,'US-OK Rate (4.5%)',1,0,'2018-03-27 13:21:56','2018-03-27 13:21:56'),(43,'US-OR Rate (0%)',1,0,'2018-03-27 13:21:56','2018-03-27 13:21:56'),(44,'US-PA Rate (6%)',1,0,'2018-03-27 13:21:56','2018-03-27 13:21:56'),(45,'US-RI Rate (7%)',1,0,'2018-03-27 13:21:56','2018-03-27 13:21:56'),(46,'US-SC Rate (6%)',1,0,'2018-03-27 13:21:56','2018-03-27 13:21:56'),(47,'US-SD Rate (4%)',1,0,'2018-03-27 13:21:56','2018-03-27 13:21:56'),(48,'US-TN Rate (7%)',1,0,'2018-03-27 13:21:56','2018-03-27 13:21:56'),(49,'US-TX Rate (6.25%)',1,0,'2018-03-27 13:21:56','2018-03-27 13:21:56'),(50,'US-UT Rate (4.75%)',1,0,'2018-03-27 13:21:56','2018-03-27 13:21:56'),(51,'US-VT Rate (6%)',1,0,'2018-03-27 13:21:56','2018-03-27 13:21:56'),(52,'US-VA Rate (4%)',1,0,'2018-03-27 13:21:56','2018-03-27 13:21:56'),(53,'US-WA Rate (6.5%)',1,0,'2018-03-27 13:21:56','2018-03-27 13:21:56'),(54,'US-WV Rate (6%)',1,0,'2018-03-27 13:21:56','2018-03-27 13:21:56'),(55,'US-WI Rate (5%)',1,0,'2018-03-27 13:21:56','2018-03-27 13:21:56'),(56,'US-WY Rate (4%)',1,0,'2018-03-27 13:21:56','2018-03-27 13:21:56'),(57,'US-PR Rate (5.5%)',1,0,'2018-03-27 13:21:56','2018-03-27 13:21:56'),(58,'US-DC Rate (6%)',1,0,'2018-03-27 13:21:56','2018-03-27 13:21:56'),(59,'CA Standard Rate',1,0,'2018-03-27 13:22:06','2018-03-27 13:22:06'),(60,'TW Standard Rate (5%)',1,0,'2018-03-27 13:22:20','2018-03-27 13:22:20');

#
# Structure for table "_WCprTUAtax_rules_group_shop"
#

CREATE TABLE `_WCprTUAtax_rules_group_shop` (
  `id_tax_rules_group` int(11) unsigned NOT NULL,
  `id_shop` int(11) unsigned NOT NULL,
  PRIMARY KEY (`id_tax_rules_group`,`id_shop`),
  KEY `id_shop` (`id_shop`)
) ENGINE=InnoDB DEFAULT CHARSET=utf8;

#
# Data for table "_WCprTUAtax_rules_group_shop"
#

INSERT INTO `_WCprTUAtax_rules_group_shop` VALUES (1,1),(2,1),(3,1),(4,1),(5,1),(6,1),(7,1),(8,1),(9,1),(10,1),(11,1),(12,1),(13,1),(14,1),(15,1),(16,1),(17,1),(18,1),(19,1),(20,1),(21,1),(22,1),(23,1),(24,1),(25,1),(26,1),(27,1),(28,1),(29,1),(30,1),(31,1),(32,1),(33,1),(34,1),(35,1),(36,1),(37,1),(38,1),(39,1),(40,1),(41,1),(42,1),(43,1),(44,1),(45,1),(46,1),(47,1),(48,1),(49,1),(50,1),(51,1),(52,1),(53,1),(54,1),(55,1),(56,1),(57,1),(58,1),(59,1),(60,1);

#
# Structure for table "_WCprTUAtheme"
#

CREATE TABLE `_WCprTUAtheme` (
  `id_theme` int(11) NOT NULL AUTO_INCREMENT,
  `name` varchar(64) NOT NULL,
  `directory` varchar(64) NOT NULL,
  `responsive` tinyint(1) NOT NULL DEFAULT '0',
  `default_left_column` tinyint(1) NOT NULL DEFAULT '0',
  `default_right_column` tinyint(1) NOT NULL DEFAULT '0',
  `product_per_page` int(10) unsigned NOT NULL,
  PRIMARY KEY (`id_theme`)
) ENGINE=InnoDB AUTO_INCREMENT=4 DEFAULT CHARSET=utf8;

#
# Data for table "_WCprTUAtheme"
#

INSERT INTO `_WCprTUAtheme` VALUES (1,'default-bootstrap','default-bootstrap',1,1,0,12),(3,'leo_jka','leo_jka',1,1,0,12);

#
# Structure for table "_WCprTUAtheme_meta"
#

CREATE TABLE `_WCprTUAtheme_meta` (
  `id_theme_meta` int(11) NOT NULL AUTO_INCREMENT,
  `id_theme` int(11) NOT NULL,
  `id_meta` int(10) unsigned NOT NULL,
  `left_column` tinyint(1) NOT NULL DEFAULT '1',
  `right_column` tinyint(1) NOT NULL DEFAULT '1',
  PRIMARY KEY (`id_theme_meta`),
  UNIQUE KEY `id_theme_2` (`id_theme`,`id_meta`),
  KEY `id_theme` (`id_theme`),
  KEY `id_meta` (`id_meta`)
) ENGINE=InnoDB AUTO_INCREMENT=126 DEFAULT CHARSET=utf8;

#
# Data for table "_WCprTUAtheme_meta"
#

INSERT INTO `_WCprTUAtheme_meta` VALUES (1,1,1,0,0),(2,1,2,1,0),(3,1,3,0,0),(4,1,4,0,0),(5,1,5,1,0),(6,1,6,1,0),(7,1,7,0,0),(8,1,8,1,0),(9,1,9,1,0),(10,1,10,0,0),(11,1,11,0,0),(12,1,12,0,0),(13,1,13,0,0),(14,1,14,0,0),(15,1,15,0,0),(16,1,16,0,0),(17,1,17,0,0),(18,1,18,0,0),(19,1,19,0,0),(20,1,20,0,0),(21,1,21,0,0),(22,1,22,1,0),(23,1,23,0,0),(24,1,24,0,0),(25,1,25,0,0),(26,1,26,0,0),(27,1,28,1,0),(28,1,29,0,0),(29,1,27,0,0),(30,1,30,0,0),(31,1,31,0,0),(32,1,32,0,0),(33,1,33,0,0),(34,1,34,0,0),(35,1,36,1,0),(72,3,1,0,0),(73,3,2,1,0),(74,3,3,1,0),(75,3,4,0,0),(76,3,5,0,0),(77,3,6,1,0),(78,3,7,0,0),(79,3,8,0,0),(80,3,9,0,0),(81,3,10,0,0),(82,3,11,0,0),(83,3,12,0,0),(84,3,13,0,0),(85,3,14,0,0),(86,3,15,0,0),(87,3,16,0,0),(88,3,17,0,0),(89,3,18,0,0),(90,3,19,0,0),(91,3,20,0,0),(92,3,21,0,0),(93,3,22,0,0),(94,3,23,0,0),(95,3,24,0,0),(96,3,25,0,0),(97,3,26,0,0),(98,3,27,0,0),(99,3,28,1,0),(100,3,29,0,0),(101,3,30,0,0),(102,3,31,0,0),(103,3,32,0,0),(104,3,33,0,0),(105,3,34,0,0),(106,3,35,0,0),(107,3,36,1,0),(108,1,37,1,0),(109,3,37,1,0),(110,1,38,1,0),(111,3,38,1,0),(112,1,39,1,0),(113,3,39,1,0),(124,1,40,1,0),(125,3,40,1,0);

#
# Structure for table "_WCprTUAtheme_specific"
#

CREATE TABLE `_WCprTUAtheme_specific` (
  `id_theme` int(11) unsigned NOT NULL,
  `id_shop` int(11) unsigned NOT NULL,
  `entity` int(11) unsigned NOT NULL,
  `id_object` int(11) unsigned NOT NULL,
  PRIMARY KEY (`id_theme`,`id_shop`,`entity`,`id_object`)
) ENGINE=InnoDB DEFAULT CHARSET=utf8;

#
# Data for table "_WCprTUAtheme_specific"
#


#
# Structure for table "_WCprTUAthemeconfigurator"
#

CREATE TABLE `_WCprTUAthemeconfigurator` (
  `id_item` int(10) unsigned NOT NULL AUTO_INCREMENT,
  `id_shop` int(10) unsigned NOT NULL,
  `id_lang` int(10) unsigned NOT NULL,
  `item_order` int(10) unsigned NOT NULL,
  `title` varchar(100) DEFAULT NULL,
  `title_use` tinyint(1) unsigned NOT NULL DEFAULT '0',
  `hook` varchar(100) DEFAULT NULL,
  `url` text,
  `target` tinyint(1) unsigned NOT NULL DEFAULT '0',
  `image` varchar(100) DEFAULT NULL,
  `image_w` varchar(10) DEFAULT NULL,
  `image_h` varchar(10) DEFAULT NULL,
  `html` text,
  `active` tinyint(1) unsigned NOT NULL DEFAULT '1',
  PRIMARY KEY (`id_item`)
) ENGINE=InnoDB AUTO_INCREMENT=57 DEFAULT CHARSET=utf8;

#
# Data for table "_WCprTUAthemeconfigurator"
#

INSERT INTO `_WCprTUAthemeconfigurator` VALUES (1,1,1,1,'',0,'home','http://www.prestashop.com/',0,'banner-img1.jpg','383','267','',1),(2,1,1,2,'',0,'home','http://www.prestashop.com/',0,'banner-img2.jpg','383','267','',1),(3,1,1,3,'',0,'home','http://www.prestashop.com/',0,'banner-img3.jpg','383','267','',1),(4,1,1,4,'',0,'home','http://www.prestashop.com/',0,'banner-img4.jpg','383','142','',1),(5,1,1,5,'',0,'home','http://www.prestashop.com/',0,'banner-img5.jpg','777','142','',1),(6,1,1,6,'',0,'top','http://www.prestashop.com/',0,'banner-img6.jpg','381','219','',1),(7,1,1,7,'',0,'top','http://www.prestashop.com/',0,'banner-img7.jpg','381','219','',1),(8,1,2,1,'',0,'home','http://www.prestashop.com/',0,'banner-img1.jpg','383','267','',1),(9,1,2,2,'',0,'home','http://www.prestashop.com/',0,'banner-img2.jpg','383','267','',1),(10,1,2,3,'',0,'home','http://www.prestashop.com/',0,'banner-img3.jpg','383','267','',1),(11,1,2,4,'',0,'home','http://www.prestashop.com/',0,'banner-img4.jpg','383','142','',1),(12,1,2,5,'',0,'home','http://www.prestashop.com/',0,'banner-img5.jpg','777','142','',1),(13,1,2,6,'',0,'top','http://www.prestashop.com/',0,'banner-img6.jpg','381','219','',1),(14,1,2,7,'',0,'top','http://www.prestashop.com/',0,'banner-img7.jpg','381','219','',1),(15,1,3,1,'',0,'home','http://www.prestashop.com/',0,'banner-img1.jpg','383','267','',1),(16,1,3,2,'',0,'home','http://www.prestashop.com/',0,'banner-img2.jpg','383','267','',1),(17,1,3,3,'',0,'home','http://www.prestashop.com/',0,'banner-img3.jpg','383','267','',1),(18,1,3,4,'',0,'home','http://www.prestashop.com/',0,'banner-img4.jpg','383','142','',1),(19,1,3,5,'',0,'home','http://www.prestashop.com/',0,'banner-img5.jpg','777','142','',1),(20,1,3,6,'',0,'top','http://www.prestashop.com/',0,'banner-img6.jpg','381','219','',1),(21,1,3,7,'',0,'top','http://www.prestashop.com/',0,'banner-img7.jpg','381','219','',1),(22,1,4,1,'',0,'home','http://www.prestashop.com/',0,'banner-img1.jpg','383','267','',1),(23,1,4,2,'',0,'home','http://www.prestashop.com/',0,'banner-img2.jpg','383','267','',1),(24,1,4,3,'',0,'home','http://www.prestashop.com/',0,'banner-img3.jpg','383','267','',1),(25,1,4,4,'',0,'home','http://www.prestashop.com/',0,'banner-img4.jpg','383','142','',1),(26,1,4,5,'',0,'home','http://www.prestashop.com/',0,'banner-img5.jpg','777','142','',1),(27,1,4,6,'',0,'top','http://www.prestashop.com/',0,'banner-img6.jpg','381','219','',1),(28,1,4,7,'',0,'top','http://www.prestashop.com/',0,'banner-img7.jpg','381','219','',1),(29,1,5,1,'',0,'home','http://www.prestashop.com/',0,'banner-img1.jpg','383','267','',1),(30,1,5,2,'',0,'home','http://www.prestashop.com/',0,'banner-img2.jpg','383','267','',1),(31,1,5,3,'',0,'home','http://www.prestashop.com/',0,'banner-img3.jpg','383','267','',1),(32,1,5,4,'',0,'home','http://www.prestashop.com/',0,'banner-img4.jpg','383','142','',1),(33,1,5,5,'',0,'home','http://www.prestashop.com/',0,'banner-img5.jpg','777','142','',1),(34,1,5,6,'',0,'top','http://www.prestashop.com/',0,'banner-img6.jpg','381','219','',1),(35,1,5,7,'',0,'top','http://www.prestashop.com/',0,'banner-img7.jpg','381','219','',1),(36,1,6,1,'',0,'home','http://www.prestashop.com/',0,'banner-img1.jpg','383','267','',1),(37,1,6,2,'',0,'home','http://www.prestashop.com/',0,'banner-img2.jpg','383','267','',1),(38,1,6,3,'',0,'home','http://www.prestashop.com/',0,'banner-img3.jpg','383','267','',1),(39,1,6,4,'',0,'home','http://www.prestashop.com/',0,'banner-img4.jpg','383','142','',1),(40,1,6,5,'',0,'home','http://www.prestashop.com/',0,'banner-img5.jpg','777','142','',1),(41,1,6,6,'',0,'top','http://www.prestashop.com/',0,'banner-img6.jpg','381','219','',1),(42,1,6,7,'',0,'top','http://www.prestashop.com/',0,'banner-img7.jpg','381','219','',1),(43,1,7,1,'',0,'home','http://www.prestashop.com/',0,'banner-img1.jpg','383','267','',1),(44,1,7,2,'',0,'home','http://www.prestashop.com/',0,'banner-img2.jpg','383','267','',1),(45,1,7,3,'',0,'home','http://www.prestashop.com/',0,'banner-img3.jpg','383','267','',1),(46,1,7,4,'',0,'home','http://www.prestashop.com/',0,'banner-img4.jpg','383','142','',1),(47,1,7,5,'',0,'home','http://www.prestashop.com/',0,'banner-img5.jpg','777','142','',1),(48,1,7,6,'',0,'top','http://www.prestashop.com/',0,'banner-img6.jpg','381','219','',1),(49,1,7,7,'',0,'top','http://www.prestashop.com/',0,'banner-img7.jpg','381','219','',1),(50,1,8,1,'',0,'home','http://www.prestashop.com/',0,'banner-img1.jpg','383','267','',1),(51,1,8,2,'',0,'home','http://www.prestashop.com/',0,'banner-img2.jpg','383','267','',1),(52,1,8,3,'',0,'home','http://www.prestashop.com/',0,'banner-img3.jpg','383','267','',1),(53,1,8,4,'',0,'home','http://www.prestashop.com/',0,'banner-img4.jpg','383','142','',1),(54,1,8,5,'',0,'home','http://www.prestashop.com/',0,'banner-img5.jpg','777','142','',1),(55,1,8,6,'',0,'top','http://www.prestashop.com/',0,'banner-img6.jpg','381','219','',1),(56,1,8,7,'',0,'top','http://www.prestashop.com/',0,'banner-img7.jpg','381','219','',1);

#
# Structure for table "_WCprTUAtimezone"
#

CREATE TABLE `_WCprTUAtimezone` (
  `id_timezone` int(10) unsigned NOT NULL AUTO_INCREMENT,
  `name` varchar(32) NOT NULL,
  PRIMARY KEY (`id_timezone`)
) ENGINE=InnoDB AUTO_INCREMENT=561 DEFAULT CHARSET=utf8;

#
# Data for table "_WCprTUAtimezone"
#

INSERT INTO `_WCprTUAtimezone` VALUES (1,'Africa/Abidjan'),(2,'Africa/Accra'),(3,'Africa/Addis_Ababa'),(4,'Africa/Algiers'),(5,'Africa/Asmara'),(6,'Africa/Asmera'),(7,'Africa/Bamako'),(8,'Africa/Bangui'),(9,'Africa/Banjul'),(10,'Africa/Bissau'),(11,'Africa/Blantyre'),(12,'Africa/Brazzaville'),(13,'Africa/Bujumbura'),(14,'Africa/Cairo'),(15,'Africa/Casablanca'),(16,'Africa/Ceuta'),(17,'Africa/Conakry'),(18,'Africa/Dakar'),(19,'Africa/Dar_es_Salaam'),(20,'Africa/Djibouti'),(21,'Africa/Douala'),(22,'Africa/El_Aaiun'),(23,'Africa/Freetown'),(24,'Africa/Gaborone'),(25,'Africa/Harare'),(26,'Africa/Johannesburg'),(27,'Africa/Kampala'),(28,'Africa/Khartoum'),(29,'Africa/Kigali'),(30,'Africa/Kinshasa'),(31,'Africa/Lagos'),(32,'Africa/Libreville'),(33,'Africa/Lome'),(34,'Africa/Luanda'),(35,'Africa/Lubumbashi'),(36,'Africa/Lusaka'),(37,'Africa/Malabo'),(38,'Africa/Maputo'),(39,'Africa/Maseru'),(40,'Africa/Mbabane'),(41,'Africa/Mogadishu'),(42,'Africa/Monrovia'),(43,'Africa/Nairobi'),(44,'Africa/Ndjamena'),(45,'Africa/Niamey'),(46,'Africa/Nouakchott'),(47,'Africa/Ouagadougou'),(48,'Africa/Porto-Novo'),(49,'Africa/Sao_Tome'),(50,'Africa/Timbuktu'),(51,'Africa/Tripoli'),(52,'Africa/Tunis'),(53,'Africa/Windhoek'),(54,'America/Adak'),(55,'America/Anchorage '),(56,'America/Anguilla'),(57,'America/Antigua'),(58,'America/Araguaina'),(59,'America/Argentina/Buenos_Aires'),(60,'America/Argentina/Catamarca'),(61,'America/Argentina/ComodRivadavia'),(62,'America/Argentina/Cordoba'),(63,'America/Argentina/Jujuy'),(64,'America/Argentina/La_Rioja'),(65,'America/Argentina/Mendoza'),(66,'America/Argentina/Rio_Gallegos'),(67,'America/Argentina/Salta'),(68,'America/Argentina/San_Juan'),(69,'America/Argentina/San_Luis'),(70,'America/Argentina/Tucuman'),(71,'America/Argentina/Ushuaia'),(72,'America/Aruba'),(73,'America/Asuncion'),(74,'America/Atikokan'),(75,'America/Atka'),(76,'America/Bahia'),(77,'America/Barbados'),(78,'America/Belem'),(79,'America/Belize'),(80,'America/Blanc-Sablon'),(81,'America/Boa_Vista'),(82,'America/Bogota'),(83,'America/Boise'),(84,'America/Buenos_Aires'),(85,'America/Cambridge_Bay'),(86,'America/Campo_Grande'),(87,'America/Cancun'),(88,'America/Caracas'),(89,'America/Catamarca'),(90,'America/Cayenne'),(91,'America/Cayman'),(92,'America/Chicago'),(93,'America/Chihuahua'),(94,'America/Coral_Harbour'),(95,'America/Cordoba'),(96,'America/Costa_Rica'),(97,'America/Cuiaba'),(98,'America/Curacao'),(99,'America/Danmarkshavn'),(100,'America/Dawson'),(101,'America/Dawson_Creek'),(102,'America/Denver'),(103,'America/Detroit'),(104,'America/Dominica'),(105,'America/Edmonton'),(106,'America/Eirunepe'),(107,'America/El_Salvador'),(108,'America/Ensenada'),(109,'America/Fort_Wayne'),(110,'America/Fortaleza'),(111,'America/Glace_Bay'),(112,'America/Godthab'),(113,'America/Goose_Bay'),(114,'America/Grand_Turk'),(115,'America/Grenada'),(116,'America/Guadeloupe'),(117,'America/Guatemala'),(118,'America/Guayaquil'),(119,'America/Guyana'),(120,'America/Halifax'),(121,'America/Havana'),(122,'America/Hermosillo'),(123,'America/Indiana/Indianapolis'),(124,'America/Indiana/Knox'),(125,'America/Indiana/Marengo'),(126,'America/Indiana/Petersburg'),(127,'America/Indiana/Tell_City'),(128,'America/Indiana/Vevay'),(129,'America/Indiana/Vincennes'),(130,'America/Indiana/Winamac'),(131,'America/Indianapolis'),(132,'America/Inuvik'),(133,'America/Iqaluit'),(134,'America/Jamaica'),(135,'America/Jujuy'),(136,'America/Juneau'),(137,'America/Kentucky/Louisville'),(138,'America/Kentucky/Monticello'),(139,'America/Knox_IN'),(140,'America/La_Paz'),(141,'America/Lima'),(142,'America/Los_Angeles'),(143,'America/Louisville'),(144,'America/Maceio'),(145,'America/Managua'),(146,'America/Manaus'),(147,'America/Marigot'),(148,'America/Martinique'),(149,'America/Mazatlan'),(150,'America/Mendoza'),(151,'America/Menominee'),(152,'America/Merida'),(153,'America/Mexico_City'),(154,'America/Miquelon'),(155,'America/Moncton'),(156,'America/Monterrey'),(157,'America/Montevideo'),(158,'America/Montreal'),(159,'America/Montserrat'),(160,'America/Nassau'),(161,'America/New_York'),(162,'America/Nipigon'),(163,'America/Nome'),(164,'America/Noronha'),(165,'America/North_Dakota/Center'),(166,'America/North_Dakota/New_Salem'),(167,'America/Panama'),(168,'America/Pangnirtung'),(169,'America/Paramaribo'),(170,'America/Phoenix'),(171,'America/Port-au-Prince'),(172,'America/Port_of_Spain'),(173,'America/Porto_Acre'),(174,'America/Porto_Velho'),(175,'America/Puerto_Rico'),(176,'America/Rainy_River'),(177,'America/Rankin_Inlet'),(178,'America/Recife'),(179,'America/Regina'),(180,'America/Resolute'),(181,'America/Rio_Branco'),(182,'America/Rosario'),(183,'America/Santarem'),(184,'America/Santiago'),(185,'America/Santo_Domingo'),(186,'America/Sao_Paulo'),(187,'America/Scoresbysund'),(188,'America/Shiprock'),(189,'America/St_Barthelemy'),(190,'America/St_Johns'),(191,'America/St_Kitts'),(192,'America/St_Lucia'),(193,'America/St_Thomas'),(194,'America/St_Vincent'),(195,'America/Swift_Current'),(196,'America/Tegucigalpa'),(197,'America/Thule'),(198,'America/Thunder_Bay'),(199,'America/Tijuana'),(200,'America/Toronto'),(201,'America/Tortola'),(202,'America/Vancouver'),(203,'America/Virgin'),(204,'America/Whitehorse'),(205,'America/Winnipeg'),(206,'America/Yakutat'),(207,'America/Yellowknife'),(208,'Antarctica/Casey'),(209,'Antarctica/Davis'),(210,'Antarctica/DumontDUrville'),(211,'Antarctica/Mawson'),(212,'Antarctica/McMurdo'),(213,'Antarctica/Palmer'),(214,'Antarctica/Rothera'),(215,'Antarctica/South_Pole'),(216,'Antarctica/Syowa'),(217,'Antarctica/Vostok'),(218,'Arctic/Longyearbyen'),(219,'Asia/Aden'),(220,'Asia/Almaty'),(221,'Asia/Amman'),(222,'Asia/Anadyr'),(223,'Asia/Aqtau'),(224,'Asia/Aqtobe'),(225,'Asia/Ashgabat'),(226,'Asia/Ashkhabad'),(227,'Asia/Baghdad'),(228,'Asia/Bahrain'),(229,'Asia/Baku'),(230,'Asia/Bangkok'),(231,'Asia/Beirut'),(232,'Asia/Bishkek'),(233,'Asia/Brunei'),(234,'Asia/Calcutta'),(235,'Asia/Choibalsan'),(236,'Asia/Chongqing'),(237,'Asia/Chungking'),(238,'Asia/Colombo'),(239,'Asia/Dacca'),(240,'Asia/Damascus'),(241,'Asia/Dhaka'),(242,'Asia/Dili'),(243,'Asia/Dubai'),(244,'Asia/Dushanbe'),(245,'Asia/Gaza'),(246,'Asia/Harbin'),(247,'Asia/Ho_Chi_Minh'),(248,'Asia/Hong_Kong'),(249,'Asia/Hovd'),(250,'Asia/Irkutsk'),(251,'Asia/Istanbul'),(252,'Asia/Jakarta'),(253,'Asia/Jayapura'),(254,'Asia/Jerusalem'),(255,'Asia/Kabul'),(256,'Asia/Kamchatka'),(257,'Asia/Karachi'),(258,'Asia/Kashgar'),(259,'Asia/Kathmandu'),(260,'Asia/Katmandu'),(261,'Asia/Kolkata'),(262,'Asia/Krasnoyarsk'),(263,'Asia/Kuala_Lumpur'),(264,'Asia/Kuching'),(265,'Asia/Kuwait'),(266,'Asia/Macao'),(267,'Asia/Macau'),(268,'Asia/Magadan'),(269,'Asia/Makassar'),(270,'Asia/Manila'),(271,'Asia/Muscat'),(272,'Asia/Nicosia'),(273,'Asia/Novosibirsk'),(274,'Asia/Omsk'),(275,'Asia/Oral'),(276,'Asia/Phnom_Penh'),(277,'Asia/Pontianak'),(278,'Asia/Pyongyang'),(279,'Asia/Qatar'),(280,'Asia/Qyzylorda'),(281,'Asia/Rangoon'),(282,'Asia/Riyadh'),(283,'Asia/Saigon'),(284,'Asia/Sakhalin'),(285,'Asia/Samarkand'),(286,'Asia/Seoul'),(287,'Asia/Shanghai'),(288,'Asia/Singapore'),(289,'Asia/Taipei'),(290,'Asia/Tashkent'),(291,'Asia/Tbilisi'),(292,'Asia/Tehran'),(293,'Asia/Tel_Aviv'),(294,'Asia/Thimbu'),(295,'Asia/Thimphu'),(296,'Asia/Tokyo'),(297,'Asia/Ujung_Pandang'),(298,'Asia/Ulaanbaatar'),(299,'Asia/Ulan_Bator'),(300,'Asia/Urumqi'),(301,'Asia/Vientiane'),(302,'Asia/Vladivostok'),(303,'Asia/Yakutsk'),(304,'Asia/Yekaterinburg'),(305,'Asia/Yerevan'),(306,'Atlantic/Azores'),(307,'Atlantic/Bermuda'),(308,'Atlantic/Canary'),(309,'Atlantic/Cape_Verde'),(310,'Atlantic/Faeroe'),(311,'Atlantic/Faroe'),(312,'Atlantic/Jan_Mayen'),(313,'Atlantic/Madeira'),(314,'Atlantic/Reykjavik'),(315,'Atlantic/South_Georgia'),(316,'Atlantic/St_Helena'),(317,'Atlantic/Stanley'),(318,'Australia/ACT'),(319,'Australia/Adelaide'),(320,'Australia/Brisbane'),(321,'Australia/Broken_Hill'),(322,'Australia/Canberra'),(323,'Australia/Currie'),(324,'Australia/Darwin'),(325,'Australia/Eucla'),(326,'Australia/Hobart'),(327,'Australia/LHI'),(328,'Australia/Lindeman'),(329,'Australia/Lord_Howe'),(330,'Australia/Melbourne'),(331,'Australia/North'),(332,'Australia/NSW'),(333,'Australia/Perth'),(334,'Australia/Queensland'),(335,'Australia/South'),(336,'Australia/Sydney'),(337,'Australia/Tasmania'),(338,'Australia/Victoria'),(339,'Australia/West'),(340,'Australia/Yancowinna'),(341,'Europe/Amsterdam'),(342,'Europe/Andorra'),(343,'Europe/Athens'),(344,'Europe/Belfast'),(345,'Europe/Belgrade'),(346,'Europe/Berlin'),(347,'Europe/Bratislava'),(348,'Europe/Brussels'),(349,'Europe/Bucharest'),(350,'Europe/Budapest'),(351,'Europe/Chisinau'),(352,'Europe/Copenhagen'),(353,'Europe/Dublin'),(354,'Europe/Gibraltar'),(355,'Europe/Guernsey'),(356,'Europe/Helsinki'),(357,'Europe/Isle_of_Man'),(358,'Europe/Istanbul'),(359,'Europe/Jersey'),(360,'Europe/Kaliningrad'),(361,'Europe/Kiev'),(362,'Europe/Lisbon'),(363,'Europe/Ljubljana'),(364,'Europe/London'),(365,'Europe/Luxembourg'),(366,'Europe/Madrid'),(367,'Europe/Malta'),(368,'Europe/Mariehamn'),(369,'Europe/Minsk'),(370,'Europe/Monaco'),(371,'Europe/Moscow'),(372,'Europe/Nicosia'),(373,'Europe/Oslo'),(374,'Europe/Paris'),(375,'Europe/Podgorica'),(376,'Europe/Prague'),(377,'Europe/Riga'),(378,'Europe/Rome'),(379,'Europe/Samara'),(380,'Europe/San_Marino'),(381,'Europe/Sarajevo'),(382,'Europe/Simferopol'),(383,'Europe/Skopje'),(384,'Europe/Sofia'),(385,'Europe/Stockholm'),(386,'Europe/Tallinn'),(387,'Europe/Tirane'),(388,'Europe/Tiraspol'),(389,'Europe/Uzhgorod'),(390,'Europe/Vaduz'),(391,'Europe/Vatican'),(392,'Europe/Vienna'),(393,'Europe/Vilnius'),(394,'Europe/Volgograd'),(395,'Europe/Warsaw'),(396,'Europe/Zagreb'),(397,'Europe/Zaporozhye'),(398,'Europe/Zurich'),(399,'Indian/Antananarivo'),(400,'Indian/Chagos'),(401,'Indian/Christmas'),(402,'Indian/Cocos'),(403,'Indian/Comoro'),(404,'Indian/Kerguelen'),(405,'Indian/Mahe'),(406,'Indian/Maldives'),(407,'Indian/Mauritius'),(408,'Indian/Mayotte'),(409,'Indian/Reunion'),(410,'Pacific/Apia'),(411,'Pacific/Auckland'),(412,'Pacific/Chatham'),(413,'Pacific/Easter'),(414,'Pacific/Efate'),(415,'Pacific/Enderbury'),(416,'Pacific/Fakaofo'),(417,'Pacific/Fiji'),(418,'Pacific/Funafuti'),(419,'Pacific/Galapagos'),(420,'Pacific/Gambier'),(421,'Pacific/Guadalcanal'),(422,'Pacific/Guam'),(423,'Pacific/Honolulu'),(424,'Pacific/Johnston'),(425,'Pacific/Kiritimati'),(426,'Pacific/Kosrae'),(427,'Pacific/Kwajalein'),(428,'Pacific/Majuro'),(429,'Pacific/Marquesas'),(430,'Pacific/Midway'),(431,'Pacific/Nauru'),(432,'Pacific/Niue'),(433,'Pacific/Norfolk'),(434,'Pacific/Noumea'),(435,'Pacific/Pago_Pago'),(436,'Pacific/Palau'),(437,'Pacific/Pitcairn'),(438,'Pacific/Ponape'),(439,'Pacific/Port_Moresby'),(440,'Pacific/Rarotonga'),(441,'Pacific/Saipan'),(442,'Pacific/Samoa'),(443,'Pacific/Tahiti'),(444,'Pacific/Tarawa'),(445,'Pacific/Tongatapu'),(446,'Pacific/Truk'),(447,'Pacific/Wake'),(448,'Pacific/Wallis'),(449,'Pacific/Yap'),(450,'Brazil/Acre'),(451,'Brazil/DeNoronha'),(452,'Brazil/East'),(453,'Brazil/West'),(454,'Canada/Atlantic'),(455,'Canada/Central'),(456,'Canada/East-Saskatchewan'),(457,'Canada/Eastern'),(458,'Canada/Mountain'),(459,'Canada/Newfoundland'),(460,'Canada/Pacific'),(461,'Canada/Saskatchewan'),(462,'Canada/Yukon'),(463,'CET'),(464,'Chile/Continental'),(465,'Chile/EasterIsland'),(466,'CST6CDT'),(467,'Cuba'),(468,'EET'),(469,'Egypt'),(470,'Eire'),(471,'EST'),(472,'EST5EDT'),(473,'Etc/GMT'),(474,'Etc/GMT+0'),(475,'Etc/GMT+1'),(476,'Etc/GMT+10'),(477,'Etc/GMT+11'),(478,'Etc/GMT+12'),(479,'Etc/GMT+2'),(480,'Etc/GMT+3'),(481,'Etc/GMT+4'),(482,'Etc/GMT+5'),(483,'Etc/GMT+6'),(484,'Etc/GMT+7'),(485,'Etc/GMT+8'),(486,'Etc/GMT+9'),(487,'Etc/GMT-0'),(488,'Etc/GMT-1'),(489,'Etc/GMT-10'),(490,'Etc/GMT-11'),(491,'Etc/GMT-12'),(492,'Etc/GMT-13'),(493,'Etc/GMT-14'),(494,'Etc/GMT-2'),(495,'Etc/GMT-3'),(496,'Etc/GMT-4'),(497,'Etc/GMT-5'),(498,'Etc/GMT-6'),(499,'Etc/GMT-7'),(500,'Etc/GMT-8'),(501,'Etc/GMT-9'),(502,'Etc/GMT0'),(503,'Etc/Greenwich'),(504,'Etc/UCT'),(505,'Etc/Universal'),(506,'Etc/UTC'),(507,'Etc/Zulu'),(508,'Factory'),(509,'GB'),(510,'GB-Eire'),(511,'GMT'),(512,'GMT+0'),(513,'GMT-0'),(514,'GMT0'),(515,'Greenwich'),(516,'Hongkong'),(517,'HST'),(518,'Iceland'),(519,'Iran'),(520,'Israel'),(521,'Jamaica'),(522,'Japan'),(523,'Kwajalein'),(524,'Libya'),(525,'MET'),(526,'Mexico/BajaNorte'),(527,'Mexico/BajaSur'),(528,'Mexico/General'),(529,'MST'),(530,'MST7MDT'),(531,'Navajo'),(532,'NZ'),(533,'NZ-CHAT'),(534,'Poland'),(535,'Portugal'),(536,'PRC'),(537,'PST8PDT'),(538,'ROC'),(539,'ROK'),(540,'Singapore'),(541,'Turkey'),(542,'UCT'),(543,'Universal'),(544,'US/Alaska'),(545,'US/Aleutian'),(546,'US/Arizona'),(547,'US/Central'),(548,'US/East-Indiana'),(549,'US/Eastern'),(550,'US/Hawaii'),(551,'US/Indiana-Starke'),(552,'US/Michigan'),(553,'US/Mountain'),(554,'US/Pacific'),(555,'US/Pacific-New'),(556,'US/Samoa'),(557,'UTC'),(558,'W-SU'),(559,'WET'),(560,'Zulu');

#
# Structure for table "_WCprTUAwarehouse"
#

CREATE TABLE `_WCprTUAwarehouse` (
  `id_warehouse` int(11) unsigned NOT NULL AUTO_INCREMENT,
  `id_currency` int(11) unsigned NOT NULL,
  `id_address` int(11) unsigned NOT NULL,
  `id_employee` int(11) unsigned NOT NULL,
  `reference` varchar(32) DEFAULT NULL,
  `name` varchar(45) NOT NULL,
  `management_type` enum('WA','FIFO','LIFO') NOT NULL DEFAULT 'WA',
  `deleted` tinyint(1) unsigned NOT NULL DEFAULT '0',
  PRIMARY KEY (`id_warehouse`)
) ENGINE=InnoDB DEFAULT CHARSET=utf8;

#
# Data for table "_WCprTUAwarehouse"
#


#
# Structure for table "_WCprTUAwarehouse_carrier"
#

CREATE TABLE `_WCprTUAwarehouse_carrier` (
  `id_carrier` int(11) unsigned NOT NULL,
  `id_warehouse` int(11) unsigned NOT NULL,
  PRIMARY KEY (`id_warehouse`,`id_carrier`),
  KEY `id_warehouse` (`id_warehouse`),
  KEY `id_carrier` (`id_carrier`)
) ENGINE=InnoDB DEFAULT CHARSET=utf8;

#
# Data for table "_WCprTUAwarehouse_carrier"
#


#
# Structure for table "_WCprTUAwarehouse_product_location"
#

CREATE TABLE `_WCprTUAwarehouse_product_location` (
  `id_warehouse_product_location` int(11) unsigned NOT NULL AUTO_INCREMENT,
  `id_product` int(11) unsigned NOT NULL,
  `id_product_attribute` int(11) unsigned NOT NULL,
  `id_warehouse` int(11) unsigned NOT NULL,
  `location` varchar(64) DEFAULT NULL,
  PRIMARY KEY (`id_warehouse_product_location`),
  UNIQUE KEY `id_product` (`id_product`,`id_product_attribute`,`id_warehouse`)
) ENGINE=InnoDB DEFAULT CHARSET=utf8;

#
# Data for table "_WCprTUAwarehouse_product_location"
#


#
# Structure for table "_WCprTUAwarehouse_shop"
#

CREATE TABLE `_WCprTUAwarehouse_shop` (
  `id_shop` int(11) unsigned NOT NULL,
  `id_warehouse` int(11) unsigned NOT NULL,
  PRIMARY KEY (`id_warehouse`,`id_shop`),
  KEY `id_warehouse` (`id_warehouse`),
  KEY `id_shop` (`id_shop`)
) ENGINE=InnoDB DEFAULT CHARSET=utf8;

#
# Data for table "_WCprTUAwarehouse_shop"
#


#
# Structure for table "_WCprTUAweb_browser"
#

CREATE TABLE `_WCprTUAweb_browser` (
  `id_web_browser` int(10) unsigned NOT NULL AUTO_INCREMENT,
  `name` varchar(64) DEFAULT NULL,
  PRIMARY KEY (`id_web_browser`)
) ENGINE=InnoDB AUTO_INCREMENT=12 DEFAULT CHARSET=utf8;

#
# Data for table "_WCprTUAweb_browser"
#

INSERT INTO `_WCprTUAweb_browser` VALUES (1,'Safari'),(2,'Safari iPad'),(3,'Firefox'),(4,'Opera'),(5,'IE 6'),(6,'IE 7'),(7,'IE 8'),(8,'IE 9'),(9,'IE 10'),(10,'IE 11'),(11,'Chrome');

#
# Structure for table "_WCprTUAwebservice_account"
#

CREATE TABLE `_WCprTUAwebservice_account` (
  `id_webservice_account` int(11) NOT NULL AUTO_INCREMENT,
  `key` varchar(32) NOT NULL,
  `description` text,
  `class_name` varchar(50) NOT NULL DEFAULT 'WebserviceRequest',
  `is_module` tinyint(2) NOT NULL DEFAULT '0',
  `module_name` varchar(50) DEFAULT NULL,
  `active` tinyint(2) NOT NULL,
  PRIMARY KEY (`id_webservice_account`),
  KEY `key` (`key`)
) ENGINE=InnoDB AUTO_INCREMENT=2 DEFAULT CHARSET=utf8;

#
# Data for table "_WCprTUAwebservice_account"
#

INSERT INTO `_WCprTUAwebservice_account` VALUES (1,'7WZ6BAD379F1HGIEJMPWHE8P2837TA8D','invoice','WebserviceRequest',0,NULL,1);

#
# Structure for table "_WCprTUAwebservice_account_shop"
#

CREATE TABLE `_WCprTUAwebservice_account_shop` (
  `id_webservice_account` int(11) unsigned NOT NULL,
  `id_shop` int(11) unsigned NOT NULL,
  PRIMARY KEY (`id_webservice_account`,`id_shop`),
  KEY `id_shop` (`id_shop`)
) ENGINE=InnoDB DEFAULT CHARSET=utf8;

#
# Data for table "_WCprTUAwebservice_account_shop"
#

INSERT INTO `_WCprTUAwebservice_account_shop` VALUES (1,1);

#
# Structure for table "_WCprTUAwebservice_permission"
#

CREATE TABLE `_WCprTUAwebservice_permission` (
  `id_webservice_permission` int(11) NOT NULL AUTO_INCREMENT,
  `resource` varchar(50) NOT NULL,
  `method` enum('GET','POST','PUT','DELETE','HEAD') NOT NULL,
  `id_webservice_account` int(11) NOT NULL,
  PRIMARY KEY (`id_webservice_permission`),
  UNIQUE KEY `resource_2` (`resource`,`method`,`id_webservice_account`),
  KEY `resource` (`resource`),
  KEY `method` (`method`),
  KEY `id_webservice_account` (`id_webservice_account`)
) ENGINE=InnoDB AUTO_INCREMENT=621 DEFAULT CHARSET=utf8;

#
# Data for table "_WCprTUAwebservice_permission"
#

INSERT INTO `_WCprTUAwebservice_permission` VALUES (316,'addresses','GET',1),(317,'addresses','PUT',1),(318,'addresses','POST',1),(319,'addresses','DELETE',1),(320,'addresses','HEAD',1),(321,'carriers','GET',1),(322,'carriers','PUT',1),(323,'carriers','POST',1),(324,'carriers','DELETE',1),(325,'carriers','HEAD',1),(326,'cart_rules','GET',1),(327,'cart_rules','PUT',1),(328,'cart_rules','POST',1),(329,'cart_rules','DELETE',1),(330,'cart_rules','HEAD',1),(331,'carts','GET',1),(332,'carts','PUT',1),(333,'carts','POST',1),(334,'carts','DELETE',1),(335,'carts','HEAD',1),(336,'categories','GET',1),(337,'categories','PUT',1),(338,'categories','POST',1),(339,'categories','DELETE',1),(340,'categories','HEAD',1),(341,'combinations','GET',1),(342,'combinations','PUT',1),(343,'combinations','POST',1),(344,'combinations','DELETE',1),(345,'combinations','HEAD',1),(346,'configurations','GET',1),(347,'configurations','PUT',1),(348,'configurations','POST',1),(349,'configurations','DELETE',1),(350,'configurations','HEAD',1),(351,'contacts','GET',1),(352,'contacts','PUT',1),(353,'contacts','POST',1),(354,'contacts','DELETE',1),(355,'contacts','HEAD',1),(356,'content_management_system','GET',1),(357,'content_management_system','PUT',1),(358,'content_management_system','POST',1),(359,'content_management_system','DELETE',1),(360,'content_management_system','HEAD',1),(361,'countries','GET',1),(362,'countries','PUT',1),(363,'countries','POST',1),(364,'countries','DELETE',1),(365,'countries','HEAD',1),(366,'currencies','GET',1),(367,'currencies','PUT',1),(368,'currencies','POST',1),(369,'currencies','DELETE',1),(370,'currencies','HEAD',1),(371,'customer_messages','GET',1),(372,'customer_messages','PUT',1),(373,'customer_messages','POST',1),(374,'customer_messages','DELETE',1),(375,'customer_messages','HEAD',1),(376,'customer_threads','GET',1),(377,'customer_threads','PUT',1),(378,'customer_threads','POST',1),(379,'customer_threads','DELETE',1),(380,'customer_threads','HEAD',1),(381,'customers','GET',1),(382,'customers','PUT',1),(383,'customers','POST',1),(384,'customers','DELETE',1),(385,'customers','HEAD',1),(386,'customizations','GET',1),(387,'customizations','PUT',1),(388,'customizations','POST',1),(389,'customizations','DELETE',1),(390,'customizations','HEAD',1),(391,'deliveries','GET',1),(392,'deliveries','PUT',1),(393,'deliveries','POST',1),(394,'deliveries','DELETE',1),(395,'deliveries','HEAD',1),(396,'employees','GET',1),(397,'employees','PUT',1),(398,'employees','POST',1),(399,'employees','DELETE',1),(400,'employees','HEAD',1),(401,'groups','GET',1),(402,'groups','PUT',1),(403,'groups','POST',1),(404,'groups','DELETE',1),(405,'groups','HEAD',1),(406,'guests','GET',1),(407,'guests','PUT',1),(408,'guests','POST',1),(409,'guests','DELETE',1),(410,'guests','HEAD',1),(411,'image_types','GET',1),(412,'image_types','PUT',1),(413,'image_types','POST',1),(414,'image_types','DELETE',1),(415,'image_types','HEAD',1),(416,'images','GET',1),(417,'images','PUT',1),(418,'images','POST',1),(419,'images','DELETE',1),(420,'images','HEAD',1),(421,'languages','GET',1),(422,'languages','PUT',1),(423,'languages','POST',1),(424,'languages','DELETE',1),(425,'languages','HEAD',1),(426,'manufacturers','GET',1),(427,'manufacturers','PUT',1),(428,'manufacturers','POST',1),(429,'manufacturers','DELETE',1),(430,'manufacturers','HEAD',1),(431,'order_carriers','GET',1),(432,'order_carriers','PUT',1),(433,'order_carriers','POST',1),(434,'order_carriers','DELETE',1),(435,'order_carriers','HEAD',1),(436,'order_details','GET',1),(437,'order_details','PUT',1),(438,'order_details','POST',1),(439,'order_details','DELETE',1),(440,'order_details','HEAD',1),(441,'order_discounts','GET',1),(442,'order_discounts','PUT',1),(443,'order_discounts','POST',1),(444,'order_discounts','DELETE',1),(445,'order_discounts','HEAD',1),(446,'order_histories','GET',1),(447,'order_histories','PUT',1),(448,'order_histories','POST',1),(449,'order_histories','DELETE',1),(450,'order_histories','HEAD',1),(451,'order_invoices','GET',1),(452,'order_invoices','PUT',1),(453,'order_invoices','POST',1),(454,'order_invoices','DELETE',1),(455,'order_invoices','HEAD',1),(456,'order_payments','GET',1),(457,'order_payments','PUT',1),(458,'order_payments','POST',1),(459,'order_payments','DELETE',1),(460,'order_payments','HEAD',1),(461,'order_slip','GET',1),(462,'order_slip','PUT',1),(463,'order_slip','POST',1),(464,'order_slip','DELETE',1),(465,'order_slip','HEAD',1),(466,'order_states','GET',1),(467,'order_states','PUT',1),(468,'order_states','POST',1),(469,'order_states','DELETE',1),(470,'order_states','HEAD',1),(471,'orders','GET',1),(472,'orders','PUT',1),(473,'orders','POST',1),(474,'orders','DELETE',1),(475,'orders','HEAD',1),(476,'price_ranges','GET',1),(477,'price_ranges','PUT',1),(478,'price_ranges','POST',1),(479,'price_ranges','DELETE',1),(480,'price_ranges','HEAD',1),(481,'product_customization_fields','GET',1),(482,'product_customization_fields','PUT',1),(483,'product_customization_fields','POST',1),(484,'product_customization_fields','DELETE',1),(485,'product_customization_fields','HEAD',1),(486,'product_feature_values','GET',1),(487,'product_feature_values','PUT',1),(488,'product_feature_values','POST',1),(489,'product_feature_values','DELETE',1),(490,'product_feature_values','HEAD',1),(491,'product_features','GET',1),(492,'product_features','PUT',1),(493,'product_features','POST',1),(494,'product_features','DELETE',1),(495,'product_features','HEAD',1),(496,'product_option_values','GET',1),(497,'product_option_values','PUT',1),(498,'product_option_values','POST',1),(499,'product_option_values','DELETE',1),(500,'product_option_values','HEAD',1),(501,'product_options','GET',1),(502,'product_options','PUT',1),(503,'product_options','POST',1),(504,'product_options','DELETE',1),(505,'product_options','HEAD',1),(506,'product_suppliers','GET',1),(507,'product_suppliers','PUT',1),(508,'product_suppliers','POST',1),(509,'product_suppliers','DELETE',1),(510,'product_suppliers','HEAD',1),(511,'products','GET',1),(512,'products','PUT',1),(513,'products','POST',1),(514,'products','DELETE',1),(515,'products','HEAD',1),(516,'search','GET',1),(517,'search','HEAD',1),(518,'shop_groups','GET',1),(519,'shop_groups','PUT',1),(520,'shop_groups','POST',1),(521,'shop_groups','DELETE',1),(522,'shop_groups','HEAD',1),(523,'shop_urls','GET',1),(524,'shop_urls','PUT',1),(525,'shop_urls','POST',1),(526,'shop_urls','DELETE',1),(527,'shop_urls','HEAD',1),(528,'shops','GET',1),(529,'shops','PUT',1),(530,'shops','POST',1),(531,'shops','DELETE',1),(532,'shops','HEAD',1),(533,'specific_price_rules','GET',1),(534,'specific_price_rules','PUT',1),(535,'specific_price_rules','POST',1),(536,'specific_price_rules','DELETE',1),(537,'specific_price_rules','HEAD',1),(538,'specific_prices','GET',1),(539,'specific_prices','PUT',1),(540,'specific_prices','POST',1),(541,'specific_prices','DELETE',1),(542,'specific_prices','HEAD',1),(543,'states','GET',1),(544,'states','PUT',1),(545,'states','POST',1),(546,'states','DELETE',1),(547,'states','HEAD',1),(548,'stock_availables','GET',1),(549,'stock_availables','PUT',1),(550,'stock_availables','HEAD',1),(551,'stock_movement_reasons','GET',1),(552,'stock_movement_reasons','PUT',1),(553,'stock_movement_reasons','POST',1),(554,'stock_movement_reasons','DELETE',1),(555,'stock_movement_reasons','HEAD',1),(556,'stock_movements','GET',1),(557,'stock_movements','HEAD',1),(558,'stocks','GET',1),(559,'stocks','HEAD',1),(560,'stores','GET',1),(561,'stores','PUT',1),(562,'stores','POST',1),(563,'stores','DELETE',1),(564,'stores','HEAD',1),(565,'suppliers','GET',1),(566,'suppliers','PUT',1),(567,'suppliers','POST',1),(568,'suppliers','DELETE',1),(569,'suppliers','HEAD',1),(570,'supply_order_details','GET',1),(571,'supply_order_details','HEAD',1),(572,'supply_order_histories','GET',1),(573,'supply_order_histories','HEAD',1),(574,'supply_order_receipt_histories','GET',1),(575,'supply_order_receipt_histories','HEAD',1),(576,'supply_order_states','GET',1),(577,'supply_order_states','HEAD',1),(578,'supply_orders','GET',1),(579,'supply_orders','HEAD',1),(580,'tags','GET',1),(581,'tags','PUT',1),(582,'tags','POST',1),(583,'tags','DELETE',1),(584,'tags','HEAD',1),(585,'tax_rule_groups','GET',1),(586,'tax_rule_groups','PUT',1),(587,'tax_rule_groups','POST',1),(588,'tax_rule_groups','DELETE',1),(589,'tax_rule_groups','HEAD',1),(590,'tax_rules','GET',1),(591,'tax_rules','PUT',1),(592,'tax_rules','POST',1),(593,'tax_rules','DELETE',1),(594,'tax_rules','HEAD',1),(595,'taxes','GET',1),(596,'taxes','PUT',1),(597,'taxes','POST',1),(598,'taxes','DELETE',1),(599,'taxes','HEAD',1),(600,'translated_configurations','GET',1),(601,'translated_configurations','PUT',1),(602,'translated_configurations','POST',1),(603,'translated_configurations','DELETE',1),(604,'translated_configurations','HEAD',1),(605,'warehouse_product_locations','GET',1),(606,'warehouse_product_locations','HEAD',1),(607,'warehouses','GET',1),(608,'warehouses','PUT',1),(609,'warehouses','POST',1),(610,'warehouses','HEAD',1),(611,'weight_ranges','GET',1),(612,'weight_ranges','PUT',1),(613,'weight_ranges','POST',1),(614,'weight_ranges','DELETE',1),(615,'weight_ranges','HEAD',1),(616,'zones','GET',1),(617,'zones','PUT',1),(618,'zones','POST',1),(619,'zones','DELETE',1),(620,'zones','HEAD',1);

#
# Structure for table "_WCprTUAzone"
#

CREATE TABLE `_WCprTUAzone` (
  `id_zone` int(10) unsigned NOT NULL AUTO_INCREMENT,
  `name` varchar(64) NOT NULL,
  `active` tinyint(1) unsigned NOT NULL DEFAULT '0',
  PRIMARY KEY (`id_zone`)
) ENGINE=InnoDB AUTO_INCREMENT=11 DEFAULT CHARSET=utf8;

#
# Data for table "_WCprTUAzone"
#

INSERT INTO `_WCprTUAzone` VALUES (1,'Europe',1),(2,'North America',1),(3,'Asia',1),(4,'Africa',1),(5,'Oceania',1),(6,'South America',1),(7,'Europe (non-EU)',1),(8,'Central America/Antilla',1),(10,'Italia',1);

#
# Structure for table "_WCprTUAzone_shop"
#

CREATE TABLE `_WCprTUAzone_shop` (
  `id_zone` int(11) unsigned NOT NULL,
  `id_shop` int(11) unsigned NOT NULL,
  PRIMARY KEY (`id_zone`,`id_shop`),
  KEY `id_shop` (`id_shop`)
) ENGINE=InnoDB DEFAULT CHARSET=utf8;

#
# Data for table "_WCprTUAzone_shop"
#

INSERT INTO `_WCprTUAzone_shop` VALUES (1,1),(2,1),(3,1),(4,1),(5,1),(6,1),(7,1),(8,1),(10,1);
