CREATE TABLE `_WCprTUAhook_alias` (
  `id_hook_alias` int(10) unsigned NOT NULL AUTO_INCREMENT,
  `alias` varchar(64) NOT NULL,
  `name` varchar(64) NOT NULL,
  PRIMARY KEY (`id_hook_alias`),
  UNIQUE KEY `alias` (`alias`)
) ENGINE=InnoDB AUTO_INCREMENT=87 DEFAULT CHARSET=utf8;

#
# Data for table "_WCprTUAhook_alias"
#

INSERT INTO `_WCprTUAhook_alias` VALUES (1,'payment','displayPayment'),(2,'newOrder','actionValidateOrder'),(3,'paymentConfirm','actionPaymentConfirmation'),(4,'paymentReturn','displayPaymentReturn'),(5,'updateQuantity','actionUpdateQuantity'),(6,'rightColumn','displayRightColumn'),(7,'leftColumn','displayLeftColumn'),(8,'home','displayHome'),(9,'displayHeader','Header'),(10,'cart','actionCartSave'),(11,'authentication','actionAuthentication'),(12,'addproduct','actionProductAdd'),(13,'updateproduct','actionProductUpdate'),(14,'top','displayTop'),(15,'extraRight','displayRightColumnProduct'),(16,'deleteproduct','actionProductDelete'),(17,'productfooter','displayFooterProduct'),(18,'invoice','displayInvoice'),(19,'updateOrderStatus','actionOrderStatusUpdate'),(20,'adminOrder','displayAdminOrder'),(21,'footer','displayFooter'),(22,'PDFInvoice','displayPDFInvoice'),(23,'adminCustomers','displayAdminCustomers'),(24,'orderConfirmation','displayOrderConfirmation'),(25,'createAccount','actionCustomerAccountAdd'),(26,'customerAccount','displayCustomerAccount'),(27,'orderSlip','actionOrderSlipAdd'),(28,'productTab','displayProductTab'),(29,'productTabContent','displayProductTabContent'),(30,'shoppingCart','displayShoppingCartFooter'),(31,'createAccountForm','displayCustomerAccountForm'),(32,'AdminStatsModules','displayAdminStatsModules'),(33,'GraphEngine','displayAdminStatsGraphEngine'),(34,'orderReturn','actionOrderReturn'),(35,'productActions','displayProductButtons'),(36,'backOfficeHome','displayBackOfficeHome'),(37,'GridEngine','displayAdminStatsGridEngine'),(38,'watermark','actionWatermark'),(39,'cancelProduct','actionProductCancel'),(40,'extraLeft','displayLeftColumnProduct'),(41,'productOutOfStock','actionProductOutOfStock'),(42,'updateProductAttribute','actionProductAttributeUpdate'),(43,'extraCarrier','displayCarrierList'),(44,'shoppingCartExtra','displayShoppingCart'),(45,'search','actionSearch'),(46,'backBeforePayment','displayBeforePayment'),(47,'updateCarrier','actionCarrierUpdate'),(48,'postUpdateOrderStatus','actionOrderStatusPostUpdate'),(49,'createAccountTop','displayCustomerAccountFormTop'),(50,'backOfficeHeader','displayBackOfficeHeader'),(51,'backOfficeTop','displayBackOfficeTop'),(52,'backOfficeFooter','displayBackOfficeFooter'),(53,'deleteProductAttribute','actionProductAttributeDelete'),(54,'processCarrier','actionCarrierProcess'),(55,'orderDetail','actionOrderDetail'),(56,'beforeCarrier','displayBeforeCarrier'),(57,'orderDetailDisplayed','displayOrderDetail'),(58,'paymentCCAdded','actionPaymentCCAdd'),(59,'extraProductComparison','displayProductComparison'),(60,'categoryAddition','actionCategoryAdd'),(61,'categoryUpdate','actionCategoryUpdate'),(62,'categoryDeletion','actionCategoryDelete'),(63,'beforeAuthentication','actionBeforeAuthentication'),(64,'paymentTop','displayPaymentTop'),(65,'afterCreateHtaccess','actionHtaccessCreate'),(66,'afterSaveAdminMeta','actionAdminMetaSave'),(67,'attributeGroupForm','displayAttributeGroupForm'),(68,'afterSaveAttributeGroup','actionAttributeGroupSave'),(69,'afterDeleteAttributeGroup','actionAttributeGroupDelete'),(70,'featureForm','displayFeatureForm'),(71,'afterSaveFeature','actionFeatureSave'),(72,'afterDeleteFeature','actionFeatureDelete'),(73,'afterSaveProduct','actionProductSave'),(74,'productListAssign','actionProductListOverride'),(75,'postProcessAttributeGroup','displayAttributeGroupPostProcess'),(76,'postProcessFeature','displayFeaturePostProcess'),(77,'featureValueForm','displayFeatureValueForm'),(78,'postProcessFeatureValue','displayFeatureValuePostProcess'),(79,'afterDeleteFeatureValue','actionFeatureValueDelete'),(80,'afterSaveFeatureValue','actionFeatureValueSave'),(81,'attributeForm','displayAttributeForm'),(82,'postProcessAttribute','actionAttributePostProcess'),(83,'afterDeleteAttribute','actionAttributeDelete'),(84,'afterSaveAttribute','actionAttributeSave'),(85,'taxManager','actionTaxManager'),(86,'myAccountBlock','displayMyAccountBlock');

#
# Structure for table "_WCprTUAhook_module"
#

CREATE TABLE `_WCprTUAhook_module` (
  `id_module` int(10) unsigned NOT NULL,
  `id_shop` int(11) unsigned NOT NULL DEFAULT '1',
  `id_hook` int(10) unsigned NOT NULL,
  `position` tinyint(2) unsigned NOT NULL,
  PRIMARY KEY (`id_module`,`id_hook`,`id_shop`),
  KEY `id_hook` (`id_hook`),
  KEY `id_module` (`id_module`),
  KEY `position` (`id_shop`,`position`)
) ENGINE=InnoDB DEFAULT CHARSET=utf8;

#
# Data for table "_WCprTUAhook_module"
#

INSERT INTO `_WCprTUAhook_module` VALUES (1,1,10,1),(1,1,16,1),(1,1,108,1),(1,1,109,1),(1,1,110,1),(2,1,10,2),(2,1,112,1),(2,1,113,1),(3,1,1,1),(3,1,5,1),(3,1,114,1),(4,1,8,1),(4,1,10,3),(4,1,13,1),(4,1,14,1),(4,1,17,1),(4,1,55,1),(5,1,10,4),(5,1,115,1),(6,1,10,5),(7,1,8,2),(7,1,10,6),(7,1,67,1),(7,1,68,1),(7,1,69,1),(7,1,99,1),(7,1,116,1),(7,1,117,1),(8,1,10,7),(9,1,9,2),(9,1,10,8),(10,1,10,9),(11,1,8,3),(11,1,10,10),(11,1,67,2),(11,1,68,2),(11,1,69,2),(11,1,74,1),(11,1,75,1),(11,1,76,1),(11,1,77,1),(11,1,78,1),(11,1,79,1),(11,1,80,1),(11,1,81,1),(11,1,82,1),(11,1,83,1),(11,1,84,1),(11,1,85,1),(11,1,86,1),(11,1,87,1),(11,1,88,1),(11,1,89,1),(11,1,90,1),(11,1,91,1),(12,1,8,4),(12,1,10,11),(12,1,118,1),(12,1,119,1),(12,1,120,1),(12,1,121,1),(13,1,9,3),(14,1,10,12),(14,1,26,4),(15,1,10,13),(15,1,26,2),(16,1,8,5),(16,1,10,14),(16,1,122,1),(16,1,123,1),(16,1,124,1),(17,1,8,6),(17,1,10,15),(17,1,126,1),(17,1,127,1),(18,1,10,16),(18,1,126,2),(18,1,127,2),(19,1,8,7),(19,1,10,17),(19,1,13,2),(19,1,14,2),(19,1,17,2),(20,1,10,18),(20,1,31,1),(21,1,10,19),(22,1,10,20),(22,1,129,1),(23,1,8,9),(23,1,10,21),(23,1,13,3),(23,1,14,3),(23,1,17,3),(24,1,8,10),(24,1,10,22),(25,1,8,11),(25,1,10,23),(25,1,131,1),(25,1,132,1),(25,1,133,1),(26,1,8,13),(26,1,10,24),(27,1,10,25),(27,1,15,2),(27,1,68,3),(27,1,108,2),(27,1,109,2),(27,1,118,2),(27,1,119,2),(27,1,120,2),(27,1,122,2),(27,1,123,2),(27,1,124,2),(27,1,131,2),(27,1,132,2),(27,1,133,2),(27,1,134,1),(27,1,135,1),(27,1,136,1),(27,1,137,1),(27,1,138,1),(28,1,10,26),(29,1,8,14),(29,1,10,27),(30,1,1,2),(30,1,5,2),(30,1,114,2),(31,1,139,1),(31,1,140,1),(31,1,141,1),(31,1,142,1),(31,1,143,1),(31,1,144,1),(31,1,145,1),(31,1,146,1),(32,1,55,2),(32,1,140,2),(32,1,146,2),(32,1,147,1),(33,1,140,3),(33,1,146,3),(33,1,147,2),(34,1,52,1),(34,1,140,4),(34,1,141,2),(34,1,147,3),(35,1,40,1),(35,1,146,4),(36,1,44,1),(37,1,10,28),(37,1,120,3),(38,1,10,29),(38,1,13,4),(38,1,14,4),(38,1,17,4),(38,1,68,4),(39,1,10,30),(39,1,42,2),(40,1,15,3),(40,1,39,1),(41,1,15,4),(41,1,39,2),(42,1,39,3),(43,1,39,4),(44,1,39,5),(45,1,39,6),(46,1,39,7),(47,1,39,8),(48,1,39,9),(49,1,39,10),(50,1,12,1),(50,1,31,2),(51,1,39,11),(52,1,39,12),(53,1,39,13),(54,1,39,14),(55,1,39,15),(56,1,39,16),(57,1,39,17),(58,1,39,18),(59,1,39,19),(60,1,39,20),(60,1,52,2),(61,1,39,21),(62,1,39,22),(63,1,57,1),(63,1,113,2),(64,1,10,39),(65,1,10,35),(66,1,10,36),(67,1,7,2),(67,1,8,12),(67,1,9,4),(67,1,10,32),(67,1,15,5),(67,1,16,3),(67,1,18,1),(67,1,120,4),(67,1,149,1),(67,1,150,1),(67,1,151,1),(67,1,152,1),(67,1,153,1),(67,1,154,1),(67,1,155,1),(68,1,7,1),(68,1,8,8),(68,1,9,1),(68,1,10,31),(68,1,15,1),(68,1,16,3),(68,1,18,1),(68,1,26,1),(68,1,35,2),(68,1,36,2),(68,1,57,5),(68,1,97,1),(68,1,98,1),(68,1,101,1),(68,1,120,2),(68,1,149,2),(68,1,150,2),(68,1,156,1),(68,1,157,2),(68,1,158,1),(68,1,159,1),(69,1,10,37),(69,1,57,6),(69,1,157,1),(70,1,10,33),(70,1,47,1),(71,1,10,34),(71,1,13,5),(71,1,14,5),(71,1,17,6),(71,1,18,2),(72,1,1,3),(72,1,5,3),(72,1,7,3),(72,1,10,38),(72,1,18,3),(72,1,21,1),(72,1,27,1),(72,1,30,1),(72,1,46,1),(72,1,51,1),(72,1,53,1),(72,1,55,3),(72,1,57,7),(72,1,114,3),(72,1,160,1),(72,1,161,1),(72,1,162,1),(72,1,163,1),(73,1,57,8),(74,1,57,9),(75,1,10,40),(75,1,15,6),(75,1,26,3),(76,1,4,1),(76,1,10,41),(76,1,30,2),(76,1,57,10),(76,1,62,1),(77,1,10,42),(77,1,57,11),(79,1,2,1),(79,1,5,4),(79,1,10,43),(79,1,30,3),(80,1,2,2),(80,1,6,1),(80,1,10,44),(80,1,17,7),(80,1,32,1),(80,1,41,1),(80,1,48,1),(80,1,49,1),(80,1,60,1),(80,1,93,1),(80,1,104,1),(80,1,168,1),(80,1,171,1),(80,1,172,1),(80,1,173,1),(81,1,10,45),(81,1,15,7),(82,1,10,46),(82,1,20,1),(82,1,21,2),(82,1,30,4),(82,1,46,2),(82,1,55,4),(82,1,57,12),(82,1,169,1),(83,1,10,47),(83,1,15,8),(83,1,26,5),(84,1,1,4),(84,1,5,5),(84,1,170,1),(86,1,26,6),(86,1,57,13),(87,1,26,7),(87,1,32,2),(87,1,33,1),(87,1,38,1),(88,1,10,48),(88,1,26,8),(88,1,29,1),(88,1,32,3),(88,1,33,2),(88,1,38,2),(88,1,57,14),(88,1,157,3),(88,1,174,1),(88,1,175,1),(88,1,176,1),(88,1,177,1),(90,1,2,3),(90,1,10,49),(90,1,13,6),(90,1,14,6),(90,1,20,2),(90,1,142,2),(90,1,157,4),(90,1,164,1),(90,1,165,1),(90,1,166,1),(90,1,167,1);

#
# Structure for table "_WCprTUAhook_module_exceptions"
#

CREATE TABLE `_WCprTUAhook_module_exceptions` (
  `id_hook_module_exceptions` int(10) unsigned NOT NULL AUTO_INCREMENT,
  `id_shop` int(11) unsigned NOT NULL DEFAULT '1',
  `id_module` int(10) unsigned NOT NULL,
  `id_hook` int(10) unsigned NOT NULL,
  `file_name` varchar(255) DEFAULT NULL,
  PRIMARY KEY (`id_hook_module_exceptions`),
  KEY `id_module` (`id_module`),
  KEY `id_hook` (`id_hook`)
) ENGINE=InnoDB AUTO_INCREMENT=137 DEFAULT CHARSET=utf8;

#
# Data for table "_WCprTUAhook_module_exceptions"
#

INSERT INTO `_WCprTUAhook_module_exceptions` VALUES (1,1,4,8,'category'),(2,1,16,8,'category'),(3,1,17,8,'category'),(4,1,21,8,'category'),(5,1,25,8,'category'),(8,1,4,8,'category'),(9,1,4,8,'category'),(10,1,4,8,'category'),(11,1,4,8,'category'),(12,1,4,8,'category'),(13,1,4,8,'category'),(14,1,4,8,'category'),(15,1,4,8,'category'),(16,1,4,8,'category'),(17,1,4,8,'category'),(18,1,4,8,'category'),(19,1,4,8,'category'),(20,1,4,8,'category'),(21,1,4,8,'category'),(22,1,4,8,'category'),(23,1,4,8,'category'),(24,1,4,8,'category'),(25,1,4,8,'category'),(26,1,4,8,'category'),(27,1,4,8,'category'),(28,1,4,8,'category'),(29,1,4,8,'category'),(30,1,4,8,'category'),(31,1,4,8,'category'),(32,1,4,8,'category'),(33,1,4,8,'category'),(34,1,4,8,'category'),(35,1,4,8,'category'),(36,1,4,8,'category'),(37,1,4,8,'category'),(38,1,4,8,'category'),(39,1,4,8,'category'),(40,1,4,8,'category'),(41,1,4,8,'category'),(42,1,4,8,'category'),(43,1,4,8,'category'),(44,1,4,8,'category'),(45,1,4,8,'category'),(46,1,4,8,'category'),(47,1,16,8,'category'),(48,1,16,8,'category'),(49,1,16,8,'category'),(50,1,16,8,'category'),(51,1,16,8,'category'),(52,1,16,8,'category'),(53,1,16,8,'category'),(54,1,16,8,'category'),(55,1,16,8,'category'),(56,1,16,8,'category'),(57,1,16,8,'category'),(58,1,16,8,'category'),(59,1,16,8,'category'),(60,1,16,8,'category'),(61,1,16,8,'category'),(62,1,16,8,'category'),(63,1,16,8,'category'),(64,1,16,8,'category'),(65,1,16,8,'category'),(66,1,16,8,'category'),(67,1,16,8,'category'),(68,1,16,8,'category'),(69,1,16,8,'category'),(70,1,16,8,'category'),(71,1,16,8,'category'),(72,1,16,8,'category'),(73,1,16,8,'category'),(74,1,16,8,'category'),(75,1,16,8,'category'),(76,1,16,8,'category'),(77,1,16,8,'category'),(78,1,17,8,'category'),(79,1,17,8,'category'),(80,1,17,8,'category'),(81,1,17,8,'category'),(82,1,17,8,'category'),(83,1,17,8,'category'),(84,1,17,8,'category'),(85,1,17,8,'category'),(86,1,17,8,'category'),(87,1,17,8,'category'),(88,1,17,8,'category'),(89,1,17,8,'category'),(90,1,17,8,'category'),(91,1,17,8,'category'),(92,1,17,8,'category'),(93,1,17,8,'category'),(94,1,17,8,'category'),(95,1,17,8,'category'),(96,1,17,8,'category'),(97,1,17,8,'category'),(98,1,17,8,'category'),(99,1,17,8,'category'),(100,1,17,8,'category'),(101,1,17,8,'category'),(102,1,17,8,'category'),(103,1,17,8,'category'),(104,1,17,8,'category'),(105,1,17,8,'category'),(106,1,17,8,'category'),(107,1,17,8,'category'),(108,1,17,8,'category'),(109,1,17,8,'category'),(110,1,17,8,'category'),(111,1,17,8,'category'),(112,1,25,8,'category'),(113,1,25,8,'category'),(114,1,25,8,'category'),(115,1,25,8,'category'),(116,1,25,8,'category'),(117,1,25,8,'category'),(118,1,25,8,'category'),(119,1,25,8,'category'),(120,1,25,8,'category'),(121,1,25,8,'category'),(122,1,25,8,'category'),(123,1,25,8,'category'),(124,1,25,8,'category'),(125,1,25,8,'category'),(126,1,25,8,'category'),(127,1,25,8,'category'),(128,1,25,8,'category'),(129,1,25,8,'category'),(130,1,25,8,'category'),(131,1,25,8,'category'),(132,1,25,8,'category'),(133,1,25,8,'category'),(134,1,25,8,'category'),(135,1,25,8,'category'),(136,1,25,8,'category');

#
# Structure for table "_WCprTUAimage"
#

CREATE TABLE `_WCprTUAimage` (
  `id_image` int(10) unsigned NOT NULL AUTO_INCREMENT,
  `id_product` int(10) unsigned NOT NULL,
  `position` smallint(2) unsigned NOT NULL DEFAULT '0',
  `cover` tinyint(1) unsigned DEFAULT NULL,
  PRIMARY KEY (`id_image`),
  UNIQUE KEY `id_product_cover` (`id_product`,`cover`),
  UNIQUE KEY `idx_product_image` (`id_image`,`id_product`,`cover`),
  KEY `image_product` (`id_product`)
) ENGINE=InnoDB AUTO_INCREMENT=130 DEFAULT CHARSET=utf8;

#
# Data for table "_WCprTUAimage"
#

INSERT INTO `_WCprTUAimage` VALUES (26,8,5,NULL),(27,8,2,NULL),(28,8,3,NULL),(42,8,4,NULL),(45,11,2,NULL),(46,11,3,NULL),(48,10,2,NULL),(49,10,3,NULL),(50,10,4,NULL),(52,9,4,NULL),(53,9,2,NULL),(54,9,3,NULL),(55,11,4,NULL),(57,13,2,NULL),(58,13,4,NULL),(59,13,3,NULL),(60,12,3,NULL),(61,12,4,NULL),(62,12,2,NULL),(67,15,2,NULL),(68,15,4,NULL),(69,15,3,NULL),(71,16,3,NULL),(72,16,4,NULL),(73,16,5,NULL),(74,16,2,NULL),(76,17,2,NULL),(77,17,3,NULL),(78,17,4,NULL),(79,18,3,NULL),(81,18,2,NULL),(94,21,2,NULL),(95,21,3,NULL),(101,23,1,1),(102,8,1,1),(103,22,1,1),(104,20,1,1),(105,18,1,1),(106,17,1,1),(107,16,1,1),(108,15,1,1),(109,14,1,1),(110,9,1,1),(111,10,1,1),(113,12,1,1),(114,11,1,1),(115,13,1,1),(116,21,1,1),(117,24,9,NULL),(118,24,5,NULL),(119,24,1,1),(120,24,6,NULL),(121,24,7,NULL),(122,24,8,NULL),(123,24,10,NULL),(124,24,11,NULL),(125,24,12,NULL),(126,24,13,NULL),(127,24,3,NULL),(128,24,2,NULL),(129,24,4,NULL);

#
# Structure for table "_WCprTUAimage_lang"
#

CREATE TABLE `_WCprTUAimage_lang` (
  `id_image` int(10) unsigned NOT NULL,
  `id_lang` int(10) unsigned NOT NULL,
  `legend` varchar(128) DEFAULT NULL,
  PRIMARY KEY (`id_image`,`id_lang`),
  KEY `id_image` (`id_image`)
) ENGINE=InnoDB DEFAULT CHARSET=utf8;

#
# Data for table "_WCprTUAimage_lang"
#

INSERT INTO `_WCprTUAimage_lang` VALUES (26,1,'Wacù aspiratore sottovuoto portatile'),(26,2,'Wacù aspiratore sottovuoto portatile'),(26,3,'Wacù aspiratore sottovuoto portatile'),(26,4,'Wacù aspiratore sottovuoto portatile'),(26,5,'Wacù aspiratore sottovuoto portatile'),(26,6,'Wacù aspiratore sottovuoto portatile'),(26,7,'Wacù aspiratore sottovuoto portatile'),(26,8,'Wacù aspiratore sottovuoto portatile'),(27,1,'Wacù aspiratore sottovuoto portatile'),(27,2,'Wacù aspiratore sottovuoto portatile'),(27,3,'Wacù aspiratore sottovuoto portatile'),(27,4,'Wacù aspiratore sottovuoto portatile'),(27,5,'Wacù aspiratore sottovuoto portatile'),(27,6,'Wacù aspiratore sottovuoto portatile'),(27,7,'Wacù aspiratore sottovuoto portatile'),(27,8,'Wacù aspiratore sottovuoto portatile'),(28,1,'Wacù aspiratore sottovuoto portatile'),(28,2,'Wacù aspiratore sottovuoto portatile'),(28,3,'Wacù aspiratore sottovuoto portatile'),(28,4,'Wacù aspiratore sottovuoto portatile'),(28,5,'Wacù aspiratore sottovuoto portatile'),(28,6,'Wacù aspiratore sottovuoto portatile'),(28,7,'Wacù aspiratore sottovuoto portatile'),(28,8,'Wacù aspiratore sottovuoto portatile'),(42,1,'Wacù aspiratore sottovuoto portatile'),(42,2,'Wacù aspiratore sottovuoto portatile'),(42,3,'Wacù aspiratore sottovuoto portatile'),(42,4,'Wacù aspiratore sottovuoto portatile'),(42,5,'Wacù aspiratore sottovuoto portatile'),(42,6,'Wacù aspiratore sottovuoto portatile'),(42,7,'Wacù aspiratore sottovuoto portatile'),(42,8,'Wacù aspiratore sottovuoto portatile'),(45,1,'Buste Salvaspazio da sottovuoto - The Bucaneer Wacù'),(45,2,'Buste Salvaspazio da sottovuoto - The Bucaneer Wacù'),(45,3,'Buste Salvaspazio da sottovuoto - The Bucaneer Wacù'),(45,4,'Buste Salvaspazio da sottovuoto - The Bucaneer Wacù'),(45,5,'Buste Salvaspazio da sottovuoto - The Bucaneer Wacù'),(45,6,'Buste Salvaspazio da sottovuoto - The Bucaneer Wacù'),(45,7,'Buste Salvaspazio da sottovuoto - The Bucaneer Wacù'),(45,8,'Buste Salvaspazio da sottovuoto - The Bucaneer Wacù'),(46,1,'Buste Salvaspazio da sottovuoto - The Bucaneer Wacù'),(46,2,'Buste Salvaspazio da sottovuoto - The Bucaneer Wacù'),(46,3,'Buste Salvaspazio da sottovuoto - The Bucaneer Wacù'),(46,4,'Buste Salvaspazio da sottovuoto - The Bucaneer Wacù'),(46,5,'Buste Salvaspazio da sottovuoto - The Bucaneer Wacù'),(46,6,'Buste Salvaspazio da sottovuoto - The Bucaneer Wacù'),(46,7,'Buste Salvaspazio da sottovuoto - The Bucaneer Wacù'),(46,8,'Buste Salvaspazio da sottovuoto - The Bucaneer Wacù'),(48,1,'Buste Salvaspazio da sottovuoto - The Business Man Wacù'),(48,2,'Buste Salvaspazio da sottovuoto - The Business Man Wacù'),(48,3,'Buste Salvaspazio da sottovuoto - The Business Man Wacù'),(48,4,'Buste Salvaspazio da sottovuoto - The Business Man Wacù'),(48,5,'Buste Salvaspazio da sottovuoto - The Business Man Wacù'),(48,6,'Buste Salvaspazio da sottovuoto - The Business Man Wacù'),(48,7,'Buste Salvaspazio da sottovuoto - The Business Man Wacù'),(48,8,'Buste Salvaspazio da sottovuoto - The Business Man Wacù'),(49,1,'Buste Salvaspazio da sottovuoto - The Business Man Wacù'),(49,2,'Buste Salvaspazio da sottovuoto - The Business Man Wacù'),(49,3,'Buste Salvaspazio da sottovuoto - The Business Man Wacù'),(49,4,'Buste Salvaspazio da sottovuoto - The Business Man Wacù'),(49,5,'Buste Salvaspazio da sottovuoto - The Business Man Wacù'),(49,6,'Buste Salvaspazio da sottovuoto - The Business Man Wacù'),(49,7,'Buste Salvaspazio da sottovuoto - The Business Man Wacù'),(49,8,'Buste Salvaspazio da sottovuoto - The Business Man Wacù'),(50,1,'Buste Salvaspazio da sottovuoto - The Business Man Wacù'),(50,2,'Buste Salvaspazio da sottovuoto - The Business Man Wacù'),(50,3,'Buste Salvaspazio da sottovuoto - The Business Man Wacù'),(50,4,'Buste Salvaspazio da sottovuoto - The Business Man Wacù'),(50,5,'Buste Salvaspazio da sottovuoto - The Business Man Wacù'),(50,6,'Buste Salvaspazio da sottovuoto - The Business Man Wacù'),(50,7,'Buste Salvaspazio da sottovuoto - The Business Man Wacù'),(50,8,'Buste Salvaspazio da sottovuoto - The Business Man Wacù'),(52,1,'Buste Salvaspazio da sottovuoto - The Vintage Woman Wacù'),(52,2,'Buste Salvaspazio da sottovuoto - The Business Man Wacù'),(52,3,'Buste Salvaspazio da sottovuoto - The Business Man Wacù'),(52,4,'Buste Salvaspazio da sottovuoto - The Business Man Wacù'),(52,5,'Buste Salvaspazio da sottovuoto - The Business Man Wacù'),(52,6,'Buste Salvaspazio da sottovuoto - The Business Man Wacù'),(52,7,'Buste Salvaspazio da sottovuoto - The Business Man Wacù'),(52,8,'Buste Salvaspazio da sottovuoto - The Business Man Wacù'),(53,1,'Buste Salvaspazio da sottovuoto - The Vintage Woman Wacù'),(53,2,'Buste Salvaspazio da sottovuoto - The Business Man Wacù'),(53,3,'Buste Salvaspazio da sottovuoto - The Business Man Wacù'),(53,4,'Buste Salvaspazio da sottovuoto - The Business Man Wacù'),(53,5,'Buste Salvaspazio da sottovuoto - The Business Man Wacù'),(53,6,'Buste Salvaspazio da sottovuoto - The Business Man Wacù'),(53,7,'Buste Salvaspazio da sottovuoto - The Business Man Wacù'),(53,8,'Buste Salvaspazio da sottovuoto - The Business Man Wacù'),(54,1,'Buste Salvaspazio da sottovuoto - The Vintage Woman Wacù'),(54,2,'Buste Salvaspazio da sottovuoto - The Business Man Wacù'),(54,3,'Buste Salvaspazio da sottovuoto - The Business Man Wacù'),(54,4,'Buste Salvaspazio da sottovuoto - The Business Man Wacù'),(54,5,'Buste Salvaspazio da sottovuoto - The Business Man Wacù'),(54,6,'Buste Salvaspazio da sottovuoto - The Business Man Wacù'),(54,7,'Buste Salvaspazio da sottovuoto - The Business Man Wacù'),(54,8,'Buste Salvaspazio da sottovuoto - The Business Man Wacù'),(55,1,'Buste Salvaspazio da sottovuoto - The Bucaneer Wacù'),(55,2,'Buste Salvaspazio da sottovuoto - The Bucaneer Wacù'),(55,3,'Buste Salvaspazio da sottovuoto - The Bucaneer Wacù'),(55,4,'Buste Salvaspazio da sottovuoto - The Bucaneer Wacù'),(55,5,'Buste Salvaspazio da sottovuoto - The Bucaneer Wacù'),(55,6,'Buste Salvaspazio da sottovuoto - The Bucaneer Wacù'),(55,7,'Buste Salvaspazio da sottovuoto - The Bucaneer Wacù'),(55,8,'Buste Salvaspazio da sottovuoto - The Bucaneer Wacù'),(57,1,'Buste Salvaspazio da sottovuoto - Traveller'),(57,2,'Buste Salvaspazio da sottovuoto - Traveller'),(57,3,'Buste Salvaspazio da sottovuoto - Traveller'),(57,4,'Buste Salvaspazio da sottovuoto - Traveller'),(57,5,'Buste Salvaspazio da sottovuoto - Traveller'),(57,6,'Buste Salvaspazio da sottovuoto - Traveller'),(57,7,'Buste Salvaspazio da sottovuoto - Traveller'),(57,8,'Buste Salvaspazio da sottovuoto - Traveller'),(58,1,'Buste Salvaspazio da sottovuoto - Traveller'),(58,2,'Buste Salvaspazio da sottovuoto - Traveller'),(58,3,'Buste Salvaspazio da sottovuoto - Traveller'),(58,4,'Buste Salvaspazio da sottovuoto - Traveller'),(58,5,'Buste Salvaspazio da sottovuoto - Traveller'),(58,6,'Buste Salvaspazio da sottovuoto - Traveller'),(58,7,'Buste Salvaspazio da sottovuoto - Traveller'),(58,8,'Buste Salvaspazio da sottovuoto - Traveller'),(59,1,'Buste Salvaspazio da sottovuoto - Traveller'),(59,2,'Buste Salvaspazio da sottovuoto - Traveller'),(59,3,'Buste Salvaspazio da sottovuoto - Traveller'),(59,4,'Buste Salvaspazio da sottovuoto - Traveller'),(59,5,'Buste Salvaspazio da sottovuoto - Traveller'),(59,6,'Buste Salvaspazio da sottovuoto - Traveller'),(59,7,'Buste Salvaspazio da sottovuoto - Traveller'),(59,8,'Buste Salvaspazio da sottovuoto - Traveller'),(60,1,'Buste Salvaspazio da sottovuoto - Little Princess'),(60,2,'Buste Salvaspazio da sottovuoto - Little Princess'),(60,3,'Buste Salvaspazio da sottovuoto - Little Princess'),(60,4,'Buste Salvaspazio da sottovuoto - Little Princess'),(60,5,'Buste Salvaspazio da sottovuoto - Little Princess'),(60,6,'Buste Salvaspazio da sottovuoto - Little Princess'),(60,7,'Buste Salvaspazio da sottovuoto - Little Princess'),(60,8,'Buste Salvaspazio da sottovuoto - Little Princess'),(61,1,'Buste Salvaspazio da sottovuoto - Little Princess'),(61,2,'Buste Salvaspazio da sottovuoto - Little Princess'),(61,3,'Buste Salvaspazio da sottovuoto - Little Princess'),(61,4,'Buste Salvaspazio da sottovuoto - Little Princess'),(61,5,'Buste Salvaspazio da sottovuoto - Little Princess'),(61,6,'Buste Salvaspazio da sottovuoto - Little Princess'),(61,7,'Buste Salvaspazio da sottovuoto - Little Princess'),(61,8,'Buste Salvaspazio da sottovuoto - Little Princess'),(62,1,'Buste Salvaspazio da sottovuoto - Little Princess'),(62,2,'Buste Salvaspazio da sottovuoto - Little Princess'),(62,3,'Buste Salvaspazio da sottovuoto - Little Princess'),(62,4,'Buste Salvaspazio da sottovuoto - Little Princess'),(62,5,'Buste Salvaspazio da sottovuoto - Little Princess'),(62,6,'Buste Salvaspazio da sottovuoto - Little Princess'),(62,7,'Buste Salvaspazio da sottovuoto - Little Princess'),(62,8,'Buste Salvaspazio da sottovuoto - Little Princess'),(67,1,'Adattatori per buste sottovuoto Wacù'),(67,2,'Adattatori per buste sottovuoto Wacù'),(67,3,'Adattatori per buste sottovuoto Wacù'),(67,4,'Adattatori per buste sottovuoto Wacù'),(67,5,'Adattatori per buste sottovuoto Wacù'),(67,6,'Adattatori per buste sottovuoto Wacù'),(67,7,'Adattatori per buste sottovuoto Wacù'),(67,8,'Adattatori per buste sottovuoto Wacù'),(68,1,'Adattatori per buste sottovuoto Wacù'),(68,2,'Adattatori per buste sottovuoto Wacù'),(68,3,'Adattatori per buste sottovuoto Wacù'),(68,4,'Adattatori per buste sottovuoto Wacù'),(68,5,'Adattatori per buste sottovuoto Wacù'),(68,6,'Adattatori per buste sottovuoto Wacù'),(68,7,'Adattatori per buste sottovuoto Wacù'),(68,8,'Adattatori per buste sottovuoto Wacù'),(69,1,'Adattatori per buste sottovuoto Wacù'),(69,2,'Adattatori per buste sottovuoto Wacù'),(69,3,'Adattatori per buste sottovuoto Wacù'),(69,4,'Adattatori per buste sottovuoto Wacù'),(69,5,'Adattatori per buste sottovuoto Wacù'),(69,6,'Adattatori per buste sottovuoto Wacù'),(69,7,'Adattatori per buste sottovuoto Wacù'),(69,8,'Adattatori per buste sottovuoto Wacù'),(71,1,'Alimentatore Auto DC 12V 5 A Wacù'),(71,2,'Alimentatore Auto DC 12V 5 A Wacù'),(71,3,'Alimentatore Auto DC 12V 5 A Wacù'),(71,4,'Alimentatore Auto DC 12V 5 A Wacù'),(71,5,'Alimentatore Auto DC 12V 5 A Wacù'),(71,6,'Alimentatore Auto DC 12V 5 A Wacù'),(71,7,'Alimentatore Auto DC 12V 5 A Wacù'),(71,8,'Alimentatore Auto DC 12V 5 A Wacù'),(72,1,'Alimentatore Auto DC 12V 5 A Wacù'),(72,2,'Alimentatore Auto DC 12V 5 A Wacù'),(72,3,'Alimentatore Auto DC 12V 5 A Wacù'),(72,4,'Alimentatore Auto DC 12V 5 A Wacù'),(72,5,'Alimentatore Auto DC 12V 5 A Wacù'),(72,6,'Alimentatore Auto DC 12V 5 A Wacù'),(72,7,'Alimentatore Auto DC 12V 5 A Wacù'),(72,8,'Alimentatore Auto DC 12V 5 A Wacù'),(73,1,'Alimentatore Auto DC 12V 5 A Wacù'),(73,2,'Alimentatore Auto DC 12V 5 A Wacù'),(73,3,'Alimentatore Auto DC 12V 5 A Wacù'),(73,4,'Alimentatore Auto DC 12V 5 A Wacù'),(73,5,'Alimentatore Auto DC 12V 5 A Wacù'),(73,6,'Alimentatore Auto DC 12V 5 A Wacù'),(73,7,'Alimentatore Auto DC 12V 5 A Wacù'),(73,8,'Alimentatore Auto DC 12V 5 A Wacù'),(74,1,'Alimentatore Auto DC 12V 5 A Wacù'),(74,2,'Alimentatore Auto DC 12V 5 A Wacù'),(74,3,'Alimentatore Auto DC 12V 5 A Wacù'),(74,4,'Alimentatore Auto DC 12V 5 A Wacù'),(74,5,'Alimentatore Auto DC 12V 5 A Wacù'),(74,6,'Alimentatore Auto DC 12V 5 A Wacù'),(74,7,'Alimentatore Auto DC 12V 5 A Wacù'),(74,8,'Alimentatore Auto DC 12V 5 A Wacù'),(76,1,'Alimentatore universale 12V 2A compatibile US, EU, AUS, UK'),(76,2,'Alimentatore universale 12V 2A compatibile US, EU, AUS, UK'),(76,3,'Alimentatore universale 12V 2A compatibile US, EU, AUS, UK'),(76,4,'Alimentatore universale 12V 2A compatibile US, EU, AUS, UK'),(76,5,'Alimentatore universale 12V 2A compatibile US, EU, AUS, UK'),(76,6,'Alimentatore universale 12V 2A compatibile US, EU, AUS, UK'),(76,7,'Alimentatore universale 12V 2A compatibile US, EU, AUS, UK'),(76,8,'Alimentatore universale 12V 2A compatibile US, EU, AUS, UK'),(77,1,'Alimentatore universale 12V 2A compatibile US, EU, AUS, UK'),(77,2,'Alimentatore universale 12V 2A compatibile US, EU, AUS, UK'),(77,3,'Alimentatore universale 12V 2A compatibile US, EU, AUS, UK'),(77,4,'Alimentatore universale 12V 2A compatibile US, EU, AUS, UK'),(77,5,'Alimentatore universale 12V 2A compatibile US, EU, AUS, UK'),(77,6,'Alimentatore universale 12V 2A compatibile US, EU, AUS, UK'),(77,7,'Alimentatore universale 12V 2A compatibile US, EU, AUS, UK'),(77,8,'Alimentatore universale 12V 2A compatibile US, EU, AUS, UK'),(78,1,'Alimentatore universale 12V 2A compatibile US, EU, AUS, UK'),(78,2,'Alimentatore universale 12V 2A compatibile US, EU, AUS, UK'),(78,3,'Alimentatore universale 12V 2A compatibile US, EU, AUS, UK'),(78,4,'Alimentatore universale 12V 2A compatibile US, EU, AUS, UK'),(78,5,'Alimentatore universale 12V 2A compatibile US, EU, AUS, UK'),(78,6,'Alimentatore universale 12V 2A compatibile US, EU, AUS, UK'),(78,7,'Alimentatore universale 12V 2A compatibile US, EU, AUS, UK'),(78,8,'Alimentatore universale 12V 2A compatibile US, EU, AUS, UK'),(79,1,'Custodia per dispositivo Wacù ed accessori'),(79,2,'Custodia per dispositivo Wacù ed accessori'),(79,3,'Custodia per dispositivo Wacù ed accessori'),(79,4,'Custodia per dispositivo Wacù ed accessori'),(79,5,'Custodia per dispositivo Wacù ed accessori'),(79,6,'Custodia per dispositivo Wacù ed accessori'),(79,7,'Custodia per dispositivo Wacù ed accessori'),(79,8,'Custodia per dispositivo Wacù ed accessori'),(81,1,'Custodia per dispositivo Wacù ed accessori'),(81,2,'Custodia per dispositivo Wacù ed accessori'),(81,3,'Custodia per dispositivo Wacù ed accessori'),(81,4,'Custodia per dispositivo Wacù ed accessori'),(81,5,'Custodia per dispositivo Wacù ed accessori'),(81,6,'Custodia per dispositivo Wacù ed accessori'),(81,7,'Custodia per dispositivo Wacù ed accessori'),(81,8,'Custodia per dispositivo Wacù ed accessori'),(94,1,'Buste Salvaspazio da sottovuoto - World Wacù'),(94,2,'Wacù space-saving vacuum bag - World'),(94,3,'Buste Salvaspazio da sottovuoto - The Business Man Wacù'),(94,4,'Buste Salvaspazio da sottovuoto - The Business Man Wacù'),(94,5,'Buste Salvaspazio da sottovuoto - The Business Man Wacù'),(94,6,'Buste Salvaspazio da sottovuoto - The Business Man Wacù'),(94,7,'Buste Salvaspazio da sottovuoto - The Business Man Wacù'),(94,8,'Buste Salvaspazio da sottovuoto - The Business Man Wacù'),(95,1,'Buste Salvaspazio da sottovuoto - World Wacù'),(95,2,'Wacù space-saving vacuum bag - World'),(95,3,'Buste Salvaspazio da sottovuoto - The Business Man Wacù'),(95,4,'Buste Salvaspazio da sottovuoto - The Business Man Wacù'),(95,5,'Buste Salvaspazio da sottovuoto - The Business Man Wacù'),(95,6,'Buste Salvaspazio da sottovuoto - The Business Man Wacù'),(95,7,'Buste Salvaspazio da sottovuoto - The Business Man Wacù'),(95,8,'Buste Salvaspazio da sottovuoto - The Business Man Wacù'),(101,1,'Wacù Bundle Box Starter'),(101,2,'Wacù aspiratore sottovuoto portatile'),(101,3,'Wacù aspiratore sottovuoto portatile'),(101,4,'Wacù aspiratore sottovuoto portatile'),(101,5,'Wacù aspiratore sottovuoto portatile'),(101,6,'Wacù Bundle Box'),(101,7,'Wacù Bundle Box'),(101,8,'Wacù Bundle Box'),(102,1,'Wacù aspiratore sottovuoto portatile'),(102,2,'Wacù aspiratore sottovuoto portatile'),(102,3,'Wacù aspiratore sottovuoto portatile'),(102,4,'Wacù aspiratore sottovuoto portatile'),(102,5,'Wacù aspiratore sottovuoto portatile'),(102,6,'Wacù aspiratore sottovuoto portatile'),(102,7,'Wacù aspiratore sottovuoto portatile'),(102,8,'Wacù aspiratore sottovuoto portatile'),(103,1,'Wacù Bundle Box Starter'),(103,2,'Wacù aspiratore sottovuoto portatile'),(103,3,'Wacù aspiratore sottovuoto portatile'),(103,4,'Wacù aspiratore sottovuoto portatile'),(103,5,'Wacù aspiratore sottovuoto portatile'),(103,6,'Wacù Bundle Box'),(103,7,'Wacù Bundle Box'),(103,8,'Wacù Bundle Box'),(104,1,'Wacù Bundle Box Starter'),(104,2,'Wacù aspiratore sottovuoto portatile'),(104,3,'Wacù aspiratore sottovuoto portatile'),(104,4,'Wacù aspiratore sottovuoto portatile'),(104,5,'Wacù aspiratore sottovuoto portatile'),(104,6,'Wacù Bundle Box'),(104,7,'Wacù Bundle Box'),(104,8,'Wacù Bundle Box'),(105,1,'Custodia per dispositivo Wacù ed accessori'),(105,2,'Custodia per dispositivo Wacù ed accessori'),(105,3,'Custodia per dispositivo Wacù ed accessori'),(105,4,'Custodia per dispositivo Wacù ed accessori'),(105,5,'Custodia per dispositivo Wacù ed accessori'),(105,6,'Custodia per dispositivo Wacù ed accessori'),(105,7,'Custodia per dispositivo Wacù ed accessori'),(105,8,'Custodia per dispositivo Wacù ed accessori'),(106,1,'Alimentatore universale 12V 2A compatibile US, EU, AUS, UK'),(106,2,'Alimentatore universale 12V 2A compatibile US, EU, AUS, UK'),(106,3,'Alimentatore universale 12V 2A compatibile US, EU, AUS, UK'),(106,4,'Alimentatore universale 12V 2A compatibile US, EU, AUS, UK'),(106,5,'Alimentatore universale 12V 2A compatibile US, EU, AUS, UK'),(106,6,'Alimentatore universale 12V 2A compatibile US, EU, AUS, UK'),(106,7,'Alimentatore universale 12V 2A compatibile US, EU, AUS, UK'),(106,8,'Alimentatore universale 12V 2A compatibile US, EU, AUS, UK'),(107,1,'Alimentatore Auto DC 12V 5 A Wacù'),(107,2,'Alimentatore Auto DC 12V 5 A Wacù'),(107,3,'Alimentatore Auto DC 12V 5 A Wacù'),(107,4,'Alimentatore Auto DC 12V 5 A Wacù'),(107,5,'Alimentatore Auto DC 12V 5 A Wacù'),(107,6,'Alimentatore Auto DC 12V 5 A Wacù'),(107,7,'Alimentatore Auto DC 12V 5 A Wacù'),(107,8,'Alimentatore Auto DC 12V 5 A Wacù'),(108,1,'Adattatori per buste sottovuoto Wacù'),(108,2,'Adattatori per buste sottovuoto Wacù'),(108,3,'Adattatori per buste sottovuoto Wacù'),(108,4,'Adattatori per buste sottovuoto Wacù'),(108,5,'Adattatori per buste sottovuoto Wacù'),(108,6,'Adattatori per buste sottovuoto Wacù'),(108,7,'Adattatori per buste sottovuoto Wacù'),(108,8,'Adattatori per buste sottovuoto Wacù'),(109,1,'Wacù Bundle Box Gold'),(109,2,'Wacù Bundle Box Gold'),(109,3,'Wacù aspiratore sottovuoto portatile'),(109,4,'Wacù aspiratore sottovuoto portatile'),(109,5,'Wacù aspiratore sottovuoto portatile'),(109,6,'Wacù aspiratore sottovuoto portatile'),(109,7,'Wacù aspiratore sottovuoto portatile'),(109,8,'Wacù aspiratore sottovuoto portatile'),(110,1,'Buste Salvaspazio da sottovuoto - The Vintage Woman Wacù'),(110,2,'Buste Salvaspazio da sottovuoto - The Business Man Wacù'),(110,3,'Buste Salvaspazio da sottovuoto - The Business Man Wacù'),(110,4,'Buste Salvaspazio da sottovuoto - The Business Man Wacù'),(110,5,'Buste Salvaspazio da sottovuoto - The Business Man Wacù'),(110,6,'Buste Salvaspazio da sottovuoto - The Business Man Wacù'),(110,7,'Buste Salvaspazio da sottovuoto - The Business Man Wacù'),(110,8,'Buste Salvaspazio da sottovuoto - The Business Man Wacù'),(111,1,'Buste Salvaspazio da sottovuoto - The Business Man Wacù'),(111,2,'Buste Salvaspazio da sottovuoto - The Business Man Wacù'),(111,3,'Buste Salvaspazio da sottovuoto - The Business Man Wacù'),(111,4,'Buste Salvaspazio da sottovuoto - The Business Man Wacù'),(111,5,'Buste Salvaspazio da sottovuoto - The Business Man Wacù'),(111,6,'Buste Salvaspazio da sottovuoto - The Business Man Wacù'),(111,7,'Buste Salvaspazio da sottovuoto - The Business Man Wacù'),(111,8,'Buste Salvaspazio da sottovuoto - The Business Man Wacù'),(113,1,'Buste Salvaspazio da sottovuoto - Little Princess'),(113,2,'Buste Salvaspazio da sottovuoto - Little Princess'),(113,3,'Buste Salvaspazio da sottovuoto - Little Princess'),(113,4,'Buste Salvaspazio da sottovuoto - Little Princess'),(113,5,'Buste Salvaspazio da sottovuoto - Little Princess'),(113,6,'Buste Salvaspazio da sottovuoto - Little Princess'),(113,7,'Buste Salvaspazio da sottovuoto - Little Princess'),(113,8,'Buste Salvaspazio da sottovuoto - Little Princess'),(114,1,'Buste Salvaspazio da sottovuoto - The Bucaneer Wacù'),(114,2,'Buste Salvaspazio da sottovuoto - The Bucaneer Wacù'),(114,3,'Buste Salvaspazio da sottovuoto - The Bucaneer Wacù'),(114,4,'Buste Salvaspazio da sottovuoto - The Bucaneer Wacù'),(114,5,'Buste Salvaspazio da sottovuoto - The Bucaneer Wacù'),(114,6,'Buste Salvaspazio da sottovuoto - The Bucaneer Wacù'),(114,7,'Buste Salvaspazio da sottovuoto - The Bucaneer Wacù'),(114,8,'Buste Salvaspazio da sottovuoto - The Bucaneer Wacù'),(115,1,'Buste Salvaspazio da sottovuoto - Traveller'),(115,2,'Buste Salvaspazio da sottovuoto - Traveller'),(115,3,'Buste Salvaspazio da sottovuoto - Traveller'),(115,4,'Buste Salvaspazio da sottovuoto - Traveller'),(115,5,'Buste Salvaspazio da sottovuoto - Traveller'),(115,6,'Buste Salvaspazio da sottovuoto - Traveller'),(115,7,'Buste Salvaspazio da sottovuoto - Traveller'),(115,8,'Buste Salvaspazio da sottovuoto - Traveller'),(116,1,'Buste Salvaspazio da sottovuoto - World Wacù'),(116,2,'Wacù space-saving vacuum bag - World'),(116,3,'Buste Salvaspazio da sottovuoto - The Business Man Wacù'),(116,4,'Buste Salvaspazio da sottovuoto - The Business Man Wacù'),(116,5,'Buste Salvaspazio da sottovuoto - The Business Man Wacù'),(116,6,'Buste Salvaspazio da sottovuoto - The Business Man Wacù'),(116,7,'Buste Salvaspazio da sottovuoto - The Business Man Wacù'),(116,8,'Buste Salvaspazio da sottovuoto - The Business Man Wacù'),(117,1,'Wacù aspiratore sottovuoto portatile'),(117,2,'Wacù aspiratore sottovuoto portatile'),(117,3,'Wacù aspiratore sottovuoto portatile'),(117,4,'Wacù aspiratore sottovuoto portatile'),(117,5,'Wacù aspiratore sottovuoto portatile'),(117,6,'Wacù aspiratore sottovuoto portatile'),(117,7,'Wacù aspiratore sottovuoto portatile'),(117,8,'Wacù aspiratore sottovuoto portatile'),(118,1,'Wacù aspiratore sottovuoto portatile'),(118,2,'Wacù aspiratore sottovuoto portatile'),(118,3,'Wacù aspiratore sottovuoto portatile'),(118,4,'Wacù aspiratore sottovuoto portatile'),(118,5,'Wacù aspiratore sottovuoto portatile'),(118,6,'Wacù aspiratore sottovuoto portatile'),(118,7,'Wacù aspiratore sottovuoto portatile'),(118,8,'Wacù aspiratore sottovuoto portatile'),(119,1,'Wacù aspiratore sottovuoto portatile'),(119,2,'Wacù aspiratore sottovuoto portatile'),(119,3,'Wacù aspiratore sottovuoto portatile'),(119,4,'Wacù aspiratore sottovuoto portatile'),(119,5,'Wacù aspiratore sottovuoto portatile'),(119,6,'Wacù aspiratore sottovuoto portatile'),(119,7,'Wacù aspiratore sottovuoto portatile'),(119,8,'Wacù aspiratore sottovuoto portatile'),(120,1,'Wacù aspiratore sottovuoto portatile'),(120,2,'Wacù aspiratore sottovuoto portatile'),(120,3,'Wacù aspiratore sottovuoto portatile'),(120,4,'Wacù aspiratore sottovuoto portatile'),(120,5,'Wacù aspiratore sottovuoto portatile'),(120,6,'Wacù aspiratore sottovuoto portatile'),(120,7,'Wacù aspiratore sottovuoto portatile'),(120,8,'Wacù aspiratore sottovuoto portatile'),(121,1,'Wacù aspiratore sottovuoto portatile'),(121,2,'Wacù aspiratore sottovuoto portatile'),(121,3,'Wacù aspiratore sottovuoto portatile'),(121,4,'Wacù aspiratore sottovuoto portatile'),(121,5,'Wacù aspiratore sottovuoto portatile'),(121,6,'Wacù aspiratore sottovuoto portatile'),(121,7,'Wacù aspiratore sottovuoto portatile'),(121,8,'Wacù aspiratore sottovuoto portatile'),(122,1,'Wacù aspiratore sottovuoto portatile'),(122,2,'Wacù aspiratore sottovuoto portatile'),(122,3,'Wacù aspiratore sottovuoto portatile'),(122,4,'Wacù aspiratore sottovuoto portatile'),(122,5,'Wacù aspiratore sottovuoto portatile'),(122,6,'Wacù aspiratore sottovuoto portatile'),(122,7,'Wacù aspiratore sottovuoto portatile'),(122,8,'Wacù aspiratore sottovuoto portatile'),(123,1,'Wacù aspiratore sottovuoto portatile'),(123,2,'Wacù aspiratore sottovuoto portatile'),(123,3,'Wacù aspiratore sottovuoto portatile'),(123,4,'Wacù aspiratore sottovuoto portatile'),(123,5,'Wacù aspiratore sottovuoto portatile'),(123,6,'Wacù aspiratore sottovuoto portatile'),(123,7,'Wacù aspiratore sottovuoto portatile'),(123,8,'Wacù aspiratore sottovuoto portatile'),(124,1,'Wacù aspiratore sottovuoto portatile'),(124,2,'Wacù aspiratore sottovuoto portatile'),(124,3,'Wacù aspiratore sottovuoto portatile'),(124,4,'Wacù aspiratore sottovuoto portatile'),(124,5,'Wacù aspiratore sottovuoto portatile'),(124,6,'Wacù aspiratore sottovuoto portatile'),(124,7,'Wacù aspiratore sottovuoto portatile'),(124,8,'Wacù aspiratore sottovuoto portatile'),(125,1,'Wacù aspiratore sottovuoto portatile'),(125,2,'Wacù aspiratore sottovuoto portatile'),(125,3,'Wacù aspiratore sottovuoto portatile'),(125,4,'Wacù aspiratore sottovuoto portatile'),(125,5,'Wacù aspiratore sottovuoto portatile'),(125,6,'Wacù aspiratore sottovuoto portatile'),(125,7,'Wacù aspiratore sottovuoto portatile'),(125,8,'Wacù aspiratore sottovuoto portatile'),(126,1,'Wacù aspiratore sottovuoto portatile'),(126,2,'Wacù aspiratore sottovuoto portatile'),(126,3,'Wacù aspiratore sottovuoto portatile'),(126,4,'Wacù aspiratore sottovuoto portatile'),(126,5,'Wacù aspiratore sottovuoto portatile'),(126,6,'Wacù aspiratore sottovuoto portatile'),(126,7,'Wacù aspiratore sottovuoto portatile'),(126,8,'Wacù aspiratore sottovuoto portatile'),(127,1,'Wacù aspiratore sottovuoto portatile'),(127,2,'Wacù aspiratore sottovuoto portatile'),(127,3,'Wacù aspiratore sottovuoto portatile'),(127,4,'Wacù aspiratore sottovuoto portatile'),(127,5,'Wacù aspiratore sottovuoto portatile'),(127,6,'Wacù aspiratore sottovuoto portatile'),(127,7,'Wacù aspiratore sottovuoto portatile'),(127,8,'Wacù aspiratore sottovuoto portatile'),(128,1,'Wacù aspiratore sottovuoto portatile'),(128,2,'Wacù aspiratore sottovuoto portatile'),(128,3,'Wacù aspiratore sottovuoto portatile'),(128,4,'Wacù aspiratore sottovuoto portatile'),(128,5,'Wacù aspiratore sottovuoto portatile'),(128,6,'Wacù aspiratore sottovuoto portatile'),(128,7,'Wacù aspiratore sottovuoto portatile'),(128,8,'Wacù aspiratore sottovuoto portatile'),(129,1,'Wacù aspiratore sottovuoto portatile'),(129,2,'Wacù aspiratore sottovuoto portatile'),(129,3,'Wacù aspiratore sottovuoto portatile'),(129,4,'Wacù aspiratore sottovuoto portatile'),(129,5,'Wacù aspiratore sottovuoto portatile'),(129,6,'Wacù aspiratore sottovuoto portatile'),(129,7,'Wacù aspiratore sottovuoto portatile'),(129,8,'Wacù aspiratore sottovuoto portatile');

#
# Structure for table "_WCprTUAimage_shop"
#

CREATE TABLE `_WCprTUAimage_shop` (
  `id_product` int(10) unsigned NOT NULL,
  `id_image` int(11) unsigned NOT NULL,
  `id_shop` int(11) unsigned NOT NULL,
  `cover` tinyint(1) unsigned DEFAULT NULL,
  PRIMARY KEY (`id_image`,`id_shop`),
  UNIQUE KEY `id_product` (`id_product`,`id_shop`,`cover`),
  KEY `id_shop` (`id_shop`)
) ENGINE=InnoDB DEFAULT CHARSET=utf8;

#
# Data for table "_WCprTUAimage_shop"
#

INSERT INTO `_WCprTUAimage_shop` VALUES (8,26,1,NULL),(8,27,1,NULL),(8,28,1,NULL),(8,42,1,NULL),(11,45,1,NULL),(11,46,1,NULL),(10,48,1,NULL),(10,49,1,NULL),(10,50,1,NULL),(9,52,1,NULL),(9,53,1,NULL),(9,54,1,NULL),(11,55,1,NULL),(13,57,1,NULL),(13,58,1,NULL),(13,59,1,NULL),(12,60,1,NULL),(12,61,1,NULL),(12,62,1,NULL),(15,67,1,NULL),(15,68,1,NULL),(15,69,1,NULL),(16,71,1,NULL),(16,72,1,NULL),(16,73,1,NULL),(16,74,1,NULL),(17,76,1,NULL),(17,77,1,NULL),(17,78,1,NULL),(18,79,1,NULL),(18,81,1,NULL),(21,94,1,NULL),(21,95,1,NULL),(23,101,1,1),(8,102,1,1),(22,103,1,1),(20,104,1,1),(18,105,1,1),(17,106,1,1),(16,107,1,1),(15,108,1,1),(14,109,1,1),(9,110,1,1),(10,111,1,1),(12,113,1,1),(11,114,1,1),(13,115,1,1),(21,116,1,1),(24,117,1,NULL),(24,118,1,NULL),(24,119,1,1),(24,120,1,NULL),(24,121,1,NULL),(24,122,1,NULL),(24,123,1,NULL),(24,124,1,NULL),(24,125,1,NULL),(24,126,1,NULL),(24,127,1,NULL),(24,128,1,NULL),(24,129,1,NULL);

#
# Structure for table "_WCprTUAimage_type"
#

CREATE TABLE `_WCprTUAimage_type` (
  `id_image_type` int(10) unsigned NOT NULL AUTO_INCREMENT,
  `name` varchar(64) NOT NULL,
  `width` int(10) unsigned NOT NULL,
  `height` int(10) unsigned NOT NULL,
  `products` tinyint(1) NOT NULL DEFAULT '1',
  `categories` tinyint(1) NOT NULL DEFAULT '1',
  `manufacturers` tinyint(1) NOT NULL DEFAULT '1',
  `suppliers` tinyint(1) NOT NULL DEFAULT '1',
  `scenes` tinyint(1) NOT NULL DEFAULT '1',
  `stores` tinyint(1) NOT NULL DEFAULT '1',
  PRIMARY KEY (`id_image_type`),
  KEY `image_type_name` (`name`)
) ENGINE=InnoDB AUTO_INCREMENT=21 DEFAULT CHARSET=utf8;

#
# Data for table "_WCprTUAimage_type"
#

INSERT INTO `_WCprTUAimage_type` VALUES (10,'manu_default',180,80,0,0,1,0,0,1),(11,'deal_product',570,581,1,0,0,0,0,1),(12,'cart_default',110,112,1,0,0,0,0,1),(13,'small_default',98,98,1,0,1,1,0,1),(14,'medium_default',125,125,1,1,1,1,0,1),(15,'home_default',270,275,1,0,0,0,0,1),(16,'large_default',570,581,1,0,1,1,0,1),(17,'thickbox_default',800,800,1,0,0,0,0,1),(18,'category_default',1920,350,0,1,0,0,0,1),(19,'scene_default',870,270,0,0,0,0,1,1),(20,'m_scene_default',161,58,0,0,0,0,1,1);

#
# Structure for table "_WCprTUAimport_match"
#

CREATE TABLE `_WCprTUAimport_match` (
  `id_import_match` int(10) NOT NULL AUTO_INCREMENT,
  `name` varchar(32) NOT NULL,
  `match` text NOT NULL,
  `skip` int(2) NOT NULL,
  PRIMARY KEY (`id_import_match`)
) ENGINE=InnoDB DEFAULT CHARSET=utf8;

#
# Data for table "_WCprTUAimport_match"
#


#
# Structure for table "_WCprTUAinfo"
#

CREATE TABLE `_WCprTUAinfo` (
  `id_info` int(10) unsigned NOT NULL AUTO_INCREMENT,
  `id_shop` int(10) unsigned DEFAULT NULL,
  PRIMARY KEY (`id_info`)
) ENGINE=InnoDB AUTO_INCREMENT=3 DEFAULT CHARSET=utf8;

#
# Data for table "_WCprTUAinfo"
#

INSERT INTO `_WCprTUAinfo` VALUES (1,1),(2,1);

#
# Structure for table "_WCprTUAinfo_lang"
#

CREATE TABLE `_WCprTUAinfo_lang` (
  `id_info` int(10) unsigned NOT NULL,
  `id_lang` int(10) unsigned NOT NULL,
  `text` text NOT NULL,
  PRIMARY KEY (`id_info`,`id_lang`)
) ENGINE=InnoDB DEFAULT CHARSET=utf8;

#
# Data for table "_WCprTUAinfo_lang"
#

INSERT INTO `_WCprTUAinfo_lang` VALUES (1,1,'<ul>\n<li><em class=\"icon-truck\" id=\"icon-truck\"></em>\n<div class=\"type-text\">\n<h3>Lorem Ipsum</h3>\n<p>Lorem ipsum dolor sit amet conse ctetur voluptate velit esse cillum dolore eu</p>\n</div>\n</li>\n<li><em class=\"icon-phone\" id=\"icon-phone\"></em>\n<div class=\"type-text\">\n<h3>Dolor Sit Amet</h3>\n<p>Lorem ipsum dolor sit amet conse ctetur voluptate velit esse cillum dolore eu</p>\n</div>\n</li>\n<li><em class=\"icon-credit-card\" id=\"icon-credit-card\"></em>\n<div class=\"type-text\">\n<h3>Ctetur Voluptate</h3>\n<p>Lorem ipsum dolor sit amet conse ctetur voluptate velit esse cillum dolore eu</p>\n</div>\n</li>\n</ul>'),(1,2,'<ul>\n<li><em class=\"icon-truck\" id=\"icon-truck\"></em>\n<div class=\"type-text\">\n<h3>Lorem Ipsum</h3>\n<p>Lorem ipsum dolor sit amet conse ctetur voluptate velit esse cillum dolore eu</p>\n</div>\n</li>\n<li><em class=\"icon-phone\" id=\"icon-phone\"></em>\n<div class=\"type-text\">\n<h3>Dolor Sit Amet</h3>\n<p>Lorem ipsum dolor sit amet conse ctetur voluptate velit esse cillum dolore eu</p>\n</div>\n</li>\n<li><em class=\"icon-credit-card\" id=\"icon-credit-card\"></em>\n<div class=\"type-text\">\n<h3>Ctetur Voluptate</h3>\n<p>Lorem ipsum dolor sit amet conse ctetur voluptate velit esse cillum dolore eu</p>\n</div>\n</li>\n</ul>'),(1,3,'<ul>\n<li><em class=\"icon-truck\" id=\"icon-truck\"></em>\n<div class=\"type-text\">\n<h3>Lorem Ipsum</h3>\n<p>Lorem ipsum dolor sit amet conse ctetur voluptate velit esse cillum dolore eu</p>\n</div>\n</li>\n<li><em class=\"icon-phone\" id=\"icon-phone\"></em>\n<div class=\"type-text\">\n<h3>Dolor Sit Amet</h3>\n<p>Lorem ipsum dolor sit amet conse ctetur voluptate velit esse cillum dolore eu</p>\n</div>\n</li>\n<li><em class=\"icon-credit-card\" id=\"icon-credit-card\"></em>\n<div class=\"type-text\">\n<h3>Ctetur Voluptate</h3>\n<p>Lorem ipsum dolor sit amet conse ctetur voluptate velit esse cillum dolore eu</p>\n</div>\n</li>\n</ul>'),(1,4,'<ul>\n<li><em class=\"icon-truck\" id=\"icon-truck\"></em>\n<div class=\"type-text\">\n<h3>Lorem Ipsum</h3>\n<p>Lorem ipsum dolor sit amet conse ctetur voluptate velit esse cillum dolore eu</p>\n</div>\n</li>\n<li><em class=\"icon-phone\" id=\"icon-phone\"></em>\n<div class=\"type-text\">\n<h3>Dolor Sit Amet</h3>\n<p>Lorem ipsum dolor sit amet conse ctetur voluptate velit esse cillum dolore eu</p>\n</div>\n</li>\n<li><em class=\"icon-credit-card\" id=\"icon-credit-card\"></em>\n<div class=\"type-text\">\n<h3>Ctetur Voluptate</h3>\n<p>Lorem ipsum dolor sit amet conse ctetur voluptate velit esse cillum dolore eu</p>\n</div>\n</li>\n</ul>'),(1,5,'<ul>\n<li><em class=\"icon-truck\" id=\"icon-truck\"></em>\n<div class=\"type-text\">\n<h3>Lorem Ipsum</h3>\n<p>Lorem ipsum dolor sit amet conse ctetur voluptate velit esse cillum dolore eu</p>\n</div>\n</li>\n<li><em class=\"icon-phone\" id=\"icon-phone\"></em>\n<div class=\"type-text\">\n<h3>Dolor Sit Amet</h3>\n<p>Lorem ipsum dolor sit amet conse ctetur voluptate velit esse cillum dolore eu</p>\n</div>\n</li>\n<li><em class=\"icon-credit-card\" id=\"icon-credit-card\"></em>\n<div class=\"type-text\">\n<h3>Ctetur Voluptate</h3>\n<p>Lorem ipsum dolor sit amet conse ctetur voluptate velit esse cillum dolore eu</p>\n</div>\n</li>\n</ul>'),(1,6,'<ul>\n<li><em class=\"icon-truck\" id=\"icon-truck\"></em>\n<div class=\"type-text\">\n<h3>Lorem Ipsum</h3>\n<p>Lorem ipsum dolor sit amet conse ctetur voluptate velit esse cillum dolore eu</p>\n</div>\n</li>\n<li><em class=\"icon-phone\" id=\"icon-phone\"></em>\n<div class=\"type-text\">\n<h3>Dolor Sit Amet</h3>\n<p>Lorem ipsum dolor sit amet conse ctetur voluptate velit esse cillum dolore eu</p>\n</div>\n</li>\n<li><em class=\"icon-credit-card\" id=\"icon-credit-card\"></em>\n<div class=\"type-text\">\n<h3>Ctetur Voluptate</h3>\n<p>Lorem ipsum dolor sit amet conse ctetur voluptate velit esse cillum dolore eu</p>\n</div>\n</li>\n</ul>'),(1,7,'<ul>\n<li><em class=\"icon-truck\" id=\"icon-truck\"></em>\n<div class=\"type-text\">\n<h3>Lorem Ipsum</h3>\n<p>Lorem ipsum dolor sit amet conse ctetur voluptate velit esse cillum dolore eu</p>\n</div>\n</li>\n<li><em class=\"icon-phone\" id=\"icon-phone\"></em>\n<div class=\"type-text\">\n<h3>Dolor Sit Amet</h3>\n<p>Lorem ipsum dolor sit amet conse ctetur voluptate velit esse cillum dolore eu</p>\n</div>\n</li>\n<li><em class=\"icon-credit-card\" id=\"icon-credit-card\"></em>\n<div class=\"type-text\">\n<h3>Ctetur Voluptate</h3>\n<p>Lorem ipsum dolor sit amet conse ctetur voluptate velit esse cillum dolore eu</p>\n</div>\n</li>\n</ul>'),(1,8,'<ul>\n<li><em class=\"icon-truck\" id=\"icon-truck\"></em>\n<div class=\"type-text\">\n<h3>Lorem Ipsum</h3>\n<p>Lorem ipsum dolor sit amet conse ctetur voluptate velit esse cillum dolore eu</p>\n</div>\n</li>\n<li><em class=\"icon-phone\" id=\"icon-phone\"></em>\n<div class=\"type-text\">\n<h3>Dolor Sit Amet</h3>\n<p>Lorem ipsum dolor sit amet conse ctetur voluptate velit esse cillum dolore eu</p>\n</div>\n</li>\n<li><em class=\"icon-credit-card\" id=\"icon-credit-card\"></em>\n<div class=\"type-text\">\n<h3>Ctetur Voluptate</h3>\n<p>Lorem ipsum dolor sit amet conse ctetur voluptate velit esse cillum dolore eu</p>\n</div>\n</li>\n</ul>'),(2,1,'<h3>Custom Block</h3>\n<p><strong class=\"dark\">Lorem ipsum dolor sit amet conse ctetu</strong></p>\n<p>Sit amet conse ctetur adipisicing elit, sed do eiusmod tempor incididunt ut labore et dolore magna aliqua. Ut enim ad minim veniam, quis nostrud exercitation ullamco laboris nisi ut aliquip ex ea commodo consequat. Duis aute irure dolor in reprehenderit.</p>'),(2,2,'<h3>Custom Block</h3>\n<p><strong class=\"dark\">Lorem ipsum dolor sit amet conse ctetu</strong></p>\n<p>Sit amet conse ctetur adipisicing elit, sed do eiusmod tempor incididunt ut labore et dolore magna aliqua. Ut enim ad minim veniam, quis nostrud exercitation ullamco laboris nisi ut aliquip ex ea commodo consequat. Duis aute irure dolor in reprehenderit.</p>'),(2,3,'<h3>Custom Block</h3>\n<p><strong class=\"dark\">Lorem ipsum dolor sit amet conse ctetu</strong></p>\n<p>Sit amet conse ctetur adipisicing elit, sed do eiusmod tempor incididunt ut labore et dolore magna aliqua. Ut enim ad minim veniam, quis nostrud exercitation ullamco laboris nisi ut aliquip ex ea commodo consequat. Duis aute irure dolor in reprehenderit.</p>'),(2,4,'<h3>Custom Block</h3>\n<p><strong class=\"dark\">Lorem ipsum dolor sit amet conse ctetu</strong></p>\n<p>Sit amet conse ctetur adipisicing elit, sed do eiusmod tempor incididunt ut labore et dolore magna aliqua. Ut enim ad minim veniam, quis nostrud exercitation ullamco laboris nisi ut aliquip ex ea commodo consequat. Duis aute irure dolor in reprehenderit.</p>'),(2,5,'<h3>Custom Block</h3>\n<p><strong class=\"dark\">Lorem ipsum dolor sit amet conse ctetu</strong></p>\n<p>Sit amet conse ctetur adipisicing elit, sed do eiusmod tempor incididunt ut labore et dolore magna aliqua. Ut enim ad minim veniam, quis nostrud exercitation ullamco laboris nisi ut aliquip ex ea commodo consequat. Duis aute irure dolor in reprehenderit.</p>'),(2,6,'<h3>Custom Block</h3>\n<p><strong class=\"dark\">Lorem ipsum dolor sit amet conse ctetu</strong></p>\n<p>Sit amet conse ctetur adipisicing elit, sed do eiusmod tempor incididunt ut labore et dolore magna aliqua. Ut enim ad minim veniam, quis nostrud exercitation ullamco laboris nisi ut aliquip ex ea commodo consequat. Duis aute irure dolor in reprehenderit.</p>'),(2,7,'<h3>Custom Block</h3>\n<p><strong class=\"dark\">Lorem ipsum dolor sit amet conse ctetu</strong></p>\n<p>Sit amet conse ctetur adipisicing elit, sed do eiusmod tempor incididunt ut labore et dolore magna aliqua. Ut enim ad minim veniam, quis nostrud exercitation ullamco laboris nisi ut aliquip ex ea commodo consequat. Duis aute irure dolor in reprehenderit.</p>'),(2,8,'<h3>Custom Block</h3>\n<p><strong class=\"dark\">Lorem ipsum dolor sit amet conse ctetu</strong></p>\n<p>Sit amet conse ctetur adipisicing elit, sed do eiusmod tempor incididunt ut labore et dolore magna aliqua. Ut enim ad minim veniam, quis nostrud exercitation ullamco laboris nisi ut aliquip ex ea commodo consequat. Duis aute irure dolor in reprehenderit.</p>');

#
# Structure for table "_WCprTUAlang"
#

CREATE TABLE `_WCprTUAlang` (
  `id_lang` int(10) unsigned NOT NULL AUTO_INCREMENT,
  `name` varchar(32) NOT NULL,
  `active` tinyint(3) unsigned NOT NULL DEFAULT '0',
  `iso_code` char(2) NOT NULL,
  `language_code` char(5) NOT NULL,
  `date_format_lite` char(32) NOT NULL DEFAULT 'Y-m-d',
  `date_format_full` char(32) NOT NULL DEFAULT 'Y-m-d H:i:s',
  `is_rtl` tinyint(1) NOT NULL DEFAULT '0',
  PRIMARY KEY (`id_lang`),
  KEY `lang_iso_code` (`iso_code`)
) ENGINE=InnoDB AUTO_INCREMENT=9 DEFAULT CHARSET=utf8;

#
# Data for table "_WCprTUAlang"
#

INSERT INTO `_WCprTUAlang` VALUES (1,'Italiano (Italian)',1,'it','it-it','d/m/Y','d/m/Y H:i:s',0),(2,'English',1,'en','en','Y-m-d','Y-m-d H:i:s',0),(3,'Español',0,'es','es','d/m/Y','Y-m-d H:i:s',0),(4,'Deutsch',0,'de','de','d/mY','Y-m-d H:i:s',0),(5,'Français',0,'fr','fr','d/m/Y','Y-m-d H:i:s',0),(6,'繁體中文 (Traditional Chinese)',0,'tw','zh-tw','Y-m-d','Y-m-d H:i:s',0),(7,'Français CA (French)',0,'qc','fr-ca','d/m/Y','d/m/Y H:i:s',0),(8,'中文 (Simplified Chinese)',0,'zh','zh-cn','Y-m-d','Y-m-d H:i:s',0);

#
# Structure for table "_WCprTUAlang_shop"
#

CREATE TABLE `_WCprTUAlang_shop` (
  `id_lang` int(11) unsigned NOT NULL,
  `id_shop` int(11) unsigned NOT NULL,
  PRIMARY KEY (`id_lang`,`id_shop`),
  KEY `id_shop` (`id_shop`)
) ENGINE=InnoDB DEFAULT CHARSET=utf8;

#
# Data for table "_WCprTUAlang_shop"
#

INSERT INTO `_WCprTUAlang_shop` VALUES (1,1),(2,1),(3,1),(4,1),(5,1),(6,1),(7,1),(8,1);

#
# Structure for table "_WCprTUAlayered_category"
#

CREATE TABLE `_WCprTUAlayered_category` (
  `id_layered_category` int(10) unsigned NOT NULL AUTO_INCREMENT,
  `id_shop` int(11) unsigned NOT NULL,
  `id_category` int(10) unsigned NOT NULL,
  `id_value` int(10) unsigned DEFAULT '0',
  `type` enum('category','id_feature','id_attribute_group','quantity','condition','manufacturer','weight','price') NOT NULL,
  `position` int(10) unsigned NOT NULL,
  `filter_type` int(10) unsigned NOT NULL DEFAULT '0',
  `filter_show_limit` int(10) unsigned NOT NULL DEFAULT '0',
  PRIMARY KEY (`id_layered_category`),
  KEY `id_category` (`id_category`,`type`)
) ENGINE=InnoDB AUTO_INCREMENT=12 DEFAULT CHARSET=latin1;

#
# Data for table "_WCprTUAlayered_category"
#

INSERT INTO `_WCprTUAlayered_category` VALUES (1,1,2,NULL,'category',1,0,0),(2,1,2,1,'id_attribute_group',2,0,0),(3,1,2,3,'id_attribute_group',3,0,0),(4,1,2,5,'id_feature',4,0,0),(5,1,2,6,'id_feature',5,0,0),(6,1,2,7,'id_feature',6,0,0),(7,1,2,NULL,'quantity',7,0,0),(8,1,2,NULL,'manufacturer',8,0,0),(9,1,2,NULL,'condition',9,0,0),(10,1,2,NULL,'weight',10,0,0),(11,1,2,NULL,'price',11,0,0);

#
# Structure for table "_WCprTUAlayered_filter"
#

CREATE TABLE `_WCprTUAlayered_filter` (
  `id_layered_filter` int(10) unsigned NOT NULL AUTO_INCREMENT,
  `name` varchar(64) NOT NULL,
  `filters` text,
  `n_categories` int(10) unsigned NOT NULL,
  `date_add` datetime NOT NULL,
  PRIMARY KEY (`id_layered_filter`)
) ENGINE=InnoDB AUTO_INCREMENT=2 DEFAULT CHARSET=utf8;

#
# Data for table "_WCprTUAlayered_filter"
#

INSERT INTO `_WCprTUAlayered_filter` VALUES (1,'Il mio template 2018-03-16','a:13:{s:10:\"categories\";a:1:{i:0;i:2;}s:9:\"shop_list\";a:1:{i:1;i:1;}s:31:\"layered_selection_subcategories\";a:2:{s:11:\"filter_type\";i:0;s:17:\"filter_show_limit\";i:0;}s:22:\"layered_selection_ag_1\";a:2:{s:11:\"filter_type\";i:0;s:17:\"filter_show_limit\";i:0;}s:22:\"layered_selection_ag_3\";a:2:{s:11:\"filter_type\";i:0;s:17:\"filter_show_limit\";i:0;}s:24:\"layered_selection_feat_5\";a:2:{s:11:\"filter_type\";i:0;s:17:\"filter_show_limit\";i:0;}s:24:\"layered_selection_feat_6\";a:2:{s:11:\"filter_type\";i:0;s:17:\"filter_show_limit\";i:0;}s:24:\"layered_selection_feat_7\";a:2:{s:11:\"filter_type\";i:0;s:17:\"filter_show_limit\";i:0;}s:23:\"layered_selection_stock\";a:2:{s:11:\"filter_type\";i:0;s:17:\"filter_show_limit\";i:0;}s:30:\"layered_selection_manufacturer\";a:2:{s:11:\"filter_type\";i:0;s:17:\"filter_show_limit\";i:0;}s:27:\"layered_selection_condition\";a:2:{s:11:\"filter_type\";i:0;s:17:\"filter_show_limit\";i:0;}s:31:\"layered_selection_weight_slider\";a:2:{s:11:\"filter_type\";i:0;s:17:\"filter_show_limit\";i:0;}s:30:\"layered_selection_price_slider\";a:2:{s:11:\"filter_type\";i:0;s:17:\"filter_show_limit\";i:0;}}',9,'2018-03-16 09:21:51');

#
# Structure for table "_WCprTUAlayered_filter_shop"
#

CREATE TABLE `_WCprTUAlayered_filter_shop` (
  `id_layered_filter` int(10) unsigned NOT NULL,
  `id_shop` int(11) unsigned NOT NULL,
  PRIMARY KEY (`id_layered_filter`,`id_shop`),
  KEY `id_shop` (`id_shop`)
) ENGINE=InnoDB DEFAULT CHARSET=utf8;

#
# Data for table "_WCprTUAlayered_filter_shop"
#

INSERT INTO `_WCprTUAlayered_filter_shop` VALUES (1,1);

#
# Structure for table "_WCprTUAlayered_friendly_url"
#

CREATE TABLE `_WCprTUAlayered_friendly_url` (
  `id_layered_friendly_url` int(11) NOT NULL AUTO_INCREMENT,
  `url_key` varchar(32) NOT NULL,
  `data` varchar(200) NOT NULL,
  `id_lang` int(11) NOT NULL,
  PRIMARY KEY (`id_layered_friendly_url`),
  KEY `id_lang` (`id_lang`),
  KEY `url_key` (`url_key`(5))
) ENGINE=InnoDB AUTO_INCREMENT=56 DEFAULT CHARSET=utf8;

#
# Data for table "_WCprTUAlayered_friendly_url"
#

INSERT INTO `_WCprTUAlayered_friendly_url` VALUES (1,'681021985d807b2018ebc972d2317229','a:1:{s:8:\"category\";a:1:{i:8;s:1:\"8\";}}',1),(2,'6dacb999cb3bcb994ce728d50dbc3bd6','a:1:{s:8:\"category\";a:1:{i:9;s:1:\"9\";}}',1),(3,'32768b11c476da95852bc8237a707459','a:1:{s:8:\"category\";a:1:{i:10;s:2:\"10\";}}',1),(4,'77c1b8d2b487a9b0f35a02cd66cb53c4','a:1:{s:8:\"category\";a:1:{i:11;s:2:\"11\";}}',1),(5,'dc8fa6fcccd4203648656dc6efa0b4f3','a:1:{s:8:\"category\";a:1:{i:7;s:1:\"7\";}}',1),(6,'ade523b670fd2d9d3866d200c3a1b23f','a:1:{s:8:\"category\";a:1:{i:3;s:1:\"3\";}}',1),(7,'97d85fb79f84f3477734bb83e66c1449','a:1:{s:8:\"category\";a:1:{i:2;s:1:\"2\";}}',1),(8,'9bc35dcf0ccd5738a9ae91dd6fca64f5','a:1:{s:8:\"category\";a:1:{i:1;s:1:\"1\";}}',1),(9,'6352fef8243c8d52949b2b9da6cd7cf4','a:1:{s:8:\"category\";a:1:{i:5;s:1:\"5\";}}',1),(10,'419246acebe9630a6dff915253c8e33a','a:1:{s:8:\"category\";a:1:{i:4;s:1:\"4\";}}',1),(11,'662a7627ae56cf30b867b67220e1dbbb','a:1:{s:10:\"id_feature\";a:1:{i:1;s:3:\"5_1\";}}',1),(12,'6df7579c3942e4ff1065011927dd9d5c','a:1:{s:10:\"id_feature\";a:1:{i:2;s:3:\"5_2\";}}',1),(13,'390d6ecebc24887f632b44e4197b817f','a:1:{s:10:\"id_feature\";a:1:{i:3;s:3:\"5_3\";}}',1),(14,'699ff97143ef67bc0ed9a47fb1360298','a:1:{s:10:\"id_feature\";a:1:{i:4;s:3:\"5_4\";}}',1),(15,'a62b89820a2b12788e44a78ce7c3f6e7','a:1:{s:10:\"id_feature\";a:1:{i:5;s:3:\"5_5\";}}',1),(16,'d53aedd0fefa1b9c57410c46d3ab7d31','a:1:{s:10:\"id_feature\";a:1:{i:6;s:3:\"5_6\";}}',1),(17,'22b4783b6adaf35f734e4f49fee709fb','a:1:{s:10:\"id_feature\";a:1:{i:7;s:3:\"5_7\";}}',1),(18,'801195d307f0e1a21e6970b5f4b3feef','a:1:{s:10:\"id_feature\";a:1:{i:8;s:3:\"5_8\";}}',1),(19,'5f6f66ea50c041f44844048bb8daa95d','a:1:{s:10:\"id_feature\";a:1:{i:9;s:3:\"5_9\";}}',1),(20,'35c0a4004d39541bfef2c0e08107b942','a:1:{s:10:\"id_feature\";a:1:{i:10;s:4:\"6_10\";}}',1),(21,'91f552a8c005b73e492fc937d027bbb5','a:1:{s:10:\"id_feature\";a:1:{i:11;s:4:\"6_11\";}}',1),(22,'563864c651ec59a42aa010ccc20d54c0','a:1:{s:10:\"id_feature\";a:1:{i:12;s:4:\"6_12\";}}',1),(23,'2d9d59af780e983c2d02c85cb3caa568','a:1:{s:10:\"id_feature\";a:1:{i:13;s:4:\"6_13\";}}',1),(24,'3161e77f01c57753475a90a10e21638f','a:1:{s:10:\"id_feature\";a:1:{i:14;s:4:\"6_14\";}}',1),(25,'c7a08bef94619e3d08b2d30ba11a6546','a:1:{s:10:\"id_feature\";a:1:{i:15;s:4:\"6_15\";}}',1),(26,'e462c43c8d4f50a70ae892623326180f','a:1:{s:10:\"id_feature\";a:1:{i:16;s:4:\"6_16\";}}',1),(27,'3bcad838de12dc0f674fd3cb42e4d657','a:1:{s:10:\"id_feature\";a:1:{i:17;s:4:\"7_17\";}}',1),(28,'13de7b9838dac51d26d5f8614d60ee70','a:1:{s:10:\"id_feature\";a:1:{i:18;s:4:\"7_18\";}}',1),(29,'210492e3a72bd8b4a2bc94a73dd76d26','a:1:{s:10:\"id_feature\";a:1:{i:19;s:4:\"7_19\";}}',1),(30,'b37350ebcf8fb83c0c938c673ff2f265','a:1:{s:10:\"id_feature\";a:1:{i:20;s:4:\"7_20\";}}',1),(31,'2ea4d0b8f815447e670a93afec3a54a6','a:1:{s:10:\"id_feature\";a:1:{i:21;s:4:\"7_21\";}}',1),(32,'97d9dd08827238b39342d37e16ee7fc3','a:1:{s:18:\"id_attribute_group\";a:1:{i:1;s:3:\"1_1\";}}',1),(33,'2f3d5048a6335cac20241e0f8cb5294e','a:1:{s:18:\"id_attribute_group\";a:1:{i:2;s:3:\"1_2\";}}',1),(34,'19819345209f29bb2865355fa2cdb800','a:1:{s:18:\"id_attribute_group\";a:1:{i:3;s:3:\"1_3\";}}',1),(35,'a74d6b0f9d5be1f5670a4ed2874ad7b7','a:1:{s:18:\"id_attribute_group\";a:1:{i:4;s:3:\"1_4\";}}',1),(36,'ed89a87e3258520ca3bd78ea4cf68883','a:1:{s:18:\"id_attribute_group\";a:1:{i:5;s:3:\"3_5\";}}',1),(37,'d5de95ddbfa255dd6fdf3f77a49c465e','a:1:{s:18:\"id_attribute_group\";a:1:{i:6;s:3:\"3_6\";}}',1),(38,'f036e061c6e0e9cd6b3c463f72f524a5','a:1:{s:18:\"id_attribute_group\";a:1:{i:7;s:3:\"3_7\";}}',1),(39,'c99f87bbfcb03d37fb7b80f387752ec5','a:1:{s:18:\"id_attribute_group\";a:1:{i:8;s:3:\"3_8\";}}',1),(40,'5bc0c3fffe7a070fcbc51d0f9537202c','a:1:{s:18:\"id_attribute_group\";a:1:{i:9;s:3:\"3_9\";}}',1),(41,'8175ec4a94acbe1eadc81ce5dc0c6170','a:1:{s:18:\"id_attribute_group\";a:1:{i:10;s:4:\"3_10\";}}',1),(42,'d7fdefe740b91cc0ed7eb97a810a67a8','a:1:{s:18:\"id_attribute_group\";a:1:{i:11;s:4:\"3_11\";}}',1),(43,'c02af4e946c05d0db5b6d3f1ae957287','a:1:{s:18:\"id_attribute_group\";a:1:{i:12;s:4:\"3_12\";}}',1),(44,'d6757523023318511a4c83a923166e5e','a:1:{s:18:\"id_attribute_group\";a:1:{i:13;s:4:\"3_13\";}}',1),(45,'52f0013bf4b73d2787cf874d2d65e163','a:1:{s:18:\"id_attribute_group\";a:1:{i:14;s:4:\"3_14\";}}',1),(46,'6dd5d6e16acddb5ab2d612ad65603344','a:1:{s:18:\"id_attribute_group\";a:1:{i:15;s:4:\"3_15\";}}',1),(47,'3f9b3cfe2fafed694f60b18a0169e6ac','a:1:{s:18:\"id_attribute_group\";a:1:{i:16;s:4:\"3_16\";}}',1),(48,'5b08207269468dd2cae46d93eea536dd','a:1:{s:18:\"id_attribute_group\";a:1:{i:17;s:4:\"3_17\";}}',1),(49,'b7ca381eeae1441140d52502461c6a2c','a:1:{s:18:\"id_attribute_group\";a:1:{i:24;s:4:\"3_24\";}}',1),(50,'e145f54b80ffd4a0b53ff0a2866ac5d5','a:1:{s:8:\"quantity\";a:1:{i:0;i:0;}}',1),(51,'9b1e1fb176c8af406051619e75908da1','a:1:{s:8:\"quantity\";a:1:{i:0;i:1;}}',1),(52,'0ca34991dd85fc29fb5d1053ee2e1fcc','a:1:{s:9:\"condition\";a:1:{s:3:\"new\";s:3:\"new\";}}',1),(53,'38370e03baee834d2d53395525a4ac56','a:1:{s:9:\"condition\";a:1:{s:4:\"used\";s:4:\"used\";}}',1),(54,'352bd2ca0fd5068c12fd6ca458ed2698','a:1:{s:9:\"condition\";a:1:{s:11:\"refurbished\";s:11:\"refurbished\";}}',1),(55,'327f7ccb21128a9f861a8e40477d4b15','a:1:{s:12:\"manufacturer\";a:1:{i:1;s:1:\"1\";}}',1);

#
# Structure for table "_WCprTUAlayered_indexable_attribute_group"
#

CREATE TABLE `_WCprTUAlayered_indexable_attribute_group` (
  `id_attribute_group` int(11) NOT NULL,
  `indexable` tinyint(1) NOT NULL DEFAULT '0',
  PRIMARY KEY (`id_attribute_group`)
) ENGINE=InnoDB DEFAULT CHARSET=utf8;

#
# Data for table "_WCprTUAlayered_indexable_attribute_group"
#

INSERT INTO `_WCprTUAlayered_indexable_attribute_group` VALUES (1,1),(3,1);

#
# Structure for table "_WCprTUAlayered_indexable_attribute_group_lang_value"
#

CREATE TABLE `_WCprTUAlayered_indexable_attribute_group_lang_value` (
  `id_attribute_group` int(11) NOT NULL,
  `id_lang` int(11) NOT NULL,
  `url_name` varchar(128) DEFAULT NULL,
  `meta_title` varchar(128) DEFAULT NULL,
  PRIMARY KEY (`id_attribute_group`,`id_lang`)
) ENGINE=InnoDB DEFAULT CHARSET=utf8;

#
# Data for table "_WCprTUAlayered_indexable_attribute_group_lang_value"
#

INSERT INTO `_WCprTUAlayered_indexable_attribute_group_lang_value` VALUES (1,1,'taglia',''),(1,2,'size',''),(1,3,'size',''),(1,4,'size',''),(1,5,'size',''),(1,6,'size',''),(1,7,'size',''),(1,8,'size','');

#
# Structure for table "_WCprTUAlayered_indexable_attribute_lang_value"
#

CREATE TABLE `_WCprTUAlayered_indexable_attribute_lang_value` (
  `id_attribute` int(11) NOT NULL,
  `id_lang` int(11) NOT NULL,
  `url_name` varchar(128) DEFAULT NULL,
  `meta_title` varchar(128) DEFAULT NULL,
  PRIMARY KEY (`id_attribute`,`id_lang`)
) ENGINE=InnoDB DEFAULT CHARSET=utf8;

#
# Data for table "_WCprTUAlayered_indexable_attribute_lang_value"
#

INSERT INTO `_WCprTUAlayered_indexable_attribute_lang_value` VALUES (1,1,'s-60-x-40cm',''),(1,2,'s-60-x-40cm',''),(1,3,'s',''),(1,4,'s',''),(1,5,'s',''),(1,6,'s',''),(1,7,'s',''),(1,8,'s',''),(2,1,'m-80-x-60cm',''),(2,2,'m-80-x-60cm',''),(2,3,'m',''),(2,4,'m',''),(2,5,'m',''),(2,6,'m',''),(2,7,'m',''),(2,8,'m',''),(3,1,'l-90-x-70cm',''),(3,2,'l-90-x-70cm',''),(3,3,'l',''),(3,4,'l',''),(3,5,'l',''),(3,6,'l',''),(3,7,'l',''),(3,8,'l','');

#
# Structure for table "_WCprTUAlayered_indexable_feature"
#

CREATE TABLE `_WCprTUAlayered_indexable_feature` (
  `id_feature` int(11) NOT NULL,
  `indexable` tinyint(1) NOT NULL DEFAULT '0',
  PRIMARY KEY (`id_feature`)
) ENGINE=InnoDB DEFAULT CHARSET=utf8;

#
# Data for table "_WCprTUAlayered_indexable_feature"
#

INSERT INTO `_WCprTUAlayered_indexable_feature` VALUES (1,1),(2,1),(3,1),(4,1),(6,1);

#
# Structure for table "_WCprTUAlayered_indexable_feature_lang_value"
#

CREATE TABLE `_WCprTUAlayered_indexable_feature_lang_value` (
  `id_feature` int(11) NOT NULL,
  `id_lang` int(11) NOT NULL,
  `url_name` varchar(128) NOT NULL,
  `meta_title` varchar(128) DEFAULT NULL,
  PRIMARY KEY (`id_feature`,`id_lang`)
) ENGINE=InnoDB DEFAULT CHARSET=utf8;

#
# Data for table "_WCprTUAlayered_indexable_feature_lang_value"
#


#
# Structure for table "_WCprTUAlayered_indexable_feature_value_lang_value"
#

CREATE TABLE `_WCprTUAlayered_indexable_feature_value_lang_value` (
  `id_feature_value` int(11) NOT NULL,
  `id_lang` int(11) NOT NULL,
  `url_name` varchar(128) DEFAULT NULL,
  `meta_title` varchar(128) DEFAULT NULL,
  PRIMARY KEY (`id_feature_value`,`id_lang`)
) ENGINE=InnoDB DEFAULT CHARSET=utf8;

#
# Data for table "_WCprTUAlayered_indexable_feature_value_lang_value"
#


#
# Structure for table "_WCprTUAlayered_price_index"
#

CREATE TABLE `_WCprTUAlayered_price_index` (
  `id_product` int(11) NOT NULL,
  `id_currency` int(11) NOT NULL,
  `id_shop` int(11) NOT NULL,
  `price_min` int(11) NOT NULL,
  `price_max` int(11) NOT NULL,
  PRIMARY KEY (`id_product`,`id_currency`,`id_shop`),
  KEY `id_currency` (`id_currency`),
  KEY `price_min` (`price_min`),
  KEY `price_max` (`price_max`)
) ENGINE=InnoDB DEFAULT CHARSET=utf8;

#
# Data for table "_WCprTUAlayered_price_index"
#

INSERT INTO `_WCprTUAlayered_price_index` VALUES (1,1,1,16,20),(2,1,1,26,33),(3,1,1,25,32),(4,1,1,50,62),(5,1,1,28,35),(6,1,1,30,37),(7,1,1,6,8),(8,1,1,64,65),(8,2,1,627,627),(8,3,1,79,80),(8,4,1,2340,2340),(9,1,1,14,14),(9,2,1,138,139),(9,3,1,17,18),(9,4,1,517,518),(10,1,1,14,14),(10,2,1,138,139),(10,3,1,17,18),(10,4,1,517,518),(11,1,1,14,14),(11,2,1,138,139),(11,3,1,17,18),(11,4,1,517,518),(12,1,1,14,14),(12,2,1,138,139),(12,3,1,17,18),(12,4,1,517,518),(13,1,1,14,14),(13,2,1,138,139),(13,3,1,17,18),(13,4,1,517,518),(14,1,1,79,80),(14,2,1,775,775),(14,3,1,98,99),(14,4,1,2891,2892),(15,1,1,7,7),(15,2,1,72,73),(15,3,1,9,9),(15,4,1,271,272),(16,1,1,16,17),(16,2,1,162,163),(16,3,1,20,21),(16,4,1,606,607),(17,1,1,22,23),(17,2,1,220,221),(17,3,1,28,28),(17,4,1,823,823),(18,1,1,15,15),(18,2,1,146,147),(18,3,1,18,19),(18,4,1,546,547),(19,1,1,49,60),(19,2,1,477,582),(19,3,1,60,74),(19,4,1,1780,2172),(20,1,1,75,75),(20,2,1,732,732),(20,3,1,93,93),(20,4,1,2731,2731),(21,1,1,14,14),(21,2,1,138,139),(21,3,1,17,18),(21,4,1,517,518),(22,1,1,75,75),(22,2,1,732,732),(22,3,1,93,93),(22,4,1,2731,2731),(23,1,1,75,75),(23,2,1,732,732),(23,3,1,93,93),(23,4,1,2731,2731),(24,1,1,64,65),(24,2,1,627,627),(24,3,1,79,80),(24,4,1,2340,2340);

#
# Structure for table "_WCprTUAlayered_product_attribute"
#

CREATE TABLE `_WCprTUAlayered_product_attribute` (
  `id_attribute` int(10) unsigned NOT NULL,
  `id_product` int(10) unsigned NOT NULL,
  `id_attribute_group` int(10) unsigned NOT NULL DEFAULT '0',
  `id_shop` int(10) unsigned NOT NULL DEFAULT '1',
  PRIMARY KEY (`id_attribute`,`id_product`,`id_shop`),
  UNIQUE KEY `id_attribute_group` (`id_attribute_group`,`id_attribute`,`id_product`,`id_shop`)
) ENGINE=InnoDB DEFAULT CHARSET=utf8;

#
# Data for table "_WCprTUAlayered_product_attribute"
#

INSERT INTO `_WCprTUAlayered_product_attribute` VALUES (1,1,1,1),(1,2,1,1),(1,3,1,1),(1,4,1,1),(1,5,1,1),(1,6,1,1),(1,7,1,1),(1,9,1,1),(1,10,1,1),(1,11,1,1),(1,12,1,1),(1,13,1,1),(1,21,1,1),(2,1,1,1),(2,2,1,1),(2,3,1,1),(2,4,1,1),(2,5,1,1),(2,6,1,1),(2,7,1,1),(2,9,1,1),(2,10,1,1),(2,11,1,1),(2,12,1,1),(2,13,1,1),(2,21,1,1),(3,1,1,1),(3,2,1,1),(3,3,1,1),(3,4,1,1),(3,5,1,1),(3,6,1,1),(3,7,1,1),(3,9,1,1),(3,10,1,1),(3,11,1,1),(3,12,1,1),(3,13,1,1),(3,21,1,1),(7,4,3,1),(8,2,3,1),(8,6,3,1),(11,2,3,1),(11,5,3,1),(13,1,3,1),(13,3,3,1),(13,5,3,1),(14,1,3,1),(14,5,3,1),(16,5,3,1),(16,6,3,1),(24,4,3,1);

#
# Structure for table "_WCprTUAleoblog_blog"
#

CREATE TABLE `_WCprTUAleoblog_blog` (
  `id_leoblog_blog` int(11) NOT NULL AUTO_INCREMENT,
  `id_leoblogcat` int(11) NOT NULL,
  `position` int(11) NOT NULL,
  `date_add` date NOT NULL,
  `active` tinyint(1) NOT NULL,
  `user_id` int(11) NOT NULL,
  `hits` int(11) NOT NULL,
  `image` varchar(255) DEFAULT NULL,
  `thumb` varchar(255) DEFAULT NULL,
  `date_upd` datetime NOT NULL,
  `video_code` text,
  `params` text,
  `featured` tinyint(1) NOT NULL,
  `indexation` int(11) NOT NULL,
  `id_employee` int(11) NOT NULL,
  `product_ids` varchar(255) DEFAULT NULL,
  PRIMARY KEY (`id_leoblog_blog`)
) ENGINE=InnoDB AUTO_INCREMENT=17 DEFAULT CHARSET=utf8;

#
# Data for table "_WCprTUAleoblog_blog"
#

INSERT INTO `_WCprTUAleoblog_blog` VALUES (10,7,0,'2018-03-20',1,0,70,'b-b1.jpg','b-b1.jpg','2018-03-20 11:56:20','<iframe width=\"560\" height=\"315\" src=\"//www.youtube.com/embed/lzY4lkT8ElU\" frameborder=\"0\" allowfullscreen></iframe>',NULL,0,1,1,NULL),(11,7,1,'2018-03-20',1,0,137,'b-b3.jpg','b-b3.jpg','2018-03-20 11:56:20','',NULL,0,1,1,NULL),(12,7,2,'2018-03-20',1,0,29,'b-b4.jpg','b-b4.jpg','2018-03-20 11:56:20','',NULL,0,0,1,NULL),(13,7,3,'2018-03-20',1,0,146,'b-b5.jpg','b-b5.jpg','2018-03-20 11:56:20','',NULL,0,0,1,NULL),(14,7,4,'2018-03-20',1,0,95,'b-b6.jpg','b-b6.jpg','2018-03-20 11:56:20','',NULL,0,0,1,NULL),(15,7,5,'2018-03-20',1,0,45,'b-b2.jpg','b-b2.jpg','2018-03-20 11:56:20','',NULL,0,0,1,NULL),(16,7,6,'2018-03-20',1,0,156,'b-b7.jpg','b-b7.jpg','2018-03-20 11:56:20','',NULL,0,1,1,NULL);

#
# Structure for table "_WCprTUAleoblog_blog_lang"
#

CREATE TABLE `_WCprTUAleoblog_blog_lang` (
  `id_leoblog_blog` int(11) NOT NULL,
  `id_lang` int(11) NOT NULL,
  `meta_description` varchar(255) NOT NULL,
  `meta_keywords` varchar(250) NOT NULL,
  `meta_title` varchar(250) NOT NULL,
  `link_rewrite` varchar(255) NOT NULL,
  `content` text NOT NULL,
  `description` text NOT NULL,
  `tags` varchar(255) NOT NULL,
  PRIMARY KEY (`id_leoblog_blog`,`id_lang`)
) ENGINE=InnoDB DEFAULT CHARSET=utf8;

#
# Data for table "_WCprTUAleoblog_blog_lang"
#

INSERT INTO `_WCprTUAleoblog_blog_lang` VALUES (10,1,'','','At risus pretium urna tortor metus fringilla','at-risus-pretium-urna-tortor-metus-fringilla','<p>Odio ut pretium ligula quam Vestibulum consequat convallis fringilla Vestibulum nulla. Accumsan morbi tristique auctor. At risus pretium urna tortor metus fringilla interdum mauris tempor congue Odio ut pretium ligula quam Vestibulum consequat convallis fringilla Vestibulum nulla. Accumsan morbi tristique auctor. At risus pretium urna tortor metus fringilla interdum mauris tempor congue Odio ut pretium ligula quam Vestibulum consequat convallis fringilla Vestibulum nulla. Accumsan morbi tristique auctor. At risus pretium urna tortor metus fringilla interdum mauris tempor congue</p>\n<p></p>\n<p>Odio ut pretium ligula quam Vestibulum consequat convallis fringilla Vestibulum nulla. Accumsan morbi tristique auctor. At risus pretium urna tortor metus fringilla interdum mauris tempor congue</p>\n<p></p>\n<p>Odio ut pretium ligula quam Vestibulum consequat convallis fringilla Vestibulum nulla. Accumsan morbi tristique auctor. At risus pretium urna tortor metus fringilla interdum mauris tempor congue Odio ut pretium ligula quam Vestibulum consequat convallis fringilla Vestibulum nulla. Accumsan morbi tristique auctor. At risus pretium urna tortor metus fringilla interdum mauris tempor congue</p>\n<p></p>\n<p>Odio ut pretium ligula quam Vestibulum consequat convallis fringilla Vestibulum nulla. Accumsan morbi tristique auctor. At risus pretium urna tortor metus fringilla interdum mauris tempor congue Odio ut pretium ligula quam Vestibulum consequat convallis fringilla Vestibulum nulla. Accumsan morbi tristique auctor. At risus pretium urna tortor metus fringilla interdum mauris tempor congue</p>','<p>Odio ut pretium ligula quam Vestibulum consequat convallis fringilla Vestibulum nulla. Accumsan morbi tristique auctor. At risus pretium urna tortor metus fringilla interdum mauris tempor congue</p>','joomla,wordpress'),(10,2,'','','At risus pretium urna tortor metus fringilla','at-risus-pretium-urna-tortor-metus-fringilla','<p>Odio ut pretium ligula quam Vestibulum consequat convallis fringilla Vestibulum nulla. Accumsan morbi tristique auctor. At risus pretium urna tortor metus fringilla interdum mauris tempor congue Odio ut pretium ligula quam Vestibulum consequat convallis fringilla Vestibulum nulla. Accumsan morbi tristique auctor. At risus pretium urna tortor metus fringilla interdum mauris tempor congue Odio ut pretium ligula quam Vestibulum consequat convallis fringilla Vestibulum nulla. Accumsan morbi tristique auctor. At risus pretium urna tortor metus fringilla interdum mauris tempor congue</p>\n<p></p>\n<p>Odio ut pretium ligula quam Vestibulum consequat convallis fringilla Vestibulum nulla. Accumsan morbi tristique auctor. At risus pretium urna tortor metus fringilla interdum mauris tempor congue</p>\n<p></p>\n<p>Odio ut pretium ligula quam Vestibulum consequat convallis fringilla Vestibulum nulla. Accumsan morbi tristique auctor. At risus pretium urna tortor metus fringilla interdum mauris tempor congue Odio ut pretium ligula quam Vestibulum consequat convallis fringilla Vestibulum nulla. Accumsan morbi tristique auctor. At risus pretium urna tortor metus fringilla interdum mauris tempor congue</p>\n<p></p>\n<p>Odio ut pretium ligula quam Vestibulum consequat convallis fringilla Vestibulum nulla. Accumsan morbi tristique auctor. At risus pretium urna tortor metus fringilla interdum mauris tempor congue Odio ut pretium ligula quam Vestibulum consequat convallis fringilla Vestibulum nulla. Accumsan morbi tristique auctor. At risus pretium urna tortor metus fringilla interdum mauris tempor congue</p>','<p>Odio ut pretium ligula quam Vestibulum consequat convallis fringilla Vestibulum nulla. Accumsan morbi tristique auctor. At risus pretium urna tortor metus fringilla interdum mauris tempor congue</p>','joomla,wordpress'),(10,3,'','','At risus pretium urna tortor metus fringilla','at-risus-pretium-urna-tortor-metus-fringilla','<p>Odio ut pretium ligula quam Vestibulum consequat convallis fringilla Vestibulum nulla. Accumsan morbi tristique auctor. At risus pretium urna tortor metus fringilla interdum mauris tempor congue Odio ut pretium ligula quam Vestibulum consequat convallis fringilla Vestibulum nulla. Accumsan morbi tristique auctor. At risus pretium urna tortor metus fringilla interdum mauris tempor congue Odio ut pretium ligula quam Vestibulum consequat convallis fringilla Vestibulum nulla. Accumsan morbi tristique auctor. At risus pretium urna tortor metus fringilla interdum mauris tempor congue</p>\n<p></p>\n<p>Odio ut pretium ligula quam Vestibulum consequat convallis fringilla Vestibulum nulla. Accumsan morbi tristique auctor. At risus pretium urna tortor metus fringilla interdum mauris tempor congue</p>\n<p></p>\n<p>Odio ut pretium ligula quam Vestibulum consequat convallis fringilla Vestibulum nulla. Accumsan morbi tristique auctor. At risus pretium urna tortor metus fringilla interdum mauris tempor congue Odio ut pretium ligula quam Vestibulum consequat convallis fringilla Vestibulum nulla. Accumsan morbi tristique auctor. At risus pretium urna tortor metus fringilla interdum mauris tempor congue</p>\n<p></p>\n<p>Odio ut pretium ligula quam Vestibulum consequat convallis fringilla Vestibulum nulla. Accumsan morbi tristique auctor. At risus pretium urna tortor metus fringilla interdum mauris tempor congue Odio ut pretium ligula quam Vestibulum consequat convallis fringilla Vestibulum nulla. Accumsan morbi tristique auctor. At risus pretium urna tortor metus fringilla interdum mauris tempor congue</p>','<p>Odio ut pretium ligula quam Vestibulum consequat convallis fringilla Vestibulum nulla. Accumsan morbi tristique auctor. At risus pretium urna tortor metus fringilla interdum mauris tempor congue</p>','joomla,wordpress'),(10,4,'','','At risus pretium urna tortor metus fringilla','at-risus-pretium-urna-tortor-metus-fringilla','<p>Odio ut pretium ligula quam Vestibulum consequat convallis fringilla Vestibulum nulla. Accumsan morbi tristique auctor. At risus pretium urna tortor metus fringilla interdum mauris tempor congue Odio ut pretium ligula quam Vestibulum consequat convallis fringilla Vestibulum nulla. Accumsan morbi tristique auctor. At risus pretium urna tortor metus fringilla interdum mauris tempor congue Odio ut pretium ligula quam Vestibulum consequat convallis fringilla Vestibulum nulla. Accumsan morbi tristique auctor. At risus pretium urna tortor metus fringilla interdum mauris tempor congue</p>\n<p></p>\n<p>Odio ut pretium ligula quam Vestibulum consequat convallis fringilla Vestibulum nulla. Accumsan morbi tristique auctor. At risus pretium urna tortor metus fringilla interdum mauris tempor congue</p>\n<p></p>\n<p>Odio ut pretium ligula quam Vestibulum consequat convallis fringilla Vestibulum nulla. Accumsan morbi tristique auctor. At risus pretium urna tortor metus fringilla interdum mauris tempor congue Odio ut pretium ligula quam Vestibulum consequat convallis fringilla Vestibulum nulla. Accumsan morbi tristique auctor. At risus pretium urna tortor metus fringilla interdum mauris tempor congue</p>\n<p></p>\n<p>Odio ut pretium ligula quam Vestibulum consequat convallis fringilla Vestibulum nulla. Accumsan morbi tristique auctor. At risus pretium urna tortor metus fringilla interdum mauris tempor congue Odio ut pretium ligula quam Vestibulum consequat convallis fringilla Vestibulum nulla. Accumsan morbi tristique auctor. At risus pretium urna tortor metus fringilla interdum mauris tempor congue</p>','<p>Odio ut pretium ligula quam Vestibulum consequat convallis fringilla Vestibulum nulla. Accumsan morbi tristique auctor. At risus pretium urna tortor metus fringilla interdum mauris tempor congue</p>','joomla,wordpress'),(10,5,'','','At risus pretium urna tortor metus fringilla','at-risus-pretium-urna-tortor-metus-fringilla','<p>Odio ut pretium ligula quam Vestibulum consequat convallis fringilla Vestibulum nulla. Accumsan morbi tristique auctor. At risus pretium urna tortor metus fringilla interdum mauris tempor congue Odio ut pretium ligula quam Vestibulum consequat convallis fringilla Vestibulum nulla. Accumsan morbi tristique auctor. At risus pretium urna tortor metus fringilla interdum mauris tempor congue Odio ut pretium ligula quam Vestibulum consequat convallis fringilla Vestibulum nulla. Accumsan morbi tristique auctor. At risus pretium urna tortor metus fringilla interdum mauris tempor congue</p>\n<p></p>\n<p>Odio ut pretium ligula quam Vestibulum consequat convallis fringilla Vestibulum nulla. Accumsan morbi tristique auctor. At risus pretium urna tortor metus fringilla interdum mauris tempor congue</p>\n<p></p>\n<p>Odio ut pretium ligula quam Vestibulum consequat convallis fringilla Vestibulum nulla. Accumsan morbi tristique auctor. At risus pretium urna tortor metus fringilla interdum mauris tempor congue Odio ut pretium ligula quam Vestibulum consequat convallis fringilla Vestibulum nulla. Accumsan morbi tristique auctor. At risus pretium urna tortor metus fringilla interdum mauris tempor congue</p>\n<p></p>\n<p>Odio ut pretium ligula quam Vestibulum consequat convallis fringilla Vestibulum nulla. Accumsan morbi tristique auctor. At risus pretium urna tortor metus fringilla interdum mauris tempor congue Odio ut pretium ligula quam Vestibulum consequat convallis fringilla Vestibulum nulla. Accumsan morbi tristique auctor. At risus pretium urna tortor metus fringilla interdum mauris tempor congue</p>','<p>Odio ut pretium ligula quam Vestibulum consequat convallis fringilla Vestibulum nulla. Accumsan morbi tristique auctor. At risus pretium urna tortor metus fringilla interdum mauris tempor congue</p>','joomla,wordpress'),(10,6,'','','At risus pretium urna tortor metus fringilla','at-risus-pretium-urna-tortor-metus-fringilla','<p>Odio ut pretium ligula quam Vestibulum consequat convallis fringilla Vestibulum nulla. Accumsan morbi tristique auctor. At risus pretium urna tortor metus fringilla interdum mauris tempor congue Odio ut pretium ligula quam Vestibulum consequat convallis fringilla Vestibulum nulla. Accumsan morbi tristique auctor. At risus pretium urna tortor metus fringilla interdum mauris tempor congue Odio ut pretium ligula quam Vestibulum consequat convallis fringilla Vestibulum nulla. Accumsan morbi tristique auctor. At risus pretium urna tortor metus fringilla interdum mauris tempor congue</p>\n<p></p>\n<p>Odio ut pretium ligula quam Vestibulum consequat convallis fringilla Vestibulum nulla. Accumsan morbi tristique auctor. At risus pretium urna tortor metus fringilla interdum mauris tempor congue</p>\n<p></p>\n<p>Odio ut pretium ligula quam Vestibulum consequat convallis fringilla Vestibulum nulla. Accumsan morbi tristique auctor. At risus pretium urna tortor metus fringilla interdum mauris tempor congue Odio ut pretium ligula quam Vestibulum consequat convallis fringilla Vestibulum nulla. Accumsan morbi tristique auctor. At risus pretium urna tortor metus fringilla interdum mauris tempor congue</p>\n<p></p>\n<p>Odio ut pretium ligula quam Vestibulum consequat convallis fringilla Vestibulum nulla. Accumsan morbi tristique auctor. At risus pretium urna tortor metus fringilla interdum mauris tempor congue Odio ut pretium ligula quam Vestibulum consequat convallis fringilla Vestibulum nulla. Accumsan morbi tristique auctor. At risus pretium urna tortor metus fringilla interdum mauris tempor congue</p>','<p>Odio ut pretium ligula quam Vestibulum consequat convallis fringilla Vestibulum nulla. Accumsan morbi tristique auctor. At risus pretium urna tortor metus fringilla interdum mauris tempor congue</p>','joomla,wordpress'),(10,7,'','','At risus pretium urna tortor metus fringilla','at-risus-pretium-urna-tortor-metus-fringilla','<p>Odio ut pretium ligula quam Vestibulum consequat convallis fringilla Vestibulum nulla. Accumsan morbi tristique auctor. At risus pretium urna tortor metus fringilla interdum mauris tempor congue Odio ut pretium ligula quam Vestibulum consequat convallis fringilla Vestibulum nulla. Accumsan morbi tristique auctor. At risus pretium urna tortor metus fringilla interdum mauris tempor congue Odio ut pretium ligula quam Vestibulum consequat convallis fringilla Vestibulum nulla. Accumsan morbi tristique auctor. At risus pretium urna tortor metus fringilla interdum mauris tempor congue</p>\n<p></p>\n<p>Odio ut pretium ligula quam Vestibulum consequat convallis fringilla Vestibulum nulla. Accumsan morbi tristique auctor. At risus pretium urna tortor metus fringilla interdum mauris tempor congue</p>\n<p></p>\n<p>Odio ut pretium ligula quam Vestibulum consequat convallis fringilla Vestibulum nulla. Accumsan morbi tristique auctor. At risus pretium urna tortor metus fringilla interdum mauris tempor congue Odio ut pretium ligula quam Vestibulum consequat convallis fringilla Vestibulum nulla. Accumsan morbi tristique auctor. At risus pretium urna tortor metus fringilla interdum mauris tempor congue</p>\n<p></p>\n<p>Odio ut pretium ligula quam Vestibulum consequat convallis fringilla Vestibulum nulla. Accumsan morbi tristique auctor. At risus pretium urna tortor metus fringilla interdum mauris tempor congue Odio ut pretium ligula quam Vestibulum consequat convallis fringilla Vestibulum nulla. Accumsan morbi tristique auctor. At risus pretium urna tortor metus fringilla interdum mauris tempor congue</p>','<p>Odio ut pretium ligula quam Vestibulum consequat convallis fringilla Vestibulum nulla. Accumsan morbi tristique auctor. At risus pretium urna tortor metus fringilla interdum mauris tempor congue</p>','joomla,wordpress'),(10,8,'','','At risus pretium urna tortor metus fringilla','at-risus-pretium-urna-tortor-metus-fringilla','<p>Odio ut pretium ligula quam Vestibulum consequat convallis fringilla Vestibulum nulla. Accumsan morbi tristique auctor. At risus pretium urna tortor metus fringilla interdum mauris tempor congue Odio ut pretium ligula quam Vestibulum consequat convallis fringilla Vestibulum nulla. Accumsan morbi tristique auctor. At risus pretium urna tortor metus fringilla interdum mauris tempor congue Odio ut pretium ligula quam Vestibulum consequat convallis fringilla Vestibulum nulla. Accumsan morbi tristique auctor. At risus pretium urna tortor metus fringilla interdum mauris tempor congue</p>\n<p></p>\n<p>Odio ut pretium ligula quam Vestibulum consequat convallis fringilla Vestibulum nulla. Accumsan morbi tristique auctor. At risus pretium urna tortor metus fringilla interdum mauris tempor congue</p>\n<p></p>\n<p>Odio ut pretium ligula quam Vestibulum consequat convallis fringilla Vestibulum nulla. Accumsan morbi tristique auctor. At risus pretium urna tortor metus fringilla interdum mauris tempor congue Odio ut pretium ligula quam Vestibulum consequat convallis fringilla Vestibulum nulla. Accumsan morbi tristique auctor. At risus pretium urna tortor metus fringilla interdum mauris tempor congue</p>\n<p></p>\n<p>Odio ut pretium ligula quam Vestibulum consequat convallis fringilla Vestibulum nulla. Accumsan morbi tristique auctor. At risus pretium urna tortor metus fringilla interdum mauris tempor congue Odio ut pretium ligula quam Vestibulum consequat convallis fringilla Vestibulum nulla. Accumsan morbi tristique auctor. At risus pretium urna tortor metus fringilla interdum mauris tempor congue</p>','<p>Odio ut pretium ligula quam Vestibulum consequat convallis fringilla Vestibulum nulla. Accumsan morbi tristique auctor. At risus pretium urna tortor metus fringilla interdum mauris tempor congue</p>','joomla,wordpress'),(11,1,'','','Ipsum cursus vestibulum at interdum Vivamus','ipsum-cursus-vestibulum-at-interdum-vivamus','<p>Donec tellus Nulla lorem Nullam elit id ut elit feugiat lacus. Congue eget dapibus congue tincidunt senectus nibh risus Phasellus tristique justo. Justo Pellentesque Donec lobortis faucibus Vestibulum Praesent mauris volutpat vitae metus. Ipsum cursus vestibulum at interdum Vivamus nunc fringilla Curabitur ac quis. Nam lacinia wisi tortor orci quis vitae. Donec tellus Nulla lorem Nullam elit id ut elit feugiat lacus. Congue eget dapibus congue tincidunt senectus nibh risus Phasellus tristique justo. Justo Pellentesque Donec lobortis faucibus Vestibulum Praesent mauris volutpat vitae metus. Ipsum cursus vestibulum at interdum Vivamus nunc fringilla Curabitur ac quis. Nam lacinia wisi tortor orci quis vitae. Donec tellus Nulla lorem Nullam elit id ut elit feugiat lacus. Congue eget dapibus congue tincidunt senectus nibh risus Phasellus tristique justo. Justo Pellentesque Donec lobortis faucibus Vestibulum Praesent mauris volutpat vitae metus. Ipsum cursus vestibulum at interdum Vivamus nunc fringilla Curabitur ac quis. Nam lacinia wisi tortor orci quis vitae.</p>\n<p>Donec tellus Nulla lorem Nullam elit id ut elit feugiat lacus. Congue eget dapibus congue tincidunt senectus nibh risus Phasellus tristique justo. Justo Pellentesque Donec lobortis faucibus Vestibulum Praesent mauris volutpat vitae metus. Ipsum cursus vestibulum at interdum Vivamus nunc fringilla Curabitur ac quis. Nam lacinia wisi tortor orci quis vitae.Donec tellus Nulla lorem Nullam elit id ut elit feugiat lacus. Congue eget dapibus congue tincidunt senectus nibh risus Phasellus tristique justo. Justo Pellentesque Donec lobortis faucibus Vestibulum Praesent mauris volutpat vitae metus. Ipsum cursus vestibulum at interdum Vivamus nunc fringilla Curabitur ac quis. Nam lacinia wisi tortor orci quis vitae.Donec tellus Nulla lorem Nullam elit id ut elit feugiat lacus. Congue eget dapibus congue tincidunt senectus nibh risus Phasellus tristique justo. Justo Pellentesque Donec lobortis faucibus Vestibulum Praesent mauris volutpat vitae metus. Ipsum cursus vestibulum at interdum Vivamus nunc fringilla Curabitur ac quis. Nam lacinia wisi tortor orci quis vitae.</p>','<p>Donec tellus Nulla lorem Nullam elit id ut elit feugiat lacus. Congue eget dapibus congue tincidunt senectus nibh risus Phasellus tristique justo. Justo Pellentesque Donec lobortis faucibus</p>','joomla,prestashop,leotheme'),(11,2,'','','Ipsum cursus vestibulum at interdum Vivamus','ipsum-cursus-vestibulum-at-interdum-vivamus','<p>Donec tellus Nulla lorem Nullam elit id ut elit feugiat lacus. Congue eget dapibus congue tincidunt senectus nibh risus Phasellus tristique justo. Justo Pellentesque Donec lobortis faucibus Vestibulum Praesent mauris volutpat vitae metus. Ipsum cursus vestibulum at interdum Vivamus nunc fringilla Curabitur ac quis. Nam lacinia wisi tortor orci quis vitae. Donec tellus Nulla lorem Nullam elit id ut elit feugiat lacus. Congue eget dapibus congue tincidunt senectus nibh risus Phasellus tristique justo. Justo Pellentesque Donec lobortis faucibus Vestibulum Praesent mauris volutpat vitae metus. Ipsum cursus vestibulum at interdum Vivamus nunc fringilla Curabitur ac quis. Nam lacinia wisi tortor orci quis vitae. Donec tellus Nulla lorem Nullam elit id ut elit feugiat lacus. Congue eget dapibus congue tincidunt senectus nibh risus Phasellus tristique justo. Justo Pellentesque Donec lobortis faucibus Vestibulum Praesent mauris volutpat vitae metus. Ipsum cursus vestibulum at interdum Vivamus nunc fringilla Curabitur ac quis. Nam lacinia wisi tortor orci quis vitae.</p>\n<p>Donec tellus Nulla lorem Nullam elit id ut elit feugiat lacus. Congue eget dapibus congue tincidunt senectus nibh risus Phasellus tristique justo. Justo Pellentesque Donec lobortis faucibus Vestibulum Praesent mauris volutpat vitae metus. Ipsum cursus vestibulum at interdum Vivamus nunc fringilla Curabitur ac quis. Nam lacinia wisi tortor orci quis vitae.Donec tellus Nulla lorem Nullam elit id ut elit feugiat lacus. Congue eget dapibus congue tincidunt senectus nibh risus Phasellus tristique justo. Justo Pellentesque Donec lobortis faucibus Vestibulum Praesent mauris volutpat vitae metus. Ipsum cursus vestibulum at interdum Vivamus nunc fringilla Curabitur ac quis. Nam lacinia wisi tortor orci quis vitae.Donec tellus Nulla lorem Nullam elit id ut elit feugiat lacus. Congue eget dapibus congue tincidunt senectus nibh risus Phasellus tristique justo. Justo Pellentesque Donec lobortis faucibus Vestibulum Praesent mauris volutpat vitae metus. Ipsum cursus vestibulum at interdum Vivamus nunc fringilla Curabitur ac quis. Nam lacinia wisi tortor orci quis vitae.</p>','<p>Donec tellus Nulla lorem Nullam elit id ut elit feugiat lacus. Congue eget dapibus congue tincidunt senectus nibh risus Phasellus tristique justo. Justo Pellentesque Donec lobortis faucibus</p>','joomla,prestashop,leotheme'),(11,3,'','','Ipsum cursus vestibulum at interdum Vivamus','ipsum-cursus-vestibulum-at-interdum-vivamus','<p>Donec tellus Nulla lorem Nullam elit id ut elit feugiat lacus. Congue eget dapibus congue tincidunt senectus nibh risus Phasellus tristique justo. Justo Pellentesque Donec lobortis faucibus Vestibulum Praesent mauris volutpat vitae metus. Ipsum cursus vestibulum at interdum Vivamus nunc fringilla Curabitur ac quis. Nam lacinia wisi tortor orci quis vitae. Donec tellus Nulla lorem Nullam elit id ut elit feugiat lacus. Congue eget dapibus congue tincidunt senectus nibh risus Phasellus tristique justo. Justo Pellentesque Donec lobortis faucibus Vestibulum Praesent mauris volutpat vitae metus. Ipsum cursus vestibulum at interdum Vivamus nunc fringilla Curabitur ac quis. Nam lacinia wisi tortor orci quis vitae. Donec tellus Nulla lorem Nullam elit id ut elit feugiat lacus. Congue eget dapibus congue tincidunt senectus nibh risus Phasellus tristique justo. Justo Pellentesque Donec lobortis faucibus Vestibulum Praesent mauris volutpat vitae metus. Ipsum cursus vestibulum at interdum Vivamus nunc fringilla Curabitur ac quis. Nam lacinia wisi tortor orci quis vitae.</p>\n<p>Donec tellus Nulla lorem Nullam elit id ut elit feugiat lacus. Congue eget dapibus congue tincidunt senectus nibh risus Phasellus tristique justo. Justo Pellentesque Donec lobortis faucibus Vestibulum Praesent mauris volutpat vitae metus. Ipsum cursus vestibulum at interdum Vivamus nunc fringilla Curabitur ac quis. Nam lacinia wisi tortor orci quis vitae.Donec tellus Nulla lorem Nullam elit id ut elit feugiat lacus. Congue eget dapibus congue tincidunt senectus nibh risus Phasellus tristique justo. Justo Pellentesque Donec lobortis faucibus Vestibulum Praesent mauris volutpat vitae metus. Ipsum cursus vestibulum at interdum Vivamus nunc fringilla Curabitur ac quis. Nam lacinia wisi tortor orci quis vitae.Donec tellus Nulla lorem Nullam elit id ut elit feugiat lacus. Congue eget dapibus congue tincidunt senectus nibh risus Phasellus tristique justo. Justo Pellentesque Donec lobortis faucibus Vestibulum Praesent mauris volutpat vitae metus. Ipsum cursus vestibulum at interdum Vivamus nunc fringilla Curabitur ac quis. Nam lacinia wisi tortor orci quis vitae.</p>','<p>Donec tellus Nulla lorem Nullam elit id ut elit feugiat lacus. Congue eget dapibus congue tincidunt senectus nibh risus Phasellus tristique justo. Justo Pellentesque Donec lobortis faucibus</p>','joomla,prestashop,leotheme'),(11,4,'','','Ipsum cursus vestibulum at interdum Vivamus','ipsum-cursus-vestibulum-at-interdum-vivamus','<p>Donec tellus Nulla lorem Nullam elit id ut elit feugiat lacus. Congue eget dapibus congue tincidunt senectus nibh risus Phasellus tristique justo. Justo Pellentesque Donec lobortis faucibus Vestibulum Praesent mauris volutpat vitae metus. Ipsum cursus vestibulum at interdum Vivamus nunc fringilla Curabitur ac quis. Nam lacinia wisi tortor orci quis vitae. Donec tellus Nulla lorem Nullam elit id ut elit feugiat lacus. Congue eget dapibus congue tincidunt senectus nibh risus Phasellus tristique justo. Justo Pellentesque Donec lobortis faucibus Vestibulum Praesent mauris volutpat vitae metus. Ipsum cursus vestibulum at interdum Vivamus nunc fringilla Curabitur ac quis. Nam lacinia wisi tortor orci quis vitae. Donec tellus Nulla lorem Nullam elit id ut elit feugiat lacus. Congue eget dapibus congue tincidunt senectus nibh risus Phasellus tristique justo. Justo Pellentesque Donec lobortis faucibus Vestibulum Praesent mauris volutpat vitae metus. Ipsum cursus vestibulum at interdum Vivamus nunc fringilla Curabitur ac quis. Nam lacinia wisi tortor orci quis vitae.</p>\n<p>Donec tellus Nulla lorem Nullam elit id ut elit feugiat lacus. Congue eget dapibus congue tincidunt senectus nibh risus Phasellus tristique justo. Justo Pellentesque Donec lobortis faucibus Vestibulum Praesent mauris volutpat vitae metus. Ipsum cursus vestibulum at interdum Vivamus nunc fringilla Curabitur ac quis. Nam lacinia wisi tortor orci quis vitae.Donec tellus Nulla lorem Nullam elit id ut elit feugiat lacus. Congue eget dapibus congue tincidunt senectus nibh risus Phasellus tristique justo. Justo Pellentesque Donec lobortis faucibus Vestibulum Praesent mauris volutpat vitae metus. Ipsum cursus vestibulum at interdum Vivamus nunc fringilla Curabitur ac quis. Nam lacinia wisi tortor orci quis vitae.Donec tellus Nulla lorem Nullam elit id ut elit feugiat lacus. Congue eget dapibus congue tincidunt senectus nibh risus Phasellus tristique justo. Justo Pellentesque Donec lobortis faucibus Vestibulum Praesent mauris volutpat vitae metus. Ipsum cursus vestibulum at interdum Vivamus nunc fringilla Curabitur ac quis. Nam lacinia wisi tortor orci quis vitae.</p>','<p>Donec tellus Nulla lorem Nullam elit id ut elit feugiat lacus. Congue eget dapibus congue tincidunt senectus nibh risus Phasellus tristique justo. Justo Pellentesque Donec lobortis faucibus</p>','joomla,prestashop,leotheme'),(11,5,'','','Ipsum cursus vestibulum at interdum Vivamus','ipsum-cursus-vestibulum-at-interdum-vivamus','<p>Donec tellus Nulla lorem Nullam elit id ut elit feugiat lacus. Congue eget dapibus congue tincidunt senectus nibh risus Phasellus tristique justo. Justo Pellentesque Donec lobortis faucibus Vestibulum Praesent mauris volutpat vitae metus. Ipsum cursus vestibulum at interdum Vivamus nunc fringilla Curabitur ac quis. Nam lacinia wisi tortor orci quis vitae. Donec tellus Nulla lorem Nullam elit id ut elit feugiat lacus. Congue eget dapibus congue tincidunt senectus nibh risus Phasellus tristique justo. Justo Pellentesque Donec lobortis faucibus Vestibulum Praesent mauris volutpat vitae metus. Ipsum cursus vestibulum at interdum Vivamus nunc fringilla Curabitur ac quis. Nam lacinia wisi tortor orci quis vitae. Donec tellus Nulla lorem Nullam elit id ut elit feugiat lacus. Congue eget dapibus congue tincidunt senectus nibh risus Phasellus tristique justo. Justo Pellentesque Donec lobortis faucibus Vestibulum Praesent mauris volutpat vitae metus. Ipsum cursus vestibulum at interdum Vivamus nunc fringilla Curabitur ac quis. Nam lacinia wisi tortor orci quis vitae.</p>\n<p>Donec tellus Nulla lorem Nullam elit id ut elit feugiat lacus. Congue eget dapibus congue tincidunt senectus nibh risus Phasellus tristique justo. Justo Pellentesque Donec lobortis faucibus Vestibulum Praesent mauris volutpat vitae metus. Ipsum cursus vestibulum at interdum Vivamus nunc fringilla Curabitur ac quis. Nam lacinia wisi tortor orci quis vitae.Donec tellus Nulla lorem Nullam elit id ut elit feugiat lacus. Congue eget dapibus congue tincidunt senectus nibh risus Phasellus tristique justo. Justo Pellentesque Donec lobortis faucibus Vestibulum Praesent mauris volutpat vitae metus. Ipsum cursus vestibulum at interdum Vivamus nunc fringilla Curabitur ac quis. Nam lacinia wisi tortor orci quis vitae.Donec tellus Nulla lorem Nullam elit id ut elit feugiat lacus. Congue eget dapibus congue tincidunt senectus nibh risus Phasellus tristique justo. Justo Pellentesque Donec lobortis faucibus Vestibulum Praesent mauris volutpat vitae metus. Ipsum cursus vestibulum at interdum Vivamus nunc fringilla Curabitur ac quis. Nam lacinia wisi tortor orci quis vitae.</p>','<p>Donec tellus Nulla lorem Nullam elit id ut elit feugiat lacus. Congue eget dapibus congue tincidunt senectus nibh risus Phasellus tristique justo. Justo Pellentesque Donec lobortis faucibus</p>','joomla,prestashop,leotheme'),(11,6,'','','Ipsum cursus vestibulum at interdum Vivamus','ipsum-cursus-vestibulum-at-interdum-vivamus','<p>Donec tellus Nulla lorem Nullam elit id ut elit feugiat lacus. Congue eget dapibus congue tincidunt senectus nibh risus Phasellus tristique justo. Justo Pellentesque Donec lobortis faucibus Vestibulum Praesent mauris volutpat vitae metus. Ipsum cursus vestibulum at interdum Vivamus nunc fringilla Curabitur ac quis. Nam lacinia wisi tortor orci quis vitae. Donec tellus Nulla lorem Nullam elit id ut elit feugiat lacus. Congue eget dapibus congue tincidunt senectus nibh risus Phasellus tristique justo. Justo Pellentesque Donec lobortis faucibus Vestibulum Praesent mauris volutpat vitae metus. Ipsum cursus vestibulum at interdum Vivamus nunc fringilla Curabitur ac quis. Nam lacinia wisi tortor orci quis vitae. Donec tellus Nulla lorem Nullam elit id ut elit feugiat lacus. Congue eget dapibus congue tincidunt senectus nibh risus Phasellus tristique justo. Justo Pellentesque Donec lobortis faucibus Vestibulum Praesent mauris volutpat vitae metus. Ipsum cursus vestibulum at interdum Vivamus nunc fringilla Curabitur ac quis. Nam lacinia wisi tortor orci quis vitae.</p>\n<p>Donec tellus Nulla lorem Nullam elit id ut elit feugiat lacus. Congue eget dapibus congue tincidunt senectus nibh risus Phasellus tristique justo. Justo Pellentesque Donec lobortis faucibus Vestibulum Praesent mauris volutpat vitae metus. Ipsum cursus vestibulum at interdum Vivamus nunc fringilla Curabitur ac quis. Nam lacinia wisi tortor orci quis vitae.Donec tellus Nulla lorem Nullam elit id ut elit feugiat lacus. Congue eget dapibus congue tincidunt senectus nibh risus Phasellus tristique justo. Justo Pellentesque Donec lobortis faucibus Vestibulum Praesent mauris volutpat vitae metus. Ipsum cursus vestibulum at interdum Vivamus nunc fringilla Curabitur ac quis. Nam lacinia wisi tortor orci quis vitae.Donec tellus Nulla lorem Nullam elit id ut elit feugiat lacus. Congue eget dapibus congue tincidunt senectus nibh risus Phasellus tristique justo. Justo Pellentesque Donec lobortis faucibus Vestibulum Praesent mauris volutpat vitae metus. Ipsum cursus vestibulum at interdum Vivamus nunc fringilla Curabitur ac quis. Nam lacinia wisi tortor orci quis vitae.</p>','<p>Donec tellus Nulla lorem Nullam elit id ut elit feugiat lacus. Congue eget dapibus congue tincidunt senectus nibh risus Phasellus tristique justo. Justo Pellentesque Donec lobortis faucibus</p>','joomla,prestashop,leotheme'),(11,7,'','','Ipsum cursus vestibulum at interdum Vivamus','ipsum-cursus-vestibulum-at-interdum-vivamus','<p>Donec tellus Nulla lorem Nullam elit id ut elit feugiat lacus. Congue eget dapibus congue tincidunt senectus nibh risus Phasellus tristique justo. Justo Pellentesque Donec lobortis faucibus Vestibulum Praesent mauris volutpat vitae metus. Ipsum cursus vestibulum at interdum Vivamus nunc fringilla Curabitur ac quis. Nam lacinia wisi tortor orci quis vitae. Donec tellus Nulla lorem Nullam elit id ut elit feugiat lacus. Congue eget dapibus congue tincidunt senectus nibh risus Phasellus tristique justo. Justo Pellentesque Donec lobortis faucibus Vestibulum Praesent mauris volutpat vitae metus. Ipsum cursus vestibulum at interdum Vivamus nunc fringilla Curabitur ac quis. Nam lacinia wisi tortor orci quis vitae. Donec tellus Nulla lorem Nullam elit id ut elit feugiat lacus. Congue eget dapibus congue tincidunt senectus nibh risus Phasellus tristique justo. Justo Pellentesque Donec lobortis faucibus Vestibulum Praesent mauris volutpat vitae metus. Ipsum cursus vestibulum at interdum Vivamus nunc fringilla Curabitur ac quis. Nam lacinia wisi tortor orci quis vitae.</p>\n<p>Donec tellus Nulla lorem Nullam elit id ut elit feugiat lacus. Congue eget dapibus congue tincidunt senectus nibh risus Phasellus tristique justo. Justo Pellentesque Donec lobortis faucibus Vestibulum Praesent mauris volutpat vitae metus. Ipsum cursus vestibulum at interdum Vivamus nunc fringilla Curabitur ac quis. Nam lacinia wisi tortor orci quis vitae.Donec tellus Nulla lorem Nullam elit id ut elit feugiat lacus. Congue eget dapibus congue tincidunt senectus nibh risus Phasellus tristique justo. Justo Pellentesque Donec lobortis faucibus Vestibulum Praesent mauris volutpat vitae metus. Ipsum cursus vestibulum at interdum Vivamus nunc fringilla Curabitur ac quis. Nam lacinia wisi tortor orci quis vitae.Donec tellus Nulla lorem Nullam elit id ut elit feugiat lacus. Congue eget dapibus congue tincidunt senectus nibh risus Phasellus tristique justo. Justo Pellentesque Donec lobortis faucibus Vestibulum Praesent mauris volutpat vitae metus. Ipsum cursus vestibulum at interdum Vivamus nunc fringilla Curabitur ac quis. Nam lacinia wisi tortor orci quis vitae.</p>','<p>Donec tellus Nulla lorem Nullam elit id ut elit feugiat lacus. Congue eget dapibus congue tincidunt senectus nibh risus Phasellus tristique justo. Justo Pellentesque Donec lobortis faucibus</p>','joomla,prestashop,leotheme'),(11,8,'','','Ipsum cursus vestibulum at interdum Vivamus','ipsum-cursus-vestibulum-at-interdum-vivamus','<p>Donec tellus Nulla lorem Nullam elit id ut elit feugiat lacus. Congue eget dapibus congue tincidunt senectus nibh risus Phasellus tristique justo. Justo Pellentesque Donec lobortis faucibus Vestibulum Praesent mauris volutpat vitae metus. Ipsum cursus vestibulum at interdum Vivamus nunc fringilla Curabitur ac quis. Nam lacinia wisi tortor orci quis vitae. Donec tellus Nulla lorem Nullam elit id ut elit feugiat lacus. Congue eget dapibus congue tincidunt senectus nibh risus Phasellus tristique justo. Justo Pellentesque Donec lobortis faucibus Vestibulum Praesent mauris volutpat vitae metus. Ipsum cursus vestibulum at interdum Vivamus nunc fringilla Curabitur ac quis. Nam lacinia wisi tortor orci quis vitae. Donec tellus Nulla lorem Nullam elit id ut elit feugiat lacus. Congue eget dapibus congue tincidunt senectus nibh risus Phasellus tristique justo. Justo Pellentesque Donec lobortis faucibus Vestibulum Praesent mauris volutpat vitae metus. Ipsum cursus vestibulum at interdum Vivamus nunc fringilla Curabitur ac quis. Nam lacinia wisi tortor orci quis vitae.</p>\n<p>Donec tellus Nulla lorem Nullam elit id ut elit feugiat lacus. Congue eget dapibus congue tincidunt senectus nibh risus Phasellus tristique justo. Justo Pellentesque Donec lobortis faucibus Vestibulum Praesent mauris volutpat vitae metus. Ipsum cursus vestibulum at interdum Vivamus nunc fringilla Curabitur ac quis. Nam lacinia wisi tortor orci quis vitae.Donec tellus Nulla lorem Nullam elit id ut elit feugiat lacus. Congue eget dapibus congue tincidunt senectus nibh risus Phasellus tristique justo. Justo Pellentesque Donec lobortis faucibus Vestibulum Praesent mauris volutpat vitae metus. Ipsum cursus vestibulum at interdum Vivamus nunc fringilla Curabitur ac quis. Nam lacinia wisi tortor orci quis vitae.Donec tellus Nulla lorem Nullam elit id ut elit feugiat lacus. Congue eget dapibus congue tincidunt senectus nibh risus Phasellus tristique justo. Justo Pellentesque Donec lobortis faucibus Vestibulum Praesent mauris volutpat vitae metus. Ipsum cursus vestibulum at interdum Vivamus nunc fringilla Curabitur ac quis. Nam lacinia wisi tortor orci quis vitae.</p>','<p>Donec tellus Nulla lorem Nullam elit id ut elit feugiat lacus. Congue eget dapibus congue tincidunt senectus nibh risus Phasellus tristique justo. Justo Pellentesque Donec lobortis faucibus</p>','joomla,prestashop,leotheme'),(12,1,'','joomla,prestashop,leotheme,prestashop theme','Urna pretium elit mauris cursus Curabitur at elit Vestibulum','urna-pretium-elit-mauris-cursus-curabitur-at-elit-vestibulum','<p>Mi vitae magnis Fusce laoreet nibh felis porttitor laoreet Vestibulum faucibus. At Nulla id tincidunt ut sed semper vel Lorem condimentum ornare. Laoreet Vestibulum lacinia massa a commodo habitasse velit Vestibulum tincidunt In. Turpis at eleifend leo mi elit Aenean porta ac sed faucibus. Nunc urna Morbi fringilla vitae orci convallis condimentum auctor sit dui. Urna pretium elit mauris cursus Curabitur at elit Vestibulum.</p>','<p>Mi vitae magnis Fusce laoreet nibh felis porttitor laoreet Vestibulum faucibus. At Nulla id tincidunt ut sed semper vel Lorem condimentum ornare.</p>','Joomla'),(12,2,'','joomla,prestashop,leotheme,prestashop theme','Urna pretium elit mauris cursus Curabitur at elit Vestibulum','urna-pretium-elit-mauris-cursus-curabitur-at-elit-vestibulum','<p>Mi vitae magnis Fusce laoreet nibh felis porttitor laoreet Vestibulum faucibus. At Nulla id tincidunt ut sed semper vel Lorem condimentum ornare. Laoreet Vestibulum lacinia massa a commodo habitasse velit Vestibulum tincidunt In. Turpis at eleifend leo mi elit Aenean porta ac sed faucibus. Nunc urna Morbi fringilla vitae orci convallis condimentum auctor sit dui. Urna pretium elit mauris cursus Curabitur at elit Vestibulum.</p>','<p>Mi vitae magnis Fusce laoreet nibh felis porttitor laoreet Vestibulum faucibus. At Nulla id tincidunt ut sed semper vel Lorem condimentum ornare.</p>','Joomla'),(12,3,'','joomla,prestashop,leotheme,prestashop theme','Urna pretium elit mauris cursus Curabitur at elit Vestibulum','urna-pretium-elit-mauris-cursus-curabitur-at-elit-vestibulum','<p>Mi vitae magnis Fusce laoreet nibh felis porttitor laoreet Vestibulum faucibus. At Nulla id tincidunt ut sed semper vel Lorem condimentum ornare. Laoreet Vestibulum lacinia massa a commodo habitasse velit Vestibulum tincidunt In. Turpis at eleifend leo mi elit Aenean porta ac sed faucibus. Nunc urna Morbi fringilla vitae orci convallis condimentum auctor sit dui. Urna pretium elit mauris cursus Curabitur at elit Vestibulum.</p>','<p>Mi vitae magnis Fusce laoreet nibh felis porttitor laoreet Vestibulum faucibus. At Nulla id tincidunt ut sed semper vel Lorem condimentum ornare.</p>','Joomla'),(12,4,'','joomla,prestashop,leotheme,prestashop theme','Urna pretium elit mauris cursus Curabitur at elit Vestibulum','urna-pretium-elit-mauris-cursus-curabitur-at-elit-vestibulum','<p>Mi vitae magnis Fusce laoreet nibh felis porttitor laoreet Vestibulum faucibus. At Nulla id tincidunt ut sed semper vel Lorem condimentum ornare. Laoreet Vestibulum lacinia massa a commodo habitasse velit Vestibulum tincidunt In. Turpis at eleifend leo mi elit Aenean porta ac sed faucibus. Nunc urna Morbi fringilla vitae orci convallis condimentum auctor sit dui. Urna pretium elit mauris cursus Curabitur at elit Vestibulum.</p>','<p>Mi vitae magnis Fusce laoreet nibh felis porttitor laoreet Vestibulum faucibus. At Nulla id tincidunt ut sed semper vel Lorem condimentum ornare.</p>','Joomla'),(12,5,'','joomla,prestashop,leotheme,prestashop theme','Urna pretium elit mauris cursus Curabitur at elit Vestibulum','urna-pretium-elit-mauris-cursus-curabitur-at-elit-vestibulum','<p>Mi vitae magnis Fusce laoreet nibh felis porttitor laoreet Vestibulum faucibus. At Nulla id tincidunt ut sed semper vel Lorem condimentum ornare. Laoreet Vestibulum lacinia massa a commodo habitasse velit Vestibulum tincidunt In. Turpis at eleifend leo mi elit Aenean porta ac sed faucibus. Nunc urna Morbi fringilla vitae orci convallis condimentum auctor sit dui. Urna pretium elit mauris cursus Curabitur at elit Vestibulum.</p>','<p>Mi vitae magnis Fusce laoreet nibh felis porttitor laoreet Vestibulum faucibus. At Nulla id tincidunt ut sed semper vel Lorem condimentum ornare.</p>','Joomla'),(12,6,'','joomla,prestashop,leotheme,prestashop theme','Urna pretium elit mauris cursus Curabitur at elit Vestibulum','urna-pretium-elit-mauris-cursus-curabitur-at-elit-vestibulum','<p>Mi vitae magnis Fusce laoreet nibh felis porttitor laoreet Vestibulum faucibus. At Nulla id tincidunt ut sed semper vel Lorem condimentum ornare. Laoreet Vestibulum lacinia massa a commodo habitasse velit Vestibulum tincidunt In. Turpis at eleifend leo mi elit Aenean porta ac sed faucibus. Nunc urna Morbi fringilla vitae orci convallis condimentum auctor sit dui. Urna pretium elit mauris cursus Curabitur at elit Vestibulum.</p>','<p>Mi vitae magnis Fusce laoreet nibh felis porttitor laoreet Vestibulum faucibus. At Nulla id tincidunt ut sed semper vel Lorem condimentum ornare.</p>','Joomla'),(12,7,'','joomla,prestashop,leotheme,prestashop theme','Urna pretium elit mauris cursus Curabitur at elit Vestibulum','urna-pretium-elit-mauris-cursus-curabitur-at-elit-vestibulum','<p>Mi vitae magnis Fusce laoreet nibh felis porttitor laoreet Vestibulum faucibus. At Nulla id tincidunt ut sed semper vel Lorem condimentum ornare. Laoreet Vestibulum lacinia massa a commodo habitasse velit Vestibulum tincidunt In. Turpis at eleifend leo mi elit Aenean porta ac sed faucibus. Nunc urna Morbi fringilla vitae orci convallis condimentum auctor sit dui. Urna pretium elit mauris cursus Curabitur at elit Vestibulum.</p>','<p>Mi vitae magnis Fusce laoreet nibh felis porttitor laoreet Vestibulum faucibus. At Nulla id tincidunt ut sed semper vel Lorem condimentum ornare.</p>','Joomla'),(12,8,'','joomla,prestashop,leotheme,prestashop theme','Urna pretium elit mauris cursus Curabitur at elit Vestibulum','urna-pretium-elit-mauris-cursus-curabitur-at-elit-vestibulum','<p>Mi vitae magnis Fusce laoreet nibh felis porttitor laoreet Vestibulum faucibus. At Nulla id tincidunt ut sed semper vel Lorem condimentum ornare. Laoreet Vestibulum lacinia massa a commodo habitasse velit Vestibulum tincidunt In. Turpis at eleifend leo mi elit Aenean porta ac sed faucibus. Nunc urna Morbi fringilla vitae orci convallis condimentum auctor sit dui. Urna pretium elit mauris cursus Curabitur at elit Vestibulum.</p>','<p>Mi vitae magnis Fusce laoreet nibh felis porttitor laoreet Vestibulum faucibus. At Nulla id tincidunt ut sed semper vel Lorem condimentum ornare.</p>','Joomla'),(13,1,'','','Urna pretium elit mauris cursus Curabitur at elit Vestibulum','urna-pretium-elit-mauris-cursus-curabitur-at-elit-vestibulum','<p>Mi vitae magnis Fusce laoreet nibh felis porttitor laoreet Vestibulum faucibus. At Nulla id tincidunt ut sed semper vel Lorem condimentum ornare. Laoreet Vestibulum lacinia massa a commodo habitasse velit Vestibulum tincidunt In. Turpis at eleifend leo mi elit Aenean porta ac sed faucibus. Nunc urna Morbi fringilla vitae orci convallis condimentum auctor sit dui. Urna pretium elit mauris cursus Curabitur at elit Vestibulum. Mi vitae magnis Fusce laoreet nibh felis porttitor laoreet Vestibulum faucibus. At Nulla id tincidunt ut sed semper vel Lorem condimentum ornare. Laoreet Vestibulum lacinia massa a commodo habitasse velit Vestibulum tincidunt In. Turpis at eleifend leo mi elit Aenean porta ac sed faucibus. Nunc urna Morbi fringilla vitae orci convallis condimentum auctor sit dui. Urna pretium elit mauris cursus Curabitur at elit Vestibulum.</p>','<p>Mi vitae magnis Fusce laoreet nibh felis porttitor laoreet Vestibulum faucibus. At Nulla id tincidunt ut sed semper vel Lorem condimentum ornare.</p>','leotheme,prestashop,theme'),(13,2,'','','Urna pretium elit mauris cursus Curabitur at elit Vestibulum','urna-pretium-elit-mauris-cursus-curabitur-at-elit-vestibulum','<p>Mi vitae magnis Fusce laoreet nibh felis porttitor laoreet Vestibulum faucibus. At Nulla id tincidunt ut sed semper vel Lorem condimentum ornare. Laoreet Vestibulum lacinia massa a commodo habitasse velit Vestibulum tincidunt In. Turpis at eleifend leo mi elit Aenean porta ac sed faucibus. Nunc urna Morbi fringilla vitae orci convallis condimentum auctor sit dui. Urna pretium elit mauris cursus Curabitur at elit Vestibulum. Mi vitae magnis Fusce laoreet nibh felis porttitor laoreet Vestibulum faucibus. At Nulla id tincidunt ut sed semper vel Lorem condimentum ornare. Laoreet Vestibulum lacinia massa a commodo habitasse velit Vestibulum tincidunt In. Turpis at eleifend leo mi elit Aenean porta ac sed faucibus. Nunc urna Morbi fringilla vitae orci convallis condimentum auctor sit dui. Urna pretium elit mauris cursus Curabitur at elit Vestibulum.</p>','<p>Mi vitae magnis Fusce laoreet nibh felis porttitor laoreet Vestibulum faucibus. At Nulla id tincidunt ut sed semper vel Lorem condimentum ornare.</p>','leotheme,prestashop,theme'),(13,3,'','','Urna pretium elit mauris cursus Curabitur at elit Vestibulum','urna-pretium-elit-mauris-cursus-curabitur-at-elit-vestibulum','<p>Mi vitae magnis Fusce laoreet nibh felis porttitor laoreet Vestibulum faucibus. At Nulla id tincidunt ut sed semper vel Lorem condimentum ornare. Laoreet Vestibulum lacinia massa a commodo habitasse velit Vestibulum tincidunt In. Turpis at eleifend leo mi elit Aenean porta ac sed faucibus. Nunc urna Morbi fringilla vitae orci convallis condimentum auctor sit dui. Urna pretium elit mauris cursus Curabitur at elit Vestibulum. Mi vitae magnis Fusce laoreet nibh felis porttitor laoreet Vestibulum faucibus. At Nulla id tincidunt ut sed semper vel Lorem condimentum ornare. Laoreet Vestibulum lacinia massa a commodo habitasse velit Vestibulum tincidunt In. Turpis at eleifend leo mi elit Aenean porta ac sed faucibus. Nunc urna Morbi fringilla vitae orci convallis condimentum auctor sit dui. Urna pretium elit mauris cursus Curabitur at elit Vestibulum.</p>','<p>Mi vitae magnis Fusce laoreet nibh felis porttitor laoreet Vestibulum faucibus. At Nulla id tincidunt ut sed semper vel Lorem condimentum ornare.</p>','leotheme,prestashop,theme'),(13,4,'','','Urna pretium elit mauris cursus Curabitur at elit Vestibulum','urna-pretium-elit-mauris-cursus-curabitur-at-elit-vestibulum','<p>Mi vitae magnis Fusce laoreet nibh felis porttitor laoreet Vestibulum faucibus. At Nulla id tincidunt ut sed semper vel Lorem condimentum ornare. Laoreet Vestibulum lacinia massa a commodo habitasse velit Vestibulum tincidunt In. Turpis at eleifend leo mi elit Aenean porta ac sed faucibus. Nunc urna Morbi fringilla vitae orci convallis condimentum auctor sit dui. Urna pretium elit mauris cursus Curabitur at elit Vestibulum. Mi vitae magnis Fusce laoreet nibh felis porttitor laoreet Vestibulum faucibus. At Nulla id tincidunt ut sed semper vel Lorem condimentum ornare. Laoreet Vestibulum lacinia massa a commodo habitasse velit Vestibulum tincidunt In. Turpis at eleifend leo mi elit Aenean porta ac sed faucibus. Nunc urna Morbi fringilla vitae orci convallis condimentum auctor sit dui. Urna pretium elit mauris cursus Curabitur at elit Vestibulum.</p>','<p>Mi vitae magnis Fusce laoreet nibh felis porttitor laoreet Vestibulum faucibus. At Nulla id tincidunt ut sed semper vel Lorem condimentum ornare.</p>','leotheme,prestashop,theme'),(13,5,'','','Urna pretium elit mauris cursus Curabitur at elit Vestibulum','urna-pretium-elit-mauris-cursus-curabitur-at-elit-vestibulum','<p>Mi vitae magnis Fusce laoreet nibh felis porttitor laoreet Vestibulum faucibus. At Nulla id tincidunt ut sed semper vel Lorem condimentum ornare. Laoreet Vestibulum lacinia massa a commodo habitasse velit Vestibulum tincidunt In. Turpis at eleifend leo mi elit Aenean porta ac sed faucibus. Nunc urna Morbi fringilla vitae orci convallis condimentum auctor sit dui. Urna pretium elit mauris cursus Curabitur at elit Vestibulum. Mi vitae magnis Fusce laoreet nibh felis porttitor laoreet Vestibulum faucibus. At Nulla id tincidunt ut sed semper vel Lorem condimentum ornare. Laoreet Vestibulum lacinia massa a commodo habitasse velit Vestibulum tincidunt In. Turpis at eleifend leo mi elit Aenean porta ac sed faucibus. Nunc urna Morbi fringilla vitae orci convallis condimentum auctor sit dui. Urna pretium elit mauris cursus Curabitur at elit Vestibulum.</p>','<p>Mi vitae magnis Fusce laoreet nibh felis porttitor laoreet Vestibulum faucibus. At Nulla id tincidunt ut sed semper vel Lorem condimentum ornare.</p>','leotheme,prestashop,theme'),(13,6,'','','Urna pretium elit mauris cursus Curabitur at elit Vestibulum','urna-pretium-elit-mauris-cursus-curabitur-at-elit-vestibulum','<p>Mi vitae magnis Fusce laoreet nibh felis porttitor laoreet Vestibulum faucibus. At Nulla id tincidunt ut sed semper vel Lorem condimentum ornare. Laoreet Vestibulum lacinia massa a commodo habitasse velit Vestibulum tincidunt In. Turpis at eleifend leo mi elit Aenean porta ac sed faucibus. Nunc urna Morbi fringilla vitae orci convallis condimentum auctor sit dui. Urna pretium elit mauris cursus Curabitur at elit Vestibulum. Mi vitae magnis Fusce laoreet nibh felis porttitor laoreet Vestibulum faucibus. At Nulla id tincidunt ut sed semper vel Lorem condimentum ornare. Laoreet Vestibulum lacinia massa a commodo habitasse velit Vestibulum tincidunt In. Turpis at eleifend leo mi elit Aenean porta ac sed faucibus. Nunc urna Morbi fringilla vitae orci convallis condimentum auctor sit dui. Urna pretium elit mauris cursus Curabitur at elit Vestibulum.</p>','<p>Mi vitae magnis Fusce laoreet nibh felis porttitor laoreet Vestibulum faucibus. At Nulla id tincidunt ut sed semper vel Lorem condimentum ornare.</p>','leotheme,prestashop,theme'),(13,7,'','','Urna pretium elit mauris cursus Curabitur at elit Vestibulum','urna-pretium-elit-mauris-cursus-curabitur-at-elit-vestibulum','<p>Mi vitae magnis Fusce laoreet nibh felis porttitor laoreet Vestibulum faucibus. At Nulla id tincidunt ut sed semper vel Lorem condimentum ornare. Laoreet Vestibulum lacinia massa a commodo habitasse velit Vestibulum tincidunt In. Turpis at eleifend leo mi elit Aenean porta ac sed faucibus. Nunc urna Morbi fringilla vitae orci convallis condimentum auctor sit dui. Urna pretium elit mauris cursus Curabitur at elit Vestibulum. Mi vitae magnis Fusce laoreet nibh felis porttitor laoreet Vestibulum faucibus. At Nulla id tincidunt ut sed semper vel Lorem condimentum ornare. Laoreet Vestibulum lacinia massa a commodo habitasse velit Vestibulum tincidunt In. Turpis at eleifend leo mi elit Aenean porta ac sed faucibus. Nunc urna Morbi fringilla vitae orci convallis condimentum auctor sit dui. Urna pretium elit mauris cursus Curabitur at elit Vestibulum.</p>','<p>Mi vitae magnis Fusce laoreet nibh felis porttitor laoreet Vestibulum faucibus. At Nulla id tincidunt ut sed semper vel Lorem condimentum ornare.</p>','leotheme,prestashop,theme'),(13,8,'','','Urna pretium elit mauris cursus Curabitur at elit Vestibulum','urna-pretium-elit-mauris-cursus-curabitur-at-elit-vestibulum','<p>Mi vitae magnis Fusce laoreet nibh felis porttitor laoreet Vestibulum faucibus. At Nulla id tincidunt ut sed semper vel Lorem condimentum ornare. Laoreet Vestibulum lacinia massa a commodo habitasse velit Vestibulum tincidunt In. Turpis at eleifend leo mi elit Aenean porta ac sed faucibus. Nunc urna Morbi fringilla vitae orci convallis condimentum auctor sit dui. Urna pretium elit mauris cursus Curabitur at elit Vestibulum. Mi vitae magnis Fusce laoreet nibh felis porttitor laoreet Vestibulum faucibus. At Nulla id tincidunt ut sed semper vel Lorem condimentum ornare. Laoreet Vestibulum lacinia massa a commodo habitasse velit Vestibulum tincidunt In. Turpis at eleifend leo mi elit Aenean porta ac sed faucibus. Nunc urna Morbi fringilla vitae orci convallis condimentum auctor sit dui. Urna pretium elit mauris cursus Curabitur at elit Vestibulum.</p>','<p>Mi vitae magnis Fusce laoreet nibh felis porttitor laoreet Vestibulum faucibus. At Nulla id tincidunt ut sed semper vel Lorem condimentum ornare.</p>','leotheme,prestashop,theme'),(14,1,'','','Morbi condimentum molestie Nam enim odio sodales. Donec tellus Nulla lorem Nullam elit id ut elit feugiat lacus','morbi-condimentum-molestie-nam-enim-odio-sodales-donec-tellus-nulla-lorem-nullam-elit-id-ut-elit-feugiat-lacus','<p>Odio ut pretium ligula quam Vestibulum consequat convallis fringilla Vestibulum nulla. Accumsan morbi tristique auctor. At risus pretium urna tortor metus fringilla interdum mauris tempor congue.</p>\n<p>Commodo laoreet semper tincidunt lorem Vestibulum nunc at In Curabitur magna. Euismod euismod Suspendisse tortor ante adipiscing risus Aenean Lorem vitae id. Odio ut pretium ligula quam Vestibulum consequat convallis fringilla Vestibulum nulla. Accumsan morbi tristique auctor Aenean nulla lacinia Nullam elit vel vel. At risus pretium urna tortor metus fringilla interdum mauris tempor congue.</p>\n<p>Donec tellus Nulla lorem Nullam elit id ut elit feugiat lacus. Congue eget dapibus congue tincidunt senectus nibh risus Phasellus tristique justo. Justo Pellentesque Donec lobortis faucibus Vestibulum Praesent mauris volutpat vitae metus. Ipsum cursus vestibulum at interdum Vivamus nunc fringilla Curabitur ac quis. Nam lacinia wisi tortor orci quis vitae.</p>\n<p>Sed mauris Pellentesque elit Aliquam at lacus interdum nascetur elit ipsum. Enim ipsum hendrerit Suspendisse turpis laoreet fames tempus ligula pede ac. Et Lorem penatibus orci eu ultrices egestas Nam quam Vivamus nibh. Morbi condimentum molestie Nam enim odio sodales pretium eros sem pellentesque. Sit tellus Integer elit egestas lacus turpis id auctor nascetur ut. Ac elit vitae.</p>\n<p>Mi vitae magnis Fusce laoreet nibh felis porttitor laoreet Vestibulum faucibus. At Nulla id tincidunt ut sed semper vel Lorem condimentum ornare. Laoreet Vestibulum lacinia massa a commodo habitasse velit Vestibulum tincidunt In. Turpis at eleifend leo mi elit Aenean porta ac sed faucibus. Nunc urna Morbi fringilla vitae orci convallis condimentum auctor sit dui. Urna pretium elit mauris cursus Curabitur at elit Vestibulum.</p>','<p>Sed mauris Pellentesque elit Aliquam at lacus interdum nascetur elit ipsum. Enim ipsum hendrerit Suspendisse turpis laoreet fames tempus ligula pede ac. Et Lorem penatibus orci eu ultrices egestas Nam quam Vivamus nibh.</p>','leotheme,prestashop,magento,opencart'),(14,2,'','','Morbi condimentum molestie Nam enim odio sodales. Donec tellus Nulla lorem Nullam elit id ut elit feugiat lacus','morbi-condimentum-molestie-nam-enim-odio-sodales-donec-tellus-nulla-lorem-nullam-elit-id-ut-elit-feugiat-lacus','<p>Odio ut pretium ligula quam Vestibulum consequat convallis fringilla Vestibulum nulla. Accumsan morbi tristique auctor. At risus pretium urna tortor metus fringilla interdum mauris tempor congue.</p>\n<p>Commodo laoreet semper tincidunt lorem Vestibulum nunc at In Curabitur magna. Euismod euismod Suspendisse tortor ante adipiscing risus Aenean Lorem vitae id. Odio ut pretium ligula quam Vestibulum consequat convallis fringilla Vestibulum nulla. Accumsan morbi tristique auctor Aenean nulla lacinia Nullam elit vel vel. At risus pretium urna tortor metus fringilla interdum mauris tempor congue.</p>\n<p>Donec tellus Nulla lorem Nullam elit id ut elit feugiat lacus. Congue eget dapibus congue tincidunt senectus nibh risus Phasellus tristique justo. Justo Pellentesque Donec lobortis faucibus Vestibulum Praesent mauris volutpat vitae metus. Ipsum cursus vestibulum at interdum Vivamus nunc fringilla Curabitur ac quis. Nam lacinia wisi tortor orci quis vitae.</p>\n<p>Sed mauris Pellentesque elit Aliquam at lacus interdum nascetur elit ipsum. Enim ipsum hendrerit Suspendisse turpis laoreet fames tempus ligula pede ac. Et Lorem penatibus orci eu ultrices egestas Nam quam Vivamus nibh. Morbi condimentum molestie Nam enim odio sodales pretium eros sem pellentesque. Sit tellus Integer elit egestas lacus turpis id auctor nascetur ut. Ac elit vitae.</p>\n<p>Mi vitae magnis Fusce laoreet nibh felis porttitor laoreet Vestibulum faucibus. At Nulla id tincidunt ut sed semper vel Lorem condimentum ornare. Laoreet Vestibulum lacinia massa a commodo habitasse velit Vestibulum tincidunt In. Turpis at eleifend leo mi elit Aenean porta ac sed faucibus. Nunc urna Morbi fringilla vitae orci convallis condimentum auctor sit dui. Urna pretium elit mauris cursus Curabitur at elit Vestibulum.</p>','<p>Sed mauris Pellentesque elit Aliquam at lacus interdum nascetur elit ipsum. Enim ipsum hendrerit Suspendisse turpis laoreet fames tempus ligula pede ac. Et Lorem penatibus orci eu ultrices egestas Nam quam Vivamus nibh.</p>','leotheme,prestashop,magento,opencart'),(14,3,'','','Morbi condimentum molestie Nam enim odio sodales. Donec tellus Nulla lorem Nullam elit id ut elit feugiat lacus','morbi-condimentum-molestie-nam-enim-odio-sodales-donec-tellus-nulla-lorem-nullam-elit-id-ut-elit-feugiat-lacus','<p>Odio ut pretium ligula quam Vestibulum consequat convallis fringilla Vestibulum nulla. Accumsan morbi tristique auctor. At risus pretium urna tortor metus fringilla interdum mauris tempor congue.</p>\n<p>Commodo laoreet semper tincidunt lorem Vestibulum nunc at In Curabitur magna. Euismod euismod Suspendisse tortor ante adipiscing risus Aenean Lorem vitae id. Odio ut pretium ligula quam Vestibulum consequat convallis fringilla Vestibulum nulla. Accumsan morbi tristique auctor Aenean nulla lacinia Nullam elit vel vel. At risus pretium urna tortor metus fringilla interdum mauris tempor congue.</p>\n<p>Donec tellus Nulla lorem Nullam elit id ut elit feugiat lacus. Congue eget dapibus congue tincidunt senectus nibh risus Phasellus tristique justo. Justo Pellentesque Donec lobortis faucibus Vestibulum Praesent mauris volutpat vitae metus. Ipsum cursus vestibulum at interdum Vivamus nunc fringilla Curabitur ac quis. Nam lacinia wisi tortor orci quis vitae.</p>\n<p>Sed mauris Pellentesque elit Aliquam at lacus interdum nascetur elit ipsum. Enim ipsum hendrerit Suspendisse turpis laoreet fames tempus ligula pede ac. Et Lorem penatibus orci eu ultrices egestas Nam quam Vivamus nibh. Morbi condimentum molestie Nam enim odio sodales pretium eros sem pellentesque. Sit tellus Integer elit egestas lacus turpis id auctor nascetur ut. Ac elit vitae.</p>\n<p>Mi vitae magnis Fusce laoreet nibh felis porttitor laoreet Vestibulum faucibus. At Nulla id tincidunt ut sed semper vel Lorem condimentum ornare. Laoreet Vestibulum lacinia massa a commodo habitasse velit Vestibulum tincidunt In. Turpis at eleifend leo mi elit Aenean porta ac sed faucibus. Nunc urna Morbi fringilla vitae orci convallis condimentum auctor sit dui. Urna pretium elit mauris cursus Curabitur at elit Vestibulum.</p>','<p>Sed mauris Pellentesque elit Aliquam at lacus interdum nascetur elit ipsum. Enim ipsum hendrerit Suspendisse turpis laoreet fames tempus ligula pede ac. Et Lorem penatibus orci eu ultrices egestas Nam quam Vivamus nibh.</p>','leotheme,prestashop,magento,opencart'),(14,4,'','','Morbi condimentum molestie Nam enim odio sodales. Donec tellus Nulla lorem Nullam elit id ut elit feugiat lacus','morbi-condimentum-molestie-nam-enim-odio-sodales-donec-tellus-nulla-lorem-nullam-elit-id-ut-elit-feugiat-lacus','<p>Odio ut pretium ligula quam Vestibulum consequat convallis fringilla Vestibulum nulla. Accumsan morbi tristique auctor. At risus pretium urna tortor metus fringilla interdum mauris tempor congue.</p>\n<p>Commodo laoreet semper tincidunt lorem Vestibulum nunc at In Curabitur magna. Euismod euismod Suspendisse tortor ante adipiscing risus Aenean Lorem vitae id. Odio ut pretium ligula quam Vestibulum consequat convallis fringilla Vestibulum nulla. Accumsan morbi tristique auctor Aenean nulla lacinia Nullam elit vel vel. At risus pretium urna tortor metus fringilla interdum mauris tempor congue.</p>\n<p>Donec tellus Nulla lorem Nullam elit id ut elit feugiat lacus. Congue eget dapibus congue tincidunt senectus nibh risus Phasellus tristique justo. Justo Pellentesque Donec lobortis faucibus Vestibulum Praesent mauris volutpat vitae metus. Ipsum cursus vestibulum at interdum Vivamus nunc fringilla Curabitur ac quis. Nam lacinia wisi tortor orci quis vitae.</p>\n<p>Sed mauris Pellentesque elit Aliquam at lacus interdum nascetur elit ipsum. Enim ipsum hendrerit Suspendisse turpis laoreet fames tempus ligula pede ac. Et Lorem penatibus orci eu ultrices egestas Nam quam Vivamus nibh. Morbi condimentum molestie Nam enim odio sodales pretium eros sem pellentesque. Sit tellus Integer elit egestas lacus turpis id auctor nascetur ut. Ac elit vitae.</p>\n<p>Mi vitae magnis Fusce laoreet nibh felis porttitor laoreet Vestibulum faucibus. At Nulla id tincidunt ut sed semper vel Lorem condimentum ornare. Laoreet Vestibulum lacinia massa a commodo habitasse velit Vestibulum tincidunt In. Turpis at eleifend leo mi elit Aenean porta ac sed faucibus. Nunc urna Morbi fringilla vitae orci convallis condimentum auctor sit dui. Urna pretium elit mauris cursus Curabitur at elit Vestibulum.</p>','<p>Sed mauris Pellentesque elit Aliquam at lacus interdum nascetur elit ipsum. Enim ipsum hendrerit Suspendisse turpis laoreet fames tempus ligula pede ac. Et Lorem penatibus orci eu ultrices egestas Nam quam Vivamus nibh.</p>','leotheme,prestashop,magento,opencart'),(14,5,'','','Morbi condimentum molestie Nam enim odio sodales. Donec tellus Nulla lorem Nullam elit id ut elit feugiat lacus','morbi-condimentum-molestie-nam-enim-odio-sodales-donec-tellus-nulla-lorem-nullam-elit-id-ut-elit-feugiat-lacus','<p>Odio ut pretium ligula quam Vestibulum consequat convallis fringilla Vestibulum nulla. Accumsan morbi tristique auctor. At risus pretium urna tortor metus fringilla interdum mauris tempor congue.</p>\n<p>Commodo laoreet semper tincidunt lorem Vestibulum nunc at In Curabitur magna. Euismod euismod Suspendisse tortor ante adipiscing risus Aenean Lorem vitae id. Odio ut pretium ligula quam Vestibulum consequat convallis fringilla Vestibulum nulla. Accumsan morbi tristique auctor Aenean nulla lacinia Nullam elit vel vel. At risus pretium urna tortor metus fringilla interdum mauris tempor congue.</p>\n<p>Donec tellus Nulla lorem Nullam elit id ut elit feugiat lacus. Congue eget dapibus congue tincidunt senectus nibh risus Phasellus tristique justo. Justo Pellentesque Donec lobortis faucibus Vestibulum Praesent mauris volutpat vitae metus. Ipsum cursus vestibulum at interdum Vivamus nunc fringilla Curabitur ac quis. Nam lacinia wisi tortor orci quis vitae.</p>\n<p>Sed mauris Pellentesque elit Aliquam at lacus interdum nascetur elit ipsum. Enim ipsum hendrerit Suspendisse turpis laoreet fames tempus ligula pede ac. Et Lorem penatibus orci eu ultrices egestas Nam quam Vivamus nibh. Morbi condimentum molestie Nam enim odio sodales pretium eros sem pellentesque. Sit tellus Integer elit egestas lacus turpis id auctor nascetur ut. Ac elit vitae.</p>\n<p>Mi vitae magnis Fusce laoreet nibh felis porttitor laoreet Vestibulum faucibus. At Nulla id tincidunt ut sed semper vel Lorem condimentum ornare. Laoreet Vestibulum lacinia massa a commodo habitasse velit Vestibulum tincidunt In. Turpis at eleifend leo mi elit Aenean porta ac sed faucibus. Nunc urna Morbi fringilla vitae orci convallis condimentum auctor sit dui. Urna pretium elit mauris cursus Curabitur at elit Vestibulum.</p>','<p>Sed mauris Pellentesque elit Aliquam at lacus interdum nascetur elit ipsum. Enim ipsum hendrerit Suspendisse turpis laoreet fames tempus ligula pede ac. Et Lorem penatibus orci eu ultrices egestas Nam quam Vivamus nibh.</p>','leotheme,prestashop,magento,opencart'),(14,6,'','','Morbi condimentum molestie Nam enim odio sodales. Donec tellus Nulla lorem Nullam elit id ut elit feugiat lacus','morbi-condimentum-molestie-nam-enim-odio-sodales-donec-tellus-nulla-lorem-nullam-elit-id-ut-elit-feugiat-lacus','<p>Odio ut pretium ligula quam Vestibulum consequat convallis fringilla Vestibulum nulla. Accumsan morbi tristique auctor. At risus pretium urna tortor metus fringilla interdum mauris tempor congue.</p>\n<p>Commodo laoreet semper tincidunt lorem Vestibulum nunc at In Curabitur magna. Euismod euismod Suspendisse tortor ante adipiscing risus Aenean Lorem vitae id. Odio ut pretium ligula quam Vestibulum consequat convallis fringilla Vestibulum nulla. Accumsan morbi tristique auctor Aenean nulla lacinia Nullam elit vel vel. At risus pretium urna tortor metus fringilla interdum mauris tempor congue.</p>\n<p>Donec tellus Nulla lorem Nullam elit id ut elit feugiat lacus. Congue eget dapibus congue tincidunt senectus nibh risus Phasellus tristique justo. Justo Pellentesque Donec lobortis faucibus Vestibulum Praesent mauris volutpat vitae metus. Ipsum cursus vestibulum at interdum Vivamus nunc fringilla Curabitur ac quis. Nam lacinia wisi tortor orci quis vitae.</p>\n<p>Sed mauris Pellentesque elit Aliquam at lacus interdum nascetur elit ipsum. Enim ipsum hendrerit Suspendisse turpis laoreet fames tempus ligula pede ac. Et Lorem penatibus orci eu ultrices egestas Nam quam Vivamus nibh. Morbi condimentum molestie Nam enim odio sodales pretium eros sem pellentesque. Sit tellus Integer elit egestas lacus turpis id auctor nascetur ut. Ac elit vitae.</p>\n<p>Mi vitae magnis Fusce laoreet nibh felis porttitor laoreet Vestibulum faucibus. At Nulla id tincidunt ut sed semper vel Lorem condimentum ornare. Laoreet Vestibulum lacinia massa a commodo habitasse velit Vestibulum tincidunt In. Turpis at eleifend leo mi elit Aenean porta ac sed faucibus. Nunc urna Morbi fringilla vitae orci convallis condimentum auctor sit dui. Urna pretium elit mauris cursus Curabitur at elit Vestibulum.</p>','<p>Sed mauris Pellentesque elit Aliquam at lacus interdum nascetur elit ipsum. Enim ipsum hendrerit Suspendisse turpis laoreet fames tempus ligula pede ac. Et Lorem penatibus orci eu ultrices egestas Nam quam Vivamus nibh.</p>','leotheme,prestashop,magento,opencart'),(14,7,'','','Morbi condimentum molestie Nam enim odio sodales. Donec tellus Nulla lorem Nullam elit id ut elit feugiat lacus','morbi-condimentum-molestie-nam-enim-odio-sodales-donec-tellus-nulla-lorem-nullam-elit-id-ut-elit-feugiat-lacus','<p>Odio ut pretium ligula quam Vestibulum consequat convallis fringilla Vestibulum nulla. Accumsan morbi tristique auctor. At risus pretium urna tortor metus fringilla interdum mauris tempor congue.</p>\n<p>Commodo laoreet semper tincidunt lorem Vestibulum nunc at In Curabitur magna. Euismod euismod Suspendisse tortor ante adipiscing risus Aenean Lorem vitae id. Odio ut pretium ligula quam Vestibulum consequat convallis fringilla Vestibulum nulla. Accumsan morbi tristique auctor Aenean nulla lacinia Nullam elit vel vel. At risus pretium urna tortor metus fringilla interdum mauris tempor congue.</p>\n<p>Donec tellus Nulla lorem Nullam elit id ut elit feugiat lacus. Congue eget dapibus congue tincidunt senectus nibh risus Phasellus tristique justo. Justo Pellentesque Donec lobortis faucibus Vestibulum Praesent mauris volutpat vitae metus. Ipsum cursus vestibulum at interdum Vivamus nunc fringilla Curabitur ac quis. Nam lacinia wisi tortor orci quis vitae.</p>\n<p>Sed mauris Pellentesque elit Aliquam at lacus interdum nascetur elit ipsum. Enim ipsum hendrerit Suspendisse turpis laoreet fames tempus ligula pede ac. Et Lorem penatibus orci eu ultrices egestas Nam quam Vivamus nibh. Morbi condimentum molestie Nam enim odio sodales pretium eros sem pellentesque. Sit tellus Integer elit egestas lacus turpis id auctor nascetur ut. Ac elit vitae.</p>\n<p>Mi vitae magnis Fusce laoreet nibh felis porttitor laoreet Vestibulum faucibus. At Nulla id tincidunt ut sed semper vel Lorem condimentum ornare. Laoreet Vestibulum lacinia massa a commodo habitasse velit Vestibulum tincidunt In. Turpis at eleifend leo mi elit Aenean porta ac sed faucibus. Nunc urna Morbi fringilla vitae orci convallis condimentum auctor sit dui. Urna pretium elit mauris cursus Curabitur at elit Vestibulum.</p>','<p>Sed mauris Pellentesque elit Aliquam at lacus interdum nascetur elit ipsum. Enim ipsum hendrerit Suspendisse turpis laoreet fames tempus ligula pede ac. Et Lorem penatibus orci eu ultrices egestas Nam quam Vivamus nibh.</p>','leotheme,prestashop,magento,opencart'),(14,8,'','','Morbi condimentum molestie Nam enim odio sodales. Donec tellus Nulla lorem Nullam elit id ut elit feugiat lacus','morbi-condimentum-molestie-nam-enim-odio-sodales-donec-tellus-nulla-lorem-nullam-elit-id-ut-elit-feugiat-lacus','<p>Odio ut pretium ligula quam Vestibulum consequat convallis fringilla Vestibulum nulla. Accumsan morbi tristique auctor. At risus pretium urna tortor metus fringilla interdum mauris tempor congue.</p>\n<p>Commodo laoreet semper tincidunt lorem Vestibulum nunc at In Curabitur magna. Euismod euismod Suspendisse tortor ante adipiscing risus Aenean Lorem vitae id. Odio ut pretium ligula quam Vestibulum consequat convallis fringilla Vestibulum nulla. Accumsan morbi tristique auctor Aenean nulla lacinia Nullam elit vel vel. At risus pretium urna tortor metus fringilla interdum mauris tempor congue.</p>\n<p>Donec tellus Nulla lorem Nullam elit id ut elit feugiat lacus. Congue eget dapibus congue tincidunt senectus nibh risus Phasellus tristique justo. Justo Pellentesque Donec lobortis faucibus Vestibulum Praesent mauris volutpat vitae metus. Ipsum cursus vestibulum at interdum Vivamus nunc fringilla Curabitur ac quis. Nam lacinia wisi tortor orci quis vitae.</p>\n<p>Sed mauris Pellentesque elit Aliquam at lacus interdum nascetur elit ipsum. Enim ipsum hendrerit Suspendisse turpis laoreet fames tempus ligula pede ac. Et Lorem penatibus orci eu ultrices egestas Nam quam Vivamus nibh. Morbi condimentum molestie Nam enim odio sodales pretium eros sem pellentesque. Sit tellus Integer elit egestas lacus turpis id auctor nascetur ut. Ac elit vitae.</p>\n<p>Mi vitae magnis Fusce laoreet nibh felis porttitor laoreet Vestibulum faucibus. At Nulla id tincidunt ut sed semper vel Lorem condimentum ornare. Laoreet Vestibulum lacinia massa a commodo habitasse velit Vestibulum tincidunt In. Turpis at eleifend leo mi elit Aenean porta ac sed faucibus. Nunc urna Morbi fringilla vitae orci convallis condimentum auctor sit dui. Urna pretium elit mauris cursus Curabitur at elit Vestibulum.</p>','<p>Sed mauris Pellentesque elit Aliquam at lacus interdum nascetur elit ipsum. Enim ipsum hendrerit Suspendisse turpis laoreet fames tempus ligula pede ac. Et Lorem penatibus orci eu ultrices egestas Nam quam Vivamus nibh.</p>','leotheme,prestashop,magento,opencart'),(15,1,'','','Turpis at eleifend leo mi elit Aenean porta ac sed faucibus. Nunc urna Morbi fringilla vitae orci','turpis-at-eleifend-leo-mi-elit-aenean-porta-ac-sed-faucibus-nunc-urna-morbi-fringilla-vitae-orci','<p>Odio ut pretium ligula quam Vestibulum consequat convallis fringilla Vestibulum nulla. Accumsan morbi tristique auctor. At risus pretium urna tortor metus fringilla interdum mauris tempor congue.</p>\n<p>Commodo laoreet semper tincidunt lorem Vestibulum nunc at In Curabitur magna. Euismod euismod Suspendisse tortor ante adipiscing risus Aenean Lorem vitae id. Odio ut pretium ligula quam Vestibulum consequat convallis fringilla Vestibulum nulla. Accumsan morbi tristique auctor Aenean nulla lacinia Nullam elit vel vel. At risus pretium urna tortor metus fringilla interdum mauris tempor congue.</p>\n<p>Donec tellus Nulla lorem Nullam elit id ut elit feugiat lacus. Congue eget dapibus congue tincidunt senectus nibh risus Phasellus tristique justo. Justo Pellentesque Donec lobortis faucibus Vestibulum Praesent mauris volutpat vitae metus. Ipsum cursus vestibulum at interdum Vivamus nunc fringilla Curabitur ac quis. Nam lacinia wisi tortor orci quis vitae.</p>\n<p>Sed mauris Pellentesque elit Aliquam at lacus interdum nascetur elit ipsum. Enim ipsum hendrerit Suspendisse turpis laoreet fames tempus ligula pede ac. Et Lorem penatibus orci eu ultrices egestas Nam quam Vivamus nibh. Morbi condimentum molestie Nam enim odio sodales pretium eros sem pellentesque. Sit tellus Integer elit egestas lacus turpis id auctor nascetur ut. Ac elit vitae.</p>\n<p>Mi vitae magnis Fusce laoreet nibh felis porttitor laoreet Vestibulum faucibus. At Nulla id tincidunt ut sed semper vel Lorem condimentum ornare. Laoreet Vestibulum lacinia massa a commodo habitasse velit Vestibulum tincidunt In. Turpis at eleifend leo mi elit Aenean porta ac sed faucibus. Nunc urna Morbi fringilla vitae orci convallis condimentum auctor sit dui. Urna pretium elit mauris cursus Curabitur at elit Vestibulum.</p>','<p>Turpis at eleifend leo mi elit Aenean porta ac sed faucibus. Nunc urna Morbi fringilla vitae orci convallis condimentum auctor sit dui. Urna pretium elit mauris cursus Curabitur at elit Vestibulum</p>','magento,opencart,template'),(15,2,'','','Turpis at eleifend leo mi elit Aenean porta ac sed faucibus. Nunc urna Morbi fringilla vitae orci','turpis-at-eleifend-leo-mi-elit-aenean-porta-ac-sed-faucibus-nunc-urna-morbi-fringilla-vitae-orci','<p>Odio ut pretium ligula quam Vestibulum consequat convallis fringilla Vestibulum nulla. Accumsan morbi tristique auctor. At risus pretium urna tortor metus fringilla interdum mauris tempor congue.</p>\n<p>Commodo laoreet semper tincidunt lorem Vestibulum nunc at In Curabitur magna. Euismod euismod Suspendisse tortor ante adipiscing risus Aenean Lorem vitae id. Odio ut pretium ligula quam Vestibulum consequat convallis fringilla Vestibulum nulla. Accumsan morbi tristique auctor Aenean nulla lacinia Nullam elit vel vel. At risus pretium urna tortor metus fringilla interdum mauris tempor congue.</p>\n<p>Donec tellus Nulla lorem Nullam elit id ut elit feugiat lacus. Congue eget dapibus congue tincidunt senectus nibh risus Phasellus tristique justo. Justo Pellentesque Donec lobortis faucibus Vestibulum Praesent mauris volutpat vitae metus. Ipsum cursus vestibulum at interdum Vivamus nunc fringilla Curabitur ac quis. Nam lacinia wisi tortor orci quis vitae.</p>\n<p>Sed mauris Pellentesque elit Aliquam at lacus interdum nascetur elit ipsum. Enim ipsum hendrerit Suspendisse turpis laoreet fames tempus ligula pede ac. Et Lorem penatibus orci eu ultrices egestas Nam quam Vivamus nibh. Morbi condimentum molestie Nam enim odio sodales pretium eros sem pellentesque. Sit tellus Integer elit egestas lacus turpis id auctor nascetur ut. Ac elit vitae.</p>\n<p>Mi vitae magnis Fusce laoreet nibh felis porttitor laoreet Vestibulum faucibus. At Nulla id tincidunt ut sed semper vel Lorem condimentum ornare. Laoreet Vestibulum lacinia massa a commodo habitasse velit Vestibulum tincidunt In. Turpis at eleifend leo mi elit Aenean porta ac sed faucibus. Nunc urna Morbi fringilla vitae orci convallis condimentum auctor sit dui. Urna pretium elit mauris cursus Curabitur at elit Vestibulum.</p>','<p>Turpis at eleifend leo mi elit Aenean porta ac sed faucibus. Nunc urna Morbi fringilla vitae orci convallis condimentum auctor sit dui. Urna pretium elit mauris cursus Curabitur at elit Vestibulum</p>','magento,opencart,template'),(15,3,'','','Turpis at eleifend leo mi elit Aenean porta ac sed faucibus. Nunc urna Morbi fringilla vitae orci','turpis-at-eleifend-leo-mi-elit-aenean-porta-ac-sed-faucibus-nunc-urna-morbi-fringilla-vitae-orci','<p>Odio ut pretium ligula quam Vestibulum consequat convallis fringilla Vestibulum nulla. Accumsan morbi tristique auctor. At risus pretium urna tortor metus fringilla interdum mauris tempor congue.</p>\n<p>Commodo laoreet semper tincidunt lorem Vestibulum nunc at In Curabitur magna. Euismod euismod Suspendisse tortor ante adipiscing risus Aenean Lorem vitae id. Odio ut pretium ligula quam Vestibulum consequat convallis fringilla Vestibulum nulla. Accumsan morbi tristique auctor Aenean nulla lacinia Nullam elit vel vel. At risus pretium urna tortor metus fringilla interdum mauris tempor congue.</p>\n<p>Donec tellus Nulla lorem Nullam elit id ut elit feugiat lacus. Congue eget dapibus congue tincidunt senectus nibh risus Phasellus tristique justo. Justo Pellentesque Donec lobortis faucibus Vestibulum Praesent mauris volutpat vitae metus. Ipsum cursus vestibulum at interdum Vivamus nunc fringilla Curabitur ac quis. Nam lacinia wisi tortor orci quis vitae.</p>\n<p>Sed mauris Pellentesque elit Aliquam at lacus interdum nascetur elit ipsum. Enim ipsum hendrerit Suspendisse turpis laoreet fames tempus ligula pede ac. Et Lorem penatibus orci eu ultrices egestas Nam quam Vivamus nibh. Morbi condimentum molestie Nam enim odio sodales pretium eros sem pellentesque. Sit tellus Integer elit egestas lacus turpis id auctor nascetur ut. Ac elit vitae.</p>\n<p>Mi vitae magnis Fusce laoreet nibh felis porttitor laoreet Vestibulum faucibus. At Nulla id tincidunt ut sed semper vel Lorem condimentum ornare. Laoreet Vestibulum lacinia massa a commodo habitasse velit Vestibulum tincidunt In. Turpis at eleifend leo mi elit Aenean porta ac sed faucibus. Nunc urna Morbi fringilla vitae orci convallis condimentum auctor sit dui. Urna pretium elit mauris cursus Curabitur at elit Vestibulum.</p>','<p>Turpis at eleifend leo mi elit Aenean porta ac sed faucibus. Nunc urna Morbi fringilla vitae orci convallis condimentum auctor sit dui. Urna pretium elit mauris cursus Curabitur at elit Vestibulum</p>','magento,opencart,template'),(15,4,'','','Turpis at eleifend leo mi elit Aenean porta ac sed faucibus. Nunc urna Morbi fringilla vitae orci','turpis-at-eleifend-leo-mi-elit-aenean-porta-ac-sed-faucibus-nunc-urna-morbi-fringilla-vitae-orci','<p>Odio ut pretium ligula quam Vestibulum consequat convallis fringilla Vestibulum nulla. Accumsan morbi tristique auctor. At risus pretium urna tortor metus fringilla interdum mauris tempor congue.</p>\n<p>Commodo laoreet semper tincidunt lorem Vestibulum nunc at In Curabitur magna. Euismod euismod Suspendisse tortor ante adipiscing risus Aenean Lorem vitae id. Odio ut pretium ligula quam Vestibulum consequat convallis fringilla Vestibulum nulla. Accumsan morbi tristique auctor Aenean nulla lacinia Nullam elit vel vel. At risus pretium urna tortor metus fringilla interdum mauris tempor congue.</p>\n<p>Donec tellus Nulla lorem Nullam elit id ut elit feugiat lacus. Congue eget dapibus congue tincidunt senectus nibh risus Phasellus tristique justo. Justo Pellentesque Donec lobortis faucibus Vestibulum Praesent mauris volutpat vitae metus. Ipsum cursus vestibulum at interdum Vivamus nunc fringilla Curabitur ac quis. Nam lacinia wisi tortor orci quis vitae.</p>\n<p>Sed mauris Pellentesque elit Aliquam at lacus interdum nascetur elit ipsum. Enim ipsum hendrerit Suspendisse turpis laoreet fames tempus ligula pede ac. Et Lorem penatibus orci eu ultrices egestas Nam quam Vivamus nibh. Morbi condimentum molestie Nam enim odio sodales pretium eros sem pellentesque. Sit tellus Integer elit egestas lacus turpis id auctor nascetur ut. Ac elit vitae.</p>\n<p>Mi vitae magnis Fusce laoreet nibh felis porttitor laoreet Vestibulum faucibus. At Nulla id tincidunt ut sed semper vel Lorem condimentum ornare. Laoreet Vestibulum lacinia massa a commodo habitasse velit Vestibulum tincidunt In. Turpis at eleifend leo mi elit Aenean porta ac sed faucibus. Nunc urna Morbi fringilla vitae orci convallis condimentum auctor sit dui. Urna pretium elit mauris cursus Curabitur at elit Vestibulum.</p>','<p>Turpis at eleifend leo mi elit Aenean porta ac sed faucibus. Nunc urna Morbi fringilla vitae orci convallis condimentum auctor sit dui. Urna pretium elit mauris cursus Curabitur at elit Vestibulum</p>','magento,opencart,template'),(15,5,'','','Turpis at eleifend leo mi elit Aenean porta ac sed faucibus. Nunc urna Morbi fringilla vitae orci','turpis-at-eleifend-leo-mi-elit-aenean-porta-ac-sed-faucibus-nunc-urna-morbi-fringilla-vitae-orci','<p>Odio ut pretium ligula quam Vestibulum consequat convallis fringilla Vestibulum nulla. Accumsan morbi tristique auctor. At risus pretium urna tortor metus fringilla interdum mauris tempor congue.</p>\n<p>Commodo laoreet semper tincidunt lorem Vestibulum nunc at In Curabitur magna. Euismod euismod Suspendisse tortor ante adipiscing risus Aenean Lorem vitae id. Odio ut pretium ligula quam Vestibulum consequat convallis fringilla Vestibulum nulla. Accumsan morbi tristique auctor Aenean nulla lacinia Nullam elit vel vel. At risus pretium urna tortor metus fringilla interdum mauris tempor congue.</p>\n<p>Donec tellus Nulla lorem Nullam elit id ut elit feugiat lacus. Congue eget dapibus congue tincidunt senectus nibh risus Phasellus tristique justo. Justo Pellentesque Donec lobortis faucibus Vestibulum Praesent mauris volutpat vitae metus. Ipsum cursus vestibulum at interdum Vivamus nunc fringilla Curabitur ac quis. Nam lacinia wisi tortor orci quis vitae.</p>\n<p>Sed mauris Pellentesque elit Aliquam at lacus interdum nascetur elit ipsum. Enim ipsum hendrerit Suspendisse turpis laoreet fames tempus ligula pede ac. Et Lorem penatibus orci eu ultrices egestas Nam quam Vivamus nibh. Morbi condimentum molestie Nam enim odio sodales pretium eros sem pellentesque. Sit tellus Integer elit egestas lacus turpis id auctor nascetur ut. Ac elit vitae.</p>\n<p>Mi vitae magnis Fusce laoreet nibh felis porttitor laoreet Vestibulum faucibus. At Nulla id tincidunt ut sed semper vel Lorem condimentum ornare. Laoreet Vestibulum lacinia massa a commodo habitasse velit Vestibulum tincidunt In. Turpis at eleifend leo mi elit Aenean porta ac sed faucibus. Nunc urna Morbi fringilla vitae orci convallis condimentum auctor sit dui. Urna pretium elit mauris cursus Curabitur at elit Vestibulum.</p>','<p>Turpis at eleifend leo mi elit Aenean porta ac sed faucibus. Nunc urna Morbi fringilla vitae orci convallis condimentum auctor sit dui. Urna pretium elit mauris cursus Curabitur at elit Vestibulum</p>','magento,opencart,template'),(15,6,'','','Turpis at eleifend leo mi elit Aenean porta ac sed faucibus. Nunc urna Morbi fringilla vitae orci','turpis-at-eleifend-leo-mi-elit-aenean-porta-ac-sed-faucibus-nunc-urna-morbi-fringilla-vitae-orci','<p>Odio ut pretium ligula quam Vestibulum consequat convallis fringilla Vestibulum nulla. Accumsan morbi tristique auctor. At risus pretium urna tortor metus fringilla interdum mauris tempor congue.</p>\n<p>Commodo laoreet semper tincidunt lorem Vestibulum nunc at In Curabitur magna. Euismod euismod Suspendisse tortor ante adipiscing risus Aenean Lorem vitae id. Odio ut pretium ligula quam Vestibulum consequat convallis fringilla Vestibulum nulla. Accumsan morbi tristique auctor Aenean nulla lacinia Nullam elit vel vel. At risus pretium urna tortor metus fringilla interdum mauris tempor congue.</p>\n<p>Donec tellus Nulla lorem Nullam elit id ut elit feugiat lacus. Congue eget dapibus congue tincidunt senectus nibh risus Phasellus tristique justo. Justo Pellentesque Donec lobortis faucibus Vestibulum Praesent mauris volutpat vitae metus. Ipsum cursus vestibulum at interdum Vivamus nunc fringilla Curabitur ac quis. Nam lacinia wisi tortor orci quis vitae.</p>\n<p>Sed mauris Pellentesque elit Aliquam at lacus interdum nascetur elit ipsum. Enim ipsum hendrerit Suspendisse turpis laoreet fames tempus ligula pede ac. Et Lorem penatibus orci eu ultrices egestas Nam quam Vivamus nibh. Morbi condimentum molestie Nam enim odio sodales pretium eros sem pellentesque. Sit tellus Integer elit egestas lacus turpis id auctor nascetur ut. Ac elit vitae.</p>\n<p>Mi vitae magnis Fusce laoreet nibh felis porttitor laoreet Vestibulum faucibus. At Nulla id tincidunt ut sed semper vel Lorem condimentum ornare. Laoreet Vestibulum lacinia massa a commodo habitasse velit Vestibulum tincidunt In. Turpis at eleifend leo mi elit Aenean porta ac sed faucibus. Nunc urna Morbi fringilla vitae orci convallis condimentum auctor sit dui. Urna pretium elit mauris cursus Curabitur at elit Vestibulum.</p>','<p>Turpis at eleifend leo mi elit Aenean porta ac sed faucibus. Nunc urna Morbi fringilla vitae orci convallis condimentum auctor sit dui. Urna pretium elit mauris cursus Curabitur at elit Vestibulum</p>','magento,opencart,template'),(15,7,'','','Turpis at eleifend leo mi elit Aenean porta ac sed faucibus. Nunc urna Morbi fringilla vitae orci','turpis-at-eleifend-leo-mi-elit-aenean-porta-ac-sed-faucibus-nunc-urna-morbi-fringilla-vitae-orci','<p>Odio ut pretium ligula quam Vestibulum consequat convallis fringilla Vestibulum nulla. Accumsan morbi tristique auctor. At risus pretium urna tortor metus fringilla interdum mauris tempor congue.</p>\n<p>Commodo laoreet semper tincidunt lorem Vestibulum nunc at In Curabitur magna. Euismod euismod Suspendisse tortor ante adipiscing risus Aenean Lorem vitae id. Odio ut pretium ligula quam Vestibulum consequat convallis fringilla Vestibulum nulla. Accumsan morbi tristique auctor Aenean nulla lacinia Nullam elit vel vel. At risus pretium urna tortor metus fringilla interdum mauris tempor congue.</p>\n<p>Donec tellus Nulla lorem Nullam elit id ut elit feugiat lacus. Congue eget dapibus congue tincidunt senectus nibh risus Phasellus tristique justo. Justo Pellentesque Donec lobortis faucibus Vestibulum Praesent mauris volutpat vitae metus. Ipsum cursus vestibulum at interdum Vivamus nunc fringilla Curabitur ac quis. Nam lacinia wisi tortor orci quis vitae.</p>\n<p>Sed mauris Pellentesque elit Aliquam at lacus interdum nascetur elit ipsum. Enim ipsum hendrerit Suspendisse turpis laoreet fames tempus ligula pede ac. Et Lorem penatibus orci eu ultrices egestas Nam quam Vivamus nibh. Morbi condimentum molestie Nam enim odio sodales pretium eros sem pellentesque. Sit tellus Integer elit egestas lacus turpis id auctor nascetur ut. Ac elit vitae.</p>\n<p>Mi vitae magnis Fusce laoreet nibh felis porttitor laoreet Vestibulum faucibus. At Nulla id tincidunt ut sed semper vel Lorem condimentum ornare. Laoreet Vestibulum lacinia massa a commodo habitasse velit Vestibulum tincidunt In. Turpis at eleifend leo mi elit Aenean porta ac sed faucibus. Nunc urna Morbi fringilla vitae orci convallis condimentum auctor sit dui. Urna pretium elit mauris cursus Curabitur at elit Vestibulum.</p>','<p>Turpis at eleifend leo mi elit Aenean porta ac sed faucibus. Nunc urna Morbi fringilla vitae orci convallis condimentum auctor sit dui. Urna pretium elit mauris cursus Curabitur at elit Vestibulum</p>','magento,opencart,template'),(15,8,'','','Turpis at eleifend leo mi elit Aenean porta ac sed faucibus. Nunc urna Morbi fringilla vitae orci','turpis-at-eleifend-leo-mi-elit-aenean-porta-ac-sed-faucibus-nunc-urna-morbi-fringilla-vitae-orci','<p>Odio ut pretium ligula quam Vestibulum consequat convallis fringilla Vestibulum nulla. Accumsan morbi tristique auctor. At risus pretium urna tortor metus fringilla interdum mauris tempor congue.</p>\n<p>Commodo laoreet semper tincidunt lorem Vestibulum nunc at In Curabitur magna. Euismod euismod Suspendisse tortor ante adipiscing risus Aenean Lorem vitae id. Odio ut pretium ligula quam Vestibulum consequat convallis fringilla Vestibulum nulla. Accumsan morbi tristique auctor Aenean nulla lacinia Nullam elit vel vel. At risus pretium urna tortor metus fringilla interdum mauris tempor congue.</p>\n<p>Donec tellus Nulla lorem Nullam elit id ut elit feugiat lacus. Congue eget dapibus congue tincidunt senectus nibh risus Phasellus tristique justo. Justo Pellentesque Donec lobortis faucibus Vestibulum Praesent mauris volutpat vitae metus. Ipsum cursus vestibulum at interdum Vivamus nunc fringilla Curabitur ac quis. Nam lacinia wisi tortor orci quis vitae.</p>\n<p>Sed mauris Pellentesque elit Aliquam at lacus interdum nascetur elit ipsum. Enim ipsum hendrerit Suspendisse turpis laoreet fames tempus ligula pede ac. Et Lorem penatibus orci eu ultrices egestas Nam quam Vivamus nibh. Morbi condimentum molestie Nam enim odio sodales pretium eros sem pellentesque. Sit tellus Integer elit egestas lacus turpis id auctor nascetur ut. Ac elit vitae.</p>\n<p>Mi vitae magnis Fusce laoreet nibh felis porttitor laoreet Vestibulum faucibus. At Nulla id tincidunt ut sed semper vel Lorem condimentum ornare. Laoreet Vestibulum lacinia massa a commodo habitasse velit Vestibulum tincidunt In. Turpis at eleifend leo mi elit Aenean porta ac sed faucibus. Nunc urna Morbi fringilla vitae orci convallis condimentum auctor sit dui. Urna pretium elit mauris cursus Curabitur at elit Vestibulum.</p>','<p>Turpis at eleifend leo mi elit Aenean porta ac sed faucibus. Nunc urna Morbi fringilla vitae orci convallis condimentum auctor sit dui. Urna pretium elit mauris cursus Curabitur at elit Vestibulum</p>','magento,opencart,template'),(16,1,'','','Nullam ullamcorper nisl quis ornare molestie. Fusce cursus blandit dolor, in sodales urna vulputate lobortis','nullam-ullamcorper-nisl-quis-ornare-molestie-fusce-cursus-blandit-dolor-in-sodales-urna-vulputate-lobortis','<p>Sed ut perspiciatis unde omnis iste natus error sit voluptatem accusantium doloremque laudantium, totam rem aperiam, eaque ipsa quae ab illo inventore veritatis et quas.</p>\n<p>Suspendisse posuere, diam in bibendum lobortis, turpis ipsum aliquam risus, sit amet dictum ligula lorem non nisl. Ut vitae nibh id massa vulputate euismod ut quis justo. Ut bibendum sem at massa lacinia, eget elementum ante consectetur. Nulla id pharetra dui, at rhoncus urna. Maecenas non porttitor purus. Nullam ullamcorper nisl quis ornare molestie.</p>\n<p>Etiam eget erat est. Phasellus elit justo, mattis non lorem non, aliquam aliquam leo. Sed fermentum consectetur magna, eget semper ante. Aliquam scelerisque justo velit. Fusce cursus blandit dolor, in sodales urna vulputate lobortis. Nulla ut tellus turpis. Nullam lacus sem, volutpat id odio sed, cursus tristique eros. Duis at pellentesque magna. Donec magna nisi, vulputate ac nulla eu, ultricies tincidunt tellus. Nunc tincidunt sem urna, nec venenatis libero vehicula ut.</p>\n<p>Vestibulum ante ipsum primis in faucibus orci luctus et ultrices posuere cubilia Curae; Curabitur faucibus aliquam pulvinar. Vivamus mattis volutpat erat, et congue nisi semper quis. Cras vehicula dignissim libero in elementum. Mauris sit amet dolor justo. Morbi consequat velit vel est fermentum euismod. Curabitur in magna augue.</p>','<p>Suspendisse posuere, diam in bibendum lobortis, turpis ipsum aliquam risus, sit amet dictum ligula lorem non nisl Urna pretium elit mauris cursus Curabitur at elit Vestibulum</p>','opencart,theme'),(16,2,'','','Nullam ullamcorper nisl quis ornare molestie. Fusce cursus blandit dolor, in sodales urna vulputate lobortis','nullam-ullamcorper-nisl-quis-ornare-molestie-fusce-cursus-blandit-dolor-in-sodales-urna-vulputate-lobortis','<p>Sed ut perspiciatis unde omnis iste natus error sit voluptatem accusantium doloremque laudantium, totam rem aperiam, eaque ipsa quae ab illo inventore veritatis et quas.</p>\n<p>Suspendisse posuere, diam in bibendum lobortis, turpis ipsum aliquam risus, sit amet dictum ligula lorem non nisl. Ut vitae nibh id massa vulputate euismod ut quis justo. Ut bibendum sem at massa lacinia, eget elementum ante consectetur. Nulla id pharetra dui, at rhoncus urna. Maecenas non porttitor purus. Nullam ullamcorper nisl quis ornare molestie.</p>\n<p>Etiam eget erat est. Phasellus elit justo, mattis non lorem non, aliquam aliquam leo. Sed fermentum consectetur magna, eget semper ante. Aliquam scelerisque justo velit. Fusce cursus blandit dolor, in sodales urna vulputate lobortis. Nulla ut tellus turpis. Nullam lacus sem, volutpat id odio sed, cursus tristique eros. Duis at pellentesque magna. Donec magna nisi, vulputate ac nulla eu, ultricies tincidunt tellus. Nunc tincidunt sem urna, nec venenatis libero vehicula ut.</p>\n<p>Vestibulum ante ipsum primis in faucibus orci luctus et ultrices posuere cubilia Curae; Curabitur faucibus aliquam pulvinar. Vivamus mattis volutpat erat, et congue nisi semper quis. Cras vehicula dignissim libero in elementum. Mauris sit amet dolor justo. Morbi consequat velit vel est fermentum euismod. Curabitur in magna augue.</p>','<p>Suspendisse posuere, diam in bibendum lobortis, turpis ipsum aliquam risus, sit amet dictum ligula lorem non nisl Urna pretium elit mauris cursus Curabitur at elit Vestibulum</p>','opencart,theme'),(16,3,'','','Nullam ullamcorper nisl quis ornare molestie. Fusce cursus blandit dolor, in sodales urna vulputate lobortis','nullam-ullamcorper-nisl-quis-ornare-molestie-fusce-cursus-blandit-dolor-in-sodales-urna-vulputate-lobortis','<p>Sed ut perspiciatis unde omnis iste natus error sit voluptatem accusantium doloremque laudantium, totam rem aperiam, eaque ipsa quae ab illo inventore veritatis et quas.</p>\n<p>Suspendisse posuere, diam in bibendum lobortis, turpis ipsum aliquam risus, sit amet dictum ligula lorem non nisl. Ut vitae nibh id massa vulputate euismod ut quis justo. Ut bibendum sem at massa lacinia, eget elementum ante consectetur. Nulla id pharetra dui, at rhoncus urna. Maecenas non porttitor purus. Nullam ullamcorper nisl quis ornare molestie.</p>\n<p>Etiam eget erat est. Phasellus elit justo, mattis non lorem non, aliquam aliquam leo. Sed fermentum consectetur magna, eget semper ante. Aliquam scelerisque justo velit. Fusce cursus blandit dolor, in sodales urna vulputate lobortis. Nulla ut tellus turpis. Nullam lacus sem, volutpat id odio sed, cursus tristique eros. Duis at pellentesque magna. Donec magna nisi, vulputate ac nulla eu, ultricies tincidunt tellus. Nunc tincidunt sem urna, nec venenatis libero vehicula ut.</p>\n<p>Vestibulum ante ipsum primis in faucibus orci luctus et ultrices posuere cubilia Curae; Curabitur faucibus aliquam pulvinar. Vivamus mattis volutpat erat, et congue nisi semper quis. Cras vehicula dignissim libero in elementum. Mauris sit amet dolor justo. Morbi consequat velit vel est fermentum euismod. Curabitur in magna augue.</p>','<p>Suspendisse posuere, diam in bibendum lobortis, turpis ipsum aliquam risus, sit amet dictum ligula lorem non nisl Urna pretium elit mauris cursus Curabitur at elit Vestibulum</p>','opencart,theme'),(16,4,'','','Nullam ullamcorper nisl quis ornare molestie. Fusce cursus blandit dolor, in sodales urna vulputate lobortis','nullam-ullamcorper-nisl-quis-ornare-molestie-fusce-cursus-blandit-dolor-in-sodales-urna-vulputate-lobortis','<p>Sed ut perspiciatis unde omnis iste natus error sit voluptatem accusantium doloremque laudantium, totam rem aperiam, eaque ipsa quae ab illo inventore veritatis et quas.</p>\n<p>Suspendisse posuere, diam in bibendum lobortis, turpis ipsum aliquam risus, sit amet dictum ligula lorem non nisl. Ut vitae nibh id massa vulputate euismod ut quis justo. Ut bibendum sem at massa lacinia, eget elementum ante consectetur. Nulla id pharetra dui, at rhoncus urna. Maecenas non porttitor purus. Nullam ullamcorper nisl quis ornare molestie.</p>\n<p>Etiam eget erat est. Phasellus elit justo, mattis non lorem non, aliquam aliquam leo. Sed fermentum consectetur magna, eget semper ante. Aliquam scelerisque justo velit. Fusce cursus blandit dolor, in sodales urna vulputate lobortis. Nulla ut tellus turpis. Nullam lacus sem, volutpat id odio sed, cursus tristique eros. Duis at pellentesque magna. Donec magna nisi, vulputate ac nulla eu, ultricies tincidunt tellus. Nunc tincidunt sem urna, nec venenatis libero vehicula ut.</p>\n<p>Vestibulum ante ipsum primis in faucibus orci luctus et ultrices posuere cubilia Curae; Curabitur faucibus aliquam pulvinar. Vivamus mattis volutpat erat, et congue nisi semper quis. Cras vehicula dignissim libero in elementum. Mauris sit amet dolor justo. Morbi consequat velit vel est fermentum euismod. Curabitur in magna augue.</p>','<p>Suspendisse posuere, diam in bibendum lobortis, turpis ipsum aliquam risus, sit amet dictum ligula lorem non nisl Urna pretium elit mauris cursus Curabitur at elit Vestibulum</p>','opencart,theme'),(16,5,'','','Nullam ullamcorper nisl quis ornare molestie. Fusce cursus blandit dolor, in sodales urna vulputate lobortis','nullam-ullamcorper-nisl-quis-ornare-molestie-fusce-cursus-blandit-dolor-in-sodales-urna-vulputate-lobortis','<p>Sed ut perspiciatis unde omnis iste natus error sit voluptatem accusantium doloremque laudantium, totam rem aperiam, eaque ipsa quae ab illo inventore veritatis et quas.</p>\n<p>Suspendisse posuere, diam in bibendum lobortis, turpis ipsum aliquam risus, sit amet dictum ligula lorem non nisl. Ut vitae nibh id massa vulputate euismod ut quis justo. Ut bibendum sem at massa lacinia, eget elementum ante consectetur. Nulla id pharetra dui, at rhoncus urna. Maecenas non porttitor purus. Nullam ullamcorper nisl quis ornare molestie.</p>\n<p>Etiam eget erat est. Phasellus elit justo, mattis non lorem non, aliquam aliquam leo. Sed fermentum consectetur magna, eget semper ante. Aliquam scelerisque justo velit. Fusce cursus blandit dolor, in sodales urna vulputate lobortis. Nulla ut tellus turpis. Nullam lacus sem, volutpat id odio sed, cursus tristique eros. Duis at pellentesque magna. Donec magna nisi, vulputate ac nulla eu, ultricies tincidunt tellus. Nunc tincidunt sem urna, nec venenatis libero vehicula ut.</p>\n<p>Vestibulum ante ipsum primis in faucibus orci luctus et ultrices posuere cubilia Curae; Curabitur faucibus aliquam pulvinar. Vivamus mattis volutpat erat, et congue nisi semper quis. Cras vehicula dignissim libero in elementum. Mauris sit amet dolor justo. Morbi consequat velit vel est fermentum euismod. Curabitur in magna augue.</p>','<p>Suspendisse posuere, diam in bibendum lobortis, turpis ipsum aliquam risus, sit amet dictum ligula lorem non nisl Urna pretium elit mauris cursus Curabitur at elit Vestibulum</p>','opencart,theme'),(16,6,'','','Nullam ullamcorper nisl quis ornare molestie. Fusce cursus blandit dolor, in sodales urna vulputate lobortis','nullam-ullamcorper-nisl-quis-ornare-molestie-fusce-cursus-blandit-dolor-in-sodales-urna-vulputate-lobortis','<p>Sed ut perspiciatis unde omnis iste natus error sit voluptatem accusantium doloremque laudantium, totam rem aperiam, eaque ipsa quae ab illo inventore veritatis et quas.</p>\n<p>Suspendisse posuere, diam in bibendum lobortis, turpis ipsum aliquam risus, sit amet dictum ligula lorem non nisl. Ut vitae nibh id massa vulputate euismod ut quis justo. Ut bibendum sem at massa lacinia, eget elementum ante consectetur. Nulla id pharetra dui, at rhoncus urna. Maecenas non porttitor purus. Nullam ullamcorper nisl quis ornare molestie.</p>\n<p>Etiam eget erat est. Phasellus elit justo, mattis non lorem non, aliquam aliquam leo. Sed fermentum consectetur magna, eget semper ante. Aliquam scelerisque justo velit. Fusce cursus blandit dolor, in sodales urna vulputate lobortis. Nulla ut tellus turpis. Nullam lacus sem, volutpat id odio sed, cursus tristique eros. Duis at pellentesque magna. Donec magna nisi, vulputate ac nulla eu, ultricies tincidunt tellus. Nunc tincidunt sem urna, nec venenatis libero vehicula ut.</p>\n<p>Vestibulum ante ipsum primis in faucibus orci luctus et ultrices posuere cubilia Curae; Curabitur faucibus aliquam pulvinar. Vivamus mattis volutpat erat, et congue nisi semper quis. Cras vehicula dignissim libero in elementum. Mauris sit amet dolor justo. Morbi consequat velit vel est fermentum euismod. Curabitur in magna augue.</p>','<p>Suspendisse posuere, diam in bibendum lobortis, turpis ipsum aliquam risus, sit amet dictum ligula lorem non nisl Urna pretium elit mauris cursus Curabitur at elit Vestibulum</p>','opencart,theme'),(16,7,'','','Nullam ullamcorper nisl quis ornare molestie. Fusce cursus blandit dolor, in sodales urna vulputate lobortis','nullam-ullamcorper-nisl-quis-ornare-molestie-fusce-cursus-blandit-dolor-in-sodales-urna-vulputate-lobortis','<p>Sed ut perspiciatis unde omnis iste natus error sit voluptatem accusantium doloremque laudantium, totam rem aperiam, eaque ipsa quae ab illo inventore veritatis et quas.</p>\n<p>Suspendisse posuere, diam in bibendum lobortis, turpis ipsum aliquam risus, sit amet dictum ligula lorem non nisl. Ut vitae nibh id massa vulputate euismod ut quis justo. Ut bibendum sem at massa lacinia, eget elementum ante consectetur. Nulla id pharetra dui, at rhoncus urna. Maecenas non porttitor purus. Nullam ullamcorper nisl quis ornare molestie.</p>\n<p>Etiam eget erat est. Phasellus elit justo, mattis non lorem non, aliquam aliquam leo. Sed fermentum consectetur magna, eget semper ante. Aliquam scelerisque justo velit. Fusce cursus blandit dolor, in sodales urna vulputate lobortis. Nulla ut tellus turpis. Nullam lacus sem, volutpat id odio sed, cursus tristique eros. Duis at pellentesque magna. Donec magna nisi, vulputate ac nulla eu, ultricies tincidunt tellus. Nunc tincidunt sem urna, nec venenatis libero vehicula ut.</p>\n<p>Vestibulum ante ipsum primis in faucibus orci luctus et ultrices posuere cubilia Curae; Curabitur faucibus aliquam pulvinar. Vivamus mattis volutpat erat, et congue nisi semper quis. Cras vehicula dignissim libero in elementum. Mauris sit amet dolor justo. Morbi consequat velit vel est fermentum euismod. Curabitur in magna augue.</p>','<p>Suspendisse posuere, diam in bibendum lobortis, turpis ipsum aliquam risus, sit amet dictum ligula lorem non nisl Urna pretium elit mauris cursus Curabitur at elit Vestibulum</p>','opencart,theme'),(16,8,'','','Nullam ullamcorper nisl quis ornare molestie. Fusce cursus blandit dolor, in sodales urna vulputate lobortis','nullam-ullamcorper-nisl-quis-ornare-molestie-fusce-cursus-blandit-dolor-in-sodales-urna-vulputate-lobortis','<p>Sed ut perspiciatis unde omnis iste natus error sit voluptatem accusantium doloremque laudantium, totam rem aperiam, eaque ipsa quae ab illo inventore veritatis et quas.</p>\n<p>Suspendisse posuere, diam in bibendum lobortis, turpis ipsum aliquam risus, sit amet dictum ligula lorem non nisl. Ut vitae nibh id massa vulputate euismod ut quis justo. Ut bibendum sem at massa lacinia, eget elementum ante consectetur. Nulla id pharetra dui, at rhoncus urna. Maecenas non porttitor purus. Nullam ullamcorper nisl quis ornare molestie.</p>\n<p>Etiam eget erat est. Phasellus elit justo, mattis non lorem non, aliquam aliquam leo. Sed fermentum consectetur magna, eget semper ante. Aliquam scelerisque justo velit. Fusce cursus blandit dolor, in sodales urna vulputate lobortis. Nulla ut tellus turpis. Nullam lacus sem, volutpat id odio sed, cursus tristique eros. Duis at pellentesque magna. Donec magna nisi, vulputate ac nulla eu, ultricies tincidunt tellus. Nunc tincidunt sem urna, nec venenatis libero vehicula ut.</p>\n<p>Vestibulum ante ipsum primis in faucibus orci luctus et ultrices posuere cubilia Curae; Curabitur faucibus aliquam pulvinar. Vivamus mattis volutpat erat, et congue nisi semper quis. Cras vehicula dignissim libero in elementum. Mauris sit amet dolor justo. Morbi consequat velit vel est fermentum euismod. Curabitur in magna augue.</p>','<p>Suspendisse posuere, diam in bibendum lobortis, turpis ipsum aliquam risus, sit amet dictum ligula lorem non nisl Urna pretium elit mauris cursus Curabitur at elit Vestibulum</p>','opencart,theme');

#
# Structure for table "_WCprTUAleoblog_blog_shop"
#

CREATE TABLE `_WCprTUAleoblog_blog_shop` (
  `id_leoblog_blog` int(11) NOT NULL DEFAULT '0',
  `id_shop` int(11) NOT NULL DEFAULT '0',
  PRIMARY KEY (`id_leoblog_blog`,`id_shop`)
) ENGINE=InnoDB DEFAULT CHARSET=utf8;

#
# Data for table "_WCprTUAleoblog_blog_shop"
#

INSERT INTO `_WCprTUAleoblog_blog_shop` VALUES (10,1),(11,1),(12,1),(13,1),(14,1),(15,1),(16,1);

#
# Structure for table "_WCprTUAleoblog_comment"
#

CREATE TABLE `_WCprTUAleoblog_comment` (
  `id_comment` int(11) unsigned NOT NULL AUTO_INCREMENT,
  `id_shop` int(11) NOT NULL DEFAULT '0',
  `id_leoblog_blog` int(11) unsigned NOT NULL,
  `comment` text NOT NULL,
  `active` tinyint(1) NOT NULL DEFAULT '0',
  `date_add` datetime DEFAULT NULL,
  `user` varchar(255) NOT NULL,
  `email` varchar(255) NOT NULL,
  PRIMARY KEY (`id_comment`,`id_shop`),
  KEY `FK_blog_comment` (`id_leoblog_blog`)
) ENGINE=InnoDB AUTO_INCREMENT=11 DEFAULT CHARSET=utf8;

#
# Data for table "_WCprTUAleoblog_comment"
#

INSERT INTO `_WCprTUAleoblog_comment` VALUES (7,1,10,' At Nulla id tincidunt ut sed semper vel Lorem condimentum ornare. Laoreet Vestibulum lacinia massa a commodo habitasse velit Vestibulum tincidunt In',1,'2018-03-20 11:56:20','ha cong tien','tienhc@brainos.vn'),(8,1,10,' At Nulla id tincidunt ut sed semper vel Lorem condimentum ornare. Laoreet Vestibulum lacinia massa a commodo habitasse velit Vestibulum tincidunt In',1,'2018-03-20 11:56:20','ha cong tien','tienhc@brainos.vn'),(9,1,16,'Sed ut perspiciatis unde omnis iste natus error sit voluptatem accusantium doloremque laudantium, totam rem aperiam, eaque ipsa quae ab illo inventore veritatis et quas.',1,'2018-03-20 11:56:20','Mr.Proo','demo@demo.com'),(10,1,16,'Thanks you!',0,'2018-03-20 11:56:20','Mr.Proo','demo@demo.com');

#
# Structure for table "_WCprTUAleoblogcat"
#

CREATE TABLE `_WCprTUAleoblogcat` (
  `id_leoblogcat` int(11) NOT NULL AUTO_INCREMENT,
  `image` varchar(255) NOT NULL,
  `id_parent` int(11) NOT NULL,
  `item` varchar(255) DEFAULT NULL,
  `level_depth` smallint(6) NOT NULL,
  `active` tinyint(1) NOT NULL,
  `show_title` tinyint(1) NOT NULL,
  `position` int(11) NOT NULL,
  `submenu_content` text NOT NULL,
  `privacy` smallint(6) DEFAULT NULL,
  `position_type` varchar(25) DEFAULT NULL,
  `menu_class` varchar(25) DEFAULT NULL,
  `content` text,
  `icon_class` varchar(255) DEFAULT NULL,
  `level` int(11) NOT NULL,
  `left` int(11) NOT NULL,
  `right` int(11) NOT NULL,
  `date_add` datetime DEFAULT NULL,
  `date_upd` datetime DEFAULT NULL,
  `template` varchar(200) NOT NULL,
  PRIMARY KEY (`id_leoblogcat`)
) ENGINE=InnoDB AUTO_INCREMENT=9 DEFAULT CHARSET=utf8;

#
# Data for table "_WCprTUAleoblogcat"
#

INSERT INTO `_WCprTUAleoblogcat` VALUES (1,'',0,NULL,0,0,0,0,'',NULL,NULL,NULL,NULL,NULL,0,0,0,NULL,NULL,''),(6,'category-3.jpg',1,NULL,1,1,0,0,'',0,NULL,'',NULL,'',0,0,0,'2018-03-20 11:56:20','2018-03-20 11:56:20','default'),(7,'category-1.jpg',6,NULL,2,1,0,0,'',0,NULL,'',NULL,'',0,0,0,'2018-03-20 11:56:20','2018-03-20 11:56:20','default'),(8,'category-1.jpg',6,NULL,2,1,0,1,'',0,NULL,'',NULL,'',0,0,0,'2018-03-20 11:56:20','2018-03-20 11:56:20','default');

#
# Structure for table "_WCprTUAleoblogcat_lang"
#

CREATE TABLE `_WCprTUAleoblogcat_lang` (
  `id_leoblogcat` int(11) NOT NULL,
  `id_lang` int(11) NOT NULL,
  `title` varchar(255) DEFAULT NULL,
  `content_text` text,
  `description` varchar(200) NOT NULL,
  `meta_keywords` varchar(255) NOT NULL,
  `meta_description` varchar(255) NOT NULL,
  `link_rewrite` varchar(250) NOT NULL,
  PRIMARY KEY (`id_leoblogcat`,`id_lang`)
) ENGINE=InnoDB DEFAULT CHARSET=utf8;

#
# Data for table "_WCprTUAleoblogcat_lang"
#

INSERT INTO `_WCprTUAleoblogcat_lang` VALUES (1,1,'Root',NULL,'','','',''),(1,2,'Root',NULL,'','','',''),(1,3,'Root',NULL,'','','',''),(1,4,'Root',NULL,'','','',''),(1,5,'Root',NULL,'','','',''),(1,6,'Root',NULL,'','','',''),(1,7,'Root',NULL,'','','',''),(1,8,'Root',NULL,'','','',''),(6,1,'Category 1','<p>Odio ut pretium ligula quam Vestibulum consequat convallis fringilla Vestibulum nulla. Accumsan morbi tristique auctor. At risus pretium urna tortor metus fringilla interdum mauris tempor congue</p>','','','\n','category-1'),(6,2,'Category 1','<p>Odio ut pretium ligula quam Vestibulum consequat convallis fringilla Vestibulum nulla. Accumsan morbi tristique auctor. At risus pretium urna tortor metus fringilla interdum mauris tempor congue</p>','','','\n','category-1'),(6,3,'Category 1','<p>Odio ut pretium ligula quam Vestibulum consequat convallis fringilla Vestibulum nulla. Accumsan morbi tristique auctor. At risus pretium urna tortor metus fringilla interdum mauris tempor congue</p>','','','\n','category-1'),(6,4,'Category 1','<p>Odio ut pretium ligula quam Vestibulum consequat convallis fringilla Vestibulum nulla. Accumsan morbi tristique auctor. At risus pretium urna tortor metus fringilla interdum mauris tempor congue</p>','','','\n','category-1'),(6,5,'Category 1','<p>Odio ut pretium ligula quam Vestibulum consequat convallis fringilla Vestibulum nulla. Accumsan morbi tristique auctor. At risus pretium urna tortor metus fringilla interdum mauris tempor congue</p>','','','\n','category-1'),(6,6,'Category 1','<p>Odio ut pretium ligula quam Vestibulum consequat convallis fringilla Vestibulum nulla. Accumsan morbi tristique auctor. At risus pretium urna tortor metus fringilla interdum mauris tempor congue</p>','','','\n','category-1'),(6,7,'Category 1','<p>Odio ut pretium ligula quam Vestibulum consequat convallis fringilla Vestibulum nulla. Accumsan morbi tristique auctor. At risus pretium urna tortor metus fringilla interdum mauris tempor congue</p>','','','\n','category-1'),(6,8,'Category 1','<p>Odio ut pretium ligula quam Vestibulum consequat convallis fringilla Vestibulum nulla. Accumsan morbi tristique auctor. At risus pretium urna tortor metus fringilla interdum mauris tempor congue</p>','','','\n','category-1'),(7,1,'Sub Category 1','<p>Odio ut pretium ligula quam Vestibulum consequat convallis fringilla Vestibulum nulla. Accumsan morbi tristique auctor. At risus pretium urna tortor metus fringilla interdum mauris tempor congue</p>','','joomla,prestashop,leotheme,pavothemes','','sub-category-1'),(7,2,'Sub Category 1','<p>Odio ut pretium ligula quam Vestibulum consequat convallis fringilla Vestibulum nulla. Accumsan morbi tristique auctor. At risus pretium urna tortor metus fringilla interdum mauris tempor congue</p>','','joomla,prestashop,leotheme,pavothemes','','sub-category-1'),(7,3,'Sub Category 1','<p>Odio ut pretium ligula quam Vestibulum consequat convallis fringilla Vestibulum nulla. Accumsan morbi tristique auctor. At risus pretium urna tortor metus fringilla interdum mauris tempor congue</p>','','joomla,prestashop,leotheme,pavothemes','','sub-category-1'),(7,4,'Sub Category 1','<p>Odio ut pretium ligula quam Vestibulum consequat convallis fringilla Vestibulum nulla. Accumsan morbi tristique auctor. At risus pretium urna tortor metus fringilla interdum mauris tempor congue</p>','','joomla,prestashop,leotheme,pavothemes','','sub-category-1'),(7,5,'Sub Category 1','<p>Odio ut pretium ligula quam Vestibulum consequat convallis fringilla Vestibulum nulla. Accumsan morbi tristique auctor. At risus pretium urna tortor metus fringilla interdum mauris tempor congue</p>','','joomla,prestashop,leotheme,pavothemes','','sub-category-1'),(7,6,'Sub Category 1','<p>Odio ut pretium ligula quam Vestibulum consequat convallis fringilla Vestibulum nulla. Accumsan morbi tristique auctor. At risus pretium urna tortor metus fringilla interdum mauris tempor congue</p>','','joomla,prestashop,leotheme,pavothemes','','sub-category-1'),(7,7,'Sub Category 1','<p>Odio ut pretium ligula quam Vestibulum consequat convallis fringilla Vestibulum nulla. Accumsan morbi tristique auctor. At risus pretium urna tortor metus fringilla interdum mauris tempor congue</p>','','joomla,prestashop,leotheme,pavothemes','','sub-category-1'),(7,8,'Sub Category 1','<p>Odio ut pretium ligula quam Vestibulum consequat convallis fringilla Vestibulum nulla. Accumsan morbi tristique auctor. At risus pretium urna tortor metus fringilla interdum mauris tempor congue</p>','','joomla,prestashop,leotheme,pavothemes','','sub-category-1'),(8,1,'Sub Category 2','<p>Odio ut pretium ligula quam Vestibulum consequat convallis fringilla Vestibulum nulla. Accumsan morbi tristique auctor. At risus pretium urna tortor metus fringilla interdum mauris tempor congue</p>','','haha,joomla,magento','gogogoel','sub-category-2'),(8,2,'Sub Category 2','<p>Odio ut pretium ligula quam Vestibulum consequat convallis fringilla Vestibulum nulla. Accumsan morbi tristique auctor. At risus pretium urna tortor metus fringilla interdum mauris tempor congue</p>','','haha,joomla,magento','gogogoel','sub-category-2'),(8,3,'Sub Category 2','<p>Odio ut pretium ligula quam Vestibulum consequat convallis fringilla Vestibulum nulla. Accumsan morbi tristique auctor. At risus pretium urna tortor metus fringilla interdum mauris tempor congue</p>','','haha,joomla,magento','gogogoel','sub-category-2'),(8,4,'Sub Category 2','<p>Odio ut pretium ligula quam Vestibulum consequat convallis fringilla Vestibulum nulla. Accumsan morbi tristique auctor. At risus pretium urna tortor metus fringilla interdum mauris tempor congue</p>','','haha,joomla,magento','gogogoel','sub-category-2'),(8,5,'Sub Category 2','<p>Odio ut pretium ligula quam Vestibulum consequat convallis fringilla Vestibulum nulla. Accumsan morbi tristique auctor. At risus pretium urna tortor metus fringilla interdum mauris tempor congue</p>','','haha,joomla,magento','gogogoel','sub-category-2'),(8,6,'Sub Category 2','<p>Odio ut pretium ligula quam Vestibulum consequat convallis fringilla Vestibulum nulla. Accumsan morbi tristique auctor. At risus pretium urna tortor metus fringilla interdum mauris tempor congue</p>','','haha,joomla,magento','gogogoel','sub-category-2'),(8,7,'Sub Category 2','<p>Odio ut pretium ligula quam Vestibulum consequat convallis fringilla Vestibulum nulla. Accumsan morbi tristique auctor. At risus pretium urna tortor metus fringilla interdum mauris tempor congue</p>','','haha,joomla,magento','gogogoel','sub-category-2'),(8,8,'Sub Category 2','<p>Odio ut pretium ligula quam Vestibulum consequat convallis fringilla Vestibulum nulla. Accumsan morbi tristique auctor. At risus pretium urna tortor metus fringilla interdum mauris tempor congue</p>','','haha,joomla,magento','gogogoel','sub-category-2');

#
# Structure for table "_WCprTUAleoblogcat_shop"
#

CREATE TABLE `_WCprTUAleoblogcat_shop` (
  `id_leoblogcat` int(11) NOT NULL DEFAULT '0',
  `id_shop` int(11) NOT NULL DEFAULT '0',
  PRIMARY KEY (`id_leoblogcat`,`id_shop`)
) ENGINE=InnoDB DEFAULT CHARSET=utf8;

#
# Data for table "_WCprTUAleoblogcat_shop"
#

INSERT INTO `_WCprTUAleoblogcat_shop` VALUES (1,1),(6,1),(7,1),(8,1);

#
# Structure for table "_WCprTUAleohook"
#

CREATE TABLE `_WCprTUAleohook` (
  `id_hook` int(11) NOT NULL,
  `id_module` int(11) NOT NULL,
  `id_shop` int(11) NOT NULL,
  `theme` varchar(50) NOT NULL,
  `name_hook` varchar(100) NOT NULL,
  PRIMARY KEY (`id_hook`,`id_module`,`id_shop`)
) ENGINE=InnoDB DEFAULT CHARSET=utf8;

#
# Data for table "_WCprTUAleohook"
#


#
# Structure for table "_WCprTUAleoslideshow_groups"
#

CREATE TABLE `_WCprTUAleoslideshow_groups` (
  `id_leoslideshow_groups` int(10) unsigned NOT NULL AUTO_INCREMENT,
  `title` varchar(255) NOT NULL,
  `id_shop` int(10) unsigned NOT NULL,
  `hook` varchar(64) NOT NULL,
  `active` tinyint(1) unsigned NOT NULL DEFAULT '1',
  `params` text NOT NULL,
  PRIMARY KEY (`id_leoslideshow_groups`,`id_shop`)
) ENGINE=InnoDB AUTO_INCREMENT=32 DEFAULT CHARSET=utf8;

#
# Data for table "_WCprTUAleoslideshow_groups"
#

INSERT INTO `_WCprTUAleoslideshow_groups` VALUES (26,'Wacù Homepage',1,'displayTopColumn',0,'eyJkZWxheSI6IjIwMDAiLCJzdGFydF93aXRoX3NsaWRlIjoiMCIsInRpbWVyX3Nob3ciOiIyIiwic3RvcF9vbl9ob3ZlciI6IjEiLCJzaHVmZmxlX21vZGUiOiIxIiwiZnVsbHdpZHRoIjoiZnVsbHdpZHRoIiwibWRfd2lkdGgiOiIxMiIsInNtX3dpZHRoIjoiMTIiLCJ4c193aWR0aCI6IjEyIiwiaW1hZ2VfY3JvcHBpbmciOiIwIiwid2lkdGgiOiIxODYwIiwiaGVpZ2h0IjoiNzYwIiwibWFyZ2luIjoiMCIsInBhZGRpbmciOiIwIiwiYmFja2dyb3VuZF9pbWFnZSI6IjEiLCJiYWNrZ3JvdW5kX3VybCI6IiIsImJhY2tncm91bmRfY29sb3IiOiIjZmZmZmZmIiwiZ3JvdXBfY2xhc3MiOiIiLCJjb250cm9sTmF2IjoiMSIsIm5hdmlnYXRvcl90eXBlIjoiYnVsbGV0IiwiZW5hYmxlX2N1c3RvbV9odG1sX2J1bGxldCI6IjEiLCJjb250cm9sTmF2VG9vbHRpcCI6IjAiLCJ0b29sdGlwWCI6IjUiLCJ0b29sdGlwWSI6Ii01IiwibmF2X3RodW1ibmFpbF93aWR0aCI6IiIsIm5hdl90aHVtYm5haWxfaGVpZ2h0IjoiIiwiY29udHJvbE5hdkhvdmVyT3BhY2l0eSI6IjEiLCJkaXJlY3Rpb25OYXYiOiIxIiwiZGlyZWN0aW9uTmF2SG92ZXJPcGFjaXR5IjoiMSIsImtleWJvYXJkTmF2IjoiMSIsInRpbWVyIjoiMzYwQmFyIiwidGltZXJQb3NpdGlvbiI6InRvcC1yaWdodCIsInRpbWVyWCI6IjEwIiwidGltZXJZIjoiMTAiLCJ0aW1lck9wYWNpdHkiOiIwLjUiLCJ0aW1lckJnIjoiIzAwMCIsInRpbWVyQ29sb3IiOiIjRUVFIiwidGltZXJEaWFtZXRlciI6IjMwIiwidGltZXJQYWRkaW5nIjoiNCIsInRpbWVyU3Ryb2tlIjoiMyIsInRpbWVyQmFyU3Ryb2tlIjoiMSIsInRpbWVyQmFyU3Ryb2tlQ29sb3IiOiIjRUVFIiwidGltZXJCYXJTdHJva2VTdHlsZSI6InNvbGlkIiwiZngiOiJyYW5kb20iLCJhbmltYXRpb25TcGVlZCI6IjUwMCIsInN0cmlwcyI6IjIwIiwiYmxvY2tDb2xzIjoiMTAiLCJibG9ja1Jvd3MiOiI1IiwiY2FwdGlvblNwZWVkIjoiNTAwIiwiY2FwdGlvbk9wYWNpdHkiOiIxIn0='),(27,'Slideshow home 2',1,'displayTopColumn',0,'eyJkZWxheSI6IjIwMDAiLCJzdGFydF93aXRoX3NsaWRlIjoiMSIsInRpbWVyX3Nob3ciOiIxIiwic3RvcF9vbl9ob3ZlciI6IjEiLCJzaHVmZmxlX21vZGUiOiIxIiwiZnVsbHdpZHRoIjoiZnVsbHdpZHRoIiwibWRfd2lkdGgiOiIxMiIsInNtX3dpZHRoIjoiMTIiLCJ4c193aWR0aCI6IjEyIiwiaW1hZ2VfY3JvcHBpbmciOiIwIiwid2lkdGgiOiIxODYwIiwiaGVpZ2h0IjoiNzYwIiwibWFyZ2luIjoiMCIsInBhZGRpbmciOiIwIiwiYmFja2dyb3VuZF9pbWFnZSI6IjEiLCJiYWNrZ3JvdW5kX3VybCI6IiIsImJhY2tncm91bmRfY29sb3IiOiIjMDAwMDAwIiwiZ3JvdXBfY2xhc3MiOiIiLCJjb250cm9sTmF2IjoiMSIsIm5hdmlnYXRvcl90eXBlIjoiYnVsbGV0IiwiZW5hYmxlX2N1c3RvbV9odG1sX2J1bGxldCI6IjAiLCJjb250cm9sTmF2VG9vbHRpcCI6IjAiLCJ0b29sdGlwWCI6IjUiLCJ0b29sdGlwWSI6Ii01IiwibmF2X3RodW1ibmFpbF93aWR0aCI6IiIsIm5hdl90aHVtYm5haWxfaGVpZ2h0IjoiIiwiY29udHJvbE5hdkhvdmVyT3BhY2l0eSI6IjEiLCJkaXJlY3Rpb25OYXYiOiIwIiwiZGlyZWN0aW9uTmF2SG92ZXJPcGFjaXR5IjoiMSIsImtleWJvYXJkTmF2IjoiMSIsInRpbWVyIjoiMzYwQmFyIiwidGltZXJQb3NpdGlvbiI6InRvcC1yaWdodCIsInRpbWVyWCI6IjEwIiwidGltZXJZIjoiMTAiLCJ0aW1lck9wYWNpdHkiOiIwLjUiLCJ0aW1lckJnIjoiIzAwMCIsInRpbWVyQ29sb3IiOiIjRUVFIiwidGltZXJEaWFtZXRlciI6IjMwIiwidGltZXJQYWRkaW5nIjoiNCIsInRpbWVyU3Ryb2tlIjoiMyIsInRpbWVyQmFyU3Ryb2tlIjoiMSIsInRpbWVyQmFyU3Ryb2tlQ29sb3IiOiIjRUVFIiwidGltZXJCYXJTdHJva2VTdHlsZSI6InNvbGlkIiwiZngiOiJyYW5kb20iLCJhbmltYXRpb25TcGVlZCI6IjUwMCIsInN0cmlwcyI6IjIwIiwiYmxvY2tDb2xzIjoiMTAiLCJibG9ja1Jvd3MiOiI1IiwiY2FwdGlvblNwZWVkIjoiNTAwIiwiY2FwdGlvbk9wYWNpdHkiOiIxIn0='),(28,'Slideshow home 3',1,'displayTopColumn',0,'eyJkZWxheSI6IjkwMDAwMCIsInN0YXJ0X3dpdGhfc2xpZGUiOiIxIiwidGltZXJfc2hvdyI6IjEiLCJzdG9wX29uX2hvdmVyIjoiMSIsInNodWZmbGVfbW9kZSI6IjEiLCJmdWxsd2lkdGgiOiIiLCJtZF93aWR0aCI6IjEyIiwic21fd2lkdGgiOiIxMiIsInhzX3dpZHRoIjoiMTIiLCJpbWFnZV9jcm9wcGluZyI6IjAiLCJ3aWR0aCI6Ijc4NiIsImhlaWdodCI6IjcwMCIsIm1hcmdpbiI6IjAiLCJwYWRkaW5nIjoiMCIsImJhY2tncm91bmRfaW1hZ2UiOiIxIiwiYmFja2dyb3VuZF91cmwiOiIiLCJiYWNrZ3JvdW5kX2NvbG9yIjoiI2Q5ZDlkOSIsImdyb3VwX2NsYXNzIjoiIiwiY29udHJvbE5hdiI6IjEiLCJuYXZpZ2F0b3JfdHlwZSI6ImJ1bGxldCIsImVuYWJsZV9jdXN0b21faHRtbF9idWxsZXQiOiIwIiwiY29udHJvbE5hdlRvb2x0aXAiOiIxIiwidG9vbHRpcFgiOiI1IiwidG9vbHRpcFkiOiItNSIsIm5hdl90aHVtYm5haWxfd2lkdGgiOiIiLCJuYXZfdGh1bWJuYWlsX2hlaWdodCI6IiIsImNvbnRyb2xOYXZIb3Zlck9wYWNpdHkiOiIxIiwiZGlyZWN0aW9uTmF2IjoiMCIsImRpcmVjdGlvbk5hdkhvdmVyT3BhY2l0eSI6IjEiLCJrZXlib2FyZE5hdiI6IjEiLCJ0aW1lciI6IjM2MEJhciIsInRpbWVyUG9zaXRpb24iOiJ0b3AtcmlnaHQiLCJ0aW1lclgiOiIxMCIsInRpbWVyWSI6IjEwIiwidGltZXJPcGFjaXR5IjoiMC41IiwidGltZXJCZyI6IiMwMDAiLCJ0aW1lckNvbG9yIjoiI0VFRSIsInRpbWVyRGlhbWV0ZXIiOiIzMCIsInRpbWVyUGFkZGluZyI6IjQiLCJ0aW1lclN0cm9rZSI6IjMiLCJ0aW1lckJhclN0cm9rZSI6IjEiLCJ0aW1lckJhclN0cm9rZUNvbG9yIjoiI0VFRSIsInRpbWVyQmFyU3Ryb2tlU3R5bGUiOiJzb2xpZCIsImZ4IjoicmFuZG9tIiwiYW5pbWF0aW9uU3BlZWQiOiI1MDAiLCJzdHJpcHMiOiIyMCIsImJsb2NrQ29scyI6IjEwIiwiYmxvY2tSb3dzIjoiNSIsImNhcHRpb25TcGVlZCI6IjUwMCIsImNhcHRpb25PcGFjaXR5IjoiMSJ9'),(29,'Slideshow home 4',1,'displayTopColumn',0,'eyJkZWxheSI6IjkwMDAiLCJzdGFydF93aXRoX3NsaWRlIjoiMCIsInRpbWVyX3Nob3ciOiIxIiwic3RvcF9vbl9ob3ZlciI6IjEiLCJzaHVmZmxlX21vZGUiOiIxIiwiZnVsbHdpZHRoIjoiZnVsbHdpZHRoIiwibWRfd2lkdGgiOiIxMiIsInNtX3dpZHRoIjoiMTIiLCJ4c193aWR0aCI6IjEyIiwiaW1hZ2VfY3JvcHBpbmciOiIwIiwid2lkdGgiOiIxOTIwIiwiaGVpZ2h0IjoiODAwIiwibWFyZ2luIjoiMCIsInBhZGRpbmciOiIwIiwiYmFja2dyb3VuZF9pbWFnZSI6IjEiLCJiYWNrZ3JvdW5kX3VybCI6IiIsImJhY2tncm91bmRfY29sb3IiOiIjZDlkOWQ5IiwiZ3JvdXBfY2xhc3MiOiIiLCJjb250cm9sTmF2IjoiMSIsIm5hdmlnYXRvcl90eXBlIjoiYnVsbGV0IiwiZW5hYmxlX2N1c3RvbV9odG1sX2J1bGxldCI6IjAiLCJjb250cm9sTmF2VG9vbHRpcCI6IjEiLCJ0b29sdGlwWCI6IjUiLCJ0b29sdGlwWSI6Ii01IiwibmF2X3RodW1ibmFpbF93aWR0aCI6IiIsIm5hdl90aHVtYm5haWxfaGVpZ2h0IjoiIiwiY29udHJvbE5hdkhvdmVyT3BhY2l0eSI6IjEiLCJkaXJlY3Rpb25OYXYiOiIwIiwiZGlyZWN0aW9uTmF2SG92ZXJPcGFjaXR5IjoiMSIsImtleWJvYXJkTmF2IjoiMSIsInRpbWVyIjoiMzYwQmFyIiwidGltZXJQb3NpdGlvbiI6InRvcC1yaWdodCIsInRpbWVyWCI6IjEwIiwidGltZXJZIjoiMTAiLCJ0aW1lck9wYWNpdHkiOiIwLjUiLCJ0aW1lckJnIjoiIzAwMCIsInRpbWVyQ29sb3IiOiIjRUVFIiwidGltZXJEaWFtZXRlciI6IjMwIiwidGltZXJQYWRkaW5nIjoiNCIsInRpbWVyU3Ryb2tlIjoiMyIsInRpbWVyQmFyU3Ryb2tlIjoiMSIsInRpbWVyQmFyU3Ryb2tlQ29sb3IiOiIjRUVFIiwidGltZXJCYXJTdHJva2VTdHlsZSI6InNvbGlkIiwiZngiOiJyYW5kb20iLCJhbmltYXRpb25TcGVlZCI6IjUwMCIsInN0cmlwcyI6IjIwIiwiYmxvY2tDb2xzIjoiMTAiLCJibG9ja1Jvd3MiOiI1IiwiY2FwdGlvblNwZWVkIjoiNTAwIiwiY2FwdGlvbk9wYWNpdHkiOiIxIn0='),(30,'Wacù homepage',1,'displayTopColumn',1,'eyJkZWxheSI6IjkwMDAiLCJzdGFydF93aXRoX3NsaWRlIjoiMSIsInRpbWVyX3Nob3ciOiIxIiwic3RvcF9vbl9ob3ZlciI6IjEiLCJzaHVmZmxlX21vZGUiOiIxIiwiZnVsbHdpZHRoIjoiZnVsbHdpZHRoIiwibWRfd2lkdGgiOiIxMiIsInNtX3dpZHRoIjoiMTIiLCJ4c193aWR0aCI6IjEyIiwiaW1hZ2VfY3JvcHBpbmciOiIwIiwid2lkdGgiOiIxNDAwIiwiaGVpZ2h0IjoiODAwIiwibWFyZ2luIjoiMCIsInBhZGRpbmciOiIwIiwiYmFja2dyb3VuZF9pbWFnZSI6IjEiLCJiYWNrZ3JvdW5kX3VybCI6IiIsImJhY2tncm91bmRfY29sb3IiOiIjZmZmZmZmIiwiZ3JvdXBfY2xhc3MiOiIiLCJjb250cm9sTmF2IjoiMSIsIm5hdmlnYXRvcl90eXBlIjoiYnVsbGV0IiwiZW5hYmxlX2N1c3RvbV9odG1sX2J1bGxldCI6IjAiLCJjb250cm9sTmF2VG9vbHRpcCI6IjEiLCJ0b29sdGlwWCI6IjUiLCJ0b29sdGlwWSI6Ii01IiwibmF2X3RodW1ibmFpbF93aWR0aCI6IiIsIm5hdl90aHVtYm5haWxfaGVpZ2h0IjoiIiwiY29udHJvbE5hdkhvdmVyT3BhY2l0eSI6IjAuNiIsImRpcmVjdGlvbk5hdiI6IjAiLCJkaXJlY3Rpb25OYXZIb3Zlck9wYWNpdHkiOiIxIiwia2V5Ym9hcmROYXYiOiIxIiwidGltZXIiOiIzNjBCYXIiLCJ0aW1lclBvc2l0aW9uIjoidG9wLXJpZ2h0IiwidGltZXJYIjoiMTAiLCJ0aW1lclkiOiIxMCIsInRpbWVyT3BhY2l0eSI6IjAuNSIsInRpbWVyQmciOiIjMDAwIiwidGltZXJDb2xvciI6IiNFRUUiLCJ0aW1lckRpYW1ldGVyIjoiMzAiLCJ0aW1lclBhZGRpbmciOiI0IiwidGltZXJTdHJva2UiOiIzIiwidGltZXJCYXJTdHJva2UiOiIxIiwidGltZXJCYXJTdHJva2VDb2xvciI6IiNFRUUiLCJ0aW1lckJhclN0cm9rZVN0eWxlIjoic29saWQiLCJmeCI6InJhbmRvbSIsImFuaW1hdGlvblNwZWVkIjoiNTAwIiwic3RyaXBzIjoiMjAiLCJibG9ja0NvbHMiOiIxMCIsImJsb2NrUm93cyI6IjUiLCJjYXB0aW9uU3BlZWQiOiI1MDAiLCJjYXB0aW9uT3BhY2l0eSI6IjEifQ=='),(31,'leotest',1,'displayTopColumn',1,'eyJkZWxheSI6IjkwMDAiLCJzdGFydF93aXRoX3NsaWRlIjoiMSIsInRpbWVyX3Nob3ciOiIxIiwic3RvcF9vbl9ob3ZlciI6IjEiLCJzaHVmZmxlX21vZGUiOiIxIiwiZnVsbHdpZHRoIjoiZnVsbHdpZHRoIiwibWRfd2lkdGgiOiIxMiIsInNtX3dpZHRoIjoiMTIiLCJ4c193aWR0aCI6IjEyIiwiaW1hZ2VfY3JvcHBpbmciOiIwIiwid2lkdGgiOiI5NjAiLCJoZWlnaHQiOiIzNTAiLCJtYXJnaW4iOiIwIiwicGFkZGluZyI6IjAiLCJiYWNrZ3JvdW5kX2ltYWdlIjoiMSIsImJhY2tncm91bmRfdXJsIjoiIiwiYmFja2dyb3VuZF9jb2xvciI6IiNkOWQ5ZDkiLCJncm91cF9jbGFzcyI6IiIsImNvbnRyb2xOYXYiOiIxIiwibmF2aWdhdG9yX3R5cGUiOiJidWxsZXQiLCJlbmFibGVfY3VzdG9tX2h0bWxfYnVsbGV0IjoiMCIsImNvbnRyb2xOYXZUb29sdGlwIjoiMSIsInRvb2x0aXBYIjoiNSIsInRvb2x0aXBZIjoiLTUiLCJuYXZfdGh1bWJuYWlsX3dpZHRoIjoiIiwibmF2X3RodW1ibmFpbF9oZWlnaHQiOiIiLCJjb250cm9sTmF2SG92ZXJPcGFjaXR5IjoiMC42IiwiZGlyZWN0aW9uTmF2IjoiMCIsImRpcmVjdGlvbk5hdkhvdmVyT3BhY2l0eSI6IjEiLCJrZXlib2FyZE5hdiI6IjEiLCJ0aW1lciI6IjM2MEJhciIsInRpbWVyUG9zaXRpb24iOiJ0b3AtcmlnaHQiLCJ0aW1lclgiOiIxMCIsInRpbWVyWSI6IjEwIiwidGltZXJPcGFjaXR5IjoiMC41IiwidGltZXJCZyI6IiMwMDAiLCJ0aW1lckNvbG9yIjoiI0VFRSIsInRpbWVyRGlhbWV0ZXIiOiIzMCIsInRpbWVyUGFkZGluZyI6IjQiLCJ0aW1lclN0cm9rZSI6IjMiLCJ0aW1lckJhclN0cm9rZSI6IjEiLCJ0aW1lckJhclN0cm9rZUNvbG9yIjoiI0VFRSIsInRpbWVyQmFyU3Ryb2tlU3R5bGUiOiJzb2xpZCIsImZ4IjoicmFuZG9tIiwiYW5pbWF0aW9uU3BlZWQiOiI1MDAiLCJzdHJpcHMiOiIyMCIsImJsb2NrQ29scyI6IjEwIiwiYmxvY2tSb3dzIjoiNSIsImNhcHRpb25TcGVlZCI6IjUwMCIsImNhcHRpb25PcGFjaXR5IjoiMSJ9');

#
# Structure for table "_WCprTUAleoslideshow_slides"
#

CREATE TABLE `_WCprTUAleoslideshow_slides` (
  `id_leoslideshow_slides` int(10) unsigned NOT NULL AUTO_INCREMENT,
  `id_group` int(11) NOT NULL,
  `position` int(10) unsigned NOT NULL DEFAULT '0',
  `active` tinyint(1) unsigned NOT NULL DEFAULT '1',
  `params` text NOT NULL,
  PRIMARY KEY (`id_leoslideshow_slides`)
) ENGINE=InnoDB AUTO_INCREMENT=150 DEFAULT CHARSET=utf8;

#
# Data for table "_WCprTUAleoslideshow_slides"
#

INSERT INTO `_WCprTUAleoslideshow_slides` VALUES (132,26,0,0,'eyJkZWxheSI6IjUwMDAiLCJncm91cF9pZCI6IjE5IiwiZW5hYmxlX2xpbmsiOiIxIiwidGFyZ2V0Ijoic2FtZSIsInN0YXJ0X2RhdGVfdGltZSI6IiIsImVuZF9kYXRlX3RpbWUiOiIiLCJidWxsZXRfY2xhc3MiOiIifQ=='),(133,26,1,0,'eyJkZWxheSI6IjUwMDAiLCJncm91cF9pZCI6IjE5IiwiZW5hYmxlX2xpbmsiOiIxIiwidGFyZ2V0Ijoic2FtZSIsInN0YXJ0X2RhdGVfdGltZSI6IiIsImVuZF9kYXRlX3RpbWUiOiIiLCJidWxsZXRfY2xhc3MiOiIifQ=='),(136,28,0,1,'eyJkZWxheSI6IjUwMDAiLCJncm91cF9pZCI6IjI4IiwiZW5hYmxlX2xpbmsiOiIxIiwidGFyZ2V0Ijoic2FtZSIsInN0YXJ0X2RhdGVfdGltZSI6IiIsImVuZF9kYXRlX3RpbWUiOiIiLCJidWxsZXRfY2xhc3MiOiIifQ=='),(137,28,0,1,'eyJkZWxheSI6IjUwMDAiLCJncm91cF9pZCI6IjI4IiwiZW5hYmxlX2xpbmsiOiIxIiwidGFyZ2V0Ijoic2FtZSIsInN0YXJ0X2RhdGVfdGltZSI6IiIsImVuZF9kYXRlX3RpbWUiOiIiLCJidWxsZXRfY2xhc3MiOiIifQ=='),(138,29,0,1,'eyJkZWxheSI6IjUwMDAiLCJncm91cF9pZCI6IjI5IiwiZW5hYmxlX2xpbmsiOiIxIiwidGFyZ2V0Ijoic2FtZSIsInN0YXJ0X2RhdGVfdGltZSI6IiIsImVuZF9kYXRlX3RpbWUiOiIiLCJidWxsZXRfY2xhc3MiOiIifQ=='),(139,29,0,1,'eyJkZWxheSI6IjUwMDAiLCJncm91cF9pZCI6IjI5IiwiZW5hYmxlX2xpbmsiOiIxIiwidGFyZ2V0Ijoic2FtZSIsInN0YXJ0X2RhdGVfdGltZSI6IiIsImVuZF9kYXRlX3RpbWUiOiIiLCJidWxsZXRfY2xhc3MiOiIifQ=='),(142,26,0,1,'eyJkZWxheSI6IjUwMDAiLCJncm91cF9pZCI6IjI2IiwiZW5hYmxlX2xpbmsiOiIwIiwidGFyZ2V0Ijoic2FtZSIsInN0YXJ0X2RhdGVfdGltZSI6IiIsImVuZF9kYXRlX3RpbWUiOiIiLCJidWxsZXRfY2xhc3MiOiIifQ=='),(145,31,0,1,'eyJkZWxheSI6IjUwMDAiLCJncm91cF9pZCI6IjMxIiwiZW5hYmxlX2xpbmsiOiIxIiwidGFyZ2V0Ijoic2FtZSIsInN0YXJ0X2RhdGVfdGltZSI6IiIsImVuZF9kYXRlX3RpbWUiOiIiLCJidWxsZXRfY2xhc3MiOiIifQ=='),(148,30,0,1,'eyJkZWxheSI6Ijk1MDAiLCJncm91cF9pZCI6IjMwIiwiZW5hYmxlX2xpbmsiOiIxIiwidGFyZ2V0Ijoic2FtZSIsInN0YXJ0X2RhdGVfdGltZSI6IiIsImVuZF9kYXRlX3RpbWUiOiIiLCJidWxsZXRfY2xhc3MiOiIifQ=='),(149,30,0,1,'eyJkZWxheSI6Ijk1MDAiLCJncm91cF9pZCI6IjMwIiwiZW5hYmxlX2xpbmsiOiIxIiwidGFyZ2V0Ijoic2FtZSIsInN0YXJ0X2RhdGVfdGltZSI6IiIsImVuZF9kYXRlX3RpbWUiOiIiLCJidWxsZXRfY2xhc3MiOiIifQ==');

#
# Structure for table "_WCprTUAleoslideshow_slides_lang"
#

CREATE TABLE `_WCprTUAleoslideshow_slides_lang` (
  `id_leoslideshow_slides` int(10) unsigned NOT NULL,
  `id_lang` int(10) unsigned NOT NULL,
  `title` varchar(255) NOT NULL,
  `link` varchar(255) NOT NULL,
  `image` varchar(255) NOT NULL,
  `thumbnail` varchar(255) NOT NULL,
  `video` text,
  `layersparams` text,
  PRIMARY KEY (`id_leoslideshow_slides`,`id_lang`)
) ENGINE=InnoDB DEFAULT CHARSET=utf8;

#
# Data for table "_WCprTUAleoslideshow_slides_lang"
#

INSERT INTO `_WCprTUAleoslideshow_slides_lang` VALUES (132,1,'Sample1','','slide-1.jpg','','eyJ1c2V2aWRlbyI6IjAiLCJ2aWRlb2lkIjoiIiwidmlkZW9hdXRvIjoiMSIsImJhY2tncm91bmRfY29sb3IiOiIiLCJidWxsZXRfZGVzY3JpcHRpb24iOiIifQ==','W3sibGF5ZXJfdmlkZW9fdHlwZSI6InlvdXR1YmUiLCJsYXllcl92aWRlb19pZCI6IiIsImxheWVyX3ZpZGVvX2hlaWdodCI6IjIwMCIsImxheWVyX3ZpZGVvX3dpZHRoIjoiMzAwIiwibGF5ZXJfdmlkZW9fdGh1bWIiOiIiLCJsYXllcl9pZCI6IjRfMSIsImxheWVyX2NvbnRlbnQiOiIiLCJsYXllcl90eXBlIjoidGV4dCIsImxheWVyX3N0YXR1cyI6IjEiLCJsYXllcl9jbGFzcyI6ImJsYWNrIGxhcmdlX3RleHQiLCJsYXllcl9jYXB0aW9uIjoiSWwgbm9zdHJvIGNsYXNzaWNvIFRhcGVyZWQgKENUKSBpbiBmb3JtYSBcdTAwYzNcdTAwYTggb3JhIGRpc3BvbmliaWxlIiwibGF5ZXJfZm9udF9zaXplIjoiIiwibGF5ZXJfYmFja2dyb3VuZF9jb2xvciI6IiIsImxheWVyX2NvbG9yIjoiIiwibGF5ZXJfbGluayI6IiIsImxheWVyX3RhcmdldCI6InNhbWUiLCJsYXllcl90b3AiOiI1NDIiLCJsYXllcl9sZWZ0IjoiNzkzIiwibGF5ZXJfdHJhbnNpdGlvbiI6ImZhZGUiLCJ0aW1lX3N0YXJ0IjpudWxsfSx7ImxheWVyX3ZpZGVvX3R5cGUiOiJ5b3V0dWJlIiwibGF5ZXJfdmlkZW9faWQiOiIiLCJsYXllcl92aWRlb19oZWlnaHQiOiIyMDAiLCJsYXllcl92aWRlb193aWR0aCI6IjMwMCIsImxheWVyX3ZpZGVvX3RodW1iIjoiIiwibGF5ZXJfaWQiOiI0XzIiLCJsYXllcl9jb250ZW50IjoiIiwibGF5ZXJfdHlwZSI6InRleHQiLCJsYXllcl9zdGF0dXMiOiIxIiwibGF5ZXJfY2xhc3MiOiJoaWRkZW4teHMgYm94c2hhZG93IHZlcnlfYmlnX2JsYWNrIG1lZGl1bV90ZXh0IiwibGF5ZXJfY2FwdGlvbiI6IjxzcGFuIGNsYXNzPVwiYnRuIGJ1dHRvblwiPmxlZ2dpIGRpIHBpXHUwMGMzXHUwMGI5PFwvc3Bhbj4iLCJsYXllcl9mb250X3NpemUiOiIiLCJsYXllcl9iYWNrZ3JvdW5kX2NvbG9yIjoiIiwibGF5ZXJfY29sb3IiOiIiLCJsYXllcl9saW5rIjoiIiwibGF5ZXJfdGFyZ2V0Ijoic2FtZSIsImxheWVyX3RvcCI6IjYxOCIsImxheWVyX2xlZnQiOiI4ODgiLCJsYXllcl90cmFuc2l0aW9uIjoiZmFkZSIsInRpbWVfc3RhcnQiOm51bGx9LHsibGF5ZXJfdmlkZW9fdHlwZSI6InlvdXR1YmUiLCJsYXllcl92aWRlb19pZCI6IiIsImxheWVyX3ZpZGVvX2hlaWdodCI6IjIwMCIsImxheWVyX3ZpZGVvX3dpZHRoIjoiMzAwIiwibGF5ZXJfdmlkZW9fdGh1bWIiOiIiLCJsYXllcl9pZCI6IjRfMyIsImxheWVyX2NvbnRlbnQiOiIiLCJsYXllcl90eXBlIjoidGV4dCIsImxheWVyX3N0YXR1cyI6IjEiLCJsYXllcl9jbGFzcyI6InZlcnlfbGFyZ2VfdGV4dCIsImxheWVyX2NhcHRpb24iOiJOdW92byBHdWFyZGEiLCJsYXllcl9mb250X3NpemUiOiIiLCJsYXllcl9iYWNrZ3JvdW5kX2NvbG9yIjoiIiwibGF5ZXJfY29sb3IiOiIiLCJsYXllcl9saW5rIjoiIiwibGF5ZXJfdGFyZ2V0Ijoic2FtZSIsImxheWVyX3RvcCI6IjQzNiIsImxheWVyX2xlZnQiOiI3NjgiLCJsYXllcl90cmFuc2l0aW9uIjoiZmFkZSIsInRpbWVfc3RhcnQiOm51bGx9XQ=='),(132,2,'Sample1','','slide-1.jpg','','eyJ1c2V2aWRlbyI6IjAiLCJ2aWRlb2lkIjoiIiwidmlkZW9hdXRvIjoiMSIsImJhY2tncm91bmRfY29sb3IiOiIiLCJidWxsZXRfZGVzY3JpcHRpb24iOiIifQ==','W3sibGF5ZXJfdmlkZW9fdHlwZSI6InlvdXR1YmUiLCJsYXllcl92aWRlb19pZCI6IiIsImxheWVyX3ZpZGVvX2hlaWdodCI6IjIwMCIsImxheWVyX3ZpZGVvX3dpZHRoIjoiMzAwIiwibGF5ZXJfdmlkZW9fdGh1bWIiOiIiLCJsYXllcl9pZCI6IjFfMSIsImxheWVyX2NvbnRlbnQiOiIiLCJsYXllcl90eXBlIjoidGV4dCIsImxheWVyX3N0YXR1cyI6IjEiLCJsYXllcl9jbGFzcyI6ImJsYWNrIGxhcmdlX3RleHQiLCJsYXllcl9jYXB0aW9uIjoiT3VyIENsYXNzaWMgVGFwZXJlZCAoQ1QpIGZpdCBpcyBub3cgYXZhaWxhYmxlIiwibGF5ZXJfZm9udF9zaXplIjoiIiwibGF5ZXJfYmFja2dyb3VuZF9jb2xvciI6IiIsImxheWVyX2NvbG9yIjoiIiwibGF5ZXJfbGluayI6IiIsImxheWVyX3RhcmdldCI6InNhbWUiLCJsYXllcl90b3AiOiI1NDIiLCJsYXllcl9sZWZ0IjoiNzkzIiwibGF5ZXJfdHJhbnNpdGlvbiI6ImZhZGUiLCJ0aW1lX3N0YXJ0IjpudWxsfSx7ImxheWVyX3ZpZGVvX3R5cGUiOiJ5b3V0dWJlIiwibGF5ZXJfdmlkZW9faWQiOiIiLCJsYXllcl92aWRlb19oZWlnaHQiOiIyMDAiLCJsYXllcl92aWRlb193aWR0aCI6IjMwMCIsImxheWVyX3ZpZGVvX3RodW1iIjoiIiwibGF5ZXJfaWQiOiIxXzIiLCJsYXllcl9jb250ZW50IjoiIiwibGF5ZXJfdHlwZSI6InRleHQiLCJsYXllcl9zdGF0dXMiOiIxIiwibGF5ZXJfY2xhc3MiOiJoaWRkZW4teHMgYm94c2hhZG93IHZlcnlfYmlnX2JsYWNrIG1lZGl1bV90ZXh0IiwibGF5ZXJfY2FwdGlvbiI6IjxzcGFuIGNsYXNzPVwiYnRuIGJ1dHRvblwiPlJlYWQgTW9yZTxcL3NwYW4+IiwibGF5ZXJfZm9udF9zaXplIjoiIiwibGF5ZXJfYmFja2dyb3VuZF9jb2xvciI6IiIsImxheWVyX2NvbG9yIjoiIiwibGF5ZXJfbGluayI6IiIsImxheWVyX3RhcmdldCI6InNhbWUiLCJsYXllcl90b3AiOiI2MTgiLCJsYXllcl9sZWZ0IjoiODg4IiwibGF5ZXJfdHJhbnNpdGlvbiI6ImZhZGUiLCJ0aW1lX3N0YXJ0IjpudWxsfSx7ImxheWVyX3ZpZGVvX3R5cGUiOiJ5b3V0dWJlIiwibGF5ZXJfdmlkZW9faWQiOiIiLCJsYXllcl92aWRlb19oZWlnaHQiOiIyMDAiLCJsYXllcl92aWRlb193aWR0aCI6IjMwMCIsImxheWVyX3ZpZGVvX3RodW1iIjoiIiwibGF5ZXJfaWQiOiIxXzMiLCJsYXllcl9jb250ZW50IjoiIiwibGF5ZXJfdHlwZSI6InRleHQiLCJsYXllcl9zdGF0dXMiOiIxIiwibGF5ZXJfY2xhc3MiOiJ2ZXJ5X2xhcmdlX3RleHQiLCJsYXllcl9jYXB0aW9uIjoiTmV3IExvb2siLCJsYXllcl9mb250X3NpemUiOiIiLCJsYXllcl9iYWNrZ3JvdW5kX2NvbG9yIjoiIiwibGF5ZXJfY29sb3IiOiIiLCJsYXllcl9saW5rIjoiIiwibGF5ZXJfdGFyZ2V0Ijoic2FtZSIsImxheWVyX3RvcCI6IjQzNiIsImxheWVyX2xlZnQiOiI3NjgiLCJsYXllcl90cmFuc2l0aW9uIjoiZmFkZSIsInRpbWVfc3RhcnQiOm51bGx9XQ=='),(132,3,'Sample1','','slide-1.jpg','','eyJ1c2V2aWRlbyI6IjAiLCJ2aWRlb2lkIjoiIiwidmlkZW9hdXRvIjoiMSIsImJhY2tncm91bmRfY29sb3IiOiIiLCJidWxsZXRfZGVzY3JpcHRpb24iOiIifQ==','W3sibGF5ZXJfdmlkZW9fdHlwZSI6InlvdXR1YmUiLCJsYXllcl92aWRlb19pZCI6IiIsImxheWVyX3ZpZGVvX2hlaWdodCI6IjIwMCIsImxheWVyX3ZpZGVvX3dpZHRoIjoiMzAwIiwibGF5ZXJfdmlkZW9fdGh1bWIiOiIiLCJsYXllcl9pZCI6IjNfMSIsImxheWVyX2NvbnRlbnQiOiIiLCJsYXllcl90eXBlIjoidGV4dCIsImxheWVyX3N0YXR1cyI6IjEiLCJsYXllcl9jbGFzcyI6ImJsYWNrIGxhcmdlX3RleHQiLCJsYXllcl9jYXB0aW9uIjoiTnVlc3RyYSAoQ1QpIGVuIGZvcm1hIGNcdTAwYzNcdTAwYjNuaWNhIGNsXHUwMGMzXHUwMGExc2ljbyB5YSBlc3RcdTAwYzNcdTAwYTEgZGlzcG9uaWJsZSIsImxheWVyX2ZvbnRfc2l6ZSI6IiIsImxheWVyX2JhY2tncm91bmRfY29sb3IiOiIiLCJsYXllcl9jb2xvciI6IiIsImxheWVyX2xpbmsiOiIiLCJsYXllcl90YXJnZXQiOiJzYW1lIiwibGF5ZXJfdG9wIjoiNTQyIiwibGF5ZXJfbGVmdCI6Ijc5MyIsImxheWVyX3RyYW5zaXRpb24iOiJmYWRlIiwidGltZV9zdGFydCI6bnVsbH0seyJsYXllcl92aWRlb190eXBlIjoieW91dHViZSIsImxheWVyX3ZpZGVvX2lkIjoiIiwibGF5ZXJfdmlkZW9faGVpZ2h0IjoiMjAwIiwibGF5ZXJfdmlkZW9fd2lkdGgiOiIzMDAiLCJsYXllcl92aWRlb190aHVtYiI6IiIsImxheWVyX2lkIjoiM18yIiwibGF5ZXJfY29udGVudCI6IiIsImxheWVyX3R5cGUiOiJ0ZXh0IiwibGF5ZXJfc3RhdHVzIjoiMSIsImxheWVyX2NsYXNzIjoiaGlkZGVuLXhzIGJveHNoYWRvdyB2ZXJ5X2JpZ19ibGFjayBtZWRpdW1fdGV4dCIsImxheWVyX2NhcHRpb24iOiI8c3BhbiBjbGFzcz1cImJ0biBidXR0b25cIj5MZWUgbWFzPFwvc3Bhbj4iLCJsYXllcl9mb250X3NpemUiOiIiLCJsYXllcl9iYWNrZ3JvdW5kX2NvbG9yIjoiIiwibGF5ZXJfY29sb3IiOiIiLCJsYXllcl9saW5rIjoiIiwibGF5ZXJfdGFyZ2V0Ijoic2FtZSIsImxheWVyX3RvcCI6IjYxOCIsImxheWVyX2xlZnQiOiI4ODgiLCJsYXllcl90cmFuc2l0aW9uIjoiZmFkZSIsInRpbWVfc3RhcnQiOm51bGx9LHsibGF5ZXJfdmlkZW9fdHlwZSI6InlvdXR1YmUiLCJsYXllcl92aWRlb19pZCI6IiIsImxheWVyX3ZpZGVvX2hlaWdodCI6IjIwMCIsImxheWVyX3ZpZGVvX3dpZHRoIjoiMzAwIiwibGF5ZXJfdmlkZW9fdGh1bWIiOiIiLCJsYXllcl9pZCI6IjNfMyIsImxheWVyX2NvbnRlbnQiOiIiLCJsYXllcl90eXBlIjoidGV4dCIsImxheWVyX3N0YXR1cyI6IjEiLCJsYXllcl9jbGFzcyI6InZlcnlfbGFyZ2VfdGV4dCIsImxheWVyX2NhcHRpb24iOiJOdWV2byBlc3RpbG8iLCJsYXllcl9mb250X3NpemUiOiIiLCJsYXllcl9iYWNrZ3JvdW5kX2NvbG9yIjoiIiwibGF5ZXJfY29sb3IiOiIiLCJsYXllcl9saW5rIjoiIiwibGF5ZXJfdGFyZ2V0Ijoic2FtZSIsImxheWVyX3RvcCI6IjQzNiIsImxheWVyX2xlZnQiOiI3NjgiLCJsYXllcl90cmFuc2l0aW9uIjoiZmFkZSIsInRpbWVfc3RhcnQiOm51bGx9XQ=='),(132,4,'Sample1','','slide-1.jpg','','eyJ1c2V2aWRlbyI6IjAiLCJ2aWRlb2lkIjoiIiwidmlkZW9hdXRvIjoiMSIsImJhY2tncm91bmRfY29sb3IiOiIiLCJidWxsZXRfZGVzY3JpcHRpb24iOiIifQ==','W3sibGF5ZXJfdmlkZW9fdHlwZSI6InlvdXR1YmUiLCJsYXllcl92aWRlb19pZCI6IiIsImxheWVyX3ZpZGVvX2hlaWdodCI6IjIwMCIsImxheWVyX3ZpZGVvX3dpZHRoIjoiMzAwIiwibGF5ZXJfdmlkZW9fdGh1bWIiOiIiLCJsYXllcl9pZCI6IjZfMSIsImxheWVyX2NvbnRlbnQiOiIiLCJsYXllcl90eXBlIjoidGV4dCIsImxheWVyX3N0YXR1cyI6IjEiLCJsYXllcl9jbGFzcyI6ImJsYWNrIGxhcmdlX3RleHQiLCJsYXllcl9jYXB0aW9uIjoiVW5zZXIgQ2xhc3NpYy1LZWdlbCAoQ1QpIGZpdCBpc3QgYWIgc29mb3J0IHZlcmZcdTAwYzNcdTAwYmNnYmFyIiwibGF5ZXJfZm9udF9zaXplIjoiIiwibGF5ZXJfYmFja2dyb3VuZF9jb2xvciI6IiIsImxheWVyX2NvbG9yIjoiIiwibGF5ZXJfbGluayI6IiIsImxheWVyX3RhcmdldCI6InNhbWUiLCJsYXllcl90b3AiOiI1NDIiLCJsYXllcl9sZWZ0IjoiNzkzIiwibGF5ZXJfdHJhbnNpdGlvbiI6ImZhZGUiLCJ0aW1lX3N0YXJ0IjpudWxsfSx7ImxheWVyX3ZpZGVvX3R5cGUiOiJ5b3V0dWJlIiwibGF5ZXJfdmlkZW9faWQiOiIiLCJsYXllcl92aWRlb19oZWlnaHQiOiIyMDAiLCJsYXllcl92aWRlb193aWR0aCI6IjMwMCIsImxheWVyX3ZpZGVvX3RodW1iIjoiIiwibGF5ZXJfaWQiOiI2XzIiLCJsYXllcl9jb250ZW50IjoiIiwibGF5ZXJfdHlwZSI6InRleHQiLCJsYXllcl9zdGF0dXMiOiIxIiwibGF5ZXJfY2xhc3MiOiJoaWRkZW4teHMgYm94c2hhZG93IHZlcnlfYmlnX2JsYWNrIG1lZGl1bV90ZXh0IiwibGF5ZXJfY2FwdGlvbiI6IjxzcGFuIGNsYXNzPVwiYnRuIGJ1dHRvblwiPldlaXRlcmxlc2VuPFwvc3Bhbj4iLCJsYXllcl9mb250X3NpemUiOiIiLCJsYXllcl9iYWNrZ3JvdW5kX2NvbG9yIjoiIiwibGF5ZXJfY29sb3IiOiIiLCJsYXllcl9saW5rIjoiIiwibGF5ZXJfdGFyZ2V0Ijoic2FtZSIsImxheWVyX3RvcCI6IjYxOCIsImxheWVyX2xlZnQiOiI4ODgiLCJsYXllcl90cmFuc2l0aW9uIjoiZmFkZSIsInRpbWVfc3RhcnQiOm51bGx9LHsibGF5ZXJfdmlkZW9fdHlwZSI6InlvdXR1YmUiLCJsYXllcl92aWRlb19pZCI6IiIsImxheWVyX3ZpZGVvX2hlaWdodCI6IjIwMCIsImxheWVyX3ZpZGVvX3dpZHRoIjoiMzAwIiwibGF5ZXJfdmlkZW9fdGh1bWIiOiIiLCJsYXllcl9pZCI6IjZfMyIsImxheWVyX2NvbnRlbnQiOiIiLCJsYXllcl90eXBlIjoidGV4dCIsImxheWVyX3N0YXR1cyI6IjEiLCJsYXllcl9jbGFzcyI6InZlcnlfbGFyZ2VfdGV4dCIsImxheWVyX2NhcHRpb24iOiJOZXVlcyBBdXNzZWhlbiIsImxheWVyX2ZvbnRfc2l6ZSI6IiIsImxheWVyX2JhY2tncm91bmRfY29sb3IiOiIiLCJsYXllcl9jb2xvciI6IiIsImxheWVyX2xpbmsiOiIiLCJsYXllcl90YXJnZXQiOiJzYW1lIiwibGF5ZXJfdG9wIjoiNDM2IiwibGF5ZXJfbGVmdCI6Ijc2OCIsImxheWVyX3RyYW5zaXRpb24iOiJmYWRlIiwidGltZV9zdGFydCI6bnVsbH1d'),(132,5,'Sample1','','slide-1.jpg','','eyJ1c2V2aWRlbyI6IjAiLCJ2aWRlb2lkIjoiIiwidmlkZW9hdXRvIjoiMSIsImJhY2tncm91bmRfY29sb3IiOiIiLCJidWxsZXRfZGVzY3JpcHRpb24iOiIifQ==','W3sibGF5ZXJfdmlkZW9fdHlwZSI6InlvdXR1YmUiLCJsYXllcl92aWRlb19pZCI6IiIsImxheWVyX3ZpZGVvX2hlaWdodCI6IjIwMCIsImxheWVyX3ZpZGVvX3dpZHRoIjoiMzAwIiwibGF5ZXJfdmlkZW9fdGh1bWIiOiIiLCJsYXllcl9pZCI6IjJfMSIsImxheWVyX2NvbnRlbnQiOiIiLCJsYXllcl90eXBlIjoidGV4dCIsImxheWVyX3N0YXR1cyI6IjEiLCJsYXllcl9jbGFzcyI6ImJsYWNrIGxhcmdlX3RleHQiLCJsYXllcl9jYXB0aW9uIjoiTm90cmUgY2xhc3NpcXVlIENvbmlxdWUgKENUKSBlbiBmb3JtZSBlc3QgbWFpbnRlbmFudCBkaXNwb25pYmxlIiwibGF5ZXJfZm9udF9zaXplIjoiIiwibGF5ZXJfYmFja2dyb3VuZF9jb2xvciI6IiIsImxheWVyX2NvbG9yIjoiIiwibGF5ZXJfbGluayI6IiIsImxheWVyX3RhcmdldCI6InNhbWUiLCJsYXllcl90b3AiOiI1NDIiLCJsYXllcl9sZWZ0IjoiNzkzIiwibGF5ZXJfdHJhbnNpdGlvbiI6ImZhZGUiLCJ0aW1lX3N0YXJ0IjpudWxsfSx7ImxheWVyX3ZpZGVvX3R5cGUiOiJ5b3V0dWJlIiwibGF5ZXJfdmlkZW9faWQiOiIiLCJsYXllcl92aWRlb19oZWlnaHQiOiIyMDAiLCJsYXllcl92aWRlb193aWR0aCI6IjMwMCIsImxheWVyX3ZpZGVvX3RodW1iIjoiIiwibGF5ZXJfaWQiOiIyXzIiLCJsYXllcl9jb250ZW50IjoiIiwibGF5ZXJfdHlwZSI6InRleHQiLCJsYXllcl9zdGF0dXMiOiIxIiwibGF5ZXJfY2xhc3MiOiJoaWRkZW4teHMgYm94c2hhZG93IHZlcnlfYmlnX2JsYWNrIG1lZGl1bV90ZXh0IiwibGF5ZXJfY2FwdGlvbiI6IjxzcGFuIGNsYXNzPVwiYnRuIGJ1dHRvblwiPmxpcmUgcGx1czxcL3NwYW4+IiwibGF5ZXJfZm9udF9zaXplIjoiIiwibGF5ZXJfYmFja2dyb3VuZF9jb2xvciI6IiIsImxheWVyX2NvbG9yIjoiIiwibGF5ZXJfbGluayI6IiIsImxheWVyX3RhcmdldCI6InNhbWUiLCJsYXllcl90b3AiOiI2MTgiLCJsYXllcl9sZWZ0IjoiODg4IiwibGF5ZXJfdHJhbnNpdGlvbiI6ImZhZGUiLCJ0aW1lX3N0YXJ0IjpudWxsfSx7ImxheWVyX3ZpZGVvX3R5cGUiOiJ5b3V0dWJlIiwibGF5ZXJfdmlkZW9faWQiOiIiLCJsYXllcl92aWRlb19oZWlnaHQiOiIyMDAiLCJsYXllcl92aWRlb193aWR0aCI6IjMwMCIsImxheWVyX3ZpZGVvX3RodW1iIjoiIiwibGF5ZXJfaWQiOiIyXzMiLCJsYXllcl9jb250ZW50IjoiIiwibGF5ZXJfdHlwZSI6InRleHQiLCJsYXllcl9zdGF0dXMiOiIxIiwibGF5ZXJfY2xhc3MiOiJ2ZXJ5X2xhcmdlX3RleHQiLCJsYXllcl9jYXB0aW9uIjoiTm91dmVhdSBSZWdhcmQiLCJsYXllcl9mb250X3NpemUiOiIiLCJsYXllcl9iYWNrZ3JvdW5kX2NvbG9yIjoiIiwibGF5ZXJfY29sb3IiOiIiLCJsYXllcl9saW5rIjoiIiwibGF5ZXJfdGFyZ2V0Ijoic2FtZSIsImxheWVyX3RvcCI6IjQzNiIsImxheWVyX2xlZnQiOiI3NjgiLCJsYXllcl90cmFuc2l0aW9uIjoiZmFkZSIsInRpbWVfc3RhcnQiOm51bGx9XQ=='),(132,6,'Sample1','','slide-1.jpg','','eyJ1c2V2aWRlbyI6IjAiLCJ2aWRlb2lkIjoiIiwidmlkZW9hdXRvIjoiMSIsImJhY2tncm91bmRfY29sb3IiOiIiLCJidWxsZXRfZGVzY3JpcHRpb24iOiIifQ==','W3sibGF5ZXJfdmlkZW9fdHlwZSI6InlvdXR1YmUiLCJsYXllcl92aWRlb19pZCI6IiIsImxheWVyX3ZpZGVvX2hlaWdodCI6IjIwMCIsImxheWVyX3ZpZGVvX3dpZHRoIjoiMzAwIiwibGF5ZXJfdmlkZW9fdGh1bWIiOiIiLCJsYXllcl9pZCI6IjRfMSIsImxheWVyX2NvbnRlbnQiOiIiLCJsYXllcl90eXBlIjoidGV4dCIsImxheWVyX3N0YXR1cyI6IjEiLCJsYXllcl9jbGFzcyI6ImJsYWNrIGxhcmdlX3RleHQiLCJsYXllcl9jYXB0aW9uIjoiSWwgbm9zdHJvIGNsYXNzaWNvIFRhcGVyZWQgKENUKSBpbiBmb3JtYSBcdTAwYzNcdTAwYTggb3JhIGRpc3BvbmliaWxlIiwibGF5ZXJfZm9udF9zaXplIjoiIiwibGF5ZXJfYmFja2dyb3VuZF9jb2xvciI6IiIsImxheWVyX2NvbG9yIjoiIiwibGF5ZXJfbGluayI6IiIsImxheWVyX3RhcmdldCI6InNhbWUiLCJsYXllcl90b3AiOiI1NDIiLCJsYXllcl9sZWZ0IjoiNzkzIiwibGF5ZXJfdHJhbnNpdGlvbiI6ImZhZGUiLCJ0aW1lX3N0YXJ0IjpudWxsfSx7ImxheWVyX3ZpZGVvX3R5cGUiOiJ5b3V0dWJlIiwibGF5ZXJfdmlkZW9faWQiOiIiLCJsYXllcl92aWRlb19oZWlnaHQiOiIyMDAiLCJsYXllcl92aWRlb193aWR0aCI6IjMwMCIsImxheWVyX3ZpZGVvX3RodW1iIjoiIiwibGF5ZXJfaWQiOiI0XzIiLCJsYXllcl9jb250ZW50IjoiIiwibGF5ZXJfdHlwZSI6InRleHQiLCJsYXllcl9zdGF0dXMiOiIxIiwibGF5ZXJfY2xhc3MiOiJoaWRkZW4teHMgYm94c2hhZG93IHZlcnlfYmlnX2JsYWNrIG1lZGl1bV90ZXh0IiwibGF5ZXJfY2FwdGlvbiI6IjxzcGFuIGNsYXNzPVwiYnRuIGJ1dHRvblwiPmxlZ2dpIGRpIHBpXHUwMGMzXHUwMGI5PFwvc3Bhbj4iLCJsYXllcl9mb250X3NpemUiOiIiLCJsYXllcl9iYWNrZ3JvdW5kX2NvbG9yIjoiIiwibGF5ZXJfY29sb3IiOiIiLCJsYXllcl9saW5rIjoiIiwibGF5ZXJfdGFyZ2V0Ijoic2FtZSIsImxheWVyX3RvcCI6IjYxOCIsImxheWVyX2xlZnQiOiI4ODgiLCJsYXllcl90cmFuc2l0aW9uIjoiZmFkZSIsInRpbWVfc3RhcnQiOm51bGx9LHsibGF5ZXJfdmlkZW9fdHlwZSI6InlvdXR1YmUiLCJsYXllcl92aWRlb19pZCI6IiIsImxheWVyX3ZpZGVvX2hlaWdodCI6IjIwMCIsImxheWVyX3ZpZGVvX3dpZHRoIjoiMzAwIiwibGF5ZXJfdmlkZW9fdGh1bWIiOiIiLCJsYXllcl9pZCI6IjRfMyIsImxheWVyX2NvbnRlbnQiOiIiLCJsYXllcl90eXBlIjoidGV4dCIsImxheWVyX3N0YXR1cyI6IjEiLCJsYXllcl9jbGFzcyI6InZlcnlfbGFyZ2VfdGV4dCIsImxheWVyX2NhcHRpb24iOiJOdW92byBHdWFyZGEiLCJsYXllcl9mb250X3NpemUiOiIiLCJsYXllcl9iYWNrZ3JvdW5kX2NvbG9yIjoiIiwibGF5ZXJfY29sb3IiOiIiLCJsYXllcl9saW5rIjoiIiwibGF5ZXJfdGFyZ2V0Ijoic2FtZSIsImxheWVyX3RvcCI6IjQzNiIsImxheWVyX2xlZnQiOiI3NjgiLCJsYXllcl90cmFuc2l0aW9uIjoiZmFkZSIsInRpbWVfc3RhcnQiOm51bGx9XQ=='),(132,7,'Sample1','','slide-1.jpg','','eyJ1c2V2aWRlbyI6IjAiLCJ2aWRlb2lkIjoiIiwidmlkZW9hdXRvIjoiMSIsImJhY2tncm91bmRfY29sb3IiOiIiLCJidWxsZXRfZGVzY3JpcHRpb24iOiIifQ==','W3sibGF5ZXJfdmlkZW9fdHlwZSI6InlvdXR1YmUiLCJsYXllcl92aWRlb19pZCI6IiIsImxheWVyX3ZpZGVvX2hlaWdodCI6IjIwMCIsImxheWVyX3ZpZGVvX3dpZHRoIjoiMzAwIiwibGF5ZXJfdmlkZW9fdGh1bWIiOiIiLCJsYXllcl9pZCI6IjRfMSIsImxheWVyX2NvbnRlbnQiOiIiLCJsYXllcl90eXBlIjoidGV4dCIsImxheWVyX3N0YXR1cyI6IjEiLCJsYXllcl9jbGFzcyI6ImJsYWNrIGxhcmdlX3RleHQiLCJsYXllcl9jYXB0aW9uIjoiSWwgbm9zdHJvIGNsYXNzaWNvIFRhcGVyZWQgKENUKSBpbiBmb3JtYSBcdTAwYzNcdTAwYTggb3JhIGRpc3BvbmliaWxlIiwibGF5ZXJfZm9udF9zaXplIjoiIiwibGF5ZXJfYmFja2dyb3VuZF9jb2xvciI6IiIsImxheWVyX2NvbG9yIjoiIiwibGF5ZXJfbGluayI6IiIsImxheWVyX3RhcmdldCI6InNhbWUiLCJsYXllcl90b3AiOiI1NDIiLCJsYXllcl9sZWZ0IjoiNzkzIiwibGF5ZXJfdHJhbnNpdGlvbiI6ImZhZGUiLCJ0aW1lX3N0YXJ0IjpudWxsfSx7ImxheWVyX3ZpZGVvX3R5cGUiOiJ5b3V0dWJlIiwibGF5ZXJfdmlkZW9faWQiOiIiLCJsYXllcl92aWRlb19oZWlnaHQiOiIyMDAiLCJsYXllcl92aWRlb193aWR0aCI6IjMwMCIsImxheWVyX3ZpZGVvX3RodW1iIjoiIiwibGF5ZXJfaWQiOiI0XzIiLCJsYXllcl9jb250ZW50IjoiIiwibGF5ZXJfdHlwZSI6InRleHQiLCJsYXllcl9zdGF0dXMiOiIxIiwibGF5ZXJfY2xhc3MiOiJoaWRkZW4teHMgYm94c2hhZG93IHZlcnlfYmlnX2JsYWNrIG1lZGl1bV90ZXh0IiwibGF5ZXJfY2FwdGlvbiI6IjxzcGFuIGNsYXNzPVwiYnRuIGJ1dHRvblwiPmxlZ2dpIGRpIHBpXHUwMGMzXHUwMGI5PFwvc3Bhbj4iLCJsYXllcl9mb250X3NpemUiOiIiLCJsYXllcl9iYWNrZ3JvdW5kX2NvbG9yIjoiIiwibGF5ZXJfY29sb3IiOiIiLCJsYXllcl9saW5rIjoiIiwibGF5ZXJfdGFyZ2V0Ijoic2FtZSIsImxheWVyX3RvcCI6IjYxOCIsImxheWVyX2xlZnQiOiI4ODgiLCJsYXllcl90cmFuc2l0aW9uIjoiZmFkZSIsInRpbWVfc3RhcnQiOm51bGx9LHsibGF5ZXJfdmlkZW9fdHlwZSI6InlvdXR1YmUiLCJsYXllcl92aWRlb19pZCI6IiIsImxheWVyX3ZpZGVvX2hlaWdodCI6IjIwMCIsImxheWVyX3ZpZGVvX3dpZHRoIjoiMzAwIiwibGF5ZXJfdmlkZW9fdGh1bWIiOiIiLCJsYXllcl9pZCI6IjRfMyIsImxheWVyX2NvbnRlbnQiOiIiLCJsYXllcl90eXBlIjoidGV4dCIsImxheWVyX3N0YXR1cyI6IjEiLCJsYXllcl9jbGFzcyI6InZlcnlfbGFyZ2VfdGV4dCIsImxheWVyX2NhcHRpb24iOiJOdW92byBHdWFyZGEiLCJsYXllcl9mb250X3NpemUiOiIiLCJsYXllcl9iYWNrZ3JvdW5kX2NvbG9yIjoiIiwibGF5ZXJfY29sb3IiOiIiLCJsYXllcl9saW5rIjoiIiwibGF5ZXJfdGFyZ2V0Ijoic2FtZSIsImxheWVyX3RvcCI6IjQzNiIsImxheWVyX2xlZnQiOiI3NjgiLCJsYXllcl90cmFuc2l0aW9uIjoiZmFkZSIsInRpbWVfc3RhcnQiOm51bGx9XQ=='),(132,8,'Sample1','','slide-1.jpg','','eyJ1c2V2aWRlbyI6IjAiLCJ2aWRlb2lkIjoiIiwidmlkZW9hdXRvIjoiMSIsImJhY2tncm91bmRfY29sb3IiOiIiLCJidWxsZXRfZGVzY3JpcHRpb24iOiIifQ==','W3sibGF5ZXJfdmlkZW9fdHlwZSI6InlvdXR1YmUiLCJsYXllcl92aWRlb19pZCI6IiIsImxheWVyX3ZpZGVvX2hlaWdodCI6IjIwMCIsImxheWVyX3ZpZGVvX3dpZHRoIjoiMzAwIiwibGF5ZXJfdmlkZW9fdGh1bWIiOiIiLCJsYXllcl9pZCI6IjRfMSIsImxheWVyX2NvbnRlbnQiOiIiLCJsYXllcl90eXBlIjoidGV4dCIsImxheWVyX3N0YXR1cyI6IjEiLCJsYXllcl9jbGFzcyI6ImJsYWNrIGxhcmdlX3RleHQiLCJsYXllcl9jYXB0aW9uIjoiSWwgbm9zdHJvIGNsYXNzaWNvIFRhcGVyZWQgKENUKSBpbiBmb3JtYSBcdTAwYzNcdTAwYTggb3JhIGRpc3BvbmliaWxlIiwibGF5ZXJfZm9udF9zaXplIjoiIiwibGF5ZXJfYmFja2dyb3VuZF9jb2xvciI6IiIsImxheWVyX2NvbG9yIjoiIiwibGF5ZXJfbGluayI6IiIsImxheWVyX3RhcmdldCI6InNhbWUiLCJsYXllcl90b3AiOiI1NDIiLCJsYXllcl9sZWZ0IjoiNzkzIiwibGF5ZXJfdHJhbnNpdGlvbiI6ImZhZGUiLCJ0aW1lX3N0YXJ0IjpudWxsfSx7ImxheWVyX3ZpZGVvX3R5cGUiOiJ5b3V0dWJlIiwibGF5ZXJfdmlkZW9faWQiOiIiLCJsYXllcl92aWRlb19oZWlnaHQiOiIyMDAiLCJsYXllcl92aWRlb193aWR0aCI6IjMwMCIsImxheWVyX3ZpZGVvX3RodW1iIjoiIiwibGF5ZXJfaWQiOiI0XzIiLCJsYXllcl9jb250ZW50IjoiIiwibGF5ZXJfdHlwZSI6InRleHQiLCJsYXllcl9zdGF0dXMiOiIxIiwibGF5ZXJfY2xhc3MiOiJoaWRkZW4teHMgYm94c2hhZG93IHZlcnlfYmlnX2JsYWNrIG1lZGl1bV90ZXh0IiwibGF5ZXJfY2FwdGlvbiI6IjxzcGFuIGNsYXNzPVwiYnRuIGJ1dHRvblwiPmxlZ2dpIGRpIHBpXHUwMGMzXHUwMGI5PFwvc3Bhbj4iLCJsYXllcl9mb250X3NpemUiOiIiLCJsYXllcl9iYWNrZ3JvdW5kX2NvbG9yIjoiIiwibGF5ZXJfY29sb3IiOiIiLCJsYXllcl9saW5rIjoiIiwibGF5ZXJfdGFyZ2V0Ijoic2FtZSIsImxheWVyX3RvcCI6IjYxOCIsImxheWVyX2xlZnQiOiI4ODgiLCJsYXllcl90cmFuc2l0aW9uIjoiZmFkZSIsInRpbWVfc3RhcnQiOm51bGx9LHsibGF5ZXJfdmlkZW9fdHlwZSI6InlvdXR1YmUiLCJsYXllcl92aWRlb19pZCI6IiIsImxheWVyX3ZpZGVvX2hlaWdodCI6IjIwMCIsImxheWVyX3ZpZGVvX3dpZHRoIjoiMzAwIiwibGF5ZXJfdmlkZW9fdGh1bWIiOiIiLCJsYXllcl9pZCI6IjRfMyIsImxheWVyX2NvbnRlbnQiOiIiLCJsYXllcl90eXBlIjoidGV4dCIsImxheWVyX3N0YXR1cyI6IjEiLCJsYXllcl9jbGFzcyI6InZlcnlfbGFyZ2VfdGV4dCIsImxheWVyX2NhcHRpb24iOiJOdW92byBHdWFyZGEiLCJsYXllcl9mb250X3NpemUiOiIiLCJsYXllcl9iYWNrZ3JvdW5kX2NvbG9yIjoiIiwibGF5ZXJfY29sb3IiOiIiLCJsYXllcl9saW5rIjoiIiwibGF5ZXJfdGFyZ2V0Ijoic2FtZSIsImxheWVyX3RvcCI6IjQzNiIsImxheWVyX2xlZnQiOiI3NjgiLCJsYXllcl90cmFuc2l0aW9uIjoiZmFkZSIsInRpbWVfc3RhcnQiOm51bGx9XQ=='),(133,1,'Duplicate of Sample1','','slide-1.jpg','','eyJ1c2V2aWRlbyI6IjAiLCJ2aWRlb2lkIjoiIiwidmlkZW9hdXRvIjoiMSIsImJhY2tncm91bmRfY29sb3IiOiIiLCJidWxsZXRfZGVzY3JpcHRpb24iOiIifQ==','W3sibGF5ZXJfdmlkZW9fdHlwZSI6InlvdXR1YmUiLCJsYXllcl92aWRlb19pZCI6IiIsImxheWVyX3ZpZGVvX2hlaWdodCI6IjIwMCIsImxheWVyX3ZpZGVvX3dpZHRoIjoiMzAwIiwibGF5ZXJfdmlkZW9fdGh1bWIiOiIiLCJsYXllcl9pZCI6IjRfMSIsImxheWVyX2NvbnRlbnQiOiIiLCJsYXllcl90eXBlIjoidGV4dCIsImxheWVyX3N0YXR1cyI6IjEiLCJsYXllcl9jbGFzcyI6ImJsYWNrIGxhcmdlX3RleHQiLCJsYXllcl9jYXB0aW9uIjoiSWwgbm9zdHJvIGNsYXNzaWNvIFRhcGVyZWQgKENUKSBpbiBmb3JtYSBcdTAwYzNcdTAwYTggb3JhIGRpc3BvbmliaWxlIiwibGF5ZXJfZm9udF9zaXplIjoiIiwibGF5ZXJfYmFja2dyb3VuZF9jb2xvciI6IiIsImxheWVyX2NvbG9yIjoiIiwibGF5ZXJfbGluayI6IiIsImxheWVyX3RhcmdldCI6InNhbWUiLCJsYXllcl90b3AiOiI1NDIiLCJsYXllcl9sZWZ0IjoiNzkzIiwibGF5ZXJfdHJhbnNpdGlvbiI6ImZhZGUiLCJ0aW1lX3N0YXJ0IjpudWxsfSx7ImxheWVyX3ZpZGVvX3R5cGUiOiJ5b3V0dWJlIiwibGF5ZXJfdmlkZW9faWQiOiIiLCJsYXllcl92aWRlb19oZWlnaHQiOiIyMDAiLCJsYXllcl92aWRlb193aWR0aCI6IjMwMCIsImxheWVyX3ZpZGVvX3RodW1iIjoiIiwibGF5ZXJfaWQiOiI0XzIiLCJsYXllcl9jb250ZW50IjoiIiwibGF5ZXJfdHlwZSI6InRleHQiLCJsYXllcl9zdGF0dXMiOiIxIiwibGF5ZXJfY2xhc3MiOiJoaWRkZW4teHMgYm94c2hhZG93IHZlcnlfYmlnX2JsYWNrIG1lZGl1bV90ZXh0IiwibGF5ZXJfY2FwdGlvbiI6IjxzcGFuIGNsYXNzPVwiYnRuIGJ1dHRvblwiPmxlZ2dpIGRpIHBpXHUwMGMzXHUwMGI5PFwvc3Bhbj4iLCJsYXllcl9mb250X3NpemUiOiIiLCJsYXllcl9iYWNrZ3JvdW5kX2NvbG9yIjoiIiwibGF5ZXJfY29sb3IiOiIiLCJsYXllcl9saW5rIjoiIiwibGF5ZXJfdGFyZ2V0Ijoic2FtZSIsImxheWVyX3RvcCI6IjYxOCIsImxheWVyX2xlZnQiOiI4ODgiLCJsYXllcl90cmFuc2l0aW9uIjoiZmFkZSIsInRpbWVfc3RhcnQiOm51bGx9LHsibGF5ZXJfdmlkZW9fdHlwZSI6InlvdXR1YmUiLCJsYXllcl92aWRlb19pZCI6IiIsImxheWVyX3ZpZGVvX2hlaWdodCI6IjIwMCIsImxheWVyX3ZpZGVvX3dpZHRoIjoiMzAwIiwibGF5ZXJfdmlkZW9fdGh1bWIiOiIiLCJsYXllcl9pZCI6IjRfMyIsImxheWVyX2NvbnRlbnQiOiIiLCJsYXllcl90eXBlIjoidGV4dCIsImxheWVyX3N0YXR1cyI6IjEiLCJsYXllcl9jbGFzcyI6InZlcnlfbGFyZ2VfdGV4dCIsImxheWVyX2NhcHRpb24iOiJOdW92byBHdWFyZGEiLCJsYXllcl9mb250X3NpemUiOiIiLCJsYXllcl9iYWNrZ3JvdW5kX2NvbG9yIjoiIiwibGF5ZXJfY29sb3IiOiIiLCJsYXllcl9saW5rIjoiIiwibGF5ZXJfdGFyZ2V0Ijoic2FtZSIsImxheWVyX3RvcCI6IjQzNiIsImxheWVyX2xlZnQiOiI3NjgiLCJsYXllcl90cmFuc2l0aW9uIjoiZmFkZSIsInRpbWVfc3RhcnQiOm51bGx9XQ=='),(133,2,'Sample2','','slide-show.jpg','','eyJ1c2V2aWRlbyI6IjAiLCJ2aWRlb2lkIjoiIiwidmlkZW9hdXRvIjoiMSIsImJhY2tncm91bmRfY29sb3IiOiIiLCJidWxsZXRfZGVzY3JpcHRpb24iOiIifQ==','W3sibGF5ZXJfdmlkZW9fdHlwZSI6InlvdXR1YmUiLCJsYXllcl92aWRlb19pZCI6IiIsImxheWVyX3ZpZGVvX2hlaWdodCI6IjIwMCIsImxheWVyX3ZpZGVvX3dpZHRoIjoiMzAwIiwibGF5ZXJfdmlkZW9fdGh1bWIiOiIiLCJsYXllcl9pZCI6IjFfMSIsImxheWVyX2NvbnRlbnQiOiIiLCJsYXllcl90eXBlIjoidGV4dCIsImxheWVyX3N0YXR1cyI6IjEiLCJsYXllcl9jbGFzcyI6ImJsYWNrIGxhcmdlX3RleHQiLCJsYXllcl9jYXB0aW9uIjoiT3VyIENsYXNzaWMgQ29uaXF1ZSAoQ1QpIGZpdCBpcyBub3cgYXZhaWxhYmxlIiwibGF5ZXJfZm9udF9zaXplIjoiIiwibGF5ZXJfYmFja2dyb3VuZF9jb2xvciI6IiIsImxheWVyX2NvbG9yIjoiIiwibGF5ZXJfbGluayI6IiIsImxheWVyX3RhcmdldCI6InNhbWUiLCJsYXllcl90b3AiOiI1NDIiLCJsYXllcl9sZWZ0IjoiNzkzIiwibGF5ZXJfdHJhbnNpdGlvbiI6ImZhZGUiLCJ0aW1lX3N0YXJ0IjpudWxsfSx7ImxheWVyX3ZpZGVvX3R5cGUiOiJ5b3V0dWJlIiwibGF5ZXJfdmlkZW9faWQiOiIiLCJsYXllcl92aWRlb19oZWlnaHQiOiIyMDAiLCJsYXllcl92aWRlb193aWR0aCI6IjMwMCIsImxheWVyX3ZpZGVvX3RodW1iIjoiIiwibGF5ZXJfaWQiOiIxXzIiLCJsYXllcl9jb250ZW50IjoiIiwibGF5ZXJfdHlwZSI6InRleHQiLCJsYXllcl9zdGF0dXMiOiIxIiwibGF5ZXJfY2xhc3MiOiJoaWRkZW4teHMgYm94c2hhZG93IHZlcnlfYmlnX2JsYWNrIG1lZGl1bV90ZXh0IiwibGF5ZXJfY2FwdGlvbiI6IjxzcGFuIGNsYXNzPVwiYnRuIGJ1dHRvblwiPlJlYWQgTW9yZTxcL3NwYW4+IiwibGF5ZXJfZm9udF9zaXplIjoiIiwibGF5ZXJfYmFja2dyb3VuZF9jb2xvciI6IiIsImxheWVyX2NvbG9yIjoiIiwibGF5ZXJfbGluayI6IiIsImxheWVyX3RhcmdldCI6InNhbWUiLCJsYXllcl90b3AiOiI2MTgiLCJsYXllcl9sZWZ0IjoiODg4IiwibGF5ZXJfdHJhbnNpdGlvbiI6ImZhZGUiLCJ0aW1lX3N0YXJ0IjpudWxsfSx7ImxheWVyX3ZpZGVvX3R5cGUiOiJ5b3V0dWJlIiwibGF5ZXJfdmlkZW9faWQiOiIiLCJsYXllcl92aWRlb19oZWlnaHQiOiIyMDAiLCJsYXllcl92aWRlb193aWR0aCI6IjMwMCIsImxheWVyX3ZpZGVvX3RodW1iIjoiIiwibGF5ZXJfaWQiOiIxXzMiLCJsYXllcl9jb250ZW50IjoiIiwibGF5ZXJfdHlwZSI6InRleHQiLCJsYXllcl9zdGF0dXMiOiIxIiwibGF5ZXJfY2xhc3MiOiJ2ZXJ5X2xhcmdlX3RleHQiLCJsYXllcl9jYXB0aW9uIjoiTmV3IExvb2siLCJsYXllcl9mb250X3NpemUiOiIiLCJsYXllcl9iYWNrZ3JvdW5kX2NvbG9yIjoiIiwibGF5ZXJfY29sb3IiOiIiLCJsYXllcl9saW5rIjoiIiwibGF5ZXJfdGFyZ2V0Ijoic2FtZSIsImxheWVyX3RvcCI6IjQzNiIsImxheWVyX2xlZnQiOiI3NjgiLCJsYXllcl90cmFuc2l0aW9uIjoiZmFkZSIsInRpbWVfc3RhcnQiOm51bGx9XQ=='),(133,3,'Duplicate of Sample1','','slide-1.jpg','','eyJ1c2V2aWRlbyI6IjAiLCJ2aWRlb2lkIjoiIiwidmlkZW9hdXRvIjoiMSIsImJhY2tncm91bmRfY29sb3IiOiIiLCJidWxsZXRfZGVzY3JpcHRpb24iOiIifQ==','W3sibGF5ZXJfdmlkZW9fdHlwZSI6InlvdXR1YmUiLCJsYXllcl92aWRlb19pZCI6IiIsImxheWVyX3ZpZGVvX2hlaWdodCI6IjIwMCIsImxheWVyX3ZpZGVvX3dpZHRoIjoiMzAwIiwibGF5ZXJfdmlkZW9fdGh1bWIiOiIiLCJsYXllcl9pZCI6IjNfMSIsImxheWVyX2NvbnRlbnQiOiIiLCJsYXllcl90eXBlIjoidGV4dCIsImxheWVyX3N0YXR1cyI6IjEiLCJsYXllcl9jbGFzcyI6ImJsYWNrIGxhcmdlX3RleHQiLCJsYXllcl9jYXB0aW9uIjoiTnVlc3RyYSAoQ1QpIGVuIGZvcm1hIGNcdTAwYzNcdTAwYjNuaWNhIGNsXHUwMGMzXHUwMGExc2ljbyB5YSBlc3RcdTAwYzNcdTAwYTEgZGlzcG9uaWJsZSIsImxheWVyX2ZvbnRfc2l6ZSI6IiIsImxheWVyX2JhY2tncm91bmRfY29sb3IiOiIiLCJsYXllcl9jb2xvciI6IiIsImxheWVyX2xpbmsiOiIiLCJsYXllcl90YXJnZXQiOiJzYW1lIiwibGF5ZXJfdG9wIjoiNTQyIiwibGF5ZXJfbGVmdCI6Ijc5MyIsImxheWVyX3RyYW5zaXRpb24iOiJmYWRlIiwidGltZV9zdGFydCI6bnVsbH0seyJsYXllcl92aWRlb190eXBlIjoieW91dHViZSIsImxheWVyX3ZpZGVvX2lkIjoiIiwibGF5ZXJfdmlkZW9faGVpZ2h0IjoiMjAwIiwibGF5ZXJfdmlkZW9fd2lkdGgiOiIzMDAiLCJsYXllcl92aWRlb190aHVtYiI6IiIsImxheWVyX2lkIjoiM18yIiwibGF5ZXJfY29udGVudCI6IiIsImxheWVyX3R5cGUiOiJ0ZXh0IiwibGF5ZXJfc3RhdHVzIjoiMSIsImxheWVyX2NsYXNzIjoiaGlkZGVuLXhzIGJveHNoYWRvdyB2ZXJ5X2JpZ19ibGFjayBtZWRpdW1fdGV4dCIsImxheWVyX2NhcHRpb24iOiI8c3BhbiBjbGFzcz1cImJ0biBidXR0b25cIj5MZWUgbWFzPFwvc3Bhbj4iLCJsYXllcl9mb250X3NpemUiOiIiLCJsYXllcl9iYWNrZ3JvdW5kX2NvbG9yIjoiIiwibGF5ZXJfY29sb3IiOiIiLCJsYXllcl9saW5rIjoiIiwibGF5ZXJfdGFyZ2V0Ijoic2FtZSIsImxheWVyX3RvcCI6IjYxOCIsImxheWVyX2xlZnQiOiI4ODgiLCJsYXllcl90cmFuc2l0aW9uIjoiZmFkZSIsInRpbWVfc3RhcnQiOm51bGx9LHsibGF5ZXJfdmlkZW9fdHlwZSI6InlvdXR1YmUiLCJsYXllcl92aWRlb19pZCI6IiIsImxheWVyX3ZpZGVvX2hlaWdodCI6IjIwMCIsImxheWVyX3ZpZGVvX3dpZHRoIjoiMzAwIiwibGF5ZXJfdmlkZW9fdGh1bWIiOiIiLCJsYXllcl9pZCI6IjNfMyIsImxheWVyX2NvbnRlbnQiOiIiLCJsYXllcl90eXBlIjoidGV4dCIsImxheWVyX3N0YXR1cyI6IjEiLCJsYXllcl9jbGFzcyI6InZlcnlfbGFyZ2VfdGV4dCIsImxheWVyX2NhcHRpb24iOiJOdWV2byBlc3RpbG8iLCJsYXllcl9mb250X3NpemUiOiIiLCJsYXllcl9iYWNrZ3JvdW5kX2NvbG9yIjoiIiwibGF5ZXJfY29sb3IiOiIiLCJsYXllcl9saW5rIjoiIiwibGF5ZXJfdGFyZ2V0Ijoic2FtZSIsImxheWVyX3RvcCI6IjQzNiIsImxheWVyX2xlZnQiOiI3NjgiLCJsYXllcl90cmFuc2l0aW9uIjoiZmFkZSIsInRpbWVfc3RhcnQiOm51bGx9XQ=='),(133,4,'Duplicate of Sample1','','slide-1.jpg','','eyJ1c2V2aWRlbyI6IjAiLCJ2aWRlb2lkIjoiIiwidmlkZW9hdXRvIjoiMSIsImJhY2tncm91bmRfY29sb3IiOiIiLCJidWxsZXRfZGVzY3JpcHRpb24iOiIifQ==','W3sibGF5ZXJfdmlkZW9fdHlwZSI6InlvdXR1YmUiLCJsYXllcl92aWRlb19pZCI6IiIsImxheWVyX3ZpZGVvX2hlaWdodCI6IjIwMCIsImxheWVyX3ZpZGVvX3dpZHRoIjoiMzAwIiwibGF5ZXJfdmlkZW9fdGh1bWIiOiIiLCJsYXllcl9pZCI6IjZfMSIsImxheWVyX2NvbnRlbnQiOiIiLCJsYXllcl90eXBlIjoidGV4dCIsImxheWVyX3N0YXR1cyI6IjEiLCJsYXllcl9jbGFzcyI6ImJsYWNrIGxhcmdlX3RleHQiLCJsYXllcl9jYXB0aW9uIjoiVW5zZXIgQ2xhc3NpYy1LZWdlbCAoQ1QpIGZpdCBpc3QgYWIgc29mb3J0IHZlcmZcdTAwYzNcdTAwYmNnYmFyIiwibGF5ZXJfZm9udF9zaXplIjoiIiwibGF5ZXJfYmFja2dyb3VuZF9jb2xvciI6IiIsImxheWVyX2NvbG9yIjoiIiwibGF5ZXJfbGluayI6IiIsImxheWVyX3RhcmdldCI6InNhbWUiLCJsYXllcl90b3AiOiI1NDIiLCJsYXllcl9sZWZ0IjoiNzkzIiwibGF5ZXJfdHJhbnNpdGlvbiI6ImZhZGUiLCJ0aW1lX3N0YXJ0IjpudWxsfSx7ImxheWVyX3ZpZGVvX3R5cGUiOiJ5b3V0dWJlIiwibGF5ZXJfdmlkZW9faWQiOiIiLCJsYXllcl92aWRlb19oZWlnaHQiOiIyMDAiLCJsYXllcl92aWRlb193aWR0aCI6IjMwMCIsImxheWVyX3ZpZGVvX3RodW1iIjoiIiwibGF5ZXJfaWQiOiI2XzIiLCJsYXllcl9jb250ZW50IjoiIiwibGF5ZXJfdHlwZSI6InRleHQiLCJsYXllcl9zdGF0dXMiOiIxIiwibGF5ZXJfY2xhc3MiOiJoaWRkZW4teHMgYm94c2hhZG93IHZlcnlfYmlnX2JsYWNrIG1lZGl1bV90ZXh0IiwibGF5ZXJfY2FwdGlvbiI6IjxzcGFuIGNsYXNzPVwiYnRuIGJ1dHRvblwiPldlaXRlcmxlc2VuPFwvc3Bhbj4iLCJsYXllcl9mb250X3NpemUiOiIiLCJsYXllcl9iYWNrZ3JvdW5kX2NvbG9yIjoiIiwibGF5ZXJfY29sb3IiOiIiLCJsYXllcl9saW5rIjoiIiwibGF5ZXJfdGFyZ2V0Ijoic2FtZSIsImxheWVyX3RvcCI6IjYxOCIsImxheWVyX2xlZnQiOiI4ODgiLCJsYXllcl90cmFuc2l0aW9uIjoiZmFkZSIsInRpbWVfc3RhcnQiOm51bGx9LHsibGF5ZXJfdmlkZW9fdHlwZSI6InlvdXR1YmUiLCJsYXllcl92aWRlb19pZCI6IiIsImxheWVyX3ZpZGVvX2hlaWdodCI6IjIwMCIsImxheWVyX3ZpZGVvX3dpZHRoIjoiMzAwIiwibGF5ZXJfdmlkZW9fdGh1bWIiOiIiLCJsYXllcl9pZCI6IjZfMyIsImxheWVyX2NvbnRlbnQiOiIiLCJsYXllcl90eXBlIjoidGV4dCIsImxheWVyX3N0YXR1cyI6IjEiLCJsYXllcl9jbGFzcyI6InZlcnlfbGFyZ2VfdGV4dCIsImxheWVyX2NhcHRpb24iOiJOZXVlcyBBdXNzZWhlbiIsImxheWVyX2ZvbnRfc2l6ZSI6IiIsImxheWVyX2JhY2tncm91bmRfY29sb3IiOiIiLCJsYXllcl9jb2xvciI6IiIsImxheWVyX2xpbmsiOiIiLCJsYXllcl90YXJnZXQiOiJzYW1lIiwibGF5ZXJfdG9wIjoiNDM2IiwibGF5ZXJfbGVmdCI6Ijc2OCIsImxheWVyX3RyYW5zaXRpb24iOiJmYWRlIiwidGltZV9zdGFydCI6bnVsbH1d'),(133,5,'Duplicate of Sample1','','slide-1.jpg','','eyJ1c2V2aWRlbyI6IjAiLCJ2aWRlb2lkIjoiIiwidmlkZW9hdXRvIjoiMSIsImJhY2tncm91bmRfY29sb3IiOiIiLCJidWxsZXRfZGVzY3JpcHRpb24iOiIifQ==','W3sibGF5ZXJfdmlkZW9fdHlwZSI6InlvdXR1YmUiLCJsYXllcl92aWRlb19pZCI6IiIsImxheWVyX3ZpZGVvX2hlaWdodCI6IjIwMCIsImxheWVyX3ZpZGVvX3dpZHRoIjoiMzAwIiwibGF5ZXJfdmlkZW9fdGh1bWIiOiIiLCJsYXllcl9pZCI6IjJfMSIsImxheWVyX2NvbnRlbnQiOiIiLCJsYXllcl90eXBlIjoidGV4dCIsImxheWVyX3N0YXR1cyI6IjEiLCJsYXllcl9jbGFzcyI6ImJsYWNrIGxhcmdlX3RleHQiLCJsYXllcl9jYXB0aW9uIjoiTm90cmUgY2xhc3NpcXVlIFRhcGVyZWQgKENUKSBlbiBmb3JtZSBlc3QgbWFpbnRlbmFudCBkaXNwb25pYmxlIiwibGF5ZXJfZm9udF9zaXplIjoiIiwibGF5ZXJfYmFja2dyb3VuZF9jb2xvciI6IiIsImxheWVyX2NvbG9yIjoiIiwibGF5ZXJfbGluayI6IiIsImxheWVyX3RhcmdldCI6InNhbWUiLCJsYXllcl90b3AiOiI1NDIiLCJsYXllcl9sZWZ0IjoiNzkzIiwibGF5ZXJfdHJhbnNpdGlvbiI6ImZhZGUiLCJ0aW1lX3N0YXJ0IjpudWxsfSx7ImxheWVyX3ZpZGVvX3R5cGUiOiJ5b3V0dWJlIiwibGF5ZXJfdmlkZW9faWQiOiIiLCJsYXllcl92aWRlb19oZWlnaHQiOiIyMDAiLCJsYXllcl92aWRlb193aWR0aCI6IjMwMCIsImxheWVyX3ZpZGVvX3RodW1iIjoiIiwibGF5ZXJfaWQiOiIyXzIiLCJsYXllcl9jb250ZW50IjoiIiwibGF5ZXJfdHlwZSI6InRleHQiLCJsYXllcl9zdGF0dXMiOiIxIiwibGF5ZXJfY2xhc3MiOiJoaWRkZW4teHMgYm94c2hhZG93IHZlcnlfYmlnX2JsYWNrIG1lZGl1bV90ZXh0IiwibGF5ZXJfY2FwdGlvbiI6IjxzcGFuIGNsYXNzPVwiYnRuIGJ1dHRvblwiPmxpcmUgcGx1czxcL3NwYW4+IiwibGF5ZXJfZm9udF9zaXplIjoiIiwibGF5ZXJfYmFja2dyb3VuZF9jb2xvciI6IiIsImxheWVyX2NvbG9yIjoiIiwibGF5ZXJfbGluayI6IiIsImxheWVyX3RhcmdldCI6InNhbWUiLCJsYXllcl90b3AiOiI2MTgiLCJsYXllcl9sZWZ0IjoiODg4IiwibGF5ZXJfdHJhbnNpdGlvbiI6ImZhZGUiLCJ0aW1lX3N0YXJ0IjpudWxsfSx7ImxheWVyX3ZpZGVvX3R5cGUiOiJ5b3V0dWJlIiwibGF5ZXJfdmlkZW9faWQiOiIiLCJsYXllcl92aWRlb19oZWlnaHQiOiIyMDAiLCJsYXllcl92aWRlb193aWR0aCI6IjMwMCIsImxheWVyX3ZpZGVvX3RodW1iIjoiIiwibGF5ZXJfaWQiOiIyXzMiLCJsYXllcl9jb250ZW50IjoiIiwibGF5ZXJfdHlwZSI6InRleHQiLCJsYXllcl9zdGF0dXMiOiIxIiwibGF5ZXJfY2xhc3MiOiJ2ZXJ5X2xhcmdlX3RleHQiLCJsYXllcl9jYXB0aW9uIjoiTm91dmVhdSBSZWdhcmQiLCJsYXllcl9mb250X3NpemUiOiIiLCJsYXllcl9iYWNrZ3JvdW5kX2NvbG9yIjoiIiwibGF5ZXJfY29sb3IiOiIiLCJsYXllcl9saW5rIjoiIiwibGF5ZXJfdGFyZ2V0Ijoic2FtZSIsImxheWVyX3RvcCI6IjQzNiIsImxheWVyX2xlZnQiOiI3NjgiLCJsYXllcl90cmFuc2l0aW9uIjoiZmFkZSIsInRpbWVfc3RhcnQiOm51bGx9XQ=='),(133,6,'Duplicate of Sample1','','slide-1.jpg','','eyJ1c2V2aWRlbyI6IjAiLCJ2aWRlb2lkIjoiIiwidmlkZW9hdXRvIjoiMSIsImJhY2tncm91bmRfY29sb3IiOiIiLCJidWxsZXRfZGVzY3JpcHRpb24iOiIifQ==','W3sibGF5ZXJfdmlkZW9fdHlwZSI6InlvdXR1YmUiLCJsYXllcl92aWRlb19pZCI6IiIsImxheWVyX3ZpZGVvX2hlaWdodCI6IjIwMCIsImxheWVyX3ZpZGVvX3dpZHRoIjoiMzAwIiwibGF5ZXJfdmlkZW9fdGh1bWIiOiIiLCJsYXllcl9pZCI6IjRfMSIsImxheWVyX2NvbnRlbnQiOiIiLCJsYXllcl90eXBlIjoidGV4dCIsImxheWVyX3N0YXR1cyI6IjEiLCJsYXllcl9jbGFzcyI6ImJsYWNrIGxhcmdlX3RleHQiLCJsYXllcl9jYXB0aW9uIjoiSWwgbm9zdHJvIGNsYXNzaWNvIFRhcGVyZWQgKENUKSBpbiBmb3JtYSBcdTAwYzNcdTAwYTggb3JhIGRpc3BvbmliaWxlIiwibGF5ZXJfZm9udF9zaXplIjoiIiwibGF5ZXJfYmFja2dyb3VuZF9jb2xvciI6IiIsImxheWVyX2NvbG9yIjoiIiwibGF5ZXJfbGluayI6IiIsImxheWVyX3RhcmdldCI6InNhbWUiLCJsYXllcl90b3AiOiI1NDIiLCJsYXllcl9sZWZ0IjoiNzkzIiwibGF5ZXJfdHJhbnNpdGlvbiI6ImZhZGUiLCJ0aW1lX3N0YXJ0IjpudWxsfSx7ImxheWVyX3ZpZGVvX3R5cGUiOiJ5b3V0dWJlIiwibGF5ZXJfdmlkZW9faWQiOiIiLCJsYXllcl92aWRlb19oZWlnaHQiOiIyMDAiLCJsYXllcl92aWRlb193aWR0aCI6IjMwMCIsImxheWVyX3ZpZGVvX3RodW1iIjoiIiwibGF5ZXJfaWQiOiI0XzIiLCJsYXllcl9jb250ZW50IjoiIiwibGF5ZXJfdHlwZSI6InRleHQiLCJsYXllcl9zdGF0dXMiOiIxIiwibGF5ZXJfY2xhc3MiOiJoaWRkZW4teHMgYm94c2hhZG93IHZlcnlfYmlnX2JsYWNrIG1lZGl1bV90ZXh0IiwibGF5ZXJfY2FwdGlvbiI6IjxzcGFuIGNsYXNzPVwiYnRuIGJ1dHRvblwiPmxlZ2dpIGRpIHBpXHUwMGMzXHUwMGI5PFwvc3Bhbj4iLCJsYXllcl9mb250X3NpemUiOiIiLCJsYXllcl9iYWNrZ3JvdW5kX2NvbG9yIjoiIiwibGF5ZXJfY29sb3IiOiIiLCJsYXllcl9saW5rIjoiIiwibGF5ZXJfdGFyZ2V0Ijoic2FtZSIsImxheWVyX3RvcCI6IjYxOCIsImxheWVyX2xlZnQiOiI4ODgiLCJsYXllcl90cmFuc2l0aW9uIjoiZmFkZSIsInRpbWVfc3RhcnQiOm51bGx9LHsibGF5ZXJfdmlkZW9fdHlwZSI6InlvdXR1YmUiLCJsYXllcl92aWRlb19pZCI6IiIsImxheWVyX3ZpZGVvX2hlaWdodCI6IjIwMCIsImxheWVyX3ZpZGVvX3dpZHRoIjoiMzAwIiwibGF5ZXJfdmlkZW9fdGh1bWIiOiIiLCJsYXllcl9pZCI6IjRfMyIsImxheWVyX2NvbnRlbnQiOiIiLCJsYXllcl90eXBlIjoidGV4dCIsImxheWVyX3N0YXR1cyI6IjEiLCJsYXllcl9jbGFzcyI6InZlcnlfbGFyZ2VfdGV4dCIsImxheWVyX2NhcHRpb24iOiJOdW92byBHdWFyZGEiLCJsYXllcl9mb250X3NpemUiOiIiLCJsYXllcl9iYWNrZ3JvdW5kX2NvbG9yIjoiIiwibGF5ZXJfY29sb3IiOiIiLCJsYXllcl9saW5rIjoiIiwibGF5ZXJfdGFyZ2V0Ijoic2FtZSIsImxheWVyX3RvcCI6IjQzNiIsImxheWVyX2xlZnQiOiI3NjgiLCJsYXllcl90cmFuc2l0aW9uIjoiZmFkZSIsInRpbWVfc3RhcnQiOm51bGx9XQ=='),(133,7,'Duplicate of Sample1','','slide-1.jpg','','eyJ1c2V2aWRlbyI6IjAiLCJ2aWRlb2lkIjoiIiwidmlkZW9hdXRvIjoiMSIsImJhY2tncm91bmRfY29sb3IiOiIiLCJidWxsZXRfZGVzY3JpcHRpb24iOiIifQ==','W3sibGF5ZXJfdmlkZW9fdHlwZSI6InlvdXR1YmUiLCJsYXllcl92aWRlb19pZCI6IiIsImxheWVyX3ZpZGVvX2hlaWdodCI6IjIwMCIsImxheWVyX3ZpZGVvX3dpZHRoIjoiMzAwIiwibGF5ZXJfdmlkZW9fdGh1bWIiOiIiLCJsYXllcl9pZCI6IjRfMSIsImxheWVyX2NvbnRlbnQiOiIiLCJsYXllcl90eXBlIjoidGV4dCIsImxheWVyX3N0YXR1cyI6IjEiLCJsYXllcl9jbGFzcyI6ImJsYWNrIGxhcmdlX3RleHQiLCJsYXllcl9jYXB0aW9uIjoiSWwgbm9zdHJvIGNsYXNzaWNvIFRhcGVyZWQgKENUKSBpbiBmb3JtYSBcdTAwYzNcdTAwYTggb3JhIGRpc3BvbmliaWxlIiwibGF5ZXJfZm9udF9zaXplIjoiIiwibGF5ZXJfYmFja2dyb3VuZF9jb2xvciI6IiIsImxheWVyX2NvbG9yIjoiIiwibGF5ZXJfbGluayI6IiIsImxheWVyX3RhcmdldCI6InNhbWUiLCJsYXllcl90b3AiOiI1NDIiLCJsYXllcl9sZWZ0IjoiNzkzIiwibGF5ZXJfdHJhbnNpdGlvbiI6ImZhZGUiLCJ0aW1lX3N0YXJ0IjpudWxsfSx7ImxheWVyX3ZpZGVvX3R5cGUiOiJ5b3V0dWJlIiwibGF5ZXJfdmlkZW9faWQiOiIiLCJsYXllcl92aWRlb19oZWlnaHQiOiIyMDAiLCJsYXllcl92aWRlb193aWR0aCI6IjMwMCIsImxheWVyX3ZpZGVvX3RodW1iIjoiIiwibGF5ZXJfaWQiOiI0XzIiLCJsYXllcl9jb250ZW50IjoiIiwibGF5ZXJfdHlwZSI6InRleHQiLCJsYXllcl9zdGF0dXMiOiIxIiwibGF5ZXJfY2xhc3MiOiJoaWRkZW4teHMgYm94c2hhZG93IHZlcnlfYmlnX2JsYWNrIG1lZGl1bV90ZXh0IiwibGF5ZXJfY2FwdGlvbiI6IjxzcGFuIGNsYXNzPVwiYnRuIGJ1dHRvblwiPmxlZ2dpIGRpIHBpXHUwMGMzXHUwMGI5PFwvc3Bhbj4iLCJsYXllcl9mb250X3NpemUiOiIiLCJsYXllcl9iYWNrZ3JvdW5kX2NvbG9yIjoiIiwibGF5ZXJfY29sb3IiOiIiLCJsYXllcl9saW5rIjoiIiwibGF5ZXJfdGFyZ2V0Ijoic2FtZSIsImxheWVyX3RvcCI6IjYxOCIsImxheWVyX2xlZnQiOiI4ODgiLCJsYXllcl90cmFuc2l0aW9uIjoiZmFkZSIsInRpbWVfc3RhcnQiOm51bGx9LHsibGF5ZXJfdmlkZW9fdHlwZSI6InlvdXR1YmUiLCJsYXllcl92aWRlb19pZCI6IiIsImxheWVyX3ZpZGVvX2hlaWdodCI6IjIwMCIsImxheWVyX3ZpZGVvX3dpZHRoIjoiMzAwIiwibGF5ZXJfdmlkZW9fdGh1bWIiOiIiLCJsYXllcl9pZCI6IjRfMyIsImxheWVyX2NvbnRlbnQiOiIiLCJsYXllcl90eXBlIjoidGV4dCIsImxheWVyX3N0YXR1cyI6IjEiLCJsYXllcl9jbGFzcyI6InZlcnlfbGFyZ2VfdGV4dCIsImxheWVyX2NhcHRpb24iOiJOdW92byBHdWFyZGEiLCJsYXllcl9mb250X3NpemUiOiIiLCJsYXllcl9iYWNrZ3JvdW5kX2NvbG9yIjoiIiwibGF5ZXJfY29sb3IiOiIiLCJsYXllcl9saW5rIjoiIiwibGF5ZXJfdGFyZ2V0Ijoic2FtZSIsImxheWVyX3RvcCI6IjQzNiIsImxheWVyX2xlZnQiOiI3NjgiLCJsYXllcl90cmFuc2l0aW9uIjoiZmFkZSIsInRpbWVfc3RhcnQiOm51bGx9XQ=='),(133,8,'Duplicate of Sample1','','slide-1.jpg','','eyJ1c2V2aWRlbyI6IjAiLCJ2aWRlb2lkIjoiIiwidmlkZW9hdXRvIjoiMSIsImJhY2tncm91bmRfY29sb3IiOiIiLCJidWxsZXRfZGVzY3JpcHRpb24iOiIifQ==','W3sibGF5ZXJfdmlkZW9fdHlwZSI6InlvdXR1YmUiLCJsYXllcl92aWRlb19pZCI6IiIsImxheWVyX3ZpZGVvX2hlaWdodCI6IjIwMCIsImxheWVyX3ZpZGVvX3dpZHRoIjoiMzAwIiwibGF5ZXJfdmlkZW9fdGh1bWIiOiIiLCJsYXllcl9pZCI6IjRfMSIsImxheWVyX2NvbnRlbnQiOiIiLCJsYXllcl90eXBlIjoidGV4dCIsImxheWVyX3N0YXR1cyI6IjEiLCJsYXllcl9jbGFzcyI6ImJsYWNrIGxhcmdlX3RleHQiLCJsYXllcl9jYXB0aW9uIjoiSWwgbm9zdHJvIGNsYXNzaWNvIFRhcGVyZWQgKENUKSBpbiBmb3JtYSBcdTAwYzNcdTAwYTggb3JhIGRpc3BvbmliaWxlIiwibGF5ZXJfZm9udF9zaXplIjoiIiwibGF5ZXJfYmFja2dyb3VuZF9jb2xvciI6IiIsImxheWVyX2NvbG9yIjoiIiwibGF5ZXJfbGluayI6IiIsImxheWVyX3RhcmdldCI6InNhbWUiLCJsYXllcl90b3AiOiI1NDIiLCJsYXllcl9sZWZ0IjoiNzkzIiwibGF5ZXJfdHJhbnNpdGlvbiI6ImZhZGUiLCJ0aW1lX3N0YXJ0IjpudWxsfSx7ImxheWVyX3ZpZGVvX3R5cGUiOiJ5b3V0dWJlIiwibGF5ZXJfdmlkZW9faWQiOiIiLCJsYXllcl92aWRlb19oZWlnaHQiOiIyMDAiLCJsYXllcl92aWRlb193aWR0aCI6IjMwMCIsImxheWVyX3ZpZGVvX3RodW1iIjoiIiwibGF5ZXJfaWQiOiI0XzIiLCJsYXllcl9jb250ZW50IjoiIiwibGF5ZXJfdHlwZSI6InRleHQiLCJsYXllcl9zdGF0dXMiOiIxIiwibGF5ZXJfY2xhc3MiOiJoaWRkZW4teHMgYm94c2hhZG93IHZlcnlfYmlnX2JsYWNrIG1lZGl1bV90ZXh0IiwibGF5ZXJfY2FwdGlvbiI6IjxzcGFuIGNsYXNzPVwiYnRuIGJ1dHRvblwiPmxlZ2dpIGRpIHBpXHUwMGMzXHUwMGI5PFwvc3Bhbj4iLCJsYXllcl9mb250X3NpemUiOiIiLCJsYXllcl9iYWNrZ3JvdW5kX2NvbG9yIjoiIiwibGF5ZXJfY29sb3IiOiIiLCJsYXllcl9saW5rIjoiIiwibGF5ZXJfdGFyZ2V0Ijoic2FtZSIsImxheWVyX3RvcCI6IjYxOCIsImxheWVyX2xlZnQiOiI4ODgiLCJsYXllcl90cmFuc2l0aW9uIjoiZmFkZSIsInRpbWVfc3RhcnQiOm51bGx9LHsibGF5ZXJfdmlkZW9fdHlwZSI6InlvdXR1YmUiLCJsYXllcl92aWRlb19pZCI6IiIsImxheWVyX3ZpZGVvX2hlaWdodCI6IjIwMCIsImxheWVyX3ZpZGVvX3dpZHRoIjoiMzAwIiwibGF5ZXJfdmlkZW9fdGh1bWIiOiIiLCJsYXllcl9pZCI6IjRfMyIsImxheWVyX2NvbnRlbnQiOiIiLCJsYXllcl90eXBlIjoidGV4dCIsImxheWVyX3N0YXR1cyI6IjEiLCJsYXllcl9jbGFzcyI6InZlcnlfbGFyZ2VfdGV4dCIsImxheWVyX2NhcHRpb24iOiJOdW92byBHdWFyZGEiLCJsYXllcl9mb250X3NpemUiOiIiLCJsYXllcl9iYWNrZ3JvdW5kX2NvbG9yIjoiIiwibGF5ZXJfY29sb3IiOiIiLCJsYXllcl9saW5rIjoiIiwibGF5ZXJfdGFyZ2V0Ijoic2FtZSIsImxheWVyX3RvcCI6IjQzNiIsImxheWVyX2xlZnQiOiI3NjgiLCJsYXllcl90cmFuc2l0aW9uIjoiZmFkZSIsInRpbWVfc3RhcnQiOm51bGx9XQ=='),(136,1,'Sample1','','','','eyJ1c2V2aWRlbyI6IjAiLCJ2aWRlb2lkIjoiIiwidmlkZW9hdXRvIjoiMCIsImJhY2tncm91bmRfY29sb3IiOiIiLCJidWxsZXRfZGVzY3JpcHRpb24iOiIifQ==','W3sibGF5ZXJfdmlkZW9fdHlwZSI6InlvdXR1YmUiLCJsYXllcl92aWRlb19pZCI6IiIsImxheWVyX3ZpZGVvX2hlaWdodCI6IjIwMCIsImxheWVyX3ZpZGVvX3dpZHRoIjoiMzAwIiwibGF5ZXJfdmlkZW9fdGh1bWIiOiIiLCJsYXllcl9pZCI6IjFfMSIsImxheWVyX2NvbnRlbnQiOiJzbGlkZTEtaG9tZTMuanBnIiwibGF5ZXJfdHlwZSI6ImltYWdlIiwibGF5ZXJfc3RhdHVzIjoiMSIsImxheWVyX2NsYXNzIjoiIiwibGF5ZXJfY2FwdGlvbiI6IllvdXIgSW1hZ2UgSGVyZSA0IiwibGF5ZXJfZm9udF9zaXplIjoiIiwibGF5ZXJfYmFja2dyb3VuZF9jb2xvciI6IiIsImxheWVyX2NvbG9yIjoiIiwibGF5ZXJfbGluayI6IiIsImxheWVyX3RhcmdldCI6InNhbWUiLCJsYXllcl90b3AiOiIwIiwibGF5ZXJfbGVmdCI6IjAiLCJsYXllcl90cmFuc2l0aW9uIjoiZmFkZSIsInRpbWVfc3RhcnQiOm51bGx9LHsibGF5ZXJfdmlkZW9fdHlwZSI6InlvdXR1YmUiLCJsYXllcl92aWRlb19pZCI6IiIsImxheWVyX3ZpZGVvX2hlaWdodCI6IjIwMCIsImxheWVyX3ZpZGVvX3dpZHRoIjoiMzAwIiwibGF5ZXJfdmlkZW9fdGh1bWIiOiIiLCJsYXllcl9pZCI6IjFfMiIsImxheWVyX2NvbnRlbnQiOiJzbGlkZTEtaG9tZTMuanBnIiwibGF5ZXJfdHlwZSI6InRleHQiLCJsYXllcl9zdGF0dXMiOiIxIiwibGF5ZXJfY2xhc3MiOiJzbGlkZS10aXRsZSIsImxheWVyX2NhcHRpb24iOiJTcG9ydCBkb25uZSIsImxheWVyX2ZvbnRfc2l6ZSI6IiIsImxheWVyX2JhY2tncm91bmRfY29sb3IiOiIiLCJsYXllcl9jb2xvciI6IiIsImxheWVyX2xpbmsiOiIiLCJsYXllcl90YXJnZXQiOiJzYW1lIiwibGF5ZXJfdG9wIjoiMzI1IiwibGF5ZXJfbGVmdCI6IjIwNyIsImxheWVyX3RyYW5zaXRpb24iOiJmYWRlIiwidGltZV9zdGFydCI6bnVsbH0seyJsYXllcl92aWRlb190eXBlIjoieW91dHViZSIsImxheWVyX3ZpZGVvX2lkIjoiIiwibGF5ZXJfdmlkZW9faGVpZ2h0IjoiMjAwIiwibGF5ZXJfdmlkZW9fd2lkdGgiOiIzMDAiLCJsYXllcl92aWRlb190aHVtYiI6IiIsImxheWVyX2lkIjoiMV8zIiwibGF5ZXJfY29udGVudCI6InNsaWRlMS1ob21lMy5qcGciLCJsYXllcl90eXBlIjoidGV4dCIsImxheWVyX3N0YXR1cyI6IjEiLCJsYXllcl9jbGFzcyI6InNsaWRlLXRleHQiLCJsYXllcl9jYXB0aW9uIjoiZGlzY291bnQgY29kZSA5MCUgOiA8c3BhbiBjbGFzcz1cInNsaWRlLW5hbWVcIj5KS0E8XC9zcGFuPiIsImxheWVyX2ZvbnRfc2l6ZSI6IiIsImxheWVyX2JhY2tncm91bmRfY29sb3IiOiIiLCJsYXllcl9jb2xvciI6IiIsImxheWVyX2xpbmsiOiIiLCJsYXllcl90YXJnZXQiOiJzYW1lIiwibGF5ZXJfdG9wIjoiMzg2IiwibGF5ZXJfbGVmdCI6IjI2NSIsImxheWVyX3RyYW5zaXRpb24iOiJmYWRlIiwidGltZV9zdGFydCI6bnVsbH0seyJsYXllcl92aWRlb190eXBlIjoieW91dHViZSIsImxheWVyX3ZpZGVvX2lkIjoiIiwibGF5ZXJfdmlkZW9faGVpZ2h0IjoiMjAwIiwibGF5ZXJfdmlkZW9fd2lkdGgiOiIzMDAiLCJsYXllcl92aWRlb190aHVtYiI6IiIsImxheWVyX2lkIjoiMV80IiwibGF5ZXJfY29udGVudCI6InNsaWRlMS1ob21lMy5qcGciLCJsYXllcl90eXBlIjoidGV4dCIsImxheWVyX3N0YXR1cyI6IjEiLCJsYXllcl9jbGFzcyI6IiIsImxheWVyX2NhcHRpb24iOiI8YSBjbGFzcz1cImJ0biBidXR0b25cIiBocmVmPVwiaW5kZXgucGhwXCI+TGVnZ2kgZGkgcGlcdTAwYzNcdTAwYjk8XC9hPiIsImxheWVyX2ZvbnRfc2l6ZSI6IiIsImxheWVyX2JhY2tncm91bmRfY29sb3IiOiIiLCJsYXllcl9jb2xvciI6IiIsImxheWVyX2xpbmsiOiIiLCJsYXllcl90YXJnZXQiOiJzYW1lIiwibGF5ZXJfdG9wIjoiNDYxIiwibGF5ZXJfbGVmdCI6IjMzNSIsImxheWVyX3RyYW5zaXRpb24iOiJmYWRlIiwidGltZV9zdGFydCI6bnVsbH1d'),(136,2,'Sample1','','','','eyJ1c2V2aWRlbyI6IjAiLCJ2aWRlb2lkIjoiIiwidmlkZW9hdXRvIjoiMCIsImJhY2tncm91bmRfY29sb3IiOiIiLCJidWxsZXRfZGVzY3JpcHRpb24iOiIifQ==','W3sibGF5ZXJfdmlkZW9fdHlwZSI6InlvdXR1YmUiLCJsYXllcl92aWRlb19pZCI6IiIsImxheWVyX3ZpZGVvX2hlaWdodCI6IjIwMCIsImxheWVyX3ZpZGVvX3dpZHRoIjoiMzAwIiwibGF5ZXJfdmlkZW9fdGh1bWIiOiIiLCJsYXllcl9pZCI6IjJfMSIsImxheWVyX2NvbnRlbnQiOiJzbGlkZTEtaG9tZTMuanBnIiwibGF5ZXJfdHlwZSI6ImltYWdlIiwibGF5ZXJfc3RhdHVzIjoiMSIsImxheWVyX2NsYXNzIjoiIiwibGF5ZXJfY2FwdGlvbiI6IllvdXIgSW1hZ2UgSGVyZSA0IiwibGF5ZXJfZm9udF9zaXplIjoiIiwibGF5ZXJfYmFja2dyb3VuZF9jb2xvciI6IiIsImxheWVyX2NvbG9yIjoiIiwibGF5ZXJfbGluayI6IiIsImxheWVyX3RhcmdldCI6InNhbWUiLCJsYXllcl90b3AiOiIwIiwibGF5ZXJfbGVmdCI6IjAiLCJsYXllcl90cmFuc2l0aW9uIjoiZmFkZSIsInRpbWVfc3RhcnQiOm51bGx9LHsibGF5ZXJfdmlkZW9fdHlwZSI6InlvdXR1YmUiLCJsYXllcl92aWRlb19pZCI6IiIsImxheWVyX3ZpZGVvX2hlaWdodCI6IjIwMCIsImxheWVyX3ZpZGVvX3dpZHRoIjoiMzAwIiwibGF5ZXJfdmlkZW9fdGh1bWIiOiIiLCJsYXllcl9pZCI6IjJfMiIsImxheWVyX2NvbnRlbnQiOiJzbGlkZTEtaG9tZTMuanBnIiwibGF5ZXJfdHlwZSI6InRleHQiLCJsYXllcl9zdGF0dXMiOiIxIiwibGF5ZXJfY2xhc3MiOiJzbGlkZS10aXRsZSIsImxheWVyX2NhcHRpb24iOiJ3b21lbiBzcG9ydCIsImxheWVyX2ZvbnRfc2l6ZSI6IiIsImxheWVyX2JhY2tncm91bmRfY29sb3IiOiIiLCJsYXllcl9jb2xvciI6IiIsImxheWVyX2xpbmsiOiIiLCJsYXllcl90YXJnZXQiOiJzYW1lIiwibGF5ZXJfdG9wIjoiMzI1IiwibGF5ZXJfbGVmdCI6IjIwNyIsImxheWVyX3RyYW5zaXRpb24iOiJmYWRlIiwidGltZV9zdGFydCI6bnVsbH0seyJsYXllcl92aWRlb190eXBlIjoieW91dHViZSIsImxheWVyX3ZpZGVvX2lkIjoiIiwibGF5ZXJfdmlkZW9faGVpZ2h0IjoiMjAwIiwibGF5ZXJfdmlkZW9fd2lkdGgiOiIzMDAiLCJsYXllcl92aWRlb190aHVtYiI6IiIsImxheWVyX2lkIjoiMl8zIiwibGF5ZXJfY29udGVudCI6InNsaWRlMS1ob21lMy5qcGciLCJsYXllcl90eXBlIjoidGV4dCIsImxheWVyX3N0YXR1cyI6IjEiLCJsYXllcl9jbGFzcyI6InNsaWRlLXRleHQiLCJsYXllcl9jYXB0aW9uIjoiZGlzY291bnQgY29kZSA5MCUgOiA8c3BhbiBjbGFzcz1cInNsaWRlLW5hbWVcIj5KS0E8XC9zcGFuPiIsImxheWVyX2ZvbnRfc2l6ZSI6IiIsImxheWVyX2JhY2tncm91bmRfY29sb3IiOiIiLCJsYXllcl9jb2xvciI6IiIsImxheWVyX2xpbmsiOiIiLCJsYXllcl90YXJnZXQiOiJzYW1lIiwibGF5ZXJfdG9wIjoiMzg2IiwibGF5ZXJfbGVmdCI6IjI2NSIsImxheWVyX3RyYW5zaXRpb24iOiJmYWRlIiwidGltZV9zdGFydCI6bnVsbH0seyJsYXllcl92aWRlb190eXBlIjoieW91dHViZSIsImxheWVyX3ZpZGVvX2lkIjoiIiwibGF5ZXJfdmlkZW9faGVpZ2h0IjoiMjAwIiwibGF5ZXJfdmlkZW9fd2lkdGgiOiIzMDAiLCJsYXllcl92aWRlb190aHVtYiI6IiIsImxheWVyX2lkIjoiMl80IiwibGF5ZXJfY29udGVudCI6InNsaWRlMS1ob21lMy5qcGciLCJsYXllcl90eXBlIjoidGV4dCIsImxheWVyX3N0YXR1cyI6IjEiLCJsYXllcl9jbGFzcyI6IiIsImxheWVyX2NhcHRpb24iOiI8YSBjbGFzcz1cImJ0biBidXR0b25cIiBocmVmPVwiaW5kZXgucGhwXCI+UmVhZCBNb3JlPFwvYT4iLCJsYXllcl9mb250X3NpemUiOiIiLCJsYXllcl9iYWNrZ3JvdW5kX2NvbG9yIjoiIiwibGF5ZXJfY29sb3IiOiIiLCJsYXllcl9saW5rIjoiIiwibGF5ZXJfdGFyZ2V0Ijoic2FtZSIsImxheWVyX3RvcCI6IjQ2MSIsImxheWVyX2xlZnQiOiIzMzUiLCJsYXllcl90cmFuc2l0aW9uIjoiZmFkZSIsInRpbWVfc3RhcnQiOm51bGx9XQ=='),(136,3,'Sample1','','','','eyJ1c2V2aWRlbyI6IjAiLCJ2aWRlb2lkIjoiIiwidmlkZW9hdXRvIjoiMCIsImJhY2tncm91bmRfY29sb3IiOiIiLCJidWxsZXRfZGVzY3JpcHRpb24iOiIifQ==','W3sibGF5ZXJfdmlkZW9fdHlwZSI6InlvdXR1YmUiLCJsYXllcl92aWRlb19pZCI6IiIsImxheWVyX3ZpZGVvX2hlaWdodCI6IjIwMCIsImxheWVyX3ZpZGVvX3dpZHRoIjoiMzAwIiwibGF5ZXJfdmlkZW9fdGh1bWIiOiIiLCJsYXllcl9pZCI6IjNfMSIsImxheWVyX2NvbnRlbnQiOiJzbGlkZTEtaG9tZTMuanBnIiwibGF5ZXJfdHlwZSI6ImltYWdlIiwibGF5ZXJfc3RhdHVzIjoiMSIsImxheWVyX2NsYXNzIjoiIiwibGF5ZXJfY2FwdGlvbiI6IllvdXIgSW1hZ2UgSGVyZSA0IiwibGF5ZXJfZm9udF9zaXplIjoiIiwibGF5ZXJfYmFja2dyb3VuZF9jb2xvciI6IiIsImxheWVyX2NvbG9yIjoiIiwibGF5ZXJfbGluayI6IiIsImxheWVyX3RhcmdldCI6InNhbWUiLCJsYXllcl90b3AiOiIwIiwibGF5ZXJfbGVmdCI6IjAiLCJsYXllcl90cmFuc2l0aW9uIjoiZmFkZSIsInRpbWVfc3RhcnQiOm51bGx9LHsibGF5ZXJfdmlkZW9fdHlwZSI6InlvdXR1YmUiLCJsYXllcl92aWRlb19pZCI6IiIsImxheWVyX3ZpZGVvX2hlaWdodCI6IjIwMCIsImxheWVyX3ZpZGVvX3dpZHRoIjoiMzAwIiwibGF5ZXJfdmlkZW9fdGh1bWIiOiIiLCJsYXllcl9pZCI6IjNfMiIsImxheWVyX2NvbnRlbnQiOiJzbGlkZTEtaG9tZTMuanBnIiwibGF5ZXJfdHlwZSI6InRleHQiLCJsYXllcl9zdGF0dXMiOiIxIiwibGF5ZXJfY2xhc3MiOiJzbGlkZS10aXRsZSIsImxheWVyX2NhcHRpb24iOiJkZXBvcnRlIG11amVyZXMiLCJsYXllcl9mb250X3NpemUiOiIiLCJsYXllcl9iYWNrZ3JvdW5kX2NvbG9yIjoiIiwibGF5ZXJfY29sb3IiOiIiLCJsYXllcl9saW5rIjoiIiwibGF5ZXJfdGFyZ2V0Ijoic2FtZSIsImxheWVyX3RvcCI6IjMyNSIsImxheWVyX2xlZnQiOiIyMDciLCJsYXllcl90cmFuc2l0aW9uIjoiZmFkZSIsInRpbWVfc3RhcnQiOm51bGx9LHsibGF5ZXJfdmlkZW9fdHlwZSI6InlvdXR1YmUiLCJsYXllcl92aWRlb19pZCI6IiIsImxheWVyX3ZpZGVvX2hlaWdodCI6IjIwMCIsImxheWVyX3ZpZGVvX3dpZHRoIjoiMzAwIiwibGF5ZXJfdmlkZW9fdGh1bWIiOiIiLCJsYXllcl9pZCI6IjNfMyIsImxheWVyX2NvbnRlbnQiOiJzbGlkZTEtaG9tZTMuanBnIiwibGF5ZXJfdHlwZSI6InRleHQiLCJsYXllcl9zdGF0dXMiOiIxIiwibGF5ZXJfY2xhc3MiOiJzbGlkZS10ZXh0IiwibGF5ZXJfY2FwdGlvbiI6ImRpc2NvdW50IGNvZGUgOTAlIDogPHNwYW4gY2xhc3M9XCJzbGlkZS1uYW1lXCI+SktBPFwvc3Bhbj4iLCJsYXllcl9mb250X3NpemUiOiIiLCJsYXllcl9iYWNrZ3JvdW5kX2NvbG9yIjoiIiwibGF5ZXJfY29sb3IiOiIiLCJsYXllcl9saW5rIjoiIiwibGF5ZXJfdGFyZ2V0Ijoic2FtZSIsImxheWVyX3RvcCI6IjM4NiIsImxheWVyX2xlZnQiOiIyNjUiLCJsYXllcl90cmFuc2l0aW9uIjoiZmFkZSIsInRpbWVfc3RhcnQiOm51bGx9LHsibGF5ZXJfdmlkZW9fdHlwZSI6InlvdXR1YmUiLCJsYXllcl92aWRlb19pZCI6IiIsImxheWVyX3ZpZGVvX2hlaWdodCI6IjIwMCIsImxheWVyX3ZpZGVvX3dpZHRoIjoiMzAwIiwibGF5ZXJfdmlkZW9fdGh1bWIiOiIiLCJsYXllcl9pZCI6IjNfNCIsImxheWVyX2NvbnRlbnQiOiJzbGlkZTEtaG9tZTMuanBnIiwibGF5ZXJfdHlwZSI6InRleHQiLCJsYXllcl9zdGF0dXMiOiIxIiwibGF5ZXJfY2xhc3MiOiIiLCJsYXllcl9jYXB0aW9uIjoiPGEgY2xhc3M9XCJidG4gYnV0dG9uXCIgaHJlZj1cImluZGV4LnBocFwiPkxlZSBtYXM8XC9hPiIsImxheWVyX2ZvbnRfc2l6ZSI6IiIsImxheWVyX2JhY2tncm91bmRfY29sb3IiOiIiLCJsYXllcl9jb2xvciI6IiIsImxheWVyX2xpbmsiOiIiLCJsYXllcl90YXJnZXQiOiJzYW1lIiwibGF5ZXJfdG9wIjoiNDYxIiwibGF5ZXJfbGVmdCI6IjMzNSIsImxheWVyX3RyYW5zaXRpb24iOiJmYWRlIiwidGltZV9zdGFydCI6bnVsbH1d'),(136,4,'Sample1','','','','eyJ1c2V2aWRlbyI6IjAiLCJ2aWRlb2lkIjoiIiwidmlkZW9hdXRvIjoiMCIsImJhY2tncm91bmRfY29sb3IiOiIiLCJidWxsZXRfZGVzY3JpcHRpb24iOiIifQ==','W3sibGF5ZXJfdmlkZW9fdHlwZSI6InlvdXR1YmUiLCJsYXllcl92aWRlb19pZCI6IiIsImxheWVyX3ZpZGVvX2hlaWdodCI6IjIwMCIsImxheWVyX3ZpZGVvX3dpZHRoIjoiMzAwIiwibGF5ZXJfdmlkZW9fdGh1bWIiOiIiLCJsYXllcl9pZCI6IjRfMSIsImxheWVyX2NvbnRlbnQiOiJzbGlkZTEtaG9tZTMuanBnIiwibGF5ZXJfdHlwZSI6ImltYWdlIiwibGF5ZXJfc3RhdHVzIjoiMSIsImxheWVyX2NsYXNzIjoiIiwibGF5ZXJfY2FwdGlvbiI6IllvdXIgSW1hZ2UgSGVyZSA0IiwibGF5ZXJfZm9udF9zaXplIjoiIiwibGF5ZXJfYmFja2dyb3VuZF9jb2xvciI6IiIsImxheWVyX2NvbG9yIjoiIiwibGF5ZXJfbGluayI6IiIsImxheWVyX3RhcmdldCI6InNhbWUiLCJsYXllcl90b3AiOiIwIiwibGF5ZXJfbGVmdCI6IjAiLCJsYXllcl90cmFuc2l0aW9uIjoiZmFkZSIsInRpbWVfc3RhcnQiOm51bGx9LHsibGF5ZXJfdmlkZW9fdHlwZSI6InlvdXR1YmUiLCJsYXllcl92aWRlb19pZCI6IiIsImxheWVyX3ZpZGVvX2hlaWdodCI6IjIwMCIsImxheWVyX3ZpZGVvX3dpZHRoIjoiMzAwIiwibGF5ZXJfdmlkZW9fdGh1bWIiOiIiLCJsYXllcl9pZCI6IjRfMiIsImxheWVyX2NvbnRlbnQiOiJzbGlkZTEtaG9tZTMuanBnIiwibGF5ZXJfdHlwZSI6InRleHQiLCJsYXllcl9zdGF0dXMiOiIxIiwibGF5ZXJfY2xhc3MiOiJzbGlkZS10aXRsZSIsImxheWVyX2NhcHRpb24iOiJGcmF1ZW4gU3BvcnRhcnQiLCJsYXllcl9mb250X3NpemUiOiIiLCJsYXllcl9iYWNrZ3JvdW5kX2NvbG9yIjoiIiwibGF5ZXJfY29sb3IiOiIiLCJsYXllcl9saW5rIjoiIiwibGF5ZXJfdGFyZ2V0Ijoic2FtZSIsImxheWVyX3RvcCI6IjMyNSIsImxheWVyX2xlZnQiOiIyMDciLCJsYXllcl90cmFuc2l0aW9uIjoiZmFkZSIsInRpbWVfc3RhcnQiOm51bGx9LHsibGF5ZXJfdmlkZW9fdHlwZSI6InlvdXR1YmUiLCJsYXllcl92aWRlb19pZCI6IiIsImxheWVyX3ZpZGVvX2hlaWdodCI6IjIwMCIsImxheWVyX3ZpZGVvX3dpZHRoIjoiMzAwIiwibGF5ZXJfdmlkZW9fdGh1bWIiOiIiLCJsYXllcl9pZCI6IjRfMyIsImxheWVyX2NvbnRlbnQiOiJzbGlkZTEtaG9tZTMuanBnIiwibGF5ZXJfdHlwZSI6InRleHQiLCJsYXllcl9zdGF0dXMiOiIxIiwibGF5ZXJfY2xhc3MiOiJzbGlkZS10ZXh0IiwibGF5ZXJfY2FwdGlvbiI6IlJhYmF0dC1Db2RlIGZcdTAwYzNcdTAwYmNyIDkwJSA6IDxzcGFuIGNsYXNzPVwic2xpZGUtbmFtZVwiPkpLQTxcL3NwYW4+IiwibGF5ZXJfZm9udF9zaXplIjoiIiwibGF5ZXJfYmFja2dyb3VuZF9jb2xvciI6IiIsImxheWVyX2NvbG9yIjoiIiwibGF5ZXJfbGluayI6IiIsImxheWVyX3RhcmdldCI6InNhbWUiLCJsYXllcl90b3AiOiIzODYiLCJsYXllcl9sZWZ0IjoiMjY1IiwibGF5ZXJfdHJhbnNpdGlvbiI6ImZhZGUiLCJ0aW1lX3N0YXJ0IjpudWxsfSx7ImxheWVyX3ZpZGVvX3R5cGUiOiJ5b3V0dWJlIiwibGF5ZXJfdmlkZW9faWQiOiIiLCJsYXllcl92aWRlb19oZWlnaHQiOiIyMDAiLCJsYXllcl92aWRlb193aWR0aCI6IjMwMCIsImxheWVyX3ZpZGVvX3RodW1iIjoiIiwibGF5ZXJfaWQiOiI0XzQiLCJsYXllcl9jb250ZW50Ijoic2xpZGUxLWhvbWUzLmpwZyIsImxheWVyX3R5cGUiOiJ0ZXh0IiwibGF5ZXJfc3RhdHVzIjoiMSIsImxheWVyX2NsYXNzIjoiIiwibGF5ZXJfY2FwdGlvbiI6IjxhIGNsYXNzPVwiYnRuIGJ1dHRvblwiIGhyZWY9XCJpbmRleC5waHBcIj5XZWl0ZXJsZXNlbjxcL2E+IiwibGF5ZXJfZm9udF9zaXplIjoiIiwibGF5ZXJfYmFja2dyb3VuZF9jb2xvciI6IiIsImxheWVyX2NvbG9yIjoiIiwibGF5ZXJfbGluayI6IiIsImxheWVyX3RhcmdldCI6InNhbWUiLCJsYXllcl90b3AiOiI0NjEiLCJsYXllcl9sZWZ0IjoiMzM1IiwibGF5ZXJfdHJhbnNpdGlvbiI6ImZhZGUiLCJ0aW1lX3N0YXJ0IjpudWxsfV0='),(136,5,'Sample1','','','','eyJ1c2V2aWRlbyI6IjAiLCJ2aWRlb2lkIjoiIiwidmlkZW9hdXRvIjoiMCIsImJhY2tncm91bmRfY29sb3IiOiIiLCJidWxsZXRfZGVzY3JpcHRpb24iOiIifQ==','W3sibGF5ZXJfdmlkZW9fdHlwZSI6InlvdXR1YmUiLCJsYXllcl92aWRlb19pZCI6IiIsImxheWVyX3ZpZGVvX2hlaWdodCI6IjIwMCIsImxheWVyX3ZpZGVvX3dpZHRoIjoiMzAwIiwibGF5ZXJfdmlkZW9fdGh1bWIiOiIiLCJsYXllcl9pZCI6IjVfMSIsImxheWVyX2NvbnRlbnQiOiJzbGlkZTEtaG9tZTMuanBnIiwibGF5ZXJfdHlwZSI6ImltYWdlIiwibGF5ZXJfc3RhdHVzIjoiMSIsImxheWVyX2NsYXNzIjoiIiwibGF5ZXJfY2FwdGlvbiI6IllvdXIgSW1hZ2UgSGVyZSA0IiwibGF5ZXJfZm9udF9zaXplIjoiIiwibGF5ZXJfYmFja2dyb3VuZF9jb2xvciI6IiIsImxheWVyX2NvbG9yIjoiIiwibGF5ZXJfbGluayI6IiIsImxheWVyX3RhcmdldCI6InNhbWUiLCJsYXllcl90b3AiOiIwIiwibGF5ZXJfbGVmdCI6IjAiLCJsYXllcl90cmFuc2l0aW9uIjoiZmFkZSIsInRpbWVfc3RhcnQiOm51bGx9LHsibGF5ZXJfdmlkZW9fdHlwZSI6InlvdXR1YmUiLCJsYXllcl92aWRlb19pZCI6IiIsImxheWVyX3ZpZGVvX2hlaWdodCI6IjIwMCIsImxheWVyX3ZpZGVvX3dpZHRoIjoiMzAwIiwibGF5ZXJfdmlkZW9fdGh1bWIiOiIiLCJsYXllcl9pZCI6IjVfMiIsImxheWVyX2NvbnRlbnQiOiJzbGlkZTEtaG9tZTMuanBnIiwibGF5ZXJfdHlwZSI6InRleHQiLCJsYXllcl9zdGF0dXMiOiIxIiwibGF5ZXJfY2xhc3MiOiJzbGlkZS10aXRsZSIsImxheWVyX2NhcHRpb24iOiJhcmJvcmVyIGZcdTAwYzNcdTAwYTltaW5pbiIsImxheWVyX2ZvbnRfc2l6ZSI6IiIsImxheWVyX2JhY2tncm91bmRfY29sb3IiOiIiLCJsYXllcl9jb2xvciI6IiIsImxheWVyX2xpbmsiOiIiLCJsYXllcl90YXJnZXQiOiJzYW1lIiwibGF5ZXJfdG9wIjoiMzI1IiwibGF5ZXJfbGVmdCI6IjIwNyIsImxheWVyX3RyYW5zaXRpb24iOiJmYWRlIiwidGltZV9zdGFydCI6bnVsbH0seyJsYXllcl92aWRlb190eXBlIjoieW91dHViZSIsImxheWVyX3ZpZGVvX2lkIjoiIiwibGF5ZXJfdmlkZW9faGVpZ2h0IjoiMjAwIiwibGF5ZXJfdmlkZW9fd2lkdGgiOiIzMDAiLCJsYXllcl92aWRlb190aHVtYiI6IiIsImxheWVyX2lkIjoiNV8zIiwibGF5ZXJfY29udGVudCI6InNsaWRlMS1ob21lMy5qcGciLCJsYXllcl90eXBlIjoidGV4dCIsImxheWVyX3N0YXR1cyI6IjEiLCJsYXllcl9jbGFzcyI6InNsaWRlLXRleHQiLCJsYXllcl9jYXB0aW9uIjoiY29kZSBkZSByXHUwMGMzXHUwMGE5ZHVjdGlvbiA5MCUgOiA8c3BhbiBjbGFzcz1cInNsaWRlLW5hbWVcIj5KS0E8XC9zcGFuPiIsImxheWVyX2ZvbnRfc2l6ZSI6IiIsImxheWVyX2JhY2tncm91bmRfY29sb3IiOiIiLCJsYXllcl9jb2xvciI6IiIsImxheWVyX2xpbmsiOiIiLCJsYXllcl90YXJnZXQiOiJzYW1lIiwibGF5ZXJfdG9wIjoiMzg2IiwibGF5ZXJfbGVmdCI6IjI2NSIsImxheWVyX3RyYW5zaXRpb24iOiJmYWRlIiwidGltZV9zdGFydCI6bnVsbH0seyJsYXllcl92aWRlb190eXBlIjoieW91dHViZSIsImxheWVyX3ZpZGVvX2lkIjoiIiwibGF5ZXJfdmlkZW9faGVpZ2h0IjoiMjAwIiwibGF5ZXJfdmlkZW9fd2lkdGgiOiIzMDAiLCJsYXllcl92aWRlb190aHVtYiI6IiIsImxheWVyX2lkIjoiNV80IiwibGF5ZXJfY29udGVudCI6InNsaWRlMS1ob21lMy5qcGciLCJsYXllcl90eXBlIjoidGV4dCIsImxheWVyX3N0YXR1cyI6IjEiLCJsYXllcl9jbGFzcyI6IiIsImxheWVyX2NhcHRpb24iOiI8YSBjbGFzcz1cImJ0biBidXR0b25cIiBocmVmPVwiaW5kZXgucGhwXCI+TGlyZSBsYSBzdWl0ZTxcL2E+IiwibGF5ZXJfZm9udF9zaXplIjoiIiwibGF5ZXJfYmFja2dyb3VuZF9jb2xvciI6IiIsImxheWVyX2NvbG9yIjoiIiwibGF5ZXJfbGluayI6IiIsImxheWVyX3RhcmdldCI6InNhbWUiLCJsYXllcl90b3AiOiI0NjEiLCJsYXllcl9sZWZ0IjoiMzM1IiwibGF5ZXJfdHJhbnNpdGlvbiI6ImZhZGUiLCJ0aW1lX3N0YXJ0IjpudWxsfV0='),(136,6,'Sample1','','','','eyJ1c2V2aWRlbyI6IjAiLCJ2aWRlb2lkIjoiIiwidmlkZW9hdXRvIjoiMCIsImJhY2tncm91bmRfY29sb3IiOiIiLCJidWxsZXRfZGVzY3JpcHRpb24iOiIifQ==','W3sibGF5ZXJfdmlkZW9fdHlwZSI6InlvdXR1YmUiLCJsYXllcl92aWRlb19pZCI6IiIsImxheWVyX3ZpZGVvX2hlaWdodCI6IjIwMCIsImxheWVyX3ZpZGVvX3dpZHRoIjoiMzAwIiwibGF5ZXJfdmlkZW9fdGh1bWIiOiIiLCJsYXllcl9pZCI6IjFfMSIsImxheWVyX2NvbnRlbnQiOiJzbGlkZTEtaG9tZTMuanBnIiwibGF5ZXJfdHlwZSI6ImltYWdlIiwibGF5ZXJfc3RhdHVzIjoiMSIsImxheWVyX2NsYXNzIjoiIiwibGF5ZXJfY2FwdGlvbiI6IllvdXIgSW1hZ2UgSGVyZSA0IiwibGF5ZXJfZm9udF9zaXplIjoiIiwibGF5ZXJfYmFja2dyb3VuZF9jb2xvciI6IiIsImxheWVyX2NvbG9yIjoiIiwibGF5ZXJfbGluayI6IiIsImxheWVyX3RhcmdldCI6InNhbWUiLCJsYXllcl90b3AiOiIwIiwibGF5ZXJfbGVmdCI6IjAiLCJsYXllcl90cmFuc2l0aW9uIjoiZmFkZSIsInRpbWVfc3RhcnQiOm51bGx9LHsibGF5ZXJfdmlkZW9fdHlwZSI6InlvdXR1YmUiLCJsYXllcl92aWRlb19pZCI6IiIsImxheWVyX3ZpZGVvX2hlaWdodCI6IjIwMCIsImxheWVyX3ZpZGVvX3dpZHRoIjoiMzAwIiwibGF5ZXJfdmlkZW9fdGh1bWIiOiIiLCJsYXllcl9pZCI6IjFfMiIsImxheWVyX2NvbnRlbnQiOiJzbGlkZTEtaG9tZTMuanBnIiwibGF5ZXJfdHlwZSI6InRleHQiLCJsYXllcl9zdGF0dXMiOiIxIiwibGF5ZXJfY2xhc3MiOiJzbGlkZS10aXRsZSIsImxheWVyX2NhcHRpb24iOiJTcG9ydCBkb25uZSIsImxheWVyX2ZvbnRfc2l6ZSI6IiIsImxheWVyX2JhY2tncm91bmRfY29sb3IiOiIiLCJsYXllcl9jb2xvciI6IiIsImxheWVyX2xpbmsiOiIiLCJsYXllcl90YXJnZXQiOiJzYW1lIiwibGF5ZXJfdG9wIjoiMzI1IiwibGF5ZXJfbGVmdCI6IjIwNyIsImxheWVyX3RyYW5zaXRpb24iOiJmYWRlIiwidGltZV9zdGFydCI6bnVsbH0seyJsYXllcl92aWRlb190eXBlIjoieW91dHViZSIsImxheWVyX3ZpZGVvX2lkIjoiIiwibGF5ZXJfdmlkZW9faGVpZ2h0IjoiMjAwIiwibGF5ZXJfdmlkZW9fd2lkdGgiOiIzMDAiLCJsYXllcl92aWRlb190aHVtYiI6IiIsImxheWVyX2lkIjoiMV8zIiwibGF5ZXJfY29udGVudCI6InNsaWRlMS1ob21lMy5qcGciLCJsYXllcl90eXBlIjoidGV4dCIsImxheWVyX3N0YXR1cyI6IjEiLCJsYXllcl9jbGFzcyI6InNsaWRlLXRleHQiLCJsYXllcl9jYXB0aW9uIjoiZGlzY291bnQgY29kZSA5MCUgOiA8c3BhbiBjbGFzcz1cInNsaWRlLW5hbWVcIj5KS0E8XC9zcGFuPiIsImxheWVyX2ZvbnRfc2l6ZSI6IiIsImxheWVyX2JhY2tncm91bmRfY29sb3IiOiIiLCJsYXllcl9jb2xvciI6IiIsImxheWVyX2xpbmsiOiIiLCJsYXllcl90YXJnZXQiOiJzYW1lIiwibGF5ZXJfdG9wIjoiMzg2IiwibGF5ZXJfbGVmdCI6IjI2NSIsImxheWVyX3RyYW5zaXRpb24iOiJmYWRlIiwidGltZV9zdGFydCI6bnVsbH0seyJsYXllcl92aWRlb190eXBlIjoieW91dHViZSIsImxheWVyX3ZpZGVvX2lkIjoiIiwibGF5ZXJfdmlkZW9faGVpZ2h0IjoiMjAwIiwibGF5ZXJfdmlkZW9fd2lkdGgiOiIzMDAiLCJsYXllcl92aWRlb190aHVtYiI6IiIsImxheWVyX2lkIjoiMV80IiwibGF5ZXJfY29udGVudCI6InNsaWRlMS1ob21lMy5qcGciLCJsYXllcl90eXBlIjoidGV4dCIsImxheWVyX3N0YXR1cyI6IjEiLCJsYXllcl9jbGFzcyI6IiIsImxheWVyX2NhcHRpb24iOiI8YSBjbGFzcz1cImJ0biBidXR0b25cIiBocmVmPVwiaW5kZXgucGhwXCI+TGVnZ2kgZGkgcGlcdTAwYzNcdTAwYjk8XC9hPiIsImxheWVyX2ZvbnRfc2l6ZSI6IiIsImxheWVyX2JhY2tncm91bmRfY29sb3IiOiIiLCJsYXllcl9jb2xvciI6IiIsImxheWVyX2xpbmsiOiIiLCJsYXllcl90YXJnZXQiOiJzYW1lIiwibGF5ZXJfdG9wIjoiNDYxIiwibGF5ZXJfbGVmdCI6IjMzNSIsImxheWVyX3RyYW5zaXRpb24iOiJmYWRlIiwidGltZV9zdGFydCI6bnVsbH1d'),(136,7,'Sample1','','','','eyJ1c2V2aWRlbyI6IjAiLCJ2aWRlb2lkIjoiIiwidmlkZW9hdXRvIjoiMCIsImJhY2tncm91bmRfY29sb3IiOiIiLCJidWxsZXRfZGVzY3JpcHRpb24iOiIifQ==','W3sibGF5ZXJfdmlkZW9fdHlwZSI6InlvdXR1YmUiLCJsYXllcl92aWRlb19pZCI6IiIsImxheWVyX3ZpZGVvX2hlaWdodCI6IjIwMCIsImxheWVyX3ZpZGVvX3dpZHRoIjoiMzAwIiwibGF5ZXJfdmlkZW9fdGh1bWIiOiIiLCJsYXllcl9pZCI6IjFfMSIsImxheWVyX2NvbnRlbnQiOiJzbGlkZTEtaG9tZTMuanBnIiwibGF5ZXJfdHlwZSI6ImltYWdlIiwibGF5ZXJfc3RhdHVzIjoiMSIsImxheWVyX2NsYXNzIjoiIiwibGF5ZXJfY2FwdGlvbiI6IllvdXIgSW1hZ2UgSGVyZSA0IiwibGF5ZXJfZm9udF9zaXplIjoiIiwibGF5ZXJfYmFja2dyb3VuZF9jb2xvciI6IiIsImxheWVyX2NvbG9yIjoiIiwibGF5ZXJfbGluayI6IiIsImxheWVyX3RhcmdldCI6InNhbWUiLCJsYXllcl90b3AiOiIwIiwibGF5ZXJfbGVmdCI6IjAiLCJsYXllcl90cmFuc2l0aW9uIjoiZmFkZSIsInRpbWVfc3RhcnQiOm51bGx9LHsibGF5ZXJfdmlkZW9fdHlwZSI6InlvdXR1YmUiLCJsYXllcl92aWRlb19pZCI6IiIsImxheWVyX3ZpZGVvX2hlaWdodCI6IjIwMCIsImxheWVyX3ZpZGVvX3dpZHRoIjoiMzAwIiwibGF5ZXJfdmlkZW9fdGh1bWIiOiIiLCJsYXllcl9pZCI6IjFfMiIsImxheWVyX2NvbnRlbnQiOiJzbGlkZTEtaG9tZTMuanBnIiwibGF5ZXJfdHlwZSI6InRleHQiLCJsYXllcl9zdGF0dXMiOiIxIiwibGF5ZXJfY2xhc3MiOiJzbGlkZS10aXRsZSIsImxheWVyX2NhcHRpb24iOiJTcG9ydCBkb25uZSIsImxheWVyX2ZvbnRfc2l6ZSI6IiIsImxheWVyX2JhY2tncm91bmRfY29sb3IiOiIiLCJsYXllcl9jb2xvciI6IiIsImxheWVyX2xpbmsiOiIiLCJsYXllcl90YXJnZXQiOiJzYW1lIiwibGF5ZXJfdG9wIjoiMzI1IiwibGF5ZXJfbGVmdCI6IjIwNyIsImxheWVyX3RyYW5zaXRpb24iOiJmYWRlIiwidGltZV9zdGFydCI6bnVsbH0seyJsYXllcl92aWRlb190eXBlIjoieW91dHViZSIsImxheWVyX3ZpZGVvX2lkIjoiIiwibGF5ZXJfdmlkZW9faGVpZ2h0IjoiMjAwIiwibGF5ZXJfdmlkZW9fd2lkdGgiOiIzMDAiLCJsYXllcl92aWRlb190aHVtYiI6IiIsImxheWVyX2lkIjoiMV8zIiwibGF5ZXJfY29udGVudCI6InNsaWRlMS1ob21lMy5qcGciLCJsYXllcl90eXBlIjoidGV4dCIsImxheWVyX3N0YXR1cyI6IjEiLCJsYXllcl9jbGFzcyI6InNsaWRlLXRleHQiLCJsYXllcl9jYXB0aW9uIjoiZGlzY291bnQgY29kZSA5MCUgOiA8c3BhbiBjbGFzcz1cInNsaWRlLW5hbWVcIj5KS0E8XC9zcGFuPiIsImxheWVyX2ZvbnRfc2l6ZSI6IiIsImxheWVyX2JhY2tncm91bmRfY29sb3IiOiIiLCJsYXllcl9jb2xvciI6IiIsImxheWVyX2xpbmsiOiIiLCJsYXllcl90YXJnZXQiOiJzYW1lIiwibGF5ZXJfdG9wIjoiMzg2IiwibGF5ZXJfbGVmdCI6IjI2NSIsImxheWVyX3RyYW5zaXRpb24iOiJmYWRlIiwidGltZV9zdGFydCI6bnVsbH0seyJsYXllcl92aWRlb190eXBlIjoieW91dHViZSIsImxheWVyX3ZpZGVvX2lkIjoiIiwibGF5ZXJfdmlkZW9faGVpZ2h0IjoiMjAwIiwibGF5ZXJfdmlkZW9fd2lkdGgiOiIzMDAiLCJsYXllcl92aWRlb190aHVtYiI6IiIsImxheWVyX2lkIjoiMV80IiwibGF5ZXJfY29udGVudCI6InNsaWRlMS1ob21lMy5qcGciLCJsYXllcl90eXBlIjoidGV4dCIsImxheWVyX3N0YXR1cyI6IjEiLCJsYXllcl9jbGFzcyI6IiIsImxheWVyX2NhcHRpb24iOiI8YSBjbGFzcz1cImJ0biBidXR0b25cIiBocmVmPVwiaW5kZXgucGhwXCI+TGVnZ2kgZGkgcGlcdTAwYzNcdTAwYjk8XC9hPiIsImxheWVyX2ZvbnRfc2l6ZSI6IiIsImxheWVyX2JhY2tncm91bmRfY29sb3IiOiIiLCJsYXllcl9jb2xvciI6IiIsImxheWVyX2xpbmsiOiIiLCJsYXllcl90YXJnZXQiOiJzYW1lIiwibGF5ZXJfdG9wIjoiNDYxIiwibGF5ZXJfbGVmdCI6IjMzNSIsImxheWVyX3RyYW5zaXRpb24iOiJmYWRlIiwidGltZV9zdGFydCI6bnVsbH1d'),(136,8,'Sample1','','','','eyJ1c2V2aWRlbyI6IjAiLCJ2aWRlb2lkIjoiIiwidmlkZW9hdXRvIjoiMCIsImJhY2tncm91bmRfY29sb3IiOiIiLCJidWxsZXRfZGVzY3JpcHRpb24iOiIifQ==','W3sibGF5ZXJfdmlkZW9fdHlwZSI6InlvdXR1YmUiLCJsYXllcl92aWRlb19pZCI6IiIsImxheWVyX3ZpZGVvX2hlaWdodCI6IjIwMCIsImxheWVyX3ZpZGVvX3dpZHRoIjoiMzAwIiwibGF5ZXJfdmlkZW9fdGh1bWIiOiIiLCJsYXllcl9pZCI6IjFfMSIsImxheWVyX2NvbnRlbnQiOiJzbGlkZTEtaG9tZTMuanBnIiwibGF5ZXJfdHlwZSI6ImltYWdlIiwibGF5ZXJfc3RhdHVzIjoiMSIsImxheWVyX2NsYXNzIjoiIiwibGF5ZXJfY2FwdGlvbiI6IllvdXIgSW1hZ2UgSGVyZSA0IiwibGF5ZXJfZm9udF9zaXplIjoiIiwibGF5ZXJfYmFja2dyb3VuZF9jb2xvciI6IiIsImxheWVyX2NvbG9yIjoiIiwibGF5ZXJfbGluayI6IiIsImxheWVyX3RhcmdldCI6InNhbWUiLCJsYXllcl90b3AiOiIwIiwibGF5ZXJfbGVmdCI6IjAiLCJsYXllcl90cmFuc2l0aW9uIjoiZmFkZSIsInRpbWVfc3RhcnQiOm51bGx9LHsibGF5ZXJfdmlkZW9fdHlwZSI6InlvdXR1YmUiLCJsYXllcl92aWRlb19pZCI6IiIsImxheWVyX3ZpZGVvX2hlaWdodCI6IjIwMCIsImxheWVyX3ZpZGVvX3dpZHRoIjoiMzAwIiwibGF5ZXJfdmlkZW9fdGh1bWIiOiIiLCJsYXllcl9pZCI6IjFfMiIsImxheWVyX2NvbnRlbnQiOiJzbGlkZTEtaG9tZTMuanBnIiwibGF5ZXJfdHlwZSI6InRleHQiLCJsYXllcl9zdGF0dXMiOiIxIiwibGF5ZXJfY2xhc3MiOiJzbGlkZS10aXRsZSIsImxheWVyX2NhcHRpb24iOiJTcG9ydCBkb25uZSIsImxheWVyX2ZvbnRfc2l6ZSI6IiIsImxheWVyX2JhY2tncm91bmRfY29sb3IiOiIiLCJsYXllcl9jb2xvciI6IiIsImxheWVyX2xpbmsiOiIiLCJsYXllcl90YXJnZXQiOiJzYW1lIiwibGF5ZXJfdG9wIjoiMzI1IiwibGF5ZXJfbGVmdCI6IjIwNyIsImxheWVyX3RyYW5zaXRpb24iOiJmYWRlIiwidGltZV9zdGFydCI6bnVsbH0seyJsYXllcl92aWRlb190eXBlIjoieW91dHViZSIsImxheWVyX3ZpZGVvX2lkIjoiIiwibGF5ZXJfdmlkZW9faGVpZ2h0IjoiMjAwIiwibGF5ZXJfdmlkZW9fd2lkdGgiOiIzMDAiLCJsYXllcl92aWRlb190aHVtYiI6IiIsImxheWVyX2lkIjoiMV8zIiwibGF5ZXJfY29udGVudCI6InNsaWRlMS1ob21lMy5qcGciLCJsYXllcl90eXBlIjoidGV4dCIsImxheWVyX3N0YXR1cyI6IjEiLCJsYXllcl9jbGFzcyI6InNsaWRlLXRleHQiLCJsYXllcl9jYXB0aW9uIjoiZGlzY291bnQgY29kZSA5MCUgOiA8c3BhbiBjbGFzcz1cInNsaWRlLW5hbWVcIj5KS0E8XC9zcGFuPiIsImxheWVyX2ZvbnRfc2l6ZSI6IiIsImxheWVyX2JhY2tncm91bmRfY29sb3IiOiIiLCJsYXllcl9jb2xvciI6IiIsImxheWVyX2xpbmsiOiIiLCJsYXllcl90YXJnZXQiOiJzYW1lIiwibGF5ZXJfdG9wIjoiMzg2IiwibGF5ZXJfbGVmdCI6IjI2NSIsImxheWVyX3RyYW5zaXRpb24iOiJmYWRlIiwidGltZV9zdGFydCI6bnVsbH0seyJsYXllcl92aWRlb190eXBlIjoieW91dHViZSIsImxheWVyX3ZpZGVvX2lkIjoiIiwibGF5ZXJfdmlkZW9faGVpZ2h0IjoiMjAwIiwibGF5ZXJfdmlkZW9fd2lkdGgiOiIzMDAiLCJsYXllcl92aWRlb190aHVtYiI6IiIsImxheWVyX2lkIjoiMV80IiwibGF5ZXJfY29udGVudCI6InNsaWRlMS1ob21lMy5qcGciLCJsYXllcl90eXBlIjoidGV4dCIsImxheWVyX3N0YXR1cyI6IjEiLCJsYXllcl9jbGFzcyI6IiIsImxheWVyX2NhcHRpb24iOiI8YSBjbGFzcz1cImJ0biBidXR0b25cIiBocmVmPVwiaW5kZXgucGhwXCI+TGVnZ2kgZGkgcGlcdTAwYzNcdTAwYjk8XC9hPiIsImxheWVyX2ZvbnRfc2l6ZSI6IiIsImxheWVyX2JhY2tncm91bmRfY29sb3IiOiIiLCJsYXllcl9jb2xvciI6IiIsImxheWVyX2xpbmsiOiIiLCJsYXllcl90YXJnZXQiOiJzYW1lIiwibGF5ZXJfdG9wIjoiNDYxIiwibGF5ZXJfbGVmdCI6IjMzNSIsImxheWVyX3RyYW5zaXRpb24iOiJmYWRlIiwidGltZV9zdGFydCI6bnVsbH1d'),(137,1,'Duplicate of Sample1','','','','eyJ1c2V2aWRlbyI6IjAiLCJ2aWRlb2lkIjoiIiwidmlkZW9hdXRvIjoiMCIsImJhY2tncm91bmRfY29sb3IiOiIiLCJidWxsZXRfZGVzY3JpcHRpb24iOiIifQ==','W3sibGF5ZXJfdmlkZW9fdHlwZSI6InlvdXR1YmUiLCJsYXllcl92aWRlb19pZCI6IiIsImxheWVyX3ZpZGVvX2hlaWdodCI6IjIwMCIsImxheWVyX3ZpZGVvX3dpZHRoIjoiMzAwIiwibGF5ZXJfdmlkZW9fdGh1bWIiOiIiLCJsYXllcl9pZCI6IjFfMSIsImxheWVyX2NvbnRlbnQiOiJzbGlkZTItaG9tZTMuanBnIiwibGF5ZXJfdHlwZSI6ImltYWdlIiwibGF5ZXJfc3RhdHVzIjoiMSIsImxheWVyX2NsYXNzIjoiIiwibGF5ZXJfY2FwdGlvbiI6IllvdXIgSW1hZ2UgSGVyZSA0IiwibGF5ZXJfZm9udF9zaXplIjoiIiwibGF5ZXJfYmFja2dyb3VuZF9jb2xvciI6IiIsImxheWVyX2NvbG9yIjoiIiwibGF5ZXJfbGluayI6IiIsImxheWVyX3RhcmdldCI6InNhbWUiLCJsYXllcl90b3AiOiIwIiwibGF5ZXJfbGVmdCI6IjAiLCJsYXllcl90cmFuc2l0aW9uIjoiZmFkZSIsInRpbWVfc3RhcnQiOm51bGx9LHsibGF5ZXJfdmlkZW9fdHlwZSI6InlvdXR1YmUiLCJsYXllcl92aWRlb19pZCI6IiIsImxheWVyX3ZpZGVvX2hlaWdodCI6IjIwMCIsImxheWVyX3ZpZGVvX3dpZHRoIjoiMzAwIiwibGF5ZXJfdmlkZW9fdGh1bWIiOiIiLCJsYXllcl9pZCI6IjFfMiIsImxheWVyX2NvbnRlbnQiOiJzbGlkZTEtaG9tZTMuanBnIiwibGF5ZXJfdHlwZSI6InRleHQiLCJsYXllcl9zdGF0dXMiOiIxIiwibGF5ZXJfY2xhc3MiOiJzbGlkZS10aXRsZSIsImxheWVyX2NhcHRpb24iOiJTcG9ydCBkb25uZSIsImxheWVyX2ZvbnRfc2l6ZSI6IiIsImxheWVyX2JhY2tncm91bmRfY29sb3IiOiIiLCJsYXllcl9jb2xvciI6IiIsImxheWVyX2xpbmsiOiIiLCJsYXllcl90YXJnZXQiOiJzYW1lIiwibGF5ZXJfdG9wIjoiMzI1IiwibGF5ZXJfbGVmdCI6IjIwNyIsImxheWVyX3RyYW5zaXRpb24iOiJmYWRlIiwidGltZV9zdGFydCI6bnVsbH0seyJsYXllcl92aWRlb190eXBlIjoieW91dHViZSIsImxheWVyX3ZpZGVvX2lkIjoiIiwibGF5ZXJfdmlkZW9faGVpZ2h0IjoiMjAwIiwibGF5ZXJfdmlkZW9fd2lkdGgiOiIzMDAiLCJsYXllcl92aWRlb190aHVtYiI6IiIsImxheWVyX2lkIjoiMV8zIiwibGF5ZXJfY29udGVudCI6InNsaWRlMS1ob21lMy5qcGciLCJsYXllcl90eXBlIjoidGV4dCIsImxheWVyX3N0YXR1cyI6IjEiLCJsYXllcl9jbGFzcyI6InNsaWRlLXRleHQiLCJsYXllcl9jYXB0aW9uIjoiZGlzY291bnQgY29kZSA5MCUgOiA8c3BhbiBjbGFzcz1cInNsaWRlLW5hbWVcIj5KS0E8XC9zcGFuPiIsImxheWVyX2ZvbnRfc2l6ZSI6IiIsImxheWVyX2JhY2tncm91bmRfY29sb3IiOiIiLCJsYXllcl9jb2xvciI6IiIsImxheWVyX2xpbmsiOiIiLCJsYXllcl90YXJnZXQiOiJzYW1lIiwibGF5ZXJfdG9wIjoiMzg2IiwibGF5ZXJfbGVmdCI6IjI2NSIsImxheWVyX3RyYW5zaXRpb24iOiJmYWRlIiwidGltZV9zdGFydCI6bnVsbH0seyJsYXllcl92aWRlb190eXBlIjoieW91dHViZSIsImxheWVyX3ZpZGVvX2lkIjoiIiwibGF5ZXJfdmlkZW9faGVpZ2h0IjoiMjAwIiwibGF5ZXJfdmlkZW9fd2lkdGgiOiIzMDAiLCJsYXllcl92aWRlb190aHVtYiI6IiIsImxheWVyX2lkIjoiMV80IiwibGF5ZXJfY29udGVudCI6InNsaWRlMS1ob21lMy5qcGciLCJsYXllcl90eXBlIjoidGV4dCIsImxheWVyX3N0YXR1cyI6IjEiLCJsYXllcl9jbGFzcyI6IiIsImxheWVyX2NhcHRpb24iOiI8YSBjbGFzcz1cImJ0biBidXR0b25cIiBocmVmPVwiaW5kZXgucGhwXCI+TGVnZ2kgZGkgcGlcdTAwYzNcdTAwYjk8XC9hPiIsImxheWVyX2ZvbnRfc2l6ZSI6IiIsImxheWVyX2JhY2tncm91bmRfY29sb3IiOiIiLCJsYXllcl9jb2xvciI6IiIsImxheWVyX2xpbmsiOiIiLCJsYXllcl90YXJnZXQiOiJzYW1lIiwibGF5ZXJfdG9wIjoiNDYxIiwibGF5ZXJfbGVmdCI6IjMzNSIsImxheWVyX3RyYW5zaXRpb24iOiJmYWRlIiwidGltZV9zdGFydCI6bnVsbH1d'),(137,2,'Sample2','','','','eyJ1c2V2aWRlbyI6IjAiLCJ2aWRlb2lkIjoiIiwidmlkZW9hdXRvIjoiMCIsImJhY2tncm91bmRfY29sb3IiOiIiLCJidWxsZXRfZGVzY3JpcHRpb24iOiIifQ==','W3sibGF5ZXJfdmlkZW9fdHlwZSI6InlvdXR1YmUiLCJsYXllcl92aWRlb19pZCI6IiIsImxheWVyX3ZpZGVvX2hlaWdodCI6IjIwMCIsImxheWVyX3ZpZGVvX3dpZHRoIjoiMzAwIiwibGF5ZXJfdmlkZW9fdGh1bWIiOiIiLCJsYXllcl9pZCI6IjJfMSIsImxheWVyX2NvbnRlbnQiOiJzbGlkZTItaG9tZTMuanBnIiwibGF5ZXJfdHlwZSI6ImltYWdlIiwibGF5ZXJfc3RhdHVzIjoiMSIsImxheWVyX2NsYXNzIjoiIiwibGF5ZXJfY2FwdGlvbiI6IllvdXIgSW1hZ2UgSGVyZSA0IiwibGF5ZXJfZm9udF9zaXplIjoiIiwibGF5ZXJfYmFja2dyb3VuZF9jb2xvciI6IiIsImxheWVyX2NvbG9yIjoiIiwibGF5ZXJfbGluayI6IiIsImxheWVyX3RhcmdldCI6InNhbWUiLCJsYXllcl90b3AiOiIwIiwibGF5ZXJfbGVmdCI6IjAiLCJsYXllcl90cmFuc2l0aW9uIjoiZmFkZSIsInRpbWVfc3RhcnQiOm51bGx9LHsibGF5ZXJfdmlkZW9fdHlwZSI6InlvdXR1YmUiLCJsYXllcl92aWRlb19pZCI6IiIsImxheWVyX3ZpZGVvX2hlaWdodCI6IjIwMCIsImxheWVyX3ZpZGVvX3dpZHRoIjoiMzAwIiwibGF5ZXJfdmlkZW9fdGh1bWIiOiIiLCJsYXllcl9pZCI6IjJfMiIsImxheWVyX2NvbnRlbnQiOiJzbGlkZTEtaG9tZTMuanBnIiwibGF5ZXJfdHlwZSI6InRleHQiLCJsYXllcl9zdGF0dXMiOiIxIiwibGF5ZXJfY2xhc3MiOiJzbGlkZS10aXRsZSIsImxheWVyX2NhcHRpb24iOiJ3b21lbiBzcG9ydCIsImxheWVyX2ZvbnRfc2l6ZSI6IiIsImxheWVyX2JhY2tncm91bmRfY29sb3IiOiIiLCJsYXllcl9jb2xvciI6IiIsImxheWVyX2xpbmsiOiIiLCJsYXllcl90YXJnZXQiOiJzYW1lIiwibGF5ZXJfdG9wIjoiMzI1IiwibGF5ZXJfbGVmdCI6IjIwNyIsImxheWVyX3RyYW5zaXRpb24iOiJmYWRlIiwidGltZV9zdGFydCI6bnVsbH0seyJsYXllcl92aWRlb190eXBlIjoieW91dHViZSIsImxheWVyX3ZpZGVvX2lkIjoiIiwibGF5ZXJfdmlkZW9faGVpZ2h0IjoiMjAwIiwibGF5ZXJfdmlkZW9fd2lkdGgiOiIzMDAiLCJsYXllcl92aWRlb190aHVtYiI6IiIsImxheWVyX2lkIjoiMl8zIiwibGF5ZXJfY29udGVudCI6InNsaWRlMS1ob21lMy5qcGciLCJsYXllcl90eXBlIjoidGV4dCIsImxheWVyX3N0YXR1cyI6IjEiLCJsYXllcl9jbGFzcyI6InNsaWRlLXRleHQiLCJsYXllcl9jYXB0aW9uIjoiZGlzY291bnQgY29kZSA5MCUgOiA8c3BhbiBjbGFzcz1cInNsaWRlLW5hbWVcIj5KS0E8XC9zcGFuPiIsImxheWVyX2ZvbnRfc2l6ZSI6IiIsImxheWVyX2JhY2tncm91bmRfY29sb3IiOiIiLCJsYXllcl9jb2xvciI6IiIsImxheWVyX2xpbmsiOiIiLCJsYXllcl90YXJnZXQiOiJzYW1lIiwibGF5ZXJfdG9wIjoiMzg2IiwibGF5ZXJfbGVmdCI6IjI2NSIsImxheWVyX3RyYW5zaXRpb24iOiJmYWRlIiwidGltZV9zdGFydCI6bnVsbH0seyJsYXllcl92aWRlb190eXBlIjoieW91dHViZSIsImxheWVyX3ZpZGVvX2lkIjoiIiwibGF5ZXJfdmlkZW9faGVpZ2h0IjoiMjAwIiwibGF5ZXJfdmlkZW9fd2lkdGgiOiIzMDAiLCJsYXllcl92aWRlb190aHVtYiI6IiIsImxheWVyX2lkIjoiMl80IiwibGF5ZXJfY29udGVudCI6InNsaWRlMS1ob21lMy5qcGciLCJsYXllcl90eXBlIjoidGV4dCIsImxheWVyX3N0YXR1cyI6IjEiLCJsYXllcl9jbGFzcyI6IiIsImxheWVyX2NhcHRpb24iOiI8YSBjbGFzcz1cImJ0biBidXR0b25cIiBocmVmPVwiaW5kZXgucGhwXCI+UmVhZCBNb3JlPFwvYT4iLCJsYXllcl9mb250X3NpemUiOiIiLCJsYXllcl9iYWNrZ3JvdW5kX2NvbG9yIjoiIiwibGF5ZXJfY29sb3IiOiIiLCJsYXllcl9saW5rIjoiIiwibGF5ZXJfdGFyZ2V0Ijoic2FtZSIsImxheWVyX3RvcCI6IjQ2MSIsImxheWVyX2xlZnQiOiIzMzUiLCJsYXllcl90cmFuc2l0aW9uIjoiZmFkZSIsInRpbWVfc3RhcnQiOm51bGx9XQ=='),(137,3,'Duplicate of Sample1','','','','eyJ1c2V2aWRlbyI6IjAiLCJ2aWRlb2lkIjoiIiwidmlkZW9hdXRvIjoiMCIsImJhY2tncm91bmRfY29sb3IiOiIiLCJidWxsZXRfZGVzY3JpcHRpb24iOiIifQ==','W3sibGF5ZXJfdmlkZW9fdHlwZSI6InlvdXR1YmUiLCJsYXllcl92aWRlb19pZCI6IiIsImxheWVyX3ZpZGVvX2hlaWdodCI6IjIwMCIsImxheWVyX3ZpZGVvX3dpZHRoIjoiMzAwIiwibGF5ZXJfdmlkZW9fdGh1bWIiOiIiLCJsYXllcl9pZCI6IjNfMSIsImxheWVyX2NvbnRlbnQiOiJzbGlkZTItaG9tZTMuanBnIiwibGF5ZXJfdHlwZSI6ImltYWdlIiwibGF5ZXJfc3RhdHVzIjoiMSIsImxheWVyX2NsYXNzIjoiIiwibGF5ZXJfY2FwdGlvbiI6IllvdXIgSW1hZ2UgSGVyZSA0IiwibGF5ZXJfZm9udF9zaXplIjoiIiwibGF5ZXJfYmFja2dyb3VuZF9jb2xvciI6IiIsImxheWVyX2NvbG9yIjoiIiwibGF5ZXJfbGluayI6IiIsImxheWVyX3RhcmdldCI6InNhbWUiLCJsYXllcl90b3AiOiIwIiwibGF5ZXJfbGVmdCI6IjAiLCJsYXllcl90cmFuc2l0aW9uIjoiZmFkZSIsInRpbWVfc3RhcnQiOm51bGx9LHsibGF5ZXJfdmlkZW9fdHlwZSI6InlvdXR1YmUiLCJsYXllcl92aWRlb19pZCI6IiIsImxheWVyX3ZpZGVvX2hlaWdodCI6IjIwMCIsImxheWVyX3ZpZGVvX3dpZHRoIjoiMzAwIiwibGF5ZXJfdmlkZW9fdGh1bWIiOiIiLCJsYXllcl9pZCI6IjNfMiIsImxheWVyX2NvbnRlbnQiOiJzbGlkZTEtaG9tZTMuanBnIiwibGF5ZXJfdHlwZSI6InRleHQiLCJsYXllcl9zdGF0dXMiOiIxIiwibGF5ZXJfY2xhc3MiOiJzbGlkZS10aXRsZSIsImxheWVyX2NhcHRpb24iOiJkZXBvcnRlIG11amVyZXMiLCJsYXllcl9mb250X3NpemUiOiIiLCJsYXllcl9iYWNrZ3JvdW5kX2NvbG9yIjoiIiwibGF5ZXJfY29sb3IiOiIiLCJsYXllcl9saW5rIjoiIiwibGF5ZXJfdGFyZ2V0Ijoic2FtZSIsImxheWVyX3RvcCI6IjMyNSIsImxheWVyX2xlZnQiOiIyMDciLCJsYXllcl90cmFuc2l0aW9uIjoiZmFkZSIsInRpbWVfc3RhcnQiOm51bGx9LHsibGF5ZXJfdmlkZW9fdHlwZSI6InlvdXR1YmUiLCJsYXllcl92aWRlb19pZCI6IiIsImxheWVyX3ZpZGVvX2hlaWdodCI6IjIwMCIsImxheWVyX3ZpZGVvX3dpZHRoIjoiMzAwIiwibGF5ZXJfdmlkZW9fdGh1bWIiOiIiLCJsYXllcl9pZCI6IjNfMyIsImxheWVyX2NvbnRlbnQiOiJzbGlkZTEtaG9tZTMuanBnIiwibGF5ZXJfdHlwZSI6InRleHQiLCJsYXllcl9zdGF0dXMiOiIxIiwibGF5ZXJfY2xhc3MiOiJzbGlkZS10ZXh0IiwibGF5ZXJfY2FwdGlvbiI6ImRpc2NvdW50IGNvZGUgOTAlIDogPHNwYW4gY2xhc3M9XCJzbGlkZS1uYW1lXCI+SktBPFwvc3Bhbj4iLCJsYXllcl9mb250X3NpemUiOiIiLCJsYXllcl9iYWNrZ3JvdW5kX2NvbG9yIjoiIiwibGF5ZXJfY29sb3IiOiIiLCJsYXllcl9saW5rIjoiIiwibGF5ZXJfdGFyZ2V0Ijoic2FtZSIsImxheWVyX3RvcCI6IjM4NiIsImxheWVyX2xlZnQiOiIyNjUiLCJsYXllcl90cmFuc2l0aW9uIjoiZmFkZSIsInRpbWVfc3RhcnQiOm51bGx9LHsibGF5ZXJfdmlkZW9fdHlwZSI6InlvdXR1YmUiLCJsYXllcl92aWRlb19pZCI6IiIsImxheWVyX3ZpZGVvX2hlaWdodCI6IjIwMCIsImxheWVyX3ZpZGVvX3dpZHRoIjoiMzAwIiwibGF5ZXJfdmlkZW9fdGh1bWIiOiIiLCJsYXllcl9pZCI6IjNfNCIsImxheWVyX2NvbnRlbnQiOiJzbGlkZTEtaG9tZTMuanBnIiwibGF5ZXJfdHlwZSI6InRleHQiLCJsYXllcl9zdGF0dXMiOiIxIiwibGF5ZXJfY2xhc3MiOiIiLCJsYXllcl9jYXB0aW9uIjoiPGEgY2xhc3M9XCJidG4gYnV0dG9uXCIgaHJlZj1cImluZGV4LnBocFwiPkxlZSBtYXM8XC9hPiIsImxheWVyX2ZvbnRfc2l6ZSI6IiIsImxheWVyX2JhY2tncm91bmRfY29sb3IiOiIiLCJsYXllcl9jb2xvciI6IiIsImxheWVyX2xpbmsiOiIiLCJsYXllcl90YXJnZXQiOiJzYW1lIiwibGF5ZXJfdG9wIjoiNDYxIiwibGF5ZXJfbGVmdCI6IjMzNSIsImxheWVyX3RyYW5zaXRpb24iOiJmYWRlIiwidGltZV9zdGFydCI6bnVsbH1d'),(137,4,'Duplicate of Sample1','','','','eyJ1c2V2aWRlbyI6IjAiLCJ2aWRlb2lkIjoiIiwidmlkZW9hdXRvIjoiMCIsImJhY2tncm91bmRfY29sb3IiOiIiLCJidWxsZXRfZGVzY3JpcHRpb24iOiIifQ==','W3sibGF5ZXJfdmlkZW9fdHlwZSI6InlvdXR1YmUiLCJsYXllcl92aWRlb19pZCI6IiIsImxheWVyX3ZpZGVvX2hlaWdodCI6IjIwMCIsImxheWVyX3ZpZGVvX3dpZHRoIjoiMzAwIiwibGF5ZXJfdmlkZW9fdGh1bWIiOiIiLCJsYXllcl9pZCI6IjRfMSIsImxheWVyX2NvbnRlbnQiOiJzbGlkZTItaG9tZTMuanBnIiwibGF5ZXJfdHlwZSI6ImltYWdlIiwibGF5ZXJfc3RhdHVzIjoiMSIsImxheWVyX2NsYXNzIjoiIiwibGF5ZXJfY2FwdGlvbiI6IllvdXIgSW1hZ2UgSGVyZSA0IiwibGF5ZXJfZm9udF9zaXplIjoiIiwibGF5ZXJfYmFja2dyb3VuZF9jb2xvciI6IiIsImxheWVyX2NvbG9yIjoiIiwibGF5ZXJfbGluayI6IiIsImxheWVyX3RhcmdldCI6InNhbWUiLCJsYXllcl90b3AiOiIwIiwibGF5ZXJfbGVmdCI6IjAiLCJsYXllcl90cmFuc2l0aW9uIjoiZmFkZSIsInRpbWVfc3RhcnQiOm51bGx9LHsibGF5ZXJfdmlkZW9fdHlwZSI6InlvdXR1YmUiLCJsYXllcl92aWRlb19pZCI6IiIsImxheWVyX3ZpZGVvX2hlaWdodCI6IjIwMCIsImxheWVyX3ZpZGVvX3dpZHRoIjoiMzAwIiwibGF5ZXJfdmlkZW9fdGh1bWIiOiIiLCJsYXllcl9pZCI6IjRfMiIsImxheWVyX2NvbnRlbnQiOiJzbGlkZTEtaG9tZTMuanBnIiwibGF5ZXJfdHlwZSI6InRleHQiLCJsYXllcl9zdGF0dXMiOiIxIiwibGF5ZXJfY2xhc3MiOiJzbGlkZS10aXRsZSIsImxheWVyX2NhcHRpb24iOiJGcmF1ZW4gU3BvcnRhcnQiLCJsYXllcl9mb250X3NpemUiOiIiLCJsYXllcl9iYWNrZ3JvdW5kX2NvbG9yIjoiIiwibGF5ZXJfY29sb3IiOiIiLCJsYXllcl9saW5rIjoiIiwibGF5ZXJfdGFyZ2V0Ijoic2FtZSIsImxheWVyX3RvcCI6IjMyNSIsImxheWVyX2xlZnQiOiIyMDciLCJsYXllcl90cmFuc2l0aW9uIjoiZmFkZSIsInRpbWVfc3RhcnQiOm51bGx9LHsibGF5ZXJfdmlkZW9fdHlwZSI6InlvdXR1YmUiLCJsYXllcl92aWRlb19pZCI6IiIsImxheWVyX3ZpZGVvX2hlaWdodCI6IjIwMCIsImxheWVyX3ZpZGVvX3dpZHRoIjoiMzAwIiwibGF5ZXJfdmlkZW9fdGh1bWIiOiIiLCJsYXllcl9pZCI6IjRfMyIsImxheWVyX2NvbnRlbnQiOiJzbGlkZTEtaG9tZTMuanBnIiwibGF5ZXJfdHlwZSI6InRleHQiLCJsYXllcl9zdGF0dXMiOiIxIiwibGF5ZXJfY2xhc3MiOiJzbGlkZS10ZXh0IiwibGF5ZXJfY2FwdGlvbiI6IlJhYmF0dC1Db2RlIGZcdTAwYzNcdTAwYmNyIDkwJSA6IDxzcGFuIGNsYXNzPVwic2xpZGUtbmFtZVwiPkpLQTxcL3NwYW4+IiwibGF5ZXJfZm9udF9zaXplIjoiIiwibGF5ZXJfYmFja2dyb3VuZF9jb2xvciI6IiIsImxheWVyX2NvbG9yIjoiIiwibGF5ZXJfbGluayI6IiIsImxheWVyX3RhcmdldCI6InNhbWUiLCJsYXllcl90b3AiOiIzODYiLCJsYXllcl9sZWZ0IjoiMjY1IiwibGF5ZXJfdHJhbnNpdGlvbiI6ImZhZGUiLCJ0aW1lX3N0YXJ0IjpudWxsfSx7ImxheWVyX3ZpZGVvX3R5cGUiOiJ5b3V0dWJlIiwibGF5ZXJfdmlkZW9faWQiOiIiLCJsYXllcl92aWRlb19oZWlnaHQiOiIyMDAiLCJsYXllcl92aWRlb193aWR0aCI6IjMwMCIsImxheWVyX3ZpZGVvX3RodW1iIjoiIiwibGF5ZXJfaWQiOiI0XzQiLCJsYXllcl9jb250ZW50Ijoic2xpZGUxLWhvbWUzLmpwZyIsImxheWVyX3R5cGUiOiJ0ZXh0IiwibGF5ZXJfc3RhdHVzIjoiMSIsImxheWVyX2NsYXNzIjoiIiwibGF5ZXJfY2FwdGlvbiI6IjxhIGNsYXNzPVwiYnRuIGJ1dHRvblwiIGhyZWY9XCJpbmRleC5waHBcIj5XZWl0ZXJsZXNlbjxcL2E+IiwibGF5ZXJfZm9udF9zaXplIjoiIiwibGF5ZXJfYmFja2dyb3VuZF9jb2xvciI6IiIsImxheWVyX2NvbG9yIjoiIiwibGF5ZXJfbGluayI6IiIsImxheWVyX3RhcmdldCI6InNhbWUiLCJsYXllcl90b3AiOiI0NjEiLCJsYXllcl9sZWZ0IjoiMzM1IiwibGF5ZXJfdHJhbnNpdGlvbiI6ImZhZGUiLCJ0aW1lX3N0YXJ0IjpudWxsfV0='),(137,5,'Duplicate of Sample1','','','','eyJ1c2V2aWRlbyI6IjAiLCJ2aWRlb2lkIjoiIiwidmlkZW9hdXRvIjoiMCIsImJhY2tncm91bmRfY29sb3IiOiIiLCJidWxsZXRfZGVzY3JpcHRpb24iOiIifQ==','W3sibGF5ZXJfdmlkZW9fdHlwZSI6InlvdXR1YmUiLCJsYXllcl92aWRlb19pZCI6IiIsImxheWVyX3ZpZGVvX2hlaWdodCI6IjIwMCIsImxheWVyX3ZpZGVvX3dpZHRoIjoiMzAwIiwibGF5ZXJfdmlkZW9fdGh1bWIiOiIiLCJsYXllcl9pZCI6IjVfMSIsImxheWVyX2NvbnRlbnQiOiJzbGlkZTItaG9tZTMuanBnIiwibGF5ZXJfdHlwZSI6ImltYWdlIiwibGF5ZXJfc3RhdHVzIjoiMSIsImxheWVyX2NsYXNzIjoiIiwibGF5ZXJfY2FwdGlvbiI6IllvdXIgSW1hZ2UgSGVyZSA0IiwibGF5ZXJfZm9udF9zaXplIjoiIiwibGF5ZXJfYmFja2dyb3VuZF9jb2xvciI6IiIsImxheWVyX2NvbG9yIjoiIiwibGF5ZXJfbGluayI6IiIsImxheWVyX3RhcmdldCI6InNhbWUiLCJsYXllcl90b3AiOiIwIiwibGF5ZXJfbGVmdCI6IjAiLCJsYXllcl90cmFuc2l0aW9uIjoiZmFkZSIsInRpbWVfc3RhcnQiOm51bGx9LHsibGF5ZXJfdmlkZW9fdHlwZSI6InlvdXR1YmUiLCJsYXllcl92aWRlb19pZCI6IiIsImxheWVyX3ZpZGVvX2hlaWdodCI6IjIwMCIsImxheWVyX3ZpZGVvX3dpZHRoIjoiMzAwIiwibGF5ZXJfdmlkZW9fdGh1bWIiOiIiLCJsYXllcl9pZCI6IjVfMiIsImxheWVyX2NvbnRlbnQiOiJzbGlkZTEtaG9tZTMuanBnIiwibGF5ZXJfdHlwZSI6InRleHQiLCJsYXllcl9zdGF0dXMiOiIxIiwibGF5ZXJfY2xhc3MiOiJzbGlkZS10aXRsZSIsImxheWVyX2NhcHRpb24iOiJhcmJvcmVyIGZcdTAwYzNcdTAwYTltaW5pbiIsImxheWVyX2ZvbnRfc2l6ZSI6IiIsImxheWVyX2JhY2tncm91bmRfY29sb3IiOiIiLCJsYXllcl9jb2xvciI6IiIsImxheWVyX2xpbmsiOiIiLCJsYXllcl90YXJnZXQiOiJzYW1lIiwibGF5ZXJfdG9wIjoiMzI1IiwibGF5ZXJfbGVmdCI6IjIwNyIsImxheWVyX3RyYW5zaXRpb24iOiJmYWRlIiwidGltZV9zdGFydCI6bnVsbH0seyJsYXllcl92aWRlb190eXBlIjoieW91dHViZSIsImxheWVyX3ZpZGVvX2lkIjoiIiwibGF5ZXJfdmlkZW9faGVpZ2h0IjoiMjAwIiwibGF5ZXJfdmlkZW9fd2lkdGgiOiIzMDAiLCJsYXllcl92aWRlb190aHVtYiI6IiIsImxheWVyX2lkIjoiNV8zIiwibGF5ZXJfY29udGVudCI6InNsaWRlMS1ob21lMy5qcGciLCJsYXllcl90eXBlIjoidGV4dCIsImxheWVyX3N0YXR1cyI6IjEiLCJsYXllcl9jbGFzcyI6InNsaWRlLXRleHQiLCJsYXllcl9jYXB0aW9uIjoiY29kZSBkZSByXHUwMGMzXHUwMGE5ZHVjdGlvbiA5MCUgOiA8c3BhbiBjbGFzcz1cInNsaWRlLW5hbWVcIj5KS0E8XC9zcGFuPiIsImxheWVyX2ZvbnRfc2l6ZSI6IiIsImxheWVyX2JhY2tncm91bmRfY29sb3IiOiIiLCJsYXllcl9jb2xvciI6IiIsImxheWVyX2xpbmsiOiIiLCJsYXllcl90YXJnZXQiOiJzYW1lIiwibGF5ZXJfdG9wIjoiMzg2IiwibGF5ZXJfbGVmdCI6IjI2NSIsImxheWVyX3RyYW5zaXRpb24iOiJmYWRlIiwidGltZV9zdGFydCI6bnVsbH0seyJsYXllcl92aWRlb190eXBlIjoieW91dHViZSIsImxheWVyX3ZpZGVvX2lkIjoiIiwibGF5ZXJfdmlkZW9faGVpZ2h0IjoiMjAwIiwibGF5ZXJfdmlkZW9fd2lkdGgiOiIzMDAiLCJsYXllcl92aWRlb190aHVtYiI6IiIsImxheWVyX2lkIjoiNV80IiwibGF5ZXJfY29udGVudCI6InNsaWRlMS1ob21lMy5qcGciLCJsYXllcl90eXBlIjoidGV4dCIsImxheWVyX3N0YXR1cyI6IjEiLCJsYXllcl9jbGFzcyI6IiIsImxheWVyX2NhcHRpb24iOiI8YSBjbGFzcz1cImJ0biBidXR0b25cIiBocmVmPVwiaW5kZXgucGhwXCI+TGlyZSBsYSBzdWl0ZTxcL2E+IiwibGF5ZXJfZm9udF9zaXplIjoiIiwibGF5ZXJfYmFja2dyb3VuZF9jb2xvciI6IiIsImxheWVyX2NvbG9yIjoiIiwibGF5ZXJfbGluayI6IiIsImxheWVyX3RhcmdldCI6InNhbWUiLCJsYXllcl90b3AiOiI0NjEiLCJsYXllcl9sZWZ0IjoiMzM1IiwibGF5ZXJfdHJhbnNpdGlvbiI6ImZhZGUiLCJ0aW1lX3N0YXJ0IjpudWxsfV0='),(137,6,'Duplicate of Sample1','','','','eyJ1c2V2aWRlbyI6IjAiLCJ2aWRlb2lkIjoiIiwidmlkZW9hdXRvIjoiMCIsImJhY2tncm91bmRfY29sb3IiOiIiLCJidWxsZXRfZGVzY3JpcHRpb24iOiIifQ==','W3sibGF5ZXJfdmlkZW9fdHlwZSI6InlvdXR1YmUiLCJsYXllcl92aWRlb19pZCI6IiIsImxheWVyX3ZpZGVvX2hlaWdodCI6IjIwMCIsImxheWVyX3ZpZGVvX3dpZHRoIjoiMzAwIiwibGF5ZXJfdmlkZW9fdGh1bWIiOiIiLCJsYXllcl9pZCI6IjFfMSIsImxheWVyX2NvbnRlbnQiOiJzbGlkZTItaG9tZTMuanBnIiwibGF5ZXJfdHlwZSI6ImltYWdlIiwibGF5ZXJfc3RhdHVzIjoiMSIsImxheWVyX2NsYXNzIjoiIiwibGF5ZXJfY2FwdGlvbiI6IllvdXIgSW1hZ2UgSGVyZSA0IiwibGF5ZXJfZm9udF9zaXplIjoiIiwibGF5ZXJfYmFja2dyb3VuZF9jb2xvciI6IiIsImxheWVyX2NvbG9yIjoiIiwibGF5ZXJfbGluayI6IiIsImxheWVyX3RhcmdldCI6InNhbWUiLCJsYXllcl90b3AiOiIwIiwibGF5ZXJfbGVmdCI6IjAiLCJsYXllcl90cmFuc2l0aW9uIjoiZmFkZSIsInRpbWVfc3RhcnQiOm51bGx9LHsibGF5ZXJfdmlkZW9fdHlwZSI6InlvdXR1YmUiLCJsYXllcl92aWRlb19pZCI6IiIsImxheWVyX3ZpZGVvX2hlaWdodCI6IjIwMCIsImxheWVyX3ZpZGVvX3dpZHRoIjoiMzAwIiwibGF5ZXJfdmlkZW9fdGh1bWIiOiIiLCJsYXllcl9pZCI6IjFfMiIsImxheWVyX2NvbnRlbnQiOiJzbGlkZTEtaG9tZTMuanBnIiwibGF5ZXJfdHlwZSI6InRleHQiLCJsYXllcl9zdGF0dXMiOiIxIiwibGF5ZXJfY2xhc3MiOiJzbGlkZS10aXRsZSIsImxheWVyX2NhcHRpb24iOiJTcG9ydCBkb25uZSIsImxheWVyX2ZvbnRfc2l6ZSI6IiIsImxheWVyX2JhY2tncm91bmRfY29sb3IiOiIiLCJsYXllcl9jb2xvciI6IiIsImxheWVyX2xpbmsiOiIiLCJsYXllcl90YXJnZXQiOiJzYW1lIiwibGF5ZXJfdG9wIjoiMzI1IiwibGF5ZXJfbGVmdCI6IjIwNyIsImxheWVyX3RyYW5zaXRpb24iOiJmYWRlIiwidGltZV9zdGFydCI6bnVsbH0seyJsYXllcl92aWRlb190eXBlIjoieW91dHViZSIsImxheWVyX3ZpZGVvX2lkIjoiIiwibGF5ZXJfdmlkZW9faGVpZ2h0IjoiMjAwIiwibGF5ZXJfdmlkZW9fd2lkdGgiOiIzMDAiLCJsYXllcl92aWRlb190aHVtYiI6IiIsImxheWVyX2lkIjoiMV8zIiwibGF5ZXJfY29udGVudCI6InNsaWRlMS1ob21lMy5qcGciLCJsYXllcl90eXBlIjoidGV4dCIsImxheWVyX3N0YXR1cyI6IjEiLCJsYXllcl9jbGFzcyI6InNsaWRlLXRleHQiLCJsYXllcl9jYXB0aW9uIjoiZGlzY291bnQgY29kZSA5MCUgOiA8c3BhbiBjbGFzcz1cInNsaWRlLW5hbWVcIj5KS0E8XC9zcGFuPiIsImxheWVyX2ZvbnRfc2l6ZSI6IiIsImxheWVyX2JhY2tncm91bmRfY29sb3IiOiIiLCJsYXllcl9jb2xvciI6IiIsImxheWVyX2xpbmsiOiIiLCJsYXllcl90YXJnZXQiOiJzYW1lIiwibGF5ZXJfdG9wIjoiMzg2IiwibGF5ZXJfbGVmdCI6IjI2NSIsImxheWVyX3RyYW5zaXRpb24iOiJmYWRlIiwidGltZV9zdGFydCI6bnVsbH0seyJsYXllcl92aWRlb190eXBlIjoieW91dHViZSIsImxheWVyX3ZpZGVvX2lkIjoiIiwibGF5ZXJfdmlkZW9faGVpZ2h0IjoiMjAwIiwibGF5ZXJfdmlkZW9fd2lkdGgiOiIzMDAiLCJsYXllcl92aWRlb190aHVtYiI6IiIsImxheWVyX2lkIjoiMV80IiwibGF5ZXJfY29udGVudCI6InNsaWRlMS1ob21lMy5qcGciLCJsYXllcl90eXBlIjoidGV4dCIsImxheWVyX3N0YXR1cyI6IjEiLCJsYXllcl9jbGFzcyI6IiIsImxheWVyX2NhcHRpb24iOiI8YSBjbGFzcz1cImJ0biBidXR0b25cIiBocmVmPVwiaW5kZXgucGhwXCI+TGVnZ2kgZGkgcGlcdTAwYzNcdTAwYjk8XC9hPiIsImxheWVyX2ZvbnRfc2l6ZSI6IiIsImxheWVyX2JhY2tncm91bmRfY29sb3IiOiIiLCJsYXllcl9jb2xvciI6IiIsImxheWVyX2xpbmsiOiIiLCJsYXllcl90YXJnZXQiOiJzYW1lIiwibGF5ZXJfdG9wIjoiNDYxIiwibGF5ZXJfbGVmdCI6IjMzNSIsImxheWVyX3RyYW5zaXRpb24iOiJmYWRlIiwidGltZV9zdGFydCI6bnVsbH1d'),(137,7,'Duplicate of Sample1','','','','eyJ1c2V2aWRlbyI6IjAiLCJ2aWRlb2lkIjoiIiwidmlkZW9hdXRvIjoiMCIsImJhY2tncm91bmRfY29sb3IiOiIiLCJidWxsZXRfZGVzY3JpcHRpb24iOiIifQ==','W3sibGF5ZXJfdmlkZW9fdHlwZSI6InlvdXR1YmUiLCJsYXllcl92aWRlb19pZCI6IiIsImxheWVyX3ZpZGVvX2hlaWdodCI6IjIwMCIsImxheWVyX3ZpZGVvX3dpZHRoIjoiMzAwIiwibGF5ZXJfdmlkZW9fdGh1bWIiOiIiLCJsYXllcl9pZCI6IjFfMSIsImxheWVyX2NvbnRlbnQiOiJzbGlkZTItaG9tZTMuanBnIiwibGF5ZXJfdHlwZSI6ImltYWdlIiwibGF5ZXJfc3RhdHVzIjoiMSIsImxheWVyX2NsYXNzIjoiIiwibGF5ZXJfY2FwdGlvbiI6IllvdXIgSW1hZ2UgSGVyZSA0IiwibGF5ZXJfZm9udF9zaXplIjoiIiwibGF5ZXJfYmFja2dyb3VuZF9jb2xvciI6IiIsImxheWVyX2NvbG9yIjoiIiwibGF5ZXJfbGluayI6IiIsImxheWVyX3RhcmdldCI6InNhbWUiLCJsYXllcl90b3AiOiIwIiwibGF5ZXJfbGVmdCI6IjAiLCJsYXllcl90cmFuc2l0aW9uIjoiZmFkZSIsInRpbWVfc3RhcnQiOm51bGx9LHsibGF5ZXJfdmlkZW9fdHlwZSI6InlvdXR1YmUiLCJsYXllcl92aWRlb19pZCI6IiIsImxheWVyX3ZpZGVvX2hlaWdodCI6IjIwMCIsImxheWVyX3ZpZGVvX3dpZHRoIjoiMzAwIiwibGF5ZXJfdmlkZW9fdGh1bWIiOiIiLCJsYXllcl9pZCI6IjFfMiIsImxheWVyX2NvbnRlbnQiOiJzbGlkZTEtaG9tZTMuanBnIiwibGF5ZXJfdHlwZSI6InRleHQiLCJsYXllcl9zdGF0dXMiOiIxIiwibGF5ZXJfY2xhc3MiOiJzbGlkZS10aXRsZSIsImxheWVyX2NhcHRpb24iOiJTcG9ydCBkb25uZSIsImxheWVyX2ZvbnRfc2l6ZSI6IiIsImxheWVyX2JhY2tncm91bmRfY29sb3IiOiIiLCJsYXllcl9jb2xvciI6IiIsImxheWVyX2xpbmsiOiIiLCJsYXllcl90YXJnZXQiOiJzYW1lIiwibGF5ZXJfdG9wIjoiMzI1IiwibGF5ZXJfbGVmdCI6IjIwNyIsImxheWVyX3RyYW5zaXRpb24iOiJmYWRlIiwidGltZV9zdGFydCI6bnVsbH0seyJsYXllcl92aWRlb190eXBlIjoieW91dHViZSIsImxheWVyX3ZpZGVvX2lkIjoiIiwibGF5ZXJfdmlkZW9faGVpZ2h0IjoiMjAwIiwibGF5ZXJfdmlkZW9fd2lkdGgiOiIzMDAiLCJsYXllcl92aWRlb190aHVtYiI6IiIsImxheWVyX2lkIjoiMV8zIiwibGF5ZXJfY29udGVudCI6InNsaWRlMS1ob21lMy5qcGciLCJsYXllcl90eXBlIjoidGV4dCIsImxheWVyX3N0YXR1cyI6IjEiLCJsYXllcl9jbGFzcyI6InNsaWRlLXRleHQiLCJsYXllcl9jYXB0aW9uIjoiZGlzY291bnQgY29kZSA5MCUgOiA8c3BhbiBjbGFzcz1cInNsaWRlLW5hbWVcIj5KS0E8XC9zcGFuPiIsImxheWVyX2ZvbnRfc2l6ZSI6IiIsImxheWVyX2JhY2tncm91bmRfY29sb3IiOiIiLCJsYXllcl9jb2xvciI6IiIsImxheWVyX2xpbmsiOiIiLCJsYXllcl90YXJnZXQiOiJzYW1lIiwibGF5ZXJfdG9wIjoiMzg2IiwibGF5ZXJfbGVmdCI6IjI2NSIsImxheWVyX3RyYW5zaXRpb24iOiJmYWRlIiwidGltZV9zdGFydCI6bnVsbH0seyJsYXllcl92aWRlb190eXBlIjoieW91dHViZSIsImxheWVyX3ZpZGVvX2lkIjoiIiwibGF5ZXJfdmlkZW9faGVpZ2h0IjoiMjAwIiwibGF5ZXJfdmlkZW9fd2lkdGgiOiIzMDAiLCJsYXllcl92aWRlb190aHVtYiI6IiIsImxheWVyX2lkIjoiMV80IiwibGF5ZXJfY29udGVudCI6InNsaWRlMS1ob21lMy5qcGciLCJsYXllcl90eXBlIjoidGV4dCIsImxheWVyX3N0YXR1cyI6IjEiLCJsYXllcl9jbGFzcyI6IiIsImxheWVyX2NhcHRpb24iOiI8YSBjbGFzcz1cImJ0biBidXR0b25cIiBocmVmPVwiaW5kZXgucGhwXCI+TGVnZ2kgZGkgcGlcdTAwYzNcdTAwYjk8XC9hPiIsImxheWVyX2ZvbnRfc2l6ZSI6IiIsImxheWVyX2JhY2tncm91bmRfY29sb3IiOiIiLCJsYXllcl9jb2xvciI6IiIsImxheWVyX2xpbmsiOiIiLCJsYXllcl90YXJnZXQiOiJzYW1lIiwibGF5ZXJfdG9wIjoiNDYxIiwibGF5ZXJfbGVmdCI6IjMzNSIsImxheWVyX3RyYW5zaXRpb24iOiJmYWRlIiwidGltZV9zdGFydCI6bnVsbH1d'),(137,8,'Duplicate of Sample1','','','','eyJ1c2V2aWRlbyI6IjAiLCJ2aWRlb2lkIjoiIiwidmlkZW9hdXRvIjoiMCIsImJhY2tncm91bmRfY29sb3IiOiIiLCJidWxsZXRfZGVzY3JpcHRpb24iOiIifQ==','W3sibGF5ZXJfdmlkZW9fdHlwZSI6InlvdXR1YmUiLCJsYXllcl92aWRlb19pZCI6IiIsImxheWVyX3ZpZGVvX2hlaWdodCI6IjIwMCIsImxheWVyX3ZpZGVvX3dpZHRoIjoiMzAwIiwibGF5ZXJfdmlkZW9fdGh1bWIiOiIiLCJsYXllcl9pZCI6IjFfMSIsImxheWVyX2NvbnRlbnQiOiJzbGlkZTItaG9tZTMuanBnIiwibGF5ZXJfdHlwZSI6ImltYWdlIiwibGF5ZXJfc3RhdHVzIjoiMSIsImxheWVyX2NsYXNzIjoiIiwibGF5ZXJfY2FwdGlvbiI6IllvdXIgSW1hZ2UgSGVyZSA0IiwibGF5ZXJfZm9udF9zaXplIjoiIiwibGF5ZXJfYmFja2dyb3VuZF9jb2xvciI6IiIsImxheWVyX2NvbG9yIjoiIiwibGF5ZXJfbGluayI6IiIsImxheWVyX3RhcmdldCI6InNhbWUiLCJsYXllcl90b3AiOiIwIiwibGF5ZXJfbGVmdCI6IjAiLCJsYXllcl90cmFuc2l0aW9uIjoiZmFkZSIsInRpbWVfc3RhcnQiOm51bGx9LHsibGF5ZXJfdmlkZW9fdHlwZSI6InlvdXR1YmUiLCJsYXllcl92aWRlb19pZCI6IiIsImxheWVyX3ZpZGVvX2hlaWdodCI6IjIwMCIsImxheWVyX3ZpZGVvX3dpZHRoIjoiMzAwIiwibGF5ZXJfdmlkZW9fdGh1bWIiOiIiLCJsYXllcl9pZCI6IjFfMiIsImxheWVyX2NvbnRlbnQiOiJzbGlkZTEtaG9tZTMuanBnIiwibGF5ZXJfdHlwZSI6InRleHQiLCJsYXllcl9zdGF0dXMiOiIxIiwibGF5ZXJfY2xhc3MiOiJzbGlkZS10aXRsZSIsImxheWVyX2NhcHRpb24iOiJTcG9ydCBkb25uZSIsImxheWVyX2ZvbnRfc2l6ZSI6IiIsImxheWVyX2JhY2tncm91bmRfY29sb3IiOiIiLCJsYXllcl9jb2xvciI6IiIsImxheWVyX2xpbmsiOiIiLCJsYXllcl90YXJnZXQiOiJzYW1lIiwibGF5ZXJfdG9wIjoiMzI1IiwibGF5ZXJfbGVmdCI6IjIwNyIsImxheWVyX3RyYW5zaXRpb24iOiJmYWRlIiwidGltZV9zdGFydCI6bnVsbH0seyJsYXllcl92aWRlb190eXBlIjoieW91dHViZSIsImxheWVyX3ZpZGVvX2lkIjoiIiwibGF5ZXJfdmlkZW9faGVpZ2h0IjoiMjAwIiwibGF5ZXJfdmlkZW9fd2lkdGgiOiIzMDAiLCJsYXllcl92aWRlb190aHVtYiI6IiIsImxheWVyX2lkIjoiMV8zIiwibGF5ZXJfY29udGVudCI6InNsaWRlMS1ob21lMy5qcGciLCJsYXllcl90eXBlIjoidGV4dCIsImxheWVyX3N0YXR1cyI6IjEiLCJsYXllcl9jbGFzcyI6InNsaWRlLXRleHQiLCJsYXllcl9jYXB0aW9uIjoiZGlzY291bnQgY29kZSA5MCUgOiA8c3BhbiBjbGFzcz1cInNsaWRlLW5hbWVcIj5KS0E8XC9zcGFuPiIsImxheWVyX2ZvbnRfc2l6ZSI6IiIsImxheWVyX2JhY2tncm91bmRfY29sb3IiOiIiLCJsYXllcl9jb2xvciI6IiIsImxheWVyX2xpbmsiOiIiLCJsYXllcl90YXJnZXQiOiJzYW1lIiwibGF5ZXJfdG9wIjoiMzg2IiwibGF5ZXJfbGVmdCI6IjI2NSIsImxheWVyX3RyYW5zaXRpb24iOiJmYWRlIiwidGltZV9zdGFydCI6bnVsbH0seyJsYXllcl92aWRlb190eXBlIjoieW91dHViZSIsImxheWVyX3ZpZGVvX2lkIjoiIiwibGF5ZXJfdmlkZW9faGVpZ2h0IjoiMjAwIiwibGF5ZXJfdmlkZW9fd2lkdGgiOiIzMDAiLCJsYXllcl92aWRlb190aHVtYiI6IiIsImxheWVyX2lkIjoiMV80IiwibGF5ZXJfY29udGVudCI6InNsaWRlMS1ob21lMy5qcGciLCJsYXllcl90eXBlIjoidGV4dCIsImxheWVyX3N0YXR1cyI6IjEiLCJsYXllcl9jbGFzcyI6IiIsImxheWVyX2NhcHRpb24iOiI8YSBjbGFzcz1cImJ0biBidXR0b25cIiBocmVmPVwiaW5kZXgucGhwXCI+TGVnZ2kgZGkgcGlcdTAwYzNcdTAwYjk8XC9hPiIsImxheWVyX2ZvbnRfc2l6ZSI6IiIsImxheWVyX2JhY2tncm91bmRfY29sb3IiOiIiLCJsYXllcl9jb2xvciI6IiIsImxheWVyX2xpbmsiOiIiLCJsYXllcl90YXJnZXQiOiJzYW1lIiwibGF5ZXJfdG9wIjoiNDYxIiwibGF5ZXJfbGVmdCI6IjMzNSIsImxheWVyX3RyYW5zaXRpb24iOiJmYWRlIiwidGltZV9zdGFydCI6bnVsbH1d'),(138,1,'sample 1','','','','eyJ1c2V2aWRlbyI6IjAiLCJ2aWRlb2lkIjoiIiwidmlkZW9hdXRvIjoiMCIsImJhY2tncm91bmRfY29sb3IiOiIiLCJidWxsZXRfZGVzY3JpcHRpb24iOiIifQ==','W3sibGF5ZXJfdmlkZW9fdHlwZSI6InlvdXR1YmUiLCJsYXllcl92aWRlb19pZCI6IiIsImxheWVyX3ZpZGVvX2hlaWdodCI6IjIwMCIsImxheWVyX3ZpZGVvX3dpZHRoIjoiMzAwIiwibGF5ZXJfdmlkZW9fdGh1bWIiOiIiLCJsYXllcl9pZCI6IjFfMSIsImxheWVyX2NvbnRlbnQiOiJzbGlkZTItaG9tZTQuanBnIiwibGF5ZXJfdHlwZSI6ImltYWdlIiwibGF5ZXJfc3RhdHVzIjoiMSIsImxheWVyX2NsYXNzIjoiIiwibGF5ZXJfY2FwdGlvbiI6IllvdXIgSW1hZ2UgSGVyZSAxIiwibGF5ZXJfZm9udF9zaXplIjoiIiwibGF5ZXJfYmFja2dyb3VuZF9jb2xvciI6IiIsImxheWVyX2NvbG9yIjoiIiwibGF5ZXJfbGluayI6IiIsImxheWVyX3RhcmdldCI6InNhbWUiLCJsYXllcl90b3AiOiIwIiwibGF5ZXJfbGVmdCI6IjAiLCJsYXllcl90cmFuc2l0aW9uIjoiZmFkZSIsInRpbWVfc3RhcnQiOm51bGx9LHsibGF5ZXJfdmlkZW9fdHlwZSI6InlvdXR1YmUiLCJsYXllcl92aWRlb19pZCI6IiIsImxheWVyX3ZpZGVvX2hlaWdodCI6IjIwMCIsImxheWVyX3ZpZGVvX3dpZHRoIjoiMzAwIiwibGF5ZXJfdmlkZW9fdGh1bWIiOiIiLCJsYXllcl9pZCI6IjFfMiIsImxheWVyX2NvbnRlbnQiOiJzbGlkZTItaG9tZTQuanBnIiwibGF5ZXJfdHlwZSI6InRleHQiLCJsYXllcl9zdGF0dXMiOiIxIiwibGF5ZXJfY2xhc3MiOiJzbGlkZXNob3ctdGl0bGUiLCJsYXllcl9jYXB0aW9uIjoiQmFzZWx3b3JsZCIsImxheWVyX2ZvbnRfc2l6ZSI6IiIsImxheWVyX2JhY2tncm91bmRfY29sb3IiOiIiLCJsYXllcl9jb2xvciI6IiIsImxheWVyX2xpbmsiOiIiLCJsYXllcl90YXJnZXQiOiJzYW1lIiwibGF5ZXJfdG9wIjoiMzAwIiwibGF5ZXJfbGVmdCI6IjQxNSIsImxheWVyX3RyYW5zaXRpb24iOiJmYWRlIiwidGltZV9zdGFydCI6bnVsbH0seyJsYXllcl92aWRlb190eXBlIjoieW91dHViZSIsImxheWVyX3ZpZGVvX2lkIjoiIiwibGF5ZXJfdmlkZW9faGVpZ2h0IjoiMjAwIiwibGF5ZXJfdmlkZW9fd2lkdGgiOiIzMDAiLCJsYXllcl92aWRlb190aHVtYiI6IiIsImxheWVyX2lkIjoiMV8zIiwibGF5ZXJfY29udGVudCI6InNsaWRlMi1ob21lNC5qcGciLCJsYXllcl90eXBlIjoidGV4dCIsImxheWVyX3N0YXR1cyI6IjEiLCJsYXllcl9jbGFzcyI6InNsaWRlc2hvdy10ZXh0IiwibGF5ZXJfY2FwdGlvbiI6IkNvZGljZSBzY29udG8gZGVsIDkwJTogPHNwYW4gY2xhc3M9XCJ0ZXh0LXVuZGVybGluZVwiPkpLQTxcL3NwYW4+IiwibGF5ZXJfZm9udF9zaXplIjoiIiwibGF5ZXJfYmFja2dyb3VuZF9jb2xvciI6IiIsImxheWVyX2NvbG9yIjoiIiwibGF5ZXJfbGluayI6IiIsImxheWVyX3RhcmdldCI6InNhbWUiLCJsYXllcl90b3AiOiIzNjMiLCJsYXllcl9sZWZ0IjoiNDE1IiwibGF5ZXJfdHJhbnNpdGlvbiI6ImZhZGUiLCJ0aW1lX3N0YXJ0IjpudWxsfSx7ImxheWVyX3ZpZGVvX3R5cGUiOiJ5b3V0dWJlIiwibGF5ZXJfdmlkZW9faWQiOiIiLCJsYXllcl92aWRlb19oZWlnaHQiOiIyMDAiLCJsYXllcl92aWRlb193aWR0aCI6IjMwMCIsImxheWVyX3ZpZGVvX3RodW1iIjoiIiwibGF5ZXJfaWQiOiIxXzQiLCJsYXllcl9jb250ZW50Ijoic2xpZGUyLWhvbWU0LmpwZyIsImxheWVyX3R5cGUiOiJ0ZXh0IiwibGF5ZXJfc3RhdHVzIjoiMSIsImxheWVyX2NsYXNzIjoiIiwibGF5ZXJfY2FwdGlvbiI6IjxhIGNsYXNzPVwiYnRuIGJ1dHRvblwiIGhyZWY9XCIjXCI+TGVnZ2kgZGkgcGlcdTAwYzNcdTAwYjk8XC9hPiIsImxheWVyX2ZvbnRfc2l6ZSI6IiIsImxheWVyX2JhY2tncm91bmRfY29sb3IiOiIiLCJsYXllcl9jb2xvciI6IiIsImxheWVyX2xpbmsiOiIiLCJsYXllcl90YXJnZXQiOiJzYW1lIiwibGF5ZXJfdG9wIjoiNDQxIiwibGF5ZXJfbGVmdCI6IjQxNiIsImxheWVyX3RyYW5zaXRpb24iOiJmYWRlIiwidGltZV9zdGFydCI6bnVsbH1d'),(138,2,'sample 1','','','','eyJ1c2V2aWRlbyI6IjAiLCJ2aWRlb2lkIjoiIiwidmlkZW9hdXRvIjoiMCIsImJhY2tncm91bmRfY29sb3IiOiIiLCJidWxsZXRfZGVzY3JpcHRpb24iOiIifQ==','W3sibGF5ZXJfdmlkZW9fdHlwZSI6InlvdXR1YmUiLCJsYXllcl92aWRlb19pZCI6IiIsImxheWVyX3ZpZGVvX2hlaWdodCI6IjIwMCIsImxheWVyX3ZpZGVvX3dpZHRoIjoiMzAwIiwibGF5ZXJfdmlkZW9fdGh1bWIiOiIiLCJsYXllcl9pZCI6IjJfMSIsImxheWVyX2NvbnRlbnQiOiJzbGlkZTItaG9tZTQuanBnIiwibGF5ZXJfdHlwZSI6ImltYWdlIiwibGF5ZXJfc3RhdHVzIjoiMSIsImxheWVyX2NsYXNzIjoiIiwibGF5ZXJfY2FwdGlvbiI6IllvdXIgSW1hZ2UgSGVyZSAxIiwibGF5ZXJfZm9udF9zaXplIjoiIiwibGF5ZXJfYmFja2dyb3VuZF9jb2xvciI6IiIsImxheWVyX2NvbG9yIjoiIiwibGF5ZXJfbGluayI6IiIsImxheWVyX3RhcmdldCI6InNhbWUiLCJsYXllcl90b3AiOiIwIiwibGF5ZXJfbGVmdCI6IjAiLCJsYXllcl90cmFuc2l0aW9uIjoiZmFkZSIsInRpbWVfc3RhcnQiOm51bGx9LHsibGF5ZXJfdmlkZW9fdHlwZSI6InlvdXR1YmUiLCJsYXllcl92aWRlb19pZCI6IiIsImxheWVyX3ZpZGVvX2hlaWdodCI6IjIwMCIsImxheWVyX3ZpZGVvX3dpZHRoIjoiMzAwIiwibGF5ZXJfdmlkZW9fdGh1bWIiOiIiLCJsYXllcl9pZCI6IjJfMiIsImxheWVyX2NvbnRlbnQiOiJzbGlkZTItaG9tZTQuanBnIiwibGF5ZXJfdHlwZSI6InRleHQiLCJsYXllcl9zdGF0dXMiOiIxIiwibGF5ZXJfY2xhc3MiOiJzbGlkZXNob3ctdGl0bGUiLCJsYXllcl9jYXB0aW9uIjoiQmFzZWx3b3JsZCIsImxheWVyX2ZvbnRfc2l6ZSI6IiIsImxheWVyX2JhY2tncm91bmRfY29sb3IiOiIiLCJsYXllcl9jb2xvciI6IiIsImxheWVyX2xpbmsiOiIiLCJsYXllcl90YXJnZXQiOiJzYW1lIiwibGF5ZXJfdG9wIjoiMzAwIiwibGF5ZXJfbGVmdCI6IjQxNSIsImxheWVyX3RyYW5zaXRpb24iOiJmYWRlIiwidGltZV9zdGFydCI6bnVsbH0seyJsYXllcl92aWRlb190eXBlIjoieW91dHViZSIsImxheWVyX3ZpZGVvX2lkIjoiIiwibGF5ZXJfdmlkZW9faGVpZ2h0IjoiMjAwIiwibGF5ZXJfdmlkZW9fd2lkdGgiOiIzMDAiLCJsYXllcl92aWRlb190aHVtYiI6IiIsImxheWVyX2lkIjoiMl8zIiwibGF5ZXJfY29udGVudCI6InNsaWRlMi1ob21lNC5qcGciLCJsYXllcl90eXBlIjoidGV4dCIsImxheWVyX3N0YXR1cyI6IjEiLCJsYXllcl9jbGFzcyI6InNsaWRlc2hvdy10ZXh0IiwibGF5ZXJfY2FwdGlvbiI6ImRpc2NvdW50IGNvZGUgOTAlOiA8c3BhbiBjbGFzcz1cInRleHQtdW5kZXJsaW5lXCI+SktBPFwvc3Bhbj4iLCJsYXllcl9mb250X3NpemUiOiIiLCJsYXllcl9iYWNrZ3JvdW5kX2NvbG9yIjoiIiwibGF5ZXJfY29sb3IiOiIiLCJsYXllcl9saW5rIjoiIiwibGF5ZXJfdGFyZ2V0Ijoic2FtZSIsImxheWVyX3RvcCI6IjM2MyIsImxheWVyX2xlZnQiOiI0MTUiLCJsYXllcl90cmFuc2l0aW9uIjoiZmFkZSIsInRpbWVfc3RhcnQiOm51bGx9LHsibGF5ZXJfdmlkZW9fdHlwZSI6InlvdXR1YmUiLCJsYXllcl92aWRlb19pZCI6IiIsImxheWVyX3ZpZGVvX2hlaWdodCI6IjIwMCIsImxheWVyX3ZpZGVvX3dpZHRoIjoiMzAwIiwibGF5ZXJfdmlkZW9fdGh1bWIiOiIiLCJsYXllcl9pZCI6IjJfNCIsImxheWVyX2NvbnRlbnQiOiJzbGlkZTItaG9tZTQuanBnIiwibGF5ZXJfdHlwZSI6InRleHQiLCJsYXllcl9zdGF0dXMiOiIxIiwibGF5ZXJfY2xhc3MiOiIiLCJsYXllcl9jYXB0aW9uIjoiPGEgY2xhc3M9XCJidG4gYnV0dG9uXCIgaHJlZj1cIiNcIj5SZWFkIE1vcmU8XC9hPiIsImxheWVyX2ZvbnRfc2l6ZSI6IiIsImxheWVyX2JhY2tncm91bmRfY29sb3IiOiIiLCJsYXllcl9jb2xvciI6IiIsImxheWVyX2xpbmsiOiIiLCJsYXllcl90YXJnZXQiOiJzYW1lIiwibGF5ZXJfdG9wIjoiNDQxIiwibGF5ZXJfbGVmdCI6IjQxNiIsImxheWVyX3RyYW5zaXRpb24iOiJmYWRlIiwidGltZV9zdGFydCI6bnVsbH1d'),(138,3,'sample 1','','','','eyJ1c2V2aWRlbyI6IjAiLCJ2aWRlb2lkIjoiIiwidmlkZW9hdXRvIjoiMCIsImJhY2tncm91bmRfY29sb3IiOiIiLCJidWxsZXRfZGVzY3JpcHRpb24iOiIifQ==','W3sibGF5ZXJfdmlkZW9fdHlwZSI6InlvdXR1YmUiLCJsYXllcl92aWRlb19pZCI6IiIsImxheWVyX3ZpZGVvX2hlaWdodCI6IjIwMCIsImxheWVyX3ZpZGVvX3dpZHRoIjoiMzAwIiwibGF5ZXJfdmlkZW9fdGh1bWIiOiIiLCJsYXllcl9pZCI6IjNfMSIsImxheWVyX2NvbnRlbnQiOiJzbGlkZTItaG9tZTQuanBnIiwibGF5ZXJfdHlwZSI6ImltYWdlIiwibGF5ZXJfc3RhdHVzIjoiMSIsImxheWVyX2NsYXNzIjoiIiwibGF5ZXJfY2FwdGlvbiI6IllvdXIgSW1hZ2UgSGVyZSAxIiwibGF5ZXJfZm9udF9zaXplIjoiIiwibGF5ZXJfYmFja2dyb3VuZF9jb2xvciI6IiIsImxheWVyX2NvbG9yIjoiIiwibGF5ZXJfbGluayI6IiIsImxheWVyX3RhcmdldCI6InNhbWUiLCJsYXllcl90b3AiOiIwIiwibGF5ZXJfbGVmdCI6IjAiLCJsYXllcl90cmFuc2l0aW9uIjoiZmFkZSIsInRpbWVfc3RhcnQiOm51bGx9LHsibGF5ZXJfdmlkZW9fdHlwZSI6InlvdXR1YmUiLCJsYXllcl92aWRlb19pZCI6IiIsImxheWVyX3ZpZGVvX2hlaWdodCI6IjIwMCIsImxheWVyX3ZpZGVvX3dpZHRoIjoiMzAwIiwibGF5ZXJfdmlkZW9fdGh1bWIiOiIiLCJsYXllcl9pZCI6IjNfMiIsImxheWVyX2NvbnRlbnQiOiJzbGlkZTItaG9tZTQuanBnIiwibGF5ZXJfdHlwZSI6InRleHQiLCJsYXllcl9zdGF0dXMiOiIxIiwibGF5ZXJfY2xhc3MiOiJzbGlkZXNob3ctdGl0bGUiLCJsYXllcl9jYXB0aW9uIjoiQmFzZWx3b3JsZCIsImxheWVyX2ZvbnRfc2l6ZSI6IiIsImxheWVyX2JhY2tncm91bmRfY29sb3IiOiIiLCJsYXllcl9jb2xvciI6IiIsImxheWVyX2xpbmsiOiIiLCJsYXllcl90YXJnZXQiOiJzYW1lIiwibGF5ZXJfdG9wIjoiMzAwIiwibGF5ZXJfbGVmdCI6IjQxNSIsImxheWVyX3RyYW5zaXRpb24iOiJmYWRlIiwidGltZV9zdGFydCI6bnVsbH0seyJsYXllcl92aWRlb190eXBlIjoieW91dHViZSIsImxheWVyX3ZpZGVvX2lkIjoiIiwibGF5ZXJfdmlkZW9faGVpZ2h0IjoiMjAwIiwibGF5ZXJfdmlkZW9fd2lkdGgiOiIzMDAiLCJsYXllcl92aWRlb190aHVtYiI6IiIsImxheWVyX2lkIjoiM18zIiwibGF5ZXJfY29udGVudCI6InNsaWRlMi1ob21lNC5qcGciLCJsYXllcl90eXBlIjoidGV4dCIsImxheWVyX3N0YXR1cyI6IjEiLCJsYXllcl9jbGFzcyI6InNsaWRlc2hvdy10ZXh0IiwibGF5ZXJfY2FwdGlvbiI6IkNcdTAwYzNcdTAwYjNkaWdvIGRlc2N1ZW50byBkZSA5MCU6IDxzcGFuIGNsYXNzPVwidGV4dC11bmRlcmxpbmVcIj5KS0E8XC9zcGFuPiIsImxheWVyX2ZvbnRfc2l6ZSI6IiIsImxheWVyX2JhY2tncm91bmRfY29sb3IiOiIiLCJsYXllcl9jb2xvciI6IiIsImxheWVyX2xpbmsiOiIiLCJsYXllcl90YXJnZXQiOiJzYW1lIiwibGF5ZXJfdG9wIjoiMzYzIiwibGF5ZXJfbGVmdCI6IjQxNSIsImxheWVyX3RyYW5zaXRpb24iOiJmYWRlIiwidGltZV9zdGFydCI6bnVsbH0seyJsYXllcl92aWRlb190eXBlIjoieW91dHViZSIsImxheWVyX3ZpZGVvX2lkIjoiIiwibGF5ZXJfdmlkZW9faGVpZ2h0IjoiMjAwIiwibGF5ZXJfdmlkZW9fd2lkdGgiOiIzMDAiLCJsYXllcl92aWRlb190aHVtYiI6IiIsImxheWVyX2lkIjoiM180IiwibGF5ZXJfY29udGVudCI6InNsaWRlMi1ob21lNC5qcGciLCJsYXllcl90eXBlIjoidGV4dCIsImxheWVyX3N0YXR1cyI6IjEiLCJsYXllcl9jbGFzcyI6IiIsImxheWVyX2NhcHRpb24iOiI8YSBjbGFzcz1cImJ0biBidXR0b25cIiBocmVmPVwiI1wiPkxlZSBtYXM8XC9hPiIsImxheWVyX2ZvbnRfc2l6ZSI6IiIsImxheWVyX2JhY2tncm91bmRfY29sb3IiOiIiLCJsYXllcl9jb2xvciI6IiIsImxheWVyX2xpbmsiOiIiLCJsYXllcl90YXJnZXQiOiJzYW1lIiwibGF5ZXJfdG9wIjoiNDQxIiwibGF5ZXJfbGVmdCI6IjQxNiIsImxheWVyX3RyYW5zaXRpb24iOiJmYWRlIiwidGltZV9zdGFydCI6bnVsbH1d'),(138,4,'sample 1','','','','eyJ1c2V2aWRlbyI6IjAiLCJ2aWRlb2lkIjoiIiwidmlkZW9hdXRvIjoiMCIsImJhY2tncm91bmRfY29sb3IiOiIiLCJidWxsZXRfZGVzY3JpcHRpb24iOiIifQ==','W3sibGF5ZXJfdmlkZW9fdHlwZSI6InlvdXR1YmUiLCJsYXllcl92aWRlb19pZCI6IiIsImxheWVyX3ZpZGVvX2hlaWdodCI6IjIwMCIsImxheWVyX3ZpZGVvX3dpZHRoIjoiMzAwIiwibGF5ZXJfdmlkZW9fdGh1bWIiOiIiLCJsYXllcl9pZCI6IjRfMSIsImxheWVyX2NvbnRlbnQiOiJzbGlkZTItaG9tZTQuanBnIiwibGF5ZXJfdHlwZSI6ImltYWdlIiwibGF5ZXJfc3RhdHVzIjoiMSIsImxheWVyX2NsYXNzIjoiIiwibGF5ZXJfY2FwdGlvbiI6IllvdXIgSW1hZ2UgSGVyZSAxIiwibGF5ZXJfZm9udF9zaXplIjoiIiwibGF5ZXJfYmFja2dyb3VuZF9jb2xvciI6IiIsImxheWVyX2NvbG9yIjoiIiwibGF5ZXJfbGluayI6IiIsImxheWVyX3RhcmdldCI6InNhbWUiLCJsYXllcl90b3AiOiIwIiwibGF5ZXJfbGVmdCI6IjAiLCJsYXllcl90cmFuc2l0aW9uIjoiZmFkZSIsInRpbWVfc3RhcnQiOm51bGx9LHsibGF5ZXJfdmlkZW9fdHlwZSI6InlvdXR1YmUiLCJsYXllcl92aWRlb19pZCI6IiIsImxheWVyX3ZpZGVvX2hlaWdodCI6IjIwMCIsImxheWVyX3ZpZGVvX3dpZHRoIjoiMzAwIiwibGF5ZXJfdmlkZW9fdGh1bWIiOiIiLCJsYXllcl9pZCI6IjRfMiIsImxheWVyX2NvbnRlbnQiOiJzbGlkZTItaG9tZTQuanBnIiwibGF5ZXJfdHlwZSI6InRleHQiLCJsYXllcl9zdGF0dXMiOiIxIiwibGF5ZXJfY2xhc3MiOiJzbGlkZXNob3ctdGl0bGUiLCJsYXllcl9jYXB0aW9uIjoiQmFzZWx3b3JsZCIsImxheWVyX2ZvbnRfc2l6ZSI6IiIsImxheWVyX2JhY2tncm91bmRfY29sb3IiOiIiLCJsYXllcl9jb2xvciI6IiIsImxheWVyX2xpbmsiOiIiLCJsYXllcl90YXJnZXQiOiJzYW1lIiwibGF5ZXJfdG9wIjoiMzAwIiwibGF5ZXJfbGVmdCI6IjQxNSIsImxheWVyX3RyYW5zaXRpb24iOiJmYWRlIiwidGltZV9zdGFydCI6bnVsbH0seyJsYXllcl92aWRlb190eXBlIjoieW91dHViZSIsImxheWVyX3ZpZGVvX2lkIjoiIiwibGF5ZXJfdmlkZW9faGVpZ2h0IjoiMjAwIiwibGF5ZXJfdmlkZW9fd2lkdGgiOiIzMDAiLCJsYXllcl92aWRlb190aHVtYiI6IiIsImxheWVyX2lkIjoiNF8zIiwibGF5ZXJfY29udGVudCI6InNsaWRlMi1ob21lNC5qcGciLCJsYXllcl90eXBlIjoidGV4dCIsImxheWVyX3N0YXR1cyI6IjEiLCJsYXllcl9jbGFzcyI6InNsaWRlc2hvdy10ZXh0IiwibGF5ZXJfY2FwdGlvbiI6IlJhYmF0dC1Db2RlIGZcdTAwYzNcdTAwYmNyIDkwJTogPHNwYW4gY2xhc3M9XCJ0ZXh0LXVuZGVybGluZVwiPkpLQTxcL3NwYW4+IiwibGF5ZXJfZm9udF9zaXplIjoiIiwibGF5ZXJfYmFja2dyb3VuZF9jb2xvciI6IiIsImxheWVyX2NvbG9yIjoiIiwibGF5ZXJfbGluayI6IiIsImxheWVyX3RhcmdldCI6InNhbWUiLCJsYXllcl90b3AiOiIzNjMiLCJsYXllcl9sZWZ0IjoiNDE1IiwibGF5ZXJfdHJhbnNpdGlvbiI6ImZhZGUiLCJ0aW1lX3N0YXJ0IjpudWxsfSx7ImxheWVyX3ZpZGVvX3R5cGUiOiJ5b3V0dWJlIiwibGF5ZXJfdmlkZW9faWQiOiIiLCJsYXllcl92aWRlb19oZWlnaHQiOiIyMDAiLCJsYXllcl92aWRlb193aWR0aCI6IjMwMCIsImxheWVyX3ZpZGVvX3RodW1iIjoiIiwibGF5ZXJfaWQiOiI0XzQiLCJsYXllcl9jb250ZW50Ijoic2xpZGUyLWhvbWU0LmpwZyIsImxheWVyX3R5cGUiOiJ0ZXh0IiwibGF5ZXJfc3RhdHVzIjoiMSIsImxheWVyX2NsYXNzIjoiIiwibGF5ZXJfY2FwdGlvbiI6IjxhIGNsYXNzPVwiYnRuIGJ1dHRvblwiIGhyZWY9XCIjXCI+V2VpdGVybGVzZW48XC9hPiIsImxheWVyX2ZvbnRfc2l6ZSI6IiIsImxheWVyX2JhY2tncm91bmRfY29sb3IiOiIiLCJsYXllcl9jb2xvciI6IiIsImxheWVyX2xpbmsiOiIiLCJsYXllcl90YXJnZXQiOiJzYW1lIiwibGF5ZXJfdG9wIjoiNDQxIiwibGF5ZXJfbGVmdCI6IjQxNiIsImxheWVyX3RyYW5zaXRpb24iOiJmYWRlIiwidGltZV9zdGFydCI6bnVsbH1d'),(138,5,'sample 1','','','','eyJ1c2V2aWRlbyI6IjAiLCJ2aWRlb2lkIjoiIiwidmlkZW9hdXRvIjoiMCIsImJhY2tncm91bmRfY29sb3IiOiIiLCJidWxsZXRfZGVzY3JpcHRpb24iOiIifQ==','W3sibGF5ZXJfdmlkZW9fdHlwZSI6InlvdXR1YmUiLCJsYXllcl92aWRlb19pZCI6IiIsImxheWVyX3ZpZGVvX2hlaWdodCI6IjIwMCIsImxheWVyX3ZpZGVvX3dpZHRoIjoiMzAwIiwibGF5ZXJfdmlkZW9fdGh1bWIiOiIiLCJsYXllcl9pZCI6IjVfMSIsImxheWVyX2NvbnRlbnQiOiJzbGlkZTItaG9tZTQuanBnIiwibGF5ZXJfdHlwZSI6ImltYWdlIiwibGF5ZXJfc3RhdHVzIjoiMSIsImxheWVyX2NsYXNzIjoiIiwibGF5ZXJfY2FwdGlvbiI6IllvdXIgSW1hZ2UgSGVyZSAxIiwibGF5ZXJfZm9udF9zaXplIjoiIiwibGF5ZXJfYmFja2dyb3VuZF9jb2xvciI6IiIsImxheWVyX2NvbG9yIjoiIiwibGF5ZXJfbGluayI6IiIsImxheWVyX3RhcmdldCI6InNhbWUiLCJsYXllcl90b3AiOiIwIiwibGF5ZXJfbGVmdCI6IjAiLCJsYXllcl90cmFuc2l0aW9uIjoiZmFkZSIsInRpbWVfc3RhcnQiOm51bGx9LHsibGF5ZXJfdmlkZW9fdHlwZSI6InlvdXR1YmUiLCJsYXllcl92aWRlb19pZCI6IiIsImxheWVyX3ZpZGVvX2hlaWdodCI6IjIwMCIsImxheWVyX3ZpZGVvX3dpZHRoIjoiMzAwIiwibGF5ZXJfdmlkZW9fdGh1bWIiOiIiLCJsYXllcl9pZCI6IjVfMiIsImxheWVyX2NvbnRlbnQiOiJzbGlkZTItaG9tZTQuanBnIiwibGF5ZXJfdHlwZSI6InRleHQiLCJsYXllcl9zdGF0dXMiOiIxIiwibGF5ZXJfY2xhc3MiOiJzbGlkZXNob3ctdGl0bGUiLCJsYXllcl9jYXB0aW9uIjoiQmFzZWx3b3JsZCIsImxheWVyX2ZvbnRfc2l6ZSI6IiIsImxheWVyX2JhY2tncm91bmRfY29sb3IiOiIiLCJsYXllcl9jb2xvciI6IiIsImxheWVyX2xpbmsiOiIiLCJsYXllcl90YXJnZXQiOiJzYW1lIiwibGF5ZXJfdG9wIjoiMzAwIiwibGF5ZXJfbGVmdCI6IjQxNSIsImxheWVyX3RyYW5zaXRpb24iOiJmYWRlIiwidGltZV9zdGFydCI6bnVsbH0seyJsYXllcl92aWRlb190eXBlIjoieW91dHViZSIsImxheWVyX3ZpZGVvX2lkIjoiIiwibGF5ZXJfdmlkZW9faGVpZ2h0IjoiMjAwIiwibGF5ZXJfdmlkZW9fd2lkdGgiOiIzMDAiLCJsYXllcl92aWRlb190aHVtYiI6IiIsImxheWVyX2lkIjoiNV8zIiwibGF5ZXJfY29udGVudCI6InNsaWRlMi1ob21lNC5qcGciLCJsYXllcl90eXBlIjoidGV4dCIsImxheWVyX3N0YXR1cyI6IjEiLCJsYXllcl9jbGFzcyI6InNsaWRlc2hvdy10ZXh0IiwibGF5ZXJfY2FwdGlvbiI6ImNvZGUgZGUgclx1MDBjM1x1MDBhOWR1Y3Rpb24gOTAlOmJ5ZHVvYzogPHNwYW4gY2xhc3M9XCJ0ZXh0LXVuZGVybGluZVwiPkpLQTxcL3NwYW4+IiwibGF5ZXJfZm9udF9zaXplIjoiIiwibGF5ZXJfYmFja2dyb3VuZF9jb2xvciI6IiIsImxheWVyX2NvbG9yIjoiIiwibGF5ZXJfbGluayI6IiIsImxheWVyX3RhcmdldCI6InNhbWUiLCJsYXllcl90b3AiOiIzNjMiLCJsYXllcl9sZWZ0IjoiNDE1IiwibGF5ZXJfdHJhbnNpdGlvbiI6ImZhZGUiLCJ0aW1lX3N0YXJ0IjpudWxsfSx7ImxheWVyX3ZpZGVvX3R5cGUiOiJ5b3V0dWJlIiwibGF5ZXJfdmlkZW9faWQiOiIiLCJsYXllcl92aWRlb19oZWlnaHQiOiIyMDAiLCJsYXllcl92aWRlb193aWR0aCI6IjMwMCIsImxheWVyX3ZpZGVvX3RodW1iIjoiIiwibGF5ZXJfaWQiOiI1XzQiLCJsYXllcl9jb250ZW50Ijoic2xpZGUyLWhvbWU0LmpwZyIsImxheWVyX3R5cGUiOiJ0ZXh0IiwibGF5ZXJfc3RhdHVzIjoiMSIsImxheWVyX2NsYXNzIjoiIiwibGF5ZXJfY2FwdGlvbiI6IjxhIGNsYXNzPVwiYnRuIGJ1dHRvblwiIGhyZWY9XCIjXCI+TGlyZSBsYSBzdWl0ZTxcL2E+IiwibGF5ZXJfZm9udF9zaXplIjoiIiwibGF5ZXJfYmFja2dyb3VuZF9jb2xvciI6IiIsImxheWVyX2NvbG9yIjoiIiwibGF5ZXJfbGluayI6IiIsImxheWVyX3RhcmdldCI6InNhbWUiLCJsYXllcl90b3AiOiI0NDEiLCJsYXllcl9sZWZ0IjoiNDE2IiwibGF5ZXJfdHJhbnNpdGlvbiI6ImZhZGUiLCJ0aW1lX3N0YXJ0IjpudWxsfV0='),(138,6,'sample 1','','','','eyJ1c2V2aWRlbyI6IjAiLCJ2aWRlb2lkIjoiIiwidmlkZW9hdXRvIjoiMCIsImJhY2tncm91bmRfY29sb3IiOiIiLCJidWxsZXRfZGVzY3JpcHRpb24iOiIifQ==','W3sibGF5ZXJfdmlkZW9fdHlwZSI6InlvdXR1YmUiLCJsYXllcl92aWRlb19pZCI6IiIsImxheWVyX3ZpZGVvX2hlaWdodCI6IjIwMCIsImxheWVyX3ZpZGVvX3dpZHRoIjoiMzAwIiwibGF5ZXJfdmlkZW9fdGh1bWIiOiIiLCJsYXllcl9pZCI6IjFfMSIsImxheWVyX2NvbnRlbnQiOiJzbGlkZTItaG9tZTQuanBnIiwibGF5ZXJfdHlwZSI6ImltYWdlIiwibGF5ZXJfc3RhdHVzIjoiMSIsImxheWVyX2NsYXNzIjoiIiwibGF5ZXJfY2FwdGlvbiI6IllvdXIgSW1hZ2UgSGVyZSAxIiwibGF5ZXJfZm9udF9zaXplIjoiIiwibGF5ZXJfYmFja2dyb3VuZF9jb2xvciI6IiIsImxheWVyX2NvbG9yIjoiIiwibGF5ZXJfbGluayI6IiIsImxheWVyX3RhcmdldCI6InNhbWUiLCJsYXllcl90b3AiOiIwIiwibGF5ZXJfbGVmdCI6IjAiLCJsYXllcl90cmFuc2l0aW9uIjoiZmFkZSIsInRpbWVfc3RhcnQiOm51bGx9LHsibGF5ZXJfdmlkZW9fdHlwZSI6InlvdXR1YmUiLCJsYXllcl92aWRlb19pZCI6IiIsImxheWVyX3ZpZGVvX2hlaWdodCI6IjIwMCIsImxheWVyX3ZpZGVvX3dpZHRoIjoiMzAwIiwibGF5ZXJfdmlkZW9fdGh1bWIiOiIiLCJsYXllcl9pZCI6IjFfMiIsImxheWVyX2NvbnRlbnQiOiJzbGlkZTItaG9tZTQuanBnIiwibGF5ZXJfdHlwZSI6InRleHQiLCJsYXllcl9zdGF0dXMiOiIxIiwibGF5ZXJfY2xhc3MiOiJzbGlkZXNob3ctdGl0bGUiLCJsYXllcl9jYXB0aW9uIjoiQmFzZWx3b3JsZCIsImxheWVyX2ZvbnRfc2l6ZSI6IiIsImxheWVyX2JhY2tncm91bmRfY29sb3IiOiIiLCJsYXllcl9jb2xvciI6IiIsImxheWVyX2xpbmsiOiIiLCJsYXllcl90YXJnZXQiOiJzYW1lIiwibGF5ZXJfdG9wIjoiMzAwIiwibGF5ZXJfbGVmdCI6IjQxNSIsImxheWVyX3RyYW5zaXRpb24iOiJmYWRlIiwidGltZV9zdGFydCI6bnVsbH0seyJsYXllcl92aWRlb190eXBlIjoieW91dHViZSIsImxheWVyX3ZpZGVvX2lkIjoiIiwibGF5ZXJfdmlkZW9faGVpZ2h0IjoiMjAwIiwibGF5ZXJfdmlkZW9fd2lkdGgiOiIzMDAiLCJsYXllcl92aWRlb190aHVtYiI6IiIsImxheWVyX2lkIjoiMV8zIiwibGF5ZXJfY29udGVudCI6InNsaWRlMi1ob21lNC5qcGciLCJsYXllcl90eXBlIjoidGV4dCIsImxheWVyX3N0YXR1cyI6IjEiLCJsYXllcl9jbGFzcyI6InNsaWRlc2hvdy10ZXh0IiwibGF5ZXJfY2FwdGlvbiI6IkNvZGljZSBzY29udG8gZGVsIDkwJTogPHNwYW4gY2xhc3M9XCJ0ZXh0LXVuZGVybGluZVwiPkpLQTxcL3NwYW4+IiwibGF5ZXJfZm9udF9zaXplIjoiIiwibGF5ZXJfYmFja2dyb3VuZF9jb2xvciI6IiIsImxheWVyX2NvbG9yIjoiIiwibGF5ZXJfbGluayI6IiIsImxheWVyX3RhcmdldCI6InNhbWUiLCJsYXllcl90b3AiOiIzNjMiLCJsYXllcl9sZWZ0IjoiNDE1IiwibGF5ZXJfdHJhbnNpdGlvbiI6ImZhZGUiLCJ0aW1lX3N0YXJ0IjpudWxsfSx7ImxheWVyX3ZpZGVvX3R5cGUiOiJ5b3V0dWJlIiwibGF5ZXJfdmlkZW9faWQiOiIiLCJsYXllcl92aWRlb19oZWlnaHQiOiIyMDAiLCJsYXllcl92aWRlb193aWR0aCI6IjMwMCIsImxheWVyX3ZpZGVvX3RodW1iIjoiIiwibGF5ZXJfaWQiOiIxXzQiLCJsYXllcl9jb250ZW50Ijoic2xpZGUyLWhvbWU0LmpwZyIsImxheWVyX3R5cGUiOiJ0ZXh0IiwibGF5ZXJfc3RhdHVzIjoiMSIsImxheWVyX2NsYXNzIjoiIiwibGF5ZXJfY2FwdGlvbiI6IjxhIGNsYXNzPVwiYnRuIGJ1dHRvblwiIGhyZWY9XCIjXCI+TGVnZ2kgZGkgcGlcdTAwYzNcdTAwYjk8XC9hPiIsImxheWVyX2ZvbnRfc2l6ZSI6IiIsImxheWVyX2JhY2tncm91bmRfY29sb3IiOiIiLCJsYXllcl9jb2xvciI6IiIsImxheWVyX2xpbmsiOiIiLCJsYXllcl90YXJnZXQiOiJzYW1lIiwibGF5ZXJfdG9wIjoiNDQxIiwibGF5ZXJfbGVmdCI6IjQxNiIsImxheWVyX3RyYW5zaXRpb24iOiJmYWRlIiwidGltZV9zdGFydCI6bnVsbH1d'),(138,7,'sample 1','','','','eyJ1c2V2aWRlbyI6IjAiLCJ2aWRlb2lkIjoiIiwidmlkZW9hdXRvIjoiMCIsImJhY2tncm91bmRfY29sb3IiOiIiLCJidWxsZXRfZGVzY3JpcHRpb24iOiIifQ==','W3sibGF5ZXJfdmlkZW9fdHlwZSI6InlvdXR1YmUiLCJsYXllcl92aWRlb19pZCI6IiIsImxheWVyX3ZpZGVvX2hlaWdodCI6IjIwMCIsImxheWVyX3ZpZGVvX3dpZHRoIjoiMzAwIiwibGF5ZXJfdmlkZW9fdGh1bWIiOiIiLCJsYXllcl9pZCI6IjFfMSIsImxheWVyX2NvbnRlbnQiOiJzbGlkZTItaG9tZTQuanBnIiwibGF5ZXJfdHlwZSI6ImltYWdlIiwibGF5ZXJfc3RhdHVzIjoiMSIsImxheWVyX2NsYXNzIjoiIiwibGF5ZXJfY2FwdGlvbiI6IllvdXIgSW1hZ2UgSGVyZSAxIiwibGF5ZXJfZm9udF9zaXplIjoiIiwibGF5ZXJfYmFja2dyb3VuZF9jb2xvciI6IiIsImxheWVyX2NvbG9yIjoiIiwibGF5ZXJfbGluayI6IiIsImxheWVyX3RhcmdldCI6InNhbWUiLCJsYXllcl90b3AiOiIwIiwibGF5ZXJfbGVmdCI6IjAiLCJsYXllcl90cmFuc2l0aW9uIjoiZmFkZSIsInRpbWVfc3RhcnQiOm51bGx9LHsibGF5ZXJfdmlkZW9fdHlwZSI6InlvdXR1YmUiLCJsYXllcl92aWRlb19pZCI6IiIsImxheWVyX3ZpZGVvX2hlaWdodCI6IjIwMCIsImxheWVyX3ZpZGVvX3dpZHRoIjoiMzAwIiwibGF5ZXJfdmlkZW9fdGh1bWIiOiIiLCJsYXllcl9pZCI6IjFfMiIsImxheWVyX2NvbnRlbnQiOiJzbGlkZTItaG9tZTQuanBnIiwibGF5ZXJfdHlwZSI6InRleHQiLCJsYXllcl9zdGF0dXMiOiIxIiwibGF5ZXJfY2xhc3MiOiJzbGlkZXNob3ctdGl0bGUiLCJsYXllcl9jYXB0aW9uIjoiQmFzZWx3b3JsZCIsImxheWVyX2ZvbnRfc2l6ZSI6IiIsImxheWVyX2JhY2tncm91bmRfY29sb3IiOiIiLCJsYXllcl9jb2xvciI6IiIsImxheWVyX2xpbmsiOiIiLCJsYXllcl90YXJnZXQiOiJzYW1lIiwibGF5ZXJfdG9wIjoiMzAwIiwibGF5ZXJfbGVmdCI6IjQxNSIsImxheWVyX3RyYW5zaXRpb24iOiJmYWRlIiwidGltZV9zdGFydCI6bnVsbH0seyJsYXllcl92aWRlb190eXBlIjoieW91dHViZSIsImxheWVyX3ZpZGVvX2lkIjoiIiwibGF5ZXJfdmlkZW9faGVpZ2h0IjoiMjAwIiwibGF5ZXJfdmlkZW9fd2lkdGgiOiIzMDAiLCJsYXllcl92aWRlb190aHVtYiI6IiIsImxheWVyX2lkIjoiMV8zIiwibGF5ZXJfY29udGVudCI6InNsaWRlMi1ob21lNC5qcGciLCJsYXllcl90eXBlIjoidGV4dCIsImxheWVyX3N0YXR1cyI6IjEiLCJsYXllcl9jbGFzcyI6InNsaWRlc2hvdy10ZXh0IiwibGF5ZXJfY2FwdGlvbiI6IkNvZGljZSBzY29udG8gZGVsIDkwJTogPHNwYW4gY2xhc3M9XCJ0ZXh0LXVuZGVybGluZVwiPkpLQTxcL3NwYW4+IiwibGF5ZXJfZm9udF9zaXplIjoiIiwibGF5ZXJfYmFja2dyb3VuZF9jb2xvciI6IiIsImxheWVyX2NvbG9yIjoiIiwibGF5ZXJfbGluayI6IiIsImxheWVyX3RhcmdldCI6InNhbWUiLCJsYXllcl90b3AiOiIzNjMiLCJsYXllcl9sZWZ0IjoiNDE1IiwibGF5ZXJfdHJhbnNpdGlvbiI6ImZhZGUiLCJ0aW1lX3N0YXJ0IjpudWxsfSx7ImxheWVyX3ZpZGVvX3R5cGUiOiJ5b3V0dWJlIiwibGF5ZXJfdmlkZW9faWQiOiIiLCJsYXllcl92aWRlb19oZWlnaHQiOiIyMDAiLCJsYXllcl92aWRlb193aWR0aCI6IjMwMCIsImxheWVyX3ZpZGVvX3RodW1iIjoiIiwibGF5ZXJfaWQiOiIxXzQiLCJsYXllcl9jb250ZW50Ijoic2xpZGUyLWhvbWU0LmpwZyIsImxheWVyX3R5cGUiOiJ0ZXh0IiwibGF5ZXJfc3RhdHVzIjoiMSIsImxheWVyX2NsYXNzIjoiIiwibGF5ZXJfY2FwdGlvbiI6IjxhIGNsYXNzPVwiYnRuIGJ1dHRvblwiIGhyZWY9XCIjXCI+TGVnZ2kgZGkgcGlcdTAwYzNcdTAwYjk8XC9hPiIsImxheWVyX2ZvbnRfc2l6ZSI6IiIsImxheWVyX2JhY2tncm91bmRfY29sb3IiOiIiLCJsYXllcl9jb2xvciI6IiIsImxheWVyX2xpbmsiOiIiLCJsYXllcl90YXJnZXQiOiJzYW1lIiwibGF5ZXJfdG9wIjoiNDQxIiwibGF5ZXJfbGVmdCI6IjQxNiIsImxheWVyX3RyYW5zaXRpb24iOiJmYWRlIiwidGltZV9zdGFydCI6bnVsbH1d'),(138,8,'sample 1','','','','eyJ1c2V2aWRlbyI6IjAiLCJ2aWRlb2lkIjoiIiwidmlkZW9hdXRvIjoiMCIsImJhY2tncm91bmRfY29sb3IiOiIiLCJidWxsZXRfZGVzY3JpcHRpb24iOiIifQ==','W3sibGF5ZXJfdmlkZW9fdHlwZSI6InlvdXR1YmUiLCJsYXllcl92aWRlb19pZCI6IiIsImxheWVyX3ZpZGVvX2hlaWdodCI6IjIwMCIsImxheWVyX3ZpZGVvX3dpZHRoIjoiMzAwIiwibGF5ZXJfdmlkZW9fdGh1bWIiOiIiLCJsYXllcl9pZCI6IjFfMSIsImxheWVyX2NvbnRlbnQiOiJzbGlkZTItaG9tZTQuanBnIiwibGF5ZXJfdHlwZSI6ImltYWdlIiwibGF5ZXJfc3RhdHVzIjoiMSIsImxheWVyX2NsYXNzIjoiIiwibGF5ZXJfY2FwdGlvbiI6IllvdXIgSW1hZ2UgSGVyZSAxIiwibGF5ZXJfZm9udF9zaXplIjoiIiwibGF5ZXJfYmFja2dyb3VuZF9jb2xvciI6IiIsImxheWVyX2NvbG9yIjoiIiwibGF5ZXJfbGluayI6IiIsImxheWVyX3RhcmdldCI6InNhbWUiLCJsYXllcl90b3AiOiIwIiwibGF5ZXJfbGVmdCI6IjAiLCJsYXllcl90cmFuc2l0aW9uIjoiZmFkZSIsInRpbWVfc3RhcnQiOm51bGx9LHsibGF5ZXJfdmlkZW9fdHlwZSI6InlvdXR1YmUiLCJsYXllcl92aWRlb19pZCI6IiIsImxheWVyX3ZpZGVvX2hlaWdodCI6IjIwMCIsImxheWVyX3ZpZGVvX3dpZHRoIjoiMzAwIiwibGF5ZXJfdmlkZW9fdGh1bWIiOiIiLCJsYXllcl9pZCI6IjFfMiIsImxheWVyX2NvbnRlbnQiOiJzbGlkZTItaG9tZTQuanBnIiwibGF5ZXJfdHlwZSI6InRleHQiLCJsYXllcl9zdGF0dXMiOiIxIiwibGF5ZXJfY2xhc3MiOiJzbGlkZXNob3ctdGl0bGUiLCJsYXllcl9jYXB0aW9uIjoiQmFzZWx3b3JsZCIsImxheWVyX2ZvbnRfc2l6ZSI6IiIsImxheWVyX2JhY2tncm91bmRfY29sb3IiOiIiLCJsYXllcl9jb2xvciI6IiIsImxheWVyX2xpbmsiOiIiLCJsYXllcl90YXJnZXQiOiJzYW1lIiwibGF5ZXJfdG9wIjoiMzAwIiwibGF5ZXJfbGVmdCI6IjQxNSIsImxheWVyX3RyYW5zaXRpb24iOiJmYWRlIiwidGltZV9zdGFydCI6bnVsbH0seyJsYXllcl92aWRlb190eXBlIjoieW91dHViZSIsImxheWVyX3ZpZGVvX2lkIjoiIiwibGF5ZXJfdmlkZW9faGVpZ2h0IjoiMjAwIiwibGF5ZXJfdmlkZW9fd2lkdGgiOiIzMDAiLCJsYXllcl92aWRlb190aHVtYiI6IiIsImxheWVyX2lkIjoiMV8zIiwibGF5ZXJfY29udGVudCI6InNsaWRlMi1ob21lNC5qcGciLCJsYXllcl90eXBlIjoidGV4dCIsImxheWVyX3N0YXR1cyI6IjEiLCJsYXllcl9jbGFzcyI6InNsaWRlc2hvdy10ZXh0IiwibGF5ZXJfY2FwdGlvbiI6IkNvZGljZSBzY29udG8gZGVsIDkwJTogPHNwYW4gY2xhc3M9XCJ0ZXh0LXVuZGVybGluZVwiPkpLQTxcL3NwYW4+IiwibGF5ZXJfZm9udF9zaXplIjoiIiwibGF5ZXJfYmFja2dyb3VuZF9jb2xvciI6IiIsImxheWVyX2NvbG9yIjoiIiwibGF5ZXJfbGluayI6IiIsImxheWVyX3RhcmdldCI6InNhbWUiLCJsYXllcl90b3AiOiIzNjMiLCJsYXllcl9sZWZ0IjoiNDE1IiwibGF5ZXJfdHJhbnNpdGlvbiI6ImZhZGUiLCJ0aW1lX3N0YXJ0IjpudWxsfSx7ImxheWVyX3ZpZGVvX3R5cGUiOiJ5b3V0dWJlIiwibGF5ZXJfdmlkZW9faWQiOiIiLCJsYXllcl92aWRlb19oZWlnaHQiOiIyMDAiLCJsYXllcl92aWRlb193aWR0aCI6IjMwMCIsImxheWVyX3ZpZGVvX3RodW1iIjoiIiwibGF5ZXJfaWQiOiIxXzQiLCJsYXllcl9jb250ZW50Ijoic2xpZGUyLWhvbWU0LmpwZyIsImxheWVyX3R5cGUiOiJ0ZXh0IiwibGF5ZXJfc3RhdHVzIjoiMSIsImxheWVyX2NsYXNzIjoiIiwibGF5ZXJfY2FwdGlvbiI6IjxhIGNsYXNzPVwiYnRuIGJ1dHRvblwiIGhyZWY9XCIjXCI+TGVnZ2kgZGkgcGlcdTAwYzNcdTAwYjk8XC9hPiIsImxheWVyX2ZvbnRfc2l6ZSI6IiIsImxheWVyX2JhY2tncm91bmRfY29sb3IiOiIiLCJsYXllcl9jb2xvciI6IiIsImxheWVyX2xpbmsiOiIiLCJsYXllcl90YXJnZXQiOiJzYW1lIiwibGF5ZXJfdG9wIjoiNDQxIiwibGF5ZXJfbGVmdCI6IjQxNiIsImxheWVyX3RyYW5zaXRpb24iOiJmYWRlIiwidGltZV9zdGFydCI6bnVsbH1d');
INSERT INTO `_WCprTUAleoslideshow_slides_lang` VALUES (139,1,'Duplicate of sample 1','','','','eyJ1c2V2aWRlbyI6IjAiLCJ2aWRlb2lkIjoiIiwidmlkZW9hdXRvIjoiMCIsImJhY2tncm91bmRfY29sb3IiOiIiLCJidWxsZXRfZGVzY3JpcHRpb24iOiIifQ==','W3sibGF5ZXJfdmlkZW9fdHlwZSI6InlvdXR1YmUiLCJsYXllcl92aWRlb19pZCI6IiIsImxheWVyX3ZpZGVvX2hlaWdodCI6IjIwMCIsImxheWVyX3ZpZGVvX3dpZHRoIjoiMzAwIiwibGF5ZXJfdmlkZW9fdGh1bWIiOiIiLCJsYXllcl9pZCI6IjFfMSIsImxheWVyX2NvbnRlbnQiOiJzbGlkZTEtaG9tZTQuanBnIiwibGF5ZXJfdHlwZSI6ImltYWdlIiwibGF5ZXJfc3RhdHVzIjoiMSIsImxheWVyX2NsYXNzIjoiIiwibGF5ZXJfY2FwdGlvbiI6IllvdXIgSW1hZ2UgSGVyZSAxIiwibGF5ZXJfZm9udF9zaXplIjoiIiwibGF5ZXJfYmFja2dyb3VuZF9jb2xvciI6IiIsImxheWVyX2NvbG9yIjoiIiwibGF5ZXJfbGluayI6IiIsImxheWVyX3RhcmdldCI6InNhbWUiLCJsYXllcl90b3AiOiIwIiwibGF5ZXJfbGVmdCI6IjAiLCJsYXllcl90cmFuc2l0aW9uIjoiZmFkZSIsInRpbWVfc3RhcnQiOm51bGx9LHsibGF5ZXJfdmlkZW9fdHlwZSI6InlvdXR1YmUiLCJsYXllcl92aWRlb19pZCI6IiIsImxheWVyX3ZpZGVvX2hlaWdodCI6IjIwMCIsImxheWVyX3ZpZGVvX3dpZHRoIjoiMzAwIiwibGF5ZXJfdmlkZW9fdGh1bWIiOiIiLCJsYXllcl9pZCI6IjFfMiIsImxheWVyX2NvbnRlbnQiOiJzbGlkZTItaG9tZTQuanBnIiwibGF5ZXJfdHlwZSI6InRleHQiLCJsYXllcl9zdGF0dXMiOiIxIiwibGF5ZXJfY2xhc3MiOiJzbGlkZXNob3ctdGl0bGUiLCJsYXllcl9jYXB0aW9uIjoiQmFzZWx3b3JsZCIsImxheWVyX2ZvbnRfc2l6ZSI6IiIsImxheWVyX2JhY2tncm91bmRfY29sb3IiOiIiLCJsYXllcl9jb2xvciI6IiIsImxheWVyX2xpbmsiOiIiLCJsYXllcl90YXJnZXQiOiJzYW1lIiwibGF5ZXJfdG9wIjoiMzAwIiwibGF5ZXJfbGVmdCI6IjQxNSIsImxheWVyX3RyYW5zaXRpb24iOiJmYWRlIiwidGltZV9zdGFydCI6bnVsbH0seyJsYXllcl92aWRlb190eXBlIjoieW91dHViZSIsImxheWVyX3ZpZGVvX2lkIjoiIiwibGF5ZXJfdmlkZW9faGVpZ2h0IjoiMjAwIiwibGF5ZXJfdmlkZW9fd2lkdGgiOiIzMDAiLCJsYXllcl92aWRlb190aHVtYiI6IiIsImxheWVyX2lkIjoiMV8zIiwibGF5ZXJfY29udGVudCI6InNsaWRlMi1ob21lNC5qcGciLCJsYXllcl90eXBlIjoidGV4dCIsImxheWVyX3N0YXR1cyI6IjEiLCJsYXllcl9jbGFzcyI6InNsaWRlc2hvdy10ZXh0IiwibGF5ZXJfY2FwdGlvbiI6IkNvZGljZSBzY29udG8gZGVsIDkwJTogPHNwYW4gY2xhc3M9XCJ0ZXh0LXVuZGVybGluZVwiPkpLQTxcL3NwYW4+IiwibGF5ZXJfZm9udF9zaXplIjoiIiwibGF5ZXJfYmFja2dyb3VuZF9jb2xvciI6IiIsImxheWVyX2NvbG9yIjoiIiwibGF5ZXJfbGluayI6IiIsImxheWVyX3RhcmdldCI6InNhbWUiLCJsYXllcl90b3AiOiIzNjMiLCJsYXllcl9sZWZ0IjoiNDE1IiwibGF5ZXJfdHJhbnNpdGlvbiI6ImZhZGUiLCJ0aW1lX3N0YXJ0IjpudWxsfSx7ImxheWVyX3ZpZGVvX3R5cGUiOiJ5b3V0dWJlIiwibGF5ZXJfdmlkZW9faWQiOiIiLCJsYXllcl92aWRlb19oZWlnaHQiOiIyMDAiLCJsYXllcl92aWRlb193aWR0aCI6IjMwMCIsImxheWVyX3ZpZGVvX3RodW1iIjoiIiwibGF5ZXJfaWQiOiIxXzQiLCJsYXllcl9jb250ZW50Ijoic2xpZGUyLWhvbWU0LmpwZyIsImxheWVyX3R5cGUiOiJ0ZXh0IiwibGF5ZXJfc3RhdHVzIjoiMSIsImxheWVyX2NsYXNzIjoiIiwibGF5ZXJfY2FwdGlvbiI6IjxhIGNsYXNzPVwiYnRuIGJ1dHRvblwiIGhyZWY9XCIjXCI+TGVnZ2kgZGkgcGlcdTAwYzNcdTAwYjk8XC9hPiIsImxheWVyX2ZvbnRfc2l6ZSI6IiIsImxheWVyX2JhY2tncm91bmRfY29sb3IiOiIiLCJsYXllcl9jb2xvciI6IiIsImxheWVyX2xpbmsiOiIiLCJsYXllcl90YXJnZXQiOiJzYW1lIiwibGF5ZXJfdG9wIjoiNDQxIiwibGF5ZXJfbGVmdCI6IjQxNiIsImxheWVyX3RyYW5zaXRpb24iOiJmYWRlIiwidGltZV9zdGFydCI6bnVsbH1d'),(139,2,'sample 2','','','','eyJ1c2V2aWRlbyI6IjAiLCJ2aWRlb2lkIjoiIiwidmlkZW9hdXRvIjoiMCIsImJhY2tncm91bmRfY29sb3IiOiIiLCJidWxsZXRfZGVzY3JpcHRpb24iOiIifQ==','W3sibGF5ZXJfdmlkZW9fdHlwZSI6InlvdXR1YmUiLCJsYXllcl92aWRlb19pZCI6IiIsImxheWVyX3ZpZGVvX2hlaWdodCI6IjIwMCIsImxheWVyX3ZpZGVvX3dpZHRoIjoiMzAwIiwibGF5ZXJfdmlkZW9fdGh1bWIiOiIiLCJsYXllcl9pZCI6IjJfMSIsImxheWVyX2NvbnRlbnQiOiJzbGlkZTEtaG9tZTQuanBnIiwibGF5ZXJfdHlwZSI6ImltYWdlIiwibGF5ZXJfc3RhdHVzIjoiMSIsImxheWVyX2NsYXNzIjoiIiwibGF5ZXJfY2FwdGlvbiI6IllvdXIgSW1hZ2UgSGVyZSAxIiwibGF5ZXJfZm9udF9zaXplIjoiIiwibGF5ZXJfYmFja2dyb3VuZF9jb2xvciI6IiIsImxheWVyX2NvbG9yIjoiIiwibGF5ZXJfbGluayI6IiIsImxheWVyX3RhcmdldCI6InNhbWUiLCJsYXllcl90b3AiOiIwIiwibGF5ZXJfbGVmdCI6IjAiLCJsYXllcl90cmFuc2l0aW9uIjoiZmFkZSIsInRpbWVfc3RhcnQiOm51bGx9LHsibGF5ZXJfdmlkZW9fdHlwZSI6InlvdXR1YmUiLCJsYXllcl92aWRlb19pZCI6IiIsImxheWVyX3ZpZGVvX2hlaWdodCI6IjIwMCIsImxheWVyX3ZpZGVvX3dpZHRoIjoiMzAwIiwibGF5ZXJfdmlkZW9fdGh1bWIiOiIiLCJsYXllcl9pZCI6IjJfMiIsImxheWVyX2NvbnRlbnQiOiJzbGlkZTItaG9tZTQuanBnIiwibGF5ZXJfdHlwZSI6InRleHQiLCJsYXllcl9zdGF0dXMiOiIxIiwibGF5ZXJfY2xhc3MiOiJzbGlkZXNob3ctdGl0bGUiLCJsYXllcl9jYXB0aW9uIjoiQmFzZWx3b3JsZCIsImxheWVyX2ZvbnRfc2l6ZSI6IiIsImxheWVyX2JhY2tncm91bmRfY29sb3IiOiIiLCJsYXllcl9jb2xvciI6IiIsImxheWVyX2xpbmsiOiIiLCJsYXllcl90YXJnZXQiOiJzYW1lIiwibGF5ZXJfdG9wIjoiMzAwIiwibGF5ZXJfbGVmdCI6IjQxNSIsImxheWVyX3RyYW5zaXRpb24iOiJmYWRlIiwidGltZV9zdGFydCI6bnVsbH0seyJsYXllcl92aWRlb190eXBlIjoieW91dHViZSIsImxheWVyX3ZpZGVvX2lkIjoiIiwibGF5ZXJfdmlkZW9faGVpZ2h0IjoiMjAwIiwibGF5ZXJfdmlkZW9fd2lkdGgiOiIzMDAiLCJsYXllcl92aWRlb190aHVtYiI6IiIsImxheWVyX2lkIjoiMl8zIiwibGF5ZXJfY29udGVudCI6InNsaWRlMi1ob21lNC5qcGciLCJsYXllcl90eXBlIjoidGV4dCIsImxheWVyX3N0YXR1cyI6IjEiLCJsYXllcl9jbGFzcyI6InNsaWRlc2hvdy10ZXh0IiwibGF5ZXJfY2FwdGlvbiI6ImRpc2NvdW50IGNvZGUgOTAlOiA8c3BhbiBjbGFzcz1cInRleHQtdW5kZXJsaW5lXCI+SktBPFwvc3Bhbj4iLCJsYXllcl9mb250X3NpemUiOiIiLCJsYXllcl9iYWNrZ3JvdW5kX2NvbG9yIjoiIiwibGF5ZXJfY29sb3IiOiIiLCJsYXllcl9saW5rIjoiIiwibGF5ZXJfdGFyZ2V0Ijoic2FtZSIsImxheWVyX3RvcCI6IjM2MyIsImxheWVyX2xlZnQiOiI0MTUiLCJsYXllcl90cmFuc2l0aW9uIjoiZmFkZSIsInRpbWVfc3RhcnQiOm51bGx9LHsibGF5ZXJfdmlkZW9fdHlwZSI6InlvdXR1YmUiLCJsYXllcl92aWRlb19pZCI6IiIsImxheWVyX3ZpZGVvX2hlaWdodCI6IjIwMCIsImxheWVyX3ZpZGVvX3dpZHRoIjoiMzAwIiwibGF5ZXJfdmlkZW9fdGh1bWIiOiIiLCJsYXllcl9pZCI6IjJfNCIsImxheWVyX2NvbnRlbnQiOiJzbGlkZTItaG9tZTQuanBnIiwibGF5ZXJfdHlwZSI6InRleHQiLCJsYXllcl9zdGF0dXMiOiIxIiwibGF5ZXJfY2xhc3MiOiIiLCJsYXllcl9jYXB0aW9uIjoiPGEgY2xhc3M9XCJidG4gYnV0dG9uXCIgaHJlZj1cIiNcIj5SZWFkIE1vcmU8XC9hPiIsImxheWVyX2ZvbnRfc2l6ZSI6IiIsImxheWVyX2JhY2tncm91bmRfY29sb3IiOiIiLCJsYXllcl9jb2xvciI6IiIsImxheWVyX2xpbmsiOiIiLCJsYXllcl90YXJnZXQiOiJzYW1lIiwibGF5ZXJfdG9wIjoiNDQxIiwibGF5ZXJfbGVmdCI6IjQxNiIsImxheWVyX3RyYW5zaXRpb24iOiJmYWRlIiwidGltZV9zdGFydCI6bnVsbH1d'),(139,3,'Duplicate of sample 1','','','','eyJ1c2V2aWRlbyI6IjAiLCJ2aWRlb2lkIjoiIiwidmlkZW9hdXRvIjoiMCIsImJhY2tncm91bmRfY29sb3IiOiIiLCJidWxsZXRfZGVzY3JpcHRpb24iOiIifQ==','W3sibGF5ZXJfdmlkZW9fdHlwZSI6InlvdXR1YmUiLCJsYXllcl92aWRlb19pZCI6IiIsImxheWVyX3ZpZGVvX2hlaWdodCI6IjIwMCIsImxheWVyX3ZpZGVvX3dpZHRoIjoiMzAwIiwibGF5ZXJfdmlkZW9fdGh1bWIiOiIiLCJsYXllcl9pZCI6IjNfMSIsImxheWVyX2NvbnRlbnQiOiJzbGlkZTEtaG9tZTQuanBnIiwibGF5ZXJfdHlwZSI6ImltYWdlIiwibGF5ZXJfc3RhdHVzIjoiMSIsImxheWVyX2NsYXNzIjoiIiwibGF5ZXJfY2FwdGlvbiI6IllvdXIgSW1hZ2UgSGVyZSAxIiwibGF5ZXJfZm9udF9zaXplIjoiIiwibGF5ZXJfYmFja2dyb3VuZF9jb2xvciI6IiIsImxheWVyX2NvbG9yIjoiIiwibGF5ZXJfbGluayI6IiIsImxheWVyX3RhcmdldCI6InNhbWUiLCJsYXllcl90b3AiOiIwIiwibGF5ZXJfbGVmdCI6IjAiLCJsYXllcl90cmFuc2l0aW9uIjoiZmFkZSIsInRpbWVfc3RhcnQiOm51bGx9LHsibGF5ZXJfdmlkZW9fdHlwZSI6InlvdXR1YmUiLCJsYXllcl92aWRlb19pZCI6IiIsImxheWVyX3ZpZGVvX2hlaWdodCI6IjIwMCIsImxheWVyX3ZpZGVvX3dpZHRoIjoiMzAwIiwibGF5ZXJfdmlkZW9fdGh1bWIiOiIiLCJsYXllcl9pZCI6IjNfMiIsImxheWVyX2NvbnRlbnQiOiJzbGlkZTItaG9tZTQuanBnIiwibGF5ZXJfdHlwZSI6InRleHQiLCJsYXllcl9zdGF0dXMiOiIxIiwibGF5ZXJfY2xhc3MiOiJzbGlkZXNob3ctdGl0bGUiLCJsYXllcl9jYXB0aW9uIjoiQmFzZWx3b3JsZCIsImxheWVyX2ZvbnRfc2l6ZSI6IiIsImxheWVyX2JhY2tncm91bmRfY29sb3IiOiIiLCJsYXllcl9jb2xvciI6IiIsImxheWVyX2xpbmsiOiIiLCJsYXllcl90YXJnZXQiOiJzYW1lIiwibGF5ZXJfdG9wIjoiMzAwIiwibGF5ZXJfbGVmdCI6IjQxNSIsImxheWVyX3RyYW5zaXRpb24iOiJmYWRlIiwidGltZV9zdGFydCI6bnVsbH0seyJsYXllcl92aWRlb190eXBlIjoieW91dHViZSIsImxheWVyX3ZpZGVvX2lkIjoiIiwibGF5ZXJfdmlkZW9faGVpZ2h0IjoiMjAwIiwibGF5ZXJfdmlkZW9fd2lkdGgiOiIzMDAiLCJsYXllcl92aWRlb190aHVtYiI6IiIsImxheWVyX2lkIjoiM18zIiwibGF5ZXJfY29udGVudCI6InNsaWRlMi1ob21lNC5qcGciLCJsYXllcl90eXBlIjoidGV4dCIsImxheWVyX3N0YXR1cyI6IjEiLCJsYXllcl9jbGFzcyI6InNsaWRlc2hvdy10ZXh0IiwibGF5ZXJfY2FwdGlvbiI6IkNcdTAwYzNcdTAwYjNkaWdvIGRlc2N1ZW50byBkZSA5MCU6IDxzcGFuIGNsYXNzPVwidGV4dC11bmRlcmxpbmVcIj5KS0E8XC9zcGFuPiIsImxheWVyX2ZvbnRfc2l6ZSI6IiIsImxheWVyX2JhY2tncm91bmRfY29sb3IiOiIiLCJsYXllcl9jb2xvciI6IiIsImxheWVyX2xpbmsiOiIiLCJsYXllcl90YXJnZXQiOiJzYW1lIiwibGF5ZXJfdG9wIjoiMzYzIiwibGF5ZXJfbGVmdCI6IjQxNSIsImxheWVyX3RyYW5zaXRpb24iOiJmYWRlIiwidGltZV9zdGFydCI6bnVsbH0seyJsYXllcl92aWRlb190eXBlIjoieW91dHViZSIsImxheWVyX3ZpZGVvX2lkIjoiIiwibGF5ZXJfdmlkZW9faGVpZ2h0IjoiMjAwIiwibGF5ZXJfdmlkZW9fd2lkdGgiOiIzMDAiLCJsYXllcl92aWRlb190aHVtYiI6IiIsImxheWVyX2lkIjoiM180IiwibGF5ZXJfY29udGVudCI6InNsaWRlMi1ob21lNC5qcGciLCJsYXllcl90eXBlIjoidGV4dCIsImxheWVyX3N0YXR1cyI6IjEiLCJsYXllcl9jbGFzcyI6IiIsImxheWVyX2NhcHRpb24iOiI8YSBjbGFzcz1cImJ0biBidXR0b25cIiBocmVmPVwiI1wiPkxlZSBtYXM8XC9hPiIsImxheWVyX2ZvbnRfc2l6ZSI6IiIsImxheWVyX2JhY2tncm91bmRfY29sb3IiOiIiLCJsYXllcl9jb2xvciI6IiIsImxheWVyX2xpbmsiOiIiLCJsYXllcl90YXJnZXQiOiJzYW1lIiwibGF5ZXJfdG9wIjoiNDQxIiwibGF5ZXJfbGVmdCI6IjQxNiIsImxheWVyX3RyYW5zaXRpb24iOiJmYWRlIiwidGltZV9zdGFydCI6bnVsbH1d'),(139,4,'Duplicate of sample 1','','','','eyJ1c2V2aWRlbyI6IjAiLCJ2aWRlb2lkIjoiIiwidmlkZW9hdXRvIjoiMCIsImJhY2tncm91bmRfY29sb3IiOiIiLCJidWxsZXRfZGVzY3JpcHRpb24iOiIifQ==','W3sibGF5ZXJfdmlkZW9fdHlwZSI6InlvdXR1YmUiLCJsYXllcl92aWRlb19pZCI6IiIsImxheWVyX3ZpZGVvX2hlaWdodCI6IjIwMCIsImxheWVyX3ZpZGVvX3dpZHRoIjoiMzAwIiwibGF5ZXJfdmlkZW9fdGh1bWIiOiIiLCJsYXllcl9pZCI6IjRfMSIsImxheWVyX2NvbnRlbnQiOiJzbGlkZTEtaG9tZTQuanBnIiwibGF5ZXJfdHlwZSI6ImltYWdlIiwibGF5ZXJfc3RhdHVzIjoiMSIsImxheWVyX2NsYXNzIjoiIiwibGF5ZXJfY2FwdGlvbiI6IllvdXIgSW1hZ2UgSGVyZSAxIiwibGF5ZXJfZm9udF9zaXplIjoiIiwibGF5ZXJfYmFja2dyb3VuZF9jb2xvciI6IiIsImxheWVyX2NvbG9yIjoiIiwibGF5ZXJfbGluayI6IiIsImxheWVyX3RhcmdldCI6InNhbWUiLCJsYXllcl90b3AiOiIwIiwibGF5ZXJfbGVmdCI6IjAiLCJsYXllcl90cmFuc2l0aW9uIjoiZmFkZSIsInRpbWVfc3RhcnQiOm51bGx9LHsibGF5ZXJfdmlkZW9fdHlwZSI6InlvdXR1YmUiLCJsYXllcl92aWRlb19pZCI6IiIsImxheWVyX3ZpZGVvX2hlaWdodCI6IjIwMCIsImxheWVyX3ZpZGVvX3dpZHRoIjoiMzAwIiwibGF5ZXJfdmlkZW9fdGh1bWIiOiIiLCJsYXllcl9pZCI6IjRfMiIsImxheWVyX2NvbnRlbnQiOiJzbGlkZTItaG9tZTQuanBnIiwibGF5ZXJfdHlwZSI6InRleHQiLCJsYXllcl9zdGF0dXMiOiIxIiwibGF5ZXJfY2xhc3MiOiJzbGlkZXNob3ctdGl0bGUiLCJsYXllcl9jYXB0aW9uIjoiQmFzZWx3b3JsZCIsImxheWVyX2ZvbnRfc2l6ZSI6IiIsImxheWVyX2JhY2tncm91bmRfY29sb3IiOiIiLCJsYXllcl9jb2xvciI6IiIsImxheWVyX2xpbmsiOiIiLCJsYXllcl90YXJnZXQiOiJzYW1lIiwibGF5ZXJfdG9wIjoiMzAwIiwibGF5ZXJfbGVmdCI6IjQxNSIsImxheWVyX3RyYW5zaXRpb24iOiJmYWRlIiwidGltZV9zdGFydCI6bnVsbH0seyJsYXllcl92aWRlb190eXBlIjoieW91dHViZSIsImxheWVyX3ZpZGVvX2lkIjoiIiwibGF5ZXJfdmlkZW9faGVpZ2h0IjoiMjAwIiwibGF5ZXJfdmlkZW9fd2lkdGgiOiIzMDAiLCJsYXllcl92aWRlb190aHVtYiI6IiIsImxheWVyX2lkIjoiNF8zIiwibGF5ZXJfY29udGVudCI6InNsaWRlMi1ob21lNC5qcGciLCJsYXllcl90eXBlIjoidGV4dCIsImxheWVyX3N0YXR1cyI6IjEiLCJsYXllcl9jbGFzcyI6InNsaWRlc2hvdy10ZXh0IiwibGF5ZXJfY2FwdGlvbiI6IlJhYmF0dC1Db2RlIGZcdTAwYzNcdTAwYmNyIDkwJTogPHNwYW4gY2xhc3M9XCJ0ZXh0LXVuZGVybGluZVwiPkpLQTxcL3NwYW4+IiwibGF5ZXJfZm9udF9zaXplIjoiIiwibGF5ZXJfYmFja2dyb3VuZF9jb2xvciI6IiIsImxheWVyX2NvbG9yIjoiIiwibGF5ZXJfbGluayI6IiIsImxheWVyX3RhcmdldCI6InNhbWUiLCJsYXllcl90b3AiOiIzNjMiLCJsYXllcl9sZWZ0IjoiNDE1IiwibGF5ZXJfdHJhbnNpdGlvbiI6ImZhZGUiLCJ0aW1lX3N0YXJ0IjpudWxsfSx7ImxheWVyX3ZpZGVvX3R5cGUiOiJ5b3V0dWJlIiwibGF5ZXJfdmlkZW9faWQiOiIiLCJsYXllcl92aWRlb19oZWlnaHQiOiIyMDAiLCJsYXllcl92aWRlb193aWR0aCI6IjMwMCIsImxheWVyX3ZpZGVvX3RodW1iIjoiIiwibGF5ZXJfaWQiOiI0XzQiLCJsYXllcl9jb250ZW50Ijoic2xpZGUyLWhvbWU0LmpwZyIsImxheWVyX3R5cGUiOiJ0ZXh0IiwibGF5ZXJfc3RhdHVzIjoiMSIsImxheWVyX2NsYXNzIjoiIiwibGF5ZXJfY2FwdGlvbiI6IjxhIGNsYXNzPVwiYnRuIGJ1dHRvblwiIGhyZWY9XCIjXCI+V2VpdGVybGVzZW48XC9hPiIsImxheWVyX2ZvbnRfc2l6ZSI6IiIsImxheWVyX2JhY2tncm91bmRfY29sb3IiOiIiLCJsYXllcl9jb2xvciI6IiIsImxheWVyX2xpbmsiOiIiLCJsYXllcl90YXJnZXQiOiJzYW1lIiwibGF5ZXJfdG9wIjoiNDQxIiwibGF5ZXJfbGVmdCI6IjQxNiIsImxheWVyX3RyYW5zaXRpb24iOiJmYWRlIiwidGltZV9zdGFydCI6bnVsbH1d'),(139,5,'Duplicate of sample 1','','','','eyJ1c2V2aWRlbyI6IjAiLCJ2aWRlb2lkIjoiIiwidmlkZW9hdXRvIjoiMCIsImJhY2tncm91bmRfY29sb3IiOiIiLCJidWxsZXRfZGVzY3JpcHRpb24iOiIifQ==','W3sibGF5ZXJfdmlkZW9fdHlwZSI6InlvdXR1YmUiLCJsYXllcl92aWRlb19pZCI6IiIsImxheWVyX3ZpZGVvX2hlaWdodCI6IjIwMCIsImxheWVyX3ZpZGVvX3dpZHRoIjoiMzAwIiwibGF5ZXJfdmlkZW9fdGh1bWIiOiIiLCJsYXllcl9pZCI6IjVfMSIsImxheWVyX2NvbnRlbnQiOiJzbGlkZTEtaG9tZTQuanBnIiwibGF5ZXJfdHlwZSI6ImltYWdlIiwibGF5ZXJfc3RhdHVzIjoiMSIsImxheWVyX2NsYXNzIjoiIiwibGF5ZXJfY2FwdGlvbiI6IllvdXIgSW1hZ2UgSGVyZSAxIiwibGF5ZXJfZm9udF9zaXplIjoiIiwibGF5ZXJfYmFja2dyb3VuZF9jb2xvciI6IiIsImxheWVyX2NvbG9yIjoiIiwibGF5ZXJfbGluayI6IiIsImxheWVyX3RhcmdldCI6InNhbWUiLCJsYXllcl90b3AiOiIwIiwibGF5ZXJfbGVmdCI6IjAiLCJsYXllcl90cmFuc2l0aW9uIjoiZmFkZSIsInRpbWVfc3RhcnQiOm51bGx9LHsibGF5ZXJfdmlkZW9fdHlwZSI6InlvdXR1YmUiLCJsYXllcl92aWRlb19pZCI6IiIsImxheWVyX3ZpZGVvX2hlaWdodCI6IjIwMCIsImxheWVyX3ZpZGVvX3dpZHRoIjoiMzAwIiwibGF5ZXJfdmlkZW9fdGh1bWIiOiIiLCJsYXllcl9pZCI6IjVfMiIsImxheWVyX2NvbnRlbnQiOiJzbGlkZTItaG9tZTQuanBnIiwibGF5ZXJfdHlwZSI6InRleHQiLCJsYXllcl9zdGF0dXMiOiIxIiwibGF5ZXJfY2xhc3MiOiJzbGlkZXNob3ctdGl0bGUiLCJsYXllcl9jYXB0aW9uIjoiQmFzZWx3b3JsZCIsImxheWVyX2ZvbnRfc2l6ZSI6IiIsImxheWVyX2JhY2tncm91bmRfY29sb3IiOiIiLCJsYXllcl9jb2xvciI6IiIsImxheWVyX2xpbmsiOiIiLCJsYXllcl90YXJnZXQiOiJzYW1lIiwibGF5ZXJfdG9wIjoiMzAwIiwibGF5ZXJfbGVmdCI6IjQxNSIsImxheWVyX3RyYW5zaXRpb24iOiJmYWRlIiwidGltZV9zdGFydCI6bnVsbH0seyJsYXllcl92aWRlb190eXBlIjoieW91dHViZSIsImxheWVyX3ZpZGVvX2lkIjoiIiwibGF5ZXJfdmlkZW9faGVpZ2h0IjoiMjAwIiwibGF5ZXJfdmlkZW9fd2lkdGgiOiIzMDAiLCJsYXllcl92aWRlb190aHVtYiI6IiIsImxheWVyX2lkIjoiNV8zIiwibGF5ZXJfY29udGVudCI6InNsaWRlMi1ob21lNC5qcGciLCJsYXllcl90eXBlIjoidGV4dCIsImxheWVyX3N0YXR1cyI6IjEiLCJsYXllcl9jbGFzcyI6InNsaWRlc2hvdy10ZXh0IiwibGF5ZXJfY2FwdGlvbiI6ImNvZGUgZGUgclx1MDBjM1x1MDBhOWR1Y3Rpb24gOTAlOmJ5ZHVvYzogPHNwYW4gY2xhc3M9XCJ0ZXh0LXVuZGVybGluZVwiPkpLQTxcL3NwYW4+IiwibGF5ZXJfZm9udF9zaXplIjoiIiwibGF5ZXJfYmFja2dyb3VuZF9jb2xvciI6IiIsImxheWVyX2NvbG9yIjoiIiwibGF5ZXJfbGluayI6IiIsImxheWVyX3RhcmdldCI6InNhbWUiLCJsYXllcl90b3AiOiIzNjMiLCJsYXllcl9sZWZ0IjoiNDE1IiwibGF5ZXJfdHJhbnNpdGlvbiI6ImZhZGUiLCJ0aW1lX3N0YXJ0IjpudWxsfSx7ImxheWVyX3ZpZGVvX3R5cGUiOiJ5b3V0dWJlIiwibGF5ZXJfdmlkZW9faWQiOiIiLCJsYXllcl92aWRlb19oZWlnaHQiOiIyMDAiLCJsYXllcl92aWRlb193aWR0aCI6IjMwMCIsImxheWVyX3ZpZGVvX3RodW1iIjoiIiwibGF5ZXJfaWQiOiI1XzQiLCJsYXllcl9jb250ZW50Ijoic2xpZGUyLWhvbWU0LmpwZyIsImxheWVyX3R5cGUiOiJ0ZXh0IiwibGF5ZXJfc3RhdHVzIjoiMSIsImxheWVyX2NsYXNzIjoiIiwibGF5ZXJfY2FwdGlvbiI6IjxhIGNsYXNzPVwiYnRuIGJ1dHRvblwiIGhyZWY9XCIjXCI+TGlyZSBsYSBzdWl0ZTxcL2E+IiwibGF5ZXJfZm9udF9zaXplIjoiIiwibGF5ZXJfYmFja2dyb3VuZF9jb2xvciI6IiIsImxheWVyX2NvbG9yIjoiIiwibGF5ZXJfbGluayI6IiIsImxheWVyX3RhcmdldCI6InNhbWUiLCJsYXllcl90b3AiOiI0NDEiLCJsYXllcl9sZWZ0IjoiNDE2IiwibGF5ZXJfdHJhbnNpdGlvbiI6ImZhZGUiLCJ0aW1lX3N0YXJ0IjpudWxsfV0='),(139,6,'Duplicate of sample 1','','','','eyJ1c2V2aWRlbyI6IjAiLCJ2aWRlb2lkIjoiIiwidmlkZW9hdXRvIjoiMCIsImJhY2tncm91bmRfY29sb3IiOiIiLCJidWxsZXRfZGVzY3JpcHRpb24iOiIifQ==','W3sibGF5ZXJfdmlkZW9fdHlwZSI6InlvdXR1YmUiLCJsYXllcl92aWRlb19pZCI6IiIsImxheWVyX3ZpZGVvX2hlaWdodCI6IjIwMCIsImxheWVyX3ZpZGVvX3dpZHRoIjoiMzAwIiwibGF5ZXJfdmlkZW9fdGh1bWIiOiIiLCJsYXllcl9pZCI6IjFfMSIsImxheWVyX2NvbnRlbnQiOiJzbGlkZTEtaG9tZTQuanBnIiwibGF5ZXJfdHlwZSI6ImltYWdlIiwibGF5ZXJfc3RhdHVzIjoiMSIsImxheWVyX2NsYXNzIjoiIiwibGF5ZXJfY2FwdGlvbiI6IllvdXIgSW1hZ2UgSGVyZSAxIiwibGF5ZXJfZm9udF9zaXplIjoiIiwibGF5ZXJfYmFja2dyb3VuZF9jb2xvciI6IiIsImxheWVyX2NvbG9yIjoiIiwibGF5ZXJfbGluayI6IiIsImxheWVyX3RhcmdldCI6InNhbWUiLCJsYXllcl90b3AiOiIwIiwibGF5ZXJfbGVmdCI6IjAiLCJsYXllcl90cmFuc2l0aW9uIjoiZmFkZSIsInRpbWVfc3RhcnQiOm51bGx9LHsibGF5ZXJfdmlkZW9fdHlwZSI6InlvdXR1YmUiLCJsYXllcl92aWRlb19pZCI6IiIsImxheWVyX3ZpZGVvX2hlaWdodCI6IjIwMCIsImxheWVyX3ZpZGVvX3dpZHRoIjoiMzAwIiwibGF5ZXJfdmlkZW9fdGh1bWIiOiIiLCJsYXllcl9pZCI6IjFfMiIsImxheWVyX2NvbnRlbnQiOiJzbGlkZTItaG9tZTQuanBnIiwibGF5ZXJfdHlwZSI6InRleHQiLCJsYXllcl9zdGF0dXMiOiIxIiwibGF5ZXJfY2xhc3MiOiJzbGlkZXNob3ctdGl0bGUiLCJsYXllcl9jYXB0aW9uIjoiQmFzZWx3b3JsZCIsImxheWVyX2ZvbnRfc2l6ZSI6IiIsImxheWVyX2JhY2tncm91bmRfY29sb3IiOiIiLCJsYXllcl9jb2xvciI6IiIsImxheWVyX2xpbmsiOiIiLCJsYXllcl90YXJnZXQiOiJzYW1lIiwibGF5ZXJfdG9wIjoiMzAwIiwibGF5ZXJfbGVmdCI6IjQxNSIsImxheWVyX3RyYW5zaXRpb24iOiJmYWRlIiwidGltZV9zdGFydCI6bnVsbH0seyJsYXllcl92aWRlb190eXBlIjoieW91dHViZSIsImxheWVyX3ZpZGVvX2lkIjoiIiwibGF5ZXJfdmlkZW9faGVpZ2h0IjoiMjAwIiwibGF5ZXJfdmlkZW9fd2lkdGgiOiIzMDAiLCJsYXllcl92aWRlb190aHVtYiI6IiIsImxheWVyX2lkIjoiMV8zIiwibGF5ZXJfY29udGVudCI6InNsaWRlMi1ob21lNC5qcGciLCJsYXllcl90eXBlIjoidGV4dCIsImxheWVyX3N0YXR1cyI6IjEiLCJsYXllcl9jbGFzcyI6InNsaWRlc2hvdy10ZXh0IiwibGF5ZXJfY2FwdGlvbiI6IkNvZGljZSBzY29udG8gZGVsIDkwJTogPHNwYW4gY2xhc3M9XCJ0ZXh0LXVuZGVybGluZVwiPkpLQTxcL3NwYW4+IiwibGF5ZXJfZm9udF9zaXplIjoiIiwibGF5ZXJfYmFja2dyb3VuZF9jb2xvciI6IiIsImxheWVyX2NvbG9yIjoiIiwibGF5ZXJfbGluayI6IiIsImxheWVyX3RhcmdldCI6InNhbWUiLCJsYXllcl90b3AiOiIzNjMiLCJsYXllcl9sZWZ0IjoiNDE1IiwibGF5ZXJfdHJhbnNpdGlvbiI6ImZhZGUiLCJ0aW1lX3N0YXJ0IjpudWxsfSx7ImxheWVyX3ZpZGVvX3R5cGUiOiJ5b3V0dWJlIiwibGF5ZXJfdmlkZW9faWQiOiIiLCJsYXllcl92aWRlb19oZWlnaHQiOiIyMDAiLCJsYXllcl92aWRlb193aWR0aCI6IjMwMCIsImxheWVyX3ZpZGVvX3RodW1iIjoiIiwibGF5ZXJfaWQiOiIxXzQiLCJsYXllcl9jb250ZW50Ijoic2xpZGUyLWhvbWU0LmpwZyIsImxheWVyX3R5cGUiOiJ0ZXh0IiwibGF5ZXJfc3RhdHVzIjoiMSIsImxheWVyX2NsYXNzIjoiIiwibGF5ZXJfY2FwdGlvbiI6IjxhIGNsYXNzPVwiYnRuIGJ1dHRvblwiIGhyZWY9XCIjXCI+TGVnZ2kgZGkgcGlcdTAwYzNcdTAwYjk8XC9hPiIsImxheWVyX2ZvbnRfc2l6ZSI6IiIsImxheWVyX2JhY2tncm91bmRfY29sb3IiOiIiLCJsYXllcl9jb2xvciI6IiIsImxheWVyX2xpbmsiOiIiLCJsYXllcl90YXJnZXQiOiJzYW1lIiwibGF5ZXJfdG9wIjoiNDQxIiwibGF5ZXJfbGVmdCI6IjQxNiIsImxheWVyX3RyYW5zaXRpb24iOiJmYWRlIiwidGltZV9zdGFydCI6bnVsbH1d'),(139,7,'Duplicate of sample 1','','','','eyJ1c2V2aWRlbyI6IjAiLCJ2aWRlb2lkIjoiIiwidmlkZW9hdXRvIjoiMCIsImJhY2tncm91bmRfY29sb3IiOiIiLCJidWxsZXRfZGVzY3JpcHRpb24iOiIifQ==','W3sibGF5ZXJfdmlkZW9fdHlwZSI6InlvdXR1YmUiLCJsYXllcl92aWRlb19pZCI6IiIsImxheWVyX3ZpZGVvX2hlaWdodCI6IjIwMCIsImxheWVyX3ZpZGVvX3dpZHRoIjoiMzAwIiwibGF5ZXJfdmlkZW9fdGh1bWIiOiIiLCJsYXllcl9pZCI6IjFfMSIsImxheWVyX2NvbnRlbnQiOiJzbGlkZTEtaG9tZTQuanBnIiwibGF5ZXJfdHlwZSI6ImltYWdlIiwibGF5ZXJfc3RhdHVzIjoiMSIsImxheWVyX2NsYXNzIjoiIiwibGF5ZXJfY2FwdGlvbiI6IllvdXIgSW1hZ2UgSGVyZSAxIiwibGF5ZXJfZm9udF9zaXplIjoiIiwibGF5ZXJfYmFja2dyb3VuZF9jb2xvciI6IiIsImxheWVyX2NvbG9yIjoiIiwibGF5ZXJfbGluayI6IiIsImxheWVyX3RhcmdldCI6InNhbWUiLCJsYXllcl90b3AiOiIwIiwibGF5ZXJfbGVmdCI6IjAiLCJsYXllcl90cmFuc2l0aW9uIjoiZmFkZSIsInRpbWVfc3RhcnQiOm51bGx9LHsibGF5ZXJfdmlkZW9fdHlwZSI6InlvdXR1YmUiLCJsYXllcl92aWRlb19pZCI6IiIsImxheWVyX3ZpZGVvX2hlaWdodCI6IjIwMCIsImxheWVyX3ZpZGVvX3dpZHRoIjoiMzAwIiwibGF5ZXJfdmlkZW9fdGh1bWIiOiIiLCJsYXllcl9pZCI6IjFfMiIsImxheWVyX2NvbnRlbnQiOiJzbGlkZTItaG9tZTQuanBnIiwibGF5ZXJfdHlwZSI6InRleHQiLCJsYXllcl9zdGF0dXMiOiIxIiwibGF5ZXJfY2xhc3MiOiJzbGlkZXNob3ctdGl0bGUiLCJsYXllcl9jYXB0aW9uIjoiQmFzZWx3b3JsZCIsImxheWVyX2ZvbnRfc2l6ZSI6IiIsImxheWVyX2JhY2tncm91bmRfY29sb3IiOiIiLCJsYXllcl9jb2xvciI6IiIsImxheWVyX2xpbmsiOiIiLCJsYXllcl90YXJnZXQiOiJzYW1lIiwibGF5ZXJfdG9wIjoiMzAwIiwibGF5ZXJfbGVmdCI6IjQxNSIsImxheWVyX3RyYW5zaXRpb24iOiJmYWRlIiwidGltZV9zdGFydCI6bnVsbH0seyJsYXllcl92aWRlb190eXBlIjoieW91dHViZSIsImxheWVyX3ZpZGVvX2lkIjoiIiwibGF5ZXJfdmlkZW9faGVpZ2h0IjoiMjAwIiwibGF5ZXJfdmlkZW9fd2lkdGgiOiIzMDAiLCJsYXllcl92aWRlb190aHVtYiI6IiIsImxheWVyX2lkIjoiMV8zIiwibGF5ZXJfY29udGVudCI6InNsaWRlMi1ob21lNC5qcGciLCJsYXllcl90eXBlIjoidGV4dCIsImxheWVyX3N0YXR1cyI6IjEiLCJsYXllcl9jbGFzcyI6InNsaWRlc2hvdy10ZXh0IiwibGF5ZXJfY2FwdGlvbiI6IkNvZGljZSBzY29udG8gZGVsIDkwJTogPHNwYW4gY2xhc3M9XCJ0ZXh0LXVuZGVybGluZVwiPkpLQTxcL3NwYW4+IiwibGF5ZXJfZm9udF9zaXplIjoiIiwibGF5ZXJfYmFja2dyb3VuZF9jb2xvciI6IiIsImxheWVyX2NvbG9yIjoiIiwibGF5ZXJfbGluayI6IiIsImxheWVyX3RhcmdldCI6InNhbWUiLCJsYXllcl90b3AiOiIzNjMiLCJsYXllcl9sZWZ0IjoiNDE1IiwibGF5ZXJfdHJhbnNpdGlvbiI6ImZhZGUiLCJ0aW1lX3N0YXJ0IjpudWxsfSx7ImxheWVyX3ZpZGVvX3R5cGUiOiJ5b3V0dWJlIiwibGF5ZXJfdmlkZW9faWQiOiIiLCJsYXllcl92aWRlb19oZWlnaHQiOiIyMDAiLCJsYXllcl92aWRlb193aWR0aCI6IjMwMCIsImxheWVyX3ZpZGVvX3RodW1iIjoiIiwibGF5ZXJfaWQiOiIxXzQiLCJsYXllcl9jb250ZW50Ijoic2xpZGUyLWhvbWU0LmpwZyIsImxheWVyX3R5cGUiOiJ0ZXh0IiwibGF5ZXJfc3RhdHVzIjoiMSIsImxheWVyX2NsYXNzIjoiIiwibGF5ZXJfY2FwdGlvbiI6IjxhIGNsYXNzPVwiYnRuIGJ1dHRvblwiIGhyZWY9XCIjXCI+TGVnZ2kgZGkgcGlcdTAwYzNcdTAwYjk8XC9hPiIsImxheWVyX2ZvbnRfc2l6ZSI6IiIsImxheWVyX2JhY2tncm91bmRfY29sb3IiOiIiLCJsYXllcl9jb2xvciI6IiIsImxheWVyX2xpbmsiOiIiLCJsYXllcl90YXJnZXQiOiJzYW1lIiwibGF5ZXJfdG9wIjoiNDQxIiwibGF5ZXJfbGVmdCI6IjQxNiIsImxheWVyX3RyYW5zaXRpb24iOiJmYWRlIiwidGltZV9zdGFydCI6bnVsbH1d'),(139,8,'Duplicate of sample 1','','','','eyJ1c2V2aWRlbyI6IjAiLCJ2aWRlb2lkIjoiIiwidmlkZW9hdXRvIjoiMCIsImJhY2tncm91bmRfY29sb3IiOiIiLCJidWxsZXRfZGVzY3JpcHRpb24iOiIifQ==','W3sibGF5ZXJfdmlkZW9fdHlwZSI6InlvdXR1YmUiLCJsYXllcl92aWRlb19pZCI6IiIsImxheWVyX3ZpZGVvX2hlaWdodCI6IjIwMCIsImxheWVyX3ZpZGVvX3dpZHRoIjoiMzAwIiwibGF5ZXJfdmlkZW9fdGh1bWIiOiIiLCJsYXllcl9pZCI6IjFfMSIsImxheWVyX2NvbnRlbnQiOiJzbGlkZTEtaG9tZTQuanBnIiwibGF5ZXJfdHlwZSI6ImltYWdlIiwibGF5ZXJfc3RhdHVzIjoiMSIsImxheWVyX2NsYXNzIjoiIiwibGF5ZXJfY2FwdGlvbiI6IllvdXIgSW1hZ2UgSGVyZSAxIiwibGF5ZXJfZm9udF9zaXplIjoiIiwibGF5ZXJfYmFja2dyb3VuZF9jb2xvciI6IiIsImxheWVyX2NvbG9yIjoiIiwibGF5ZXJfbGluayI6IiIsImxheWVyX3RhcmdldCI6InNhbWUiLCJsYXllcl90b3AiOiIwIiwibGF5ZXJfbGVmdCI6IjAiLCJsYXllcl90cmFuc2l0aW9uIjoiZmFkZSIsInRpbWVfc3RhcnQiOm51bGx9LHsibGF5ZXJfdmlkZW9fdHlwZSI6InlvdXR1YmUiLCJsYXllcl92aWRlb19pZCI6IiIsImxheWVyX3ZpZGVvX2hlaWdodCI6IjIwMCIsImxheWVyX3ZpZGVvX3dpZHRoIjoiMzAwIiwibGF5ZXJfdmlkZW9fdGh1bWIiOiIiLCJsYXllcl9pZCI6IjFfMiIsImxheWVyX2NvbnRlbnQiOiJzbGlkZTItaG9tZTQuanBnIiwibGF5ZXJfdHlwZSI6InRleHQiLCJsYXllcl9zdGF0dXMiOiIxIiwibGF5ZXJfY2xhc3MiOiJzbGlkZXNob3ctdGl0bGUiLCJsYXllcl9jYXB0aW9uIjoiQmFzZWx3b3JsZCIsImxheWVyX2ZvbnRfc2l6ZSI6IiIsImxheWVyX2JhY2tncm91bmRfY29sb3IiOiIiLCJsYXllcl9jb2xvciI6IiIsImxheWVyX2xpbmsiOiIiLCJsYXllcl90YXJnZXQiOiJzYW1lIiwibGF5ZXJfdG9wIjoiMzAwIiwibGF5ZXJfbGVmdCI6IjQxNSIsImxheWVyX3RyYW5zaXRpb24iOiJmYWRlIiwidGltZV9zdGFydCI6bnVsbH0seyJsYXllcl92aWRlb190eXBlIjoieW91dHViZSIsImxheWVyX3ZpZGVvX2lkIjoiIiwibGF5ZXJfdmlkZW9faGVpZ2h0IjoiMjAwIiwibGF5ZXJfdmlkZW9fd2lkdGgiOiIzMDAiLCJsYXllcl92aWRlb190aHVtYiI6IiIsImxheWVyX2lkIjoiMV8zIiwibGF5ZXJfY29udGVudCI6InNsaWRlMi1ob21lNC5qcGciLCJsYXllcl90eXBlIjoidGV4dCIsImxheWVyX3N0YXR1cyI6IjEiLCJsYXllcl9jbGFzcyI6InNsaWRlc2hvdy10ZXh0IiwibGF5ZXJfY2FwdGlvbiI6IkNvZGljZSBzY29udG8gZGVsIDkwJTogPHNwYW4gY2xhc3M9XCJ0ZXh0LXVuZGVybGluZVwiPkpLQTxcL3NwYW4+IiwibGF5ZXJfZm9udF9zaXplIjoiIiwibGF5ZXJfYmFja2dyb3VuZF9jb2xvciI6IiIsImxheWVyX2NvbG9yIjoiIiwibGF5ZXJfbGluayI6IiIsImxheWVyX3RhcmdldCI6InNhbWUiLCJsYXllcl90b3AiOiIzNjMiLCJsYXllcl9sZWZ0IjoiNDE1IiwibGF5ZXJfdHJhbnNpdGlvbiI6ImZhZGUiLCJ0aW1lX3N0YXJ0IjpudWxsfSx7ImxheWVyX3ZpZGVvX3R5cGUiOiJ5b3V0dWJlIiwibGF5ZXJfdmlkZW9faWQiOiIiLCJsYXllcl92aWRlb19oZWlnaHQiOiIyMDAiLCJsYXllcl92aWRlb193aWR0aCI6IjMwMCIsImxheWVyX3ZpZGVvX3RodW1iIjoiIiwibGF5ZXJfaWQiOiIxXzQiLCJsYXllcl9jb250ZW50Ijoic2xpZGUyLWhvbWU0LmpwZyIsImxheWVyX3R5cGUiOiJ0ZXh0IiwibGF5ZXJfc3RhdHVzIjoiMSIsImxheWVyX2NsYXNzIjoiIiwibGF5ZXJfY2FwdGlvbiI6IjxhIGNsYXNzPVwiYnRuIGJ1dHRvblwiIGhyZWY9XCIjXCI+TGVnZ2kgZGkgcGlcdTAwYzNcdTAwYjk8XC9hPiIsImxheWVyX2ZvbnRfc2l6ZSI6IiIsImxheWVyX2JhY2tncm91bmRfY29sb3IiOiIiLCJsYXllcl9jb2xvciI6IiIsImxheWVyX2xpbmsiOiIiLCJsYXllcl90YXJnZXQiOiJzYW1lIiwibGF5ZXJfdG9wIjoiNDQxIiwibGF5ZXJfbGVmdCI6IjQxNiIsImxheWVyX3RyYW5zaXRpb24iOiJmYWRlIiwidGltZV9zdGFydCI6bnVsbH1d'),(142,1,'Wacù Aspiratore sottovuoto portatile','','sottovuoto-bagagli-wacu.jpg','','eyJ1c2V2aWRlbyI6IjAiLCJ2aWRlb2lkIjoiIiwidmlkZW9hdXRvIjoiMCIsImJhY2tncm91bmRfY29sb3IiOiIiLCJidWxsZXRfZGVzY3JpcHRpb24iOiIifQ==',''),(142,2,'Wacù Aspiratore sottovuoto portatile','','sottovuoto-bagagli-wacu.jpg','','eyJ1c2V2aWRlbyI6IjAiLCJ2aWRlb2lkIjoiIiwidmlkZW9hdXRvIjoiMCIsImJhY2tncm91bmRfY29sb3IiOiIiLCJidWxsZXRfZGVzY3JpcHRpb24iOiIifQ==',''),(142,3,'Wacù Aspiratore sottovuoto portatile','','sottovuoto-bagagli-wacu.jpg','','eyJ1c2V2aWRlbyI6IjAiLCJ2aWRlb2lkIjoiIiwidmlkZW9hdXRvIjoiMCIsImJhY2tncm91bmRfY29sb3IiOiIiLCJidWxsZXRfZGVzY3JpcHRpb24iOiIifQ==',''),(142,4,'Wacù Aspiratore sottovuoto portatile','','sottovuoto-bagagli-wacu.jpg','','eyJ1c2V2aWRlbyI6IjAiLCJ2aWRlb2lkIjoiIiwidmlkZW9hdXRvIjoiMCIsImJhY2tncm91bmRfY29sb3IiOiIiLCJidWxsZXRfZGVzY3JpcHRpb24iOiIifQ==',''),(142,5,'Wacù Aspiratore sottovuoto portatile','','sottovuoto-bagagli-wacu.jpg','','eyJ1c2V2aWRlbyI6IjAiLCJ2aWRlb2lkIjoiIiwidmlkZW9hdXRvIjoiMCIsImJhY2tncm91bmRfY29sb3IiOiIiLCJidWxsZXRfZGVzY3JpcHRpb24iOiIifQ==',''),(142,6,'Wacù Aspiratore sottovuoto portatile','','sottovuoto-bagagli-wacu.jpg','','eyJ1c2V2aWRlbyI6IjAiLCJ2aWRlb2lkIjoiIiwidmlkZW9hdXRvIjoiMCIsImJhY2tncm91bmRfY29sb3IiOiIiLCJidWxsZXRfZGVzY3JpcHRpb24iOiIifQ==',''),(142,7,'Wacù Aspiratore sottovuoto portatile','','sottovuoto-bagagli-wacu.jpg','','eyJ1c2V2aWRlbyI6IjAiLCJ2aWRlb2lkIjoiIiwidmlkZW9hdXRvIjoiMCIsImJhY2tncm91bmRfY29sb3IiOiIiLCJidWxsZXRfZGVzY3JpcHRpb24iOiIifQ==',''),(142,8,'Wacù Aspiratore sottovuoto portatile','','sottovuoto-bagagli-wacu.jpg','','eyJ1c2V2aWRlbyI6IjAiLCJ2aWRlb2lkIjoiIiwidmlkZW9hdXRvIjoiMCIsImJhY2tncm91bmRfY29sb3IiOiIiLCJidWxsZXRfZGVzY3JpcHRpb24iOiIifQ==',''),(145,1,'leotest','','','','eyJ1c2V2aWRlbyI6IjAiLCJ2aWRlb2lkIjoiIiwidmlkZW9hdXRvIjoiMCIsImJhY2tncm91bmRfY29sb3IiOiIiLCJidWxsZXRfZGVzY3JpcHRpb24iOiIifQ==',''),(145,2,'leotest','','sottovuoto-bagagli-wacu.jpg','','eyJ1c2V2aWRlbyI6IjAiLCJ2aWRlb2lkIjoiIiwidmlkZW9hdXRvIjoiMCIsImJhY2tncm91bmRfY29sb3IiOiIiLCJidWxsZXRfZGVzY3JpcHRpb24iOiIifQ==',''),(145,3,'leotest','','','','eyJ1c2V2aWRlbyI6IjAiLCJ2aWRlb2lkIjoiIiwidmlkZW9hdXRvIjoiMCIsImJhY2tncm91bmRfY29sb3IiOiIiLCJidWxsZXRfZGVzY3JpcHRpb24iOiIifQ==',''),(145,4,'leotest','','','','eyJ1c2V2aWRlbyI6IjAiLCJ2aWRlb2lkIjoiIiwidmlkZW9hdXRvIjoiMCIsImJhY2tncm91bmRfY29sb3IiOiIiLCJidWxsZXRfZGVzY3JpcHRpb24iOiIifQ==',''),(145,5,'leotest','','blue-1024x576.jpg','','eyJ1c2V2aWRlbyI6IjAiLCJ2aWRlb2lkIjoiIiwidmlkZW9hdXRvIjoiMCIsImJhY2tncm91bmRfY29sb3IiOiIiLCJidWxsZXRfZGVzY3JpcHRpb24iOiIifQ==',''),(145,6,'leotest','','','','eyJ1c2V2aWRlbyI6IjAiLCJ2aWRlb2lkIjoiIiwidmlkZW9hdXRvIjoiMCIsImJhY2tncm91bmRfY29sb3IiOiIiLCJidWxsZXRfZGVzY3JpcHRpb24iOiIifQ==',''),(145,7,'leotest','','','','eyJ1c2V2aWRlbyI6IjAiLCJ2aWRlb2lkIjoiIiwidmlkZW9hdXRvIjoiMCIsImJhY2tncm91bmRfY29sb3IiOiIiLCJidWxsZXRfZGVzY3JpcHRpb24iOiIifQ==',''),(145,8,'leotest','','','','eyJ1c2V2aWRlbyI6IjAiLCJ2aWRlb2lkIjoiIiwidmlkZW9hdXRvIjoiMCIsImJhY2tncm91bmRfY29sb3IiOiIiLCJidWxsZXRfZGVzY3JpcHRpb24iOiIifQ==',''),(148,1,'Wacù Salvaspazio per valigie','','','','eyJ1c2V2aWRlbyI6IjAiLCJ2aWRlb2lkIjoiIiwidmlkZW9hdXRvIjoiMCIsImJhY2tncm91bmRfY29sb3IiOiIjZjVmNWY1IiwiYnVsbGV0X2Rlc2NyaXB0aW9uIjoiIn0=','W3sibGF5ZXJfdmlkZW9fdHlwZSI6InlvdXR1YmUiLCJsYXllcl92aWRlb19pZCI6IiIsImxheWVyX3ZpZGVvX2hlaWdodCI6IjIwMCIsImxheWVyX3ZpZGVvX3dpZHRoIjoiMzAwIiwibGF5ZXJfdmlkZW9fdGh1bWIiOiIiLCJsYXllcl9pZCI6IjFfMSIsImxheWVyX2NvbnRlbnQiOiJzbGlkZS1pbWc1LmpwZyIsImxheWVyX3R5cGUiOiJ0ZXh0IiwibGF5ZXJfc3RhdHVzIjoiMSIsImxheWVyX2NsYXNzIjoiIiwibGF5ZXJfY2FwdGlvbiI6IjxhIGNsYXNzPVwiYnRuIGJ1dHRvblwiIGhyZWY9XCJodHRwOlwvXC93YWN1Lml0XC9pbmRleC5waHA/aWRfY2F0ZWdvcnk9MTNfQVNNX2NvbnRyb2xsZXI9Y2F0ZWdvcnlfQVNNX2lkX2xhbmc9MV9BU01fbj02XCI+QUNRVUlTVEE8XC9hPiIsImxheWVyX2ZvbnRfc2l6ZSI6IiIsImxheWVyX2JhY2tncm91bmRfY29sb3IiOiIiLCJsYXllcl9jb2xvciI6IiIsImxheWVyX2xpbmsiOiIiLCJsYXllcl90YXJnZXQiOiJzYW1lIiwibGF5ZXJfdG9wIjoiNDAwIiwibGF5ZXJfbGVmdCI6IjYyNiIsImxheWVyX3RyYW5zaXRpb24iOiJmYWRlIiwidGltZV9zdGFydCI6bnVsbH0seyJsYXllcl92aWRlb190eXBlIjoieW91dHViZSIsImxheWVyX3ZpZGVvX2lkIjoiIiwibGF5ZXJfdmlkZW9faGVpZ2h0IjoiMjAwIiwibGF5ZXJfdmlkZW9fd2lkdGgiOiIzMDAiLCJsYXllcl92aWRlb190aHVtYiI6IiIsImxheWVyX2lkIjoiMV8yIiwibGF5ZXJfY29udGVudCI6IndhY3Utb2ZmZXJ0YS1uYXRhbGUuanBnIiwibGF5ZXJfdHlwZSI6ImltYWdlIiwibGF5ZXJfc3RhdHVzIjoiMSIsImxheWVyX2NsYXNzIjoiIiwibGF5ZXJfY2FwdGlvbiI6IllvdXIgSW1hZ2UgSGVyZSA0IiwibGF5ZXJfZm9udF9zaXplIjoiIiwibGF5ZXJfYmFja2dyb3VuZF9jb2xvciI6IiIsImxheWVyX2NvbG9yIjoiIiwibGF5ZXJfbGluayI6IiIsImxheWVyX3RhcmdldCI6InNhbWUiLCJsYXllcl90b3AiOiIwIiwibGF5ZXJfbGVmdCI6IjAiLCJsYXllcl90cmFuc2l0aW9uIjoiZmFkZSIsInRpbWVfc3RhcnQiOm51bGx9XQ=='),(148,2,'duplicato di Space saver for luggage Wacù','','','','eyJ1c2V2aWRlbyI6IjAiLCJ2aWRlb2lkIjoiIiwidmlkZW9hdXRvIjoiMCIsImJhY2tncm91bmRfY29sb3IiOiIiLCJidWxsZXRfZGVzY3JpcHRpb24iOiIifQ==','W3sibGF5ZXJfdmlkZW9fdHlwZSI6InlvdXR1YmUiLCJsYXllcl92aWRlb19pZCI6IiIsImxheWVyX3ZpZGVvX2hlaWdodCI6IjIwMCIsImxheWVyX3ZpZGVvX3dpZHRoIjoiMzAwIiwibGF5ZXJfdmlkZW9fdGh1bWIiOiIiLCJsYXllcl9pZCI6IjJfMSIsImxheWVyX2NvbnRlbnQiOiJzbGlkZS1pbWc1LmpwZyIsImxheWVyX3R5cGUiOiJpbWFnZSIsImxheWVyX3N0YXR1cyI6IjEiLCJsYXllcl9jbGFzcyI6IiIsImxheWVyX2NhcHRpb24iOiJZb3VyIEltYWdlIEhlcmUgMSIsImxheWVyX2ZvbnRfc2l6ZSI6IiIsImxheWVyX2JhY2tncm91bmRfY29sb3IiOiIiLCJsYXllcl9jb2xvciI6IiIsImxheWVyX2xpbmsiOiIiLCJsYXllcl90YXJnZXQiOiJzYW1lIiwibGF5ZXJfdG9wIjoiMCIsImxheWVyX2xlZnQiOiIwIiwibGF5ZXJfdHJhbnNpdGlvbiI6ImZhZGUiLCJ0aW1lX3N0YXJ0IjpudWxsfSx7ImxheWVyX3ZpZGVvX3R5cGUiOiJ5b3V0dWJlIiwibGF5ZXJfdmlkZW9faWQiOiIiLCJsYXllcl92aWRlb19oZWlnaHQiOiIyMDAiLCJsYXllcl92aWRlb193aWR0aCI6IjMwMCIsImxheWVyX3ZpZGVvX3RodW1iIjoiIiwibGF5ZXJfaWQiOiIyXzIiLCJsYXllcl9jb250ZW50Ijoic2xpZGUtaW1nNS5qcGciLCJsYXllcl90eXBlIjoidGV4dCIsImxheWVyX3N0YXR1cyI6IjEiLCJsYXllcl9jbGFzcyI6InNsaWRlc2hvdy10ZXh0IiwibGF5ZXJfY2FwdGlvbiI6IlZhY3V1bSBwYWNrZWQgc3VpdGNhc2UiLCJsYXllcl9mb250X3NpemUiOiIiLCJsYXllcl9iYWNrZ3JvdW5kX2NvbG9yIjoiIiwibGF5ZXJfY29sb3IiOiIjMDAwIiwibGF5ZXJfbGluayI6IiIsImxheWVyX3RhcmdldCI6InNhbWUiLCJsYXllcl90b3AiOiIzOTgiLCJsYXllcl9sZWZ0IjoiNTI2IiwibGF5ZXJfdHJhbnNpdGlvbiI6ImZhZGUiLCJ0aW1lX3N0YXJ0IjpudWxsfSx7ImxheWVyX3ZpZGVvX3R5cGUiOiJ5b3V0dWJlIiwibGF5ZXJfdmlkZW9faWQiOiIiLCJsYXllcl92aWRlb19oZWlnaHQiOiIyMDAiLCJsYXllcl92aWRlb193aWR0aCI6IjMwMCIsImxheWVyX3ZpZGVvX3RodW1iIjoiIiwibGF5ZXJfaWQiOiIyXzMiLCJsYXllcl9jb250ZW50Ijoic2xpZGUtaW1nNS5qcGciLCJsYXllcl90eXBlIjoidGV4dCIsImxheWVyX3N0YXR1cyI6IjEiLCJsYXllcl9jbGFzcyI6InNsaWRlc2hvdy10aXRsZSIsImxheWVyX2NhcHRpb24iOiJUaGluayBTbWFsbGVyIiwibGF5ZXJfZm9udF9zaXplIjoiIiwibGF5ZXJfYmFja2dyb3VuZF9jb2xvciI6IiIsImxheWVyX2NvbG9yIjoiIzAwMCIsImxheWVyX2xpbmsiOiIiLCJsYXllcl90YXJnZXQiOiJzYW1lIiwibGF5ZXJfdG9wIjoiNDUwIiwibGF5ZXJfbGVmdCI6IjUxNiIsImxheWVyX3RyYW5zaXRpb24iOiJmYWRlIiwidGltZV9zdGFydCI6bnVsbH0seyJsYXllcl92aWRlb190eXBlIjoieW91dHViZSIsImxheWVyX3ZpZGVvX2lkIjoiIiwibGF5ZXJfdmlkZW9faGVpZ2h0IjoiMjAwIiwibGF5ZXJfdmlkZW9fd2lkdGgiOiIzMDAiLCJsYXllcl92aWRlb190aHVtYiI6IiIsImxheWVyX2lkIjoiMl80IiwibGF5ZXJfY29udGVudCI6InNsaWRlLWltZzUuanBnIiwibGF5ZXJfdHlwZSI6InRleHQiLCJsYXllcl9zdGF0dXMiOiIxIiwibGF5ZXJfY2xhc3MiOiIiLCJsYXllcl9jYXB0aW9uIjoiPGEgY2xhc3M9XCJidG4gYnV0dG9uXCIgaHJlZj1cImh0dHBzOlwvXC93d3cud2FjdS5pdFwvMTMtYXNwaXJhdG9yZS1zb3R0b3Z1b3RvLXdhY3VcIj5CdXkgTm93PFwvYT4iLCJsYXllcl9mb250X3NpemUiOiIiLCJsYXllcl9iYWNrZ3JvdW5kX2NvbG9yIjoiIiwibGF5ZXJfY29sb3IiOiIiLCJsYXllcl9saW5rIjoiIiwibGF5ZXJfdGFyZ2V0Ijoic2FtZSIsImxheWVyX3RvcCI6IjUzMSIsImxheWVyX2xlZnQiOiI2MzUiLCJsYXllcl90cmFuc2l0aW9uIjoiZmFkZSIsInRpbWVfc3RhcnQiOm51bGx9XQ=='),(148,3,'duplicato di sample 1','','','','eyJ1c2V2aWRlbyI6IjAiLCJ2aWRlb2lkIjoiIiwidmlkZW9hdXRvIjoiMCIsImJhY2tncm91bmRfY29sb3IiOiIiLCJidWxsZXRfZGVzY3JpcHRpb24iOiIifQ==','W3sibGF5ZXJfdmlkZW9fdHlwZSI6InlvdXR1YmUiLCJsYXllcl92aWRlb19pZCI6IiIsImxheWVyX3ZpZGVvX2hlaWdodCI6IjIwMCIsImxheWVyX3ZpZGVvX3dpZHRoIjoiMzAwIiwibGF5ZXJfdmlkZW9fdGh1bWIiOiIiLCJsYXllcl9pZCI6IjNfMSIsImxheWVyX2NvbnRlbnQiOiJzbGlkZS1pbWc1LmpwZyIsImxheWVyX3R5cGUiOiJpbWFnZSIsImxheWVyX3N0YXR1cyI6IjEiLCJsYXllcl9jbGFzcyI6IiIsImxheWVyX2NhcHRpb24iOiJZb3VyIEltYWdlIEhlcmUgMSIsImxheWVyX2ZvbnRfc2l6ZSI6IiIsImxheWVyX2JhY2tncm91bmRfY29sb3IiOiIiLCJsYXllcl9jb2xvciI6IiIsImxheWVyX2xpbmsiOiIiLCJsYXllcl90YXJnZXQiOiJzYW1lIiwibGF5ZXJfdG9wIjoiMCIsImxheWVyX2xlZnQiOiIwIiwibGF5ZXJfdHJhbnNpdGlvbiI6ImZhZGUiLCJ0aW1lX3N0YXJ0IjpudWxsfSx7ImxheWVyX3ZpZGVvX3R5cGUiOiJ5b3V0dWJlIiwibGF5ZXJfdmlkZW9faWQiOiIiLCJsYXllcl92aWRlb19oZWlnaHQiOiIyMDAiLCJsYXllcl92aWRlb193aWR0aCI6IjMwMCIsImxheWVyX3ZpZGVvX3RodW1iIjoiIiwibGF5ZXJfaWQiOiIzXzIiLCJsYXllcl9jb250ZW50Ijoic2xpZGUtaW1nNS5qcGciLCJsYXllcl90eXBlIjoidGV4dCIsImxheWVyX3N0YXR1cyI6IjEiLCJsYXllcl9jbGFzcyI6InNsaWRlc2hvdy10ZXh0IiwibGF5ZXJfY2FwdGlvbiI6IkNcdTAwYzNcdTAwYjNkaWdvIGRlc2N1ZW50byBkZSA1MCU6IDxzcGFuIGNsYXNzPVwidGV4dC11bmRlcmxpbmVcIj5KS0E8XC9zcGFuPiIsImxheWVyX2ZvbnRfc2l6ZSI6IiIsImxheWVyX2JhY2tncm91bmRfY29sb3IiOiIiLCJsYXllcl9jb2xvciI6IiIsImxheWVyX2xpbmsiOiIiLCJsYXllcl90YXJnZXQiOiJzYW1lIiwibGF5ZXJfdG9wIjoiMjY2IiwibGF5ZXJfbGVmdCI6IjUzMyIsImxheWVyX3RyYW5zaXRpb24iOiJmYWRlIiwidGltZV9zdGFydCI6bnVsbH0seyJsYXllcl92aWRlb190eXBlIjoieW91dHViZSIsImxheWVyX3ZpZGVvX2lkIjoiIiwibGF5ZXJfdmlkZW9faGVpZ2h0IjoiMjAwIiwibGF5ZXJfdmlkZW9fd2lkdGgiOiIzMDAiLCJsYXllcl92aWRlb190aHVtYiI6IiIsImxheWVyX2lkIjoiM18zIiwibGF5ZXJfY29udGVudCI6InNsaWRlLWltZzUuanBnIiwibGF5ZXJfdHlwZSI6InRleHQiLCJsYXllcl9zdGF0dXMiOiIxIiwibGF5ZXJfY2xhc3MiOiJzbGlkZXNob3ctdGl0bGUiLCJsYXllcl9jYXB0aW9uIjoiU2VyIHVuYSBlc3RyZWxsYSIsImxheWVyX2ZvbnRfc2l6ZSI6IiIsImxheWVyX2JhY2tncm91bmRfY29sb3IiOiIiLCJsYXllcl9jb2xvciI6IiIsImxheWVyX2xpbmsiOiIiLCJsYXllcl90YXJnZXQiOiJzYW1lIiwibGF5ZXJfdG9wIjoiMzAzIiwibGF5ZXJfbGVmdCI6IjU2MSIsImxheWVyX3RyYW5zaXRpb24iOiJmYWRlIiwidGltZV9zdGFydCI6bnVsbH0seyJsYXllcl92aWRlb190eXBlIjoieW91dHViZSIsImxheWVyX3ZpZGVvX2lkIjoiIiwibGF5ZXJfdmlkZW9faGVpZ2h0IjoiMjAwIiwibGF5ZXJfdmlkZW9fd2lkdGgiOiIzMDAiLCJsYXllcl92aWRlb190aHVtYiI6IiIsImxheWVyX2lkIjoiM180IiwibGF5ZXJfY29udGVudCI6InNsaWRlLWltZzUuanBnIiwibGF5ZXJfdHlwZSI6InRleHQiLCJsYXllcl9zdGF0dXMiOiIxIiwibGF5ZXJfY2xhc3MiOiIiLCJsYXllcl9jYXB0aW9uIjoiPGEgY2xhc3M9XCJidG4gYnV0dG9uXCIgaHJlZj1cIiNcIj5MZWUgbWFzPFwvYT4iLCJsYXllcl9mb250X3NpemUiOiIiLCJsYXllcl9iYWNrZ3JvdW5kX2NvbG9yIjoiIiwibGF5ZXJfY29sb3IiOiIiLCJsYXllcl9saW5rIjoiIiwibGF5ZXJfdGFyZ2V0Ijoic2FtZSIsImxheWVyX3RvcCI6IjQwMSIsImxheWVyX2xlZnQiOiI2MjYiLCJsYXllcl90cmFuc2l0aW9uIjoiZmFkZSIsInRpbWVfc3RhcnQiOm51bGx9XQ=='),(148,4,'duplicato di sample 1','','','','eyJ1c2V2aWRlbyI6IjAiLCJ2aWRlb2lkIjoiIiwidmlkZW9hdXRvIjoiMCIsImJhY2tncm91bmRfY29sb3IiOiIiLCJidWxsZXRfZGVzY3JpcHRpb24iOiIifQ==','W3sibGF5ZXJfdmlkZW9fdHlwZSI6InlvdXR1YmUiLCJsYXllcl92aWRlb19pZCI6IiIsImxheWVyX3ZpZGVvX2hlaWdodCI6IjIwMCIsImxheWVyX3ZpZGVvX3dpZHRoIjoiMzAwIiwibGF5ZXJfdmlkZW9fdGh1bWIiOiIiLCJsYXllcl9pZCI6IjRfMSIsImxheWVyX2NvbnRlbnQiOiJzbGlkZS1pbWc1LmpwZyIsImxheWVyX3R5cGUiOiJpbWFnZSIsImxheWVyX3N0YXR1cyI6IjEiLCJsYXllcl9jbGFzcyI6IiIsImxheWVyX2NhcHRpb24iOiJZb3VyIEltYWdlIEhlcmUgMSIsImxheWVyX2ZvbnRfc2l6ZSI6IiIsImxheWVyX2JhY2tncm91bmRfY29sb3IiOiIiLCJsYXllcl9jb2xvciI6IiIsImxheWVyX2xpbmsiOiIiLCJsYXllcl90YXJnZXQiOiJzYW1lIiwibGF5ZXJfdG9wIjoiMCIsImxheWVyX2xlZnQiOiIwIiwibGF5ZXJfdHJhbnNpdGlvbiI6ImZhZGUiLCJ0aW1lX3N0YXJ0IjpudWxsfSx7ImxheWVyX3ZpZGVvX3R5cGUiOiJ5b3V0dWJlIiwibGF5ZXJfdmlkZW9faWQiOiIiLCJsYXllcl92aWRlb19oZWlnaHQiOiIyMDAiLCJsYXllcl92aWRlb193aWR0aCI6IjMwMCIsImxheWVyX3ZpZGVvX3RodW1iIjoiIiwibGF5ZXJfaWQiOiI0XzIiLCJsYXllcl9jb250ZW50Ijoic2xpZGUtaW1nNS5qcGciLCJsYXllcl90eXBlIjoidGV4dCIsImxheWVyX3N0YXR1cyI6IjEiLCJsYXllcl9jbGFzcyI6InNsaWRlc2hvdy10ZXh0IiwibGF5ZXJfY2FwdGlvbiI6IlJhYmF0dC1Db2RlIGZcdTAwYzNcdTAwYmNyIDUwJTogPHNwYW4gY2xhc3M9XCJ0ZXh0LXVuZGVybGluZVwiPkpLQTxcL3NwYW4+IiwibGF5ZXJfZm9udF9zaXplIjoiIiwibGF5ZXJfYmFja2dyb3VuZF9jb2xvciI6IiIsImxheWVyX2NvbG9yIjoiIiwibGF5ZXJfbGluayI6IiIsImxheWVyX3RhcmdldCI6InNhbWUiLCJsYXllcl90b3AiOiIyNjYiLCJsYXllcl9sZWZ0IjoiNTMzIiwibGF5ZXJfdHJhbnNpdGlvbiI6ImZhZGUiLCJ0aW1lX3N0YXJ0IjpudWxsfSx7ImxheWVyX3ZpZGVvX3R5cGUiOiJ5b3V0dWJlIiwibGF5ZXJfdmlkZW9faWQiOiIiLCJsYXllcl92aWRlb19oZWlnaHQiOiIyMDAiLCJsYXllcl92aWRlb193aWR0aCI6IjMwMCIsImxheWVyX3ZpZGVvX3RodW1iIjoiIiwibGF5ZXJfaWQiOiI0XzMiLCJsYXllcl9jb250ZW50Ijoic2xpZGUtaW1nNS5qcGciLCJsYXllcl90eXBlIjoidGV4dCIsImxheWVyX3N0YXR1cyI6IjEiLCJsYXllcl9jbGFzcyI6InNsaWRlc2hvdy10aXRsZSIsImxheWVyX2NhcHRpb24iOiJBbHMgZWluIFN0ZXJuIiwibGF5ZXJfZm9udF9zaXplIjoiIiwibGF5ZXJfYmFja2dyb3VuZF9jb2xvciI6IiIsImxheWVyX2NvbG9yIjoiIiwibGF5ZXJfbGluayI6IiIsImxheWVyX3RhcmdldCI6InNhbWUiLCJsYXllcl90b3AiOiIzMDMiLCJsYXllcl9sZWZ0IjoiNTYxIiwibGF5ZXJfdHJhbnNpdGlvbiI6ImZhZGUiLCJ0aW1lX3N0YXJ0IjpudWxsfSx7ImxheWVyX3ZpZGVvX3R5cGUiOiJ5b3V0dWJlIiwibGF5ZXJfdmlkZW9faWQiOiIiLCJsYXllcl92aWRlb19oZWlnaHQiOiIyMDAiLCJsYXllcl92aWRlb193aWR0aCI6IjMwMCIsImxheWVyX3ZpZGVvX3RodW1iIjoiIiwibGF5ZXJfaWQiOiI0XzQiLCJsYXllcl9jb250ZW50Ijoic2xpZGUtaW1nNS5qcGciLCJsYXllcl90eXBlIjoidGV4dCIsImxheWVyX3N0YXR1cyI6IjEiLCJsYXllcl9jbGFzcyI6IiIsImxheWVyX2NhcHRpb24iOiI8YSBjbGFzcz1cImJ0biBidXR0b25cIiBocmVmPVwiI1wiPldlaXRlcmxlc2VuPFwvYT4iLCJsYXllcl9mb250X3NpemUiOiIiLCJsYXllcl9iYWNrZ3JvdW5kX2NvbG9yIjoiIiwibGF5ZXJfY29sb3IiOiIiLCJsYXllcl9saW5rIjoiIiwibGF5ZXJfdGFyZ2V0Ijoic2FtZSIsImxheWVyX3RvcCI6IjQwMSIsImxheWVyX2xlZnQiOiI2MjYiLCJsYXllcl90cmFuc2l0aW9uIjoiZmFkZSIsInRpbWVfc3RhcnQiOm51bGx9XQ=='),(148,5,'duplicato di sample 1','','','','eyJ1c2V2aWRlbyI6IjAiLCJ2aWRlb2lkIjoiIiwidmlkZW9hdXRvIjoiMCIsImJhY2tncm91bmRfY29sb3IiOiIiLCJidWxsZXRfZGVzY3JpcHRpb24iOiIifQ==','W3sibGF5ZXJfdmlkZW9fdHlwZSI6InlvdXR1YmUiLCJsYXllcl92aWRlb19pZCI6IiIsImxheWVyX3ZpZGVvX2hlaWdodCI6IjIwMCIsImxheWVyX3ZpZGVvX3dpZHRoIjoiMzAwIiwibGF5ZXJfdmlkZW9fdGh1bWIiOiIiLCJsYXllcl9pZCI6IjVfMSIsImxheWVyX2NvbnRlbnQiOiJzbGlkZS1pbWc1LmpwZyIsImxheWVyX3R5cGUiOiJpbWFnZSIsImxheWVyX3N0YXR1cyI6IjEiLCJsYXllcl9jbGFzcyI6IiIsImxheWVyX2NhcHRpb24iOiJZb3VyIEltYWdlIEhlcmUgMSIsImxheWVyX2ZvbnRfc2l6ZSI6IiIsImxheWVyX2JhY2tncm91bmRfY29sb3IiOiIiLCJsYXllcl9jb2xvciI6IiIsImxheWVyX2xpbmsiOiIiLCJsYXllcl90YXJnZXQiOiJzYW1lIiwibGF5ZXJfdG9wIjoiMCIsImxheWVyX2xlZnQiOiIwIiwibGF5ZXJfdHJhbnNpdGlvbiI6ImZhZGUiLCJ0aW1lX3N0YXJ0IjpudWxsfSx7ImxheWVyX3ZpZGVvX3R5cGUiOiJ5b3V0dWJlIiwibGF5ZXJfdmlkZW9faWQiOiIiLCJsYXllcl92aWRlb19oZWlnaHQiOiIyMDAiLCJsYXllcl92aWRlb193aWR0aCI6IjMwMCIsImxheWVyX3ZpZGVvX3RodW1iIjoiIiwibGF5ZXJfaWQiOiI1XzIiLCJsYXllcl9jb250ZW50Ijoic2xpZGUtaW1nNS5qcGciLCJsYXllcl90eXBlIjoidGV4dCIsImxheWVyX3N0YXR1cyI6IjEiLCJsYXllcl9jbGFzcyI6InNsaWRlc2hvdy10ZXh0IiwibGF5ZXJfY2FwdGlvbiI6ImNvZGUgZGUgcmFiYWlzIDUwJTogPHNwYW4gY2xhc3M9XCJ0ZXh0LXVuZGVybGluZVwiPkpLQTxcL3NwYW4+IiwibGF5ZXJfZm9udF9zaXplIjoiIiwibGF5ZXJfYmFja2dyb3VuZF9jb2xvciI6IiIsImxheWVyX2NvbG9yIjoiIiwibGF5ZXJfbGluayI6IiIsImxheWVyX3RhcmdldCI6InNhbWUiLCJsYXllcl90b3AiOiIyNjYiLCJsYXllcl9sZWZ0IjoiNTMzIiwibGF5ZXJfdHJhbnNpdGlvbiI6ImZhZGUiLCJ0aW1lX3N0YXJ0IjpudWxsfSx7ImxheWVyX3ZpZGVvX3R5cGUiOiJ5b3V0dWJlIiwibGF5ZXJfdmlkZW9faWQiOiIiLCJsYXllcl92aWRlb19oZWlnaHQiOiIyMDAiLCJsYXllcl92aWRlb193aWR0aCI6IjMwMCIsImxheWVyX3ZpZGVvX3RodW1iIjoiIiwibGF5ZXJfaWQiOiI1XzMiLCJsYXllcl9jb250ZW50Ijoic2xpZGUtaW1nNS5qcGciLCJsYXllcl90eXBlIjoidGV4dCIsImxheWVyX3N0YXR1cyI6IjEiLCJsYXllcl9jbGFzcyI6InNsaWRlc2hvdy10aXRsZSIsImxheWVyX2NhcHRpb24iOiJFdHJlIHVuZSBzdGFyIiwibGF5ZXJfZm9udF9zaXplIjoiIiwibGF5ZXJfYmFja2dyb3VuZF9jb2xvciI6IiIsImxheWVyX2NvbG9yIjoiIiwibGF5ZXJfbGluayI6IiIsImxheWVyX3RhcmdldCI6InNhbWUiLCJsYXllcl90b3AiOiIzMDMiLCJsYXllcl9sZWZ0IjoiNTYxIiwibGF5ZXJfdHJhbnNpdGlvbiI6ImZhZGUiLCJ0aW1lX3N0YXJ0IjpudWxsfSx7ImxheWVyX3ZpZGVvX3R5cGUiOiJ5b3V0dWJlIiwibGF5ZXJfdmlkZW9faWQiOiIiLCJsYXllcl92aWRlb19oZWlnaHQiOiIyMDAiLCJsYXllcl92aWRlb193aWR0aCI6IjMwMCIsImxheWVyX3ZpZGVvX3RodW1iIjoiIiwibGF5ZXJfaWQiOiI1XzQiLCJsYXllcl9jb250ZW50Ijoic2xpZGUtaW1nNS5qcGciLCJsYXllcl90eXBlIjoidGV4dCIsImxheWVyX3N0YXR1cyI6IjEiLCJsYXllcl9jbGFzcyI6IiIsImxheWVyX2NhcHRpb24iOiI8YSBjbGFzcz1cImJ0biBidXR0b25cIiBocmVmPVwiI1wiPkFDUVVJU1RBPFwvYT4iLCJsYXllcl9mb250X3NpemUiOiIiLCJsYXllcl9iYWNrZ3JvdW5kX2NvbG9yIjoiIiwibGF5ZXJfY29sb3IiOiIiLCJsYXllcl9saW5rIjoiIiwibGF5ZXJfdGFyZ2V0Ijoic2FtZSIsImxheWVyX3RvcCI6IjY1MCIsImxheWVyX2xlZnQiOiI2MjYiLCJsYXllcl90cmFuc2l0aW9uIjoiZmFkZSIsInRpbWVfc3RhcnQiOm51bGx9XQ=='),(148,6,'duplicato di Wacù aspiratore sottovuoto portatile','','','','eyJ1c2V2aWRlbyI6IjAiLCJ2aWRlb2lkIjoiIiwidmlkZW9hdXRvIjoiMCIsImJhY2tncm91bmRfY29sb3IiOiIiLCJidWxsZXRfZGVzY3JpcHRpb24iOiIifQ==','W3sibGF5ZXJfdmlkZW9fdHlwZSI6InlvdXR1YmUiLCJsYXllcl92aWRlb19pZCI6IiIsImxheWVyX3ZpZGVvX2hlaWdodCI6IjIwMCIsImxheWVyX3ZpZGVvX3dpZHRoIjoiMzAwIiwibGF5ZXJfdmlkZW9fdGh1bWIiOiIiLCJsYXllcl9pZCI6IjZfMSIsImxheWVyX2NvbnRlbnQiOiJzbGlkZS1pbWc1LmpwZyIsImxheWVyX3R5cGUiOiJpbWFnZSIsImxheWVyX3N0YXR1cyI6IjEiLCJsYXllcl9jbGFzcyI6IiIsImxheWVyX2NhcHRpb24iOiJXYWNcdTAwYzNcdTAwYjkiLCJsYXllcl9mb250X3NpemUiOiIiLCJsYXllcl9iYWNrZ3JvdW5kX2NvbG9yIjoiIiwibGF5ZXJfY29sb3IiOiIiLCJsYXllcl9saW5rIjoiIiwibGF5ZXJfdGFyZ2V0Ijoic2FtZSIsImxheWVyX3RvcCI6IjAiLCJsYXllcl9sZWZ0IjoiMCIsImxheWVyX3RyYW5zaXRpb24iOiJmYWRlIiwidGltZV9zdGFydCI6bnVsbH0seyJsYXllcl92aWRlb190eXBlIjoieW91dHViZSIsImxheWVyX3ZpZGVvX2lkIjoiIiwibGF5ZXJfdmlkZW9faGVpZ2h0IjoiMjAwIiwibGF5ZXJfdmlkZW9fd2lkdGgiOiIzMDAiLCJsYXllcl92aWRlb190aHVtYiI6IiIsImxheWVyX2lkIjoiNl8yIiwibGF5ZXJfY29udGVudCI6InNsaWRlLWltZzUuanBnIiwibGF5ZXJfdHlwZSI6InRleHQiLCJsYXllcl9zdGF0dXMiOiIxIiwibGF5ZXJfY2xhc3MiOiJzbGlkZXNob3ctdGV4dCIsImxheWVyX2NhcHRpb24iOiJBc3BpcmF0b3JlIHNvdHRvdnVvdG8gcG9ydGF0aWxlIiwibGF5ZXJfZm9udF9zaXplIjoiIiwibGF5ZXJfYmFja2dyb3VuZF9jb2xvciI6IiIsImxheWVyX2NvbG9yIjoiI2ZmZmZmZiIsImxheWVyX2xpbmsiOiIiLCJsYXllcl90YXJnZXQiOiJzYW1lIiwibGF5ZXJfdG9wIjoiNTAiLCJsYXllcl9sZWZ0IjoiNTMzIiwibGF5ZXJfdHJhbnNpdGlvbiI6ImZhZGUiLCJ0aW1lX3N0YXJ0IjpudWxsfSx7ImxheWVyX3ZpZGVvX3R5cGUiOiJ5b3V0dWJlIiwibGF5ZXJfdmlkZW9faWQiOiIiLCJsYXllcl92aWRlb19oZWlnaHQiOiIyMDAiLCJsYXllcl92aWRlb193aWR0aCI6IjMwMCIsImxheWVyX3ZpZGVvX3RodW1iIjoiIiwibGF5ZXJfaWQiOiI2XzMiLCJsYXllcl9jb250ZW50Ijoic2xpZGUtaW1nNS5qcGciLCJsYXllcl90eXBlIjoidGV4dCIsImxheWVyX3N0YXR1cyI6IjEiLCJsYXllcl9jbGFzcyI6InNsaWRlc2hvdy10aXRsZSIsImxheWVyX2NhcHRpb24iOiJWaWFnZ2lhIHNtYXJ0IGNvbiBXYWNcdTAwYzNcdTAwYjkhIiwibGF5ZXJfZm9udF9zaXplIjoiIiwibGF5ZXJfYmFja2dyb3VuZF9jb2xvciI6IiIsImxheWVyX2NvbG9yIjoiIzAwMjIzMyIsImxheWVyX2xpbmsiOiIiLCJsYXllcl90YXJnZXQiOiJzYW1lIiwibGF5ZXJfdG9wIjoiNTcwIiwibGF5ZXJfbGVmdCI6IjQwMCIsImxheWVyX3RyYW5zaXRpb24iOiJmYWRlIiwidGltZV9zdGFydCI6bnVsbH0seyJsYXllcl92aWRlb190eXBlIjoieW91dHViZSIsImxheWVyX3ZpZGVvX2lkIjoiIiwibGF5ZXJfdmlkZW9faGVpZ2h0IjoiMjAwIiwibGF5ZXJfdmlkZW9fd2lkdGgiOiIzMDAiLCJsYXllcl92aWRlb190aHVtYiI6IiIsImxheWVyX2lkIjoiNl80IiwibGF5ZXJfY29udGVudCI6InNsaWRlLWltZzUuanBnIiwibGF5ZXJfdHlwZSI6InRleHQiLCJsYXllcl9zdGF0dXMiOiIxIiwibGF5ZXJfY2xhc3MiOiIiLCJsYXllcl9jYXB0aW9uIjoiPGEgY2xhc3M9XCJidG4gYnV0dG9uXCIgaHJlZj1cIiNcIj5BQ1FVSVNUQTxcL2E+IiwibGF5ZXJfZm9udF9zaXplIjoiIiwibGF5ZXJfYmFja2dyb3VuZF9jb2xvciI6IiIsImxheWVyX2NvbG9yIjoiIiwibGF5ZXJfbGluayI6IiIsImxheWVyX3RhcmdldCI6InNhbWUiLCJsYXllcl90b3AiOiI0MDAiLCJsYXllcl9sZWZ0IjoiNjI2IiwibGF5ZXJfdHJhbnNpdGlvbiI6ImZhZGUiLCJ0aW1lX3N0YXJ0IjpudWxsfV0='),(148,7,'duplicato di Wacù aspiratore sottovuoto portatile','','','','eyJ1c2V2aWRlbyI6IjAiLCJ2aWRlb2lkIjoiIiwidmlkZW9hdXRvIjoiMCIsImJhY2tncm91bmRfY29sb3IiOiIiLCJidWxsZXRfZGVzY3JpcHRpb24iOiIifQ==','W3sibGF5ZXJfdmlkZW9fdHlwZSI6InlvdXR1YmUiLCJsYXllcl92aWRlb19pZCI6IiIsImxheWVyX3ZpZGVvX2hlaWdodCI6IjIwMCIsImxheWVyX3ZpZGVvX3dpZHRoIjoiMzAwIiwibGF5ZXJfdmlkZW9fdGh1bWIiOiIiLCJsYXllcl9pZCI6IjdfMSIsImxheWVyX2NvbnRlbnQiOiJzbGlkZS1pbWc1LmpwZyIsImxheWVyX3R5cGUiOiJpbWFnZSIsImxheWVyX3N0YXR1cyI6IjEiLCJsYXllcl9jbGFzcyI6IiIsImxheWVyX2NhcHRpb24iOiJXYWNcdTAwYzNcdTAwYjkiLCJsYXllcl9mb250X3NpemUiOiIiLCJsYXllcl9iYWNrZ3JvdW5kX2NvbG9yIjoiIiwibGF5ZXJfY29sb3IiOiIiLCJsYXllcl9saW5rIjoiIiwibGF5ZXJfdGFyZ2V0Ijoic2FtZSIsImxheWVyX3RvcCI6IjAiLCJsYXllcl9sZWZ0IjoiMCIsImxheWVyX3RyYW5zaXRpb24iOiJmYWRlIiwidGltZV9zdGFydCI6bnVsbH0seyJsYXllcl92aWRlb190eXBlIjoieW91dHViZSIsImxheWVyX3ZpZGVvX2lkIjoiIiwibGF5ZXJfdmlkZW9faGVpZ2h0IjoiMjAwIiwibGF5ZXJfdmlkZW9fd2lkdGgiOiIzMDAiLCJsYXllcl92aWRlb190aHVtYiI6IiIsImxheWVyX2lkIjoiN18yIiwibGF5ZXJfY29udGVudCI6InNsaWRlLWltZzUuanBnIiwibGF5ZXJfdHlwZSI6InRleHQiLCJsYXllcl9zdGF0dXMiOiIxIiwibGF5ZXJfY2xhc3MiOiJzbGlkZXNob3ctdGV4dCIsImxheWVyX2NhcHRpb24iOiJBc3BpcmF0b3JlIHNvdHRvdnVvdG8gcG9ydGF0aWxlIiwibGF5ZXJfZm9udF9zaXplIjoiIiwibGF5ZXJfYmFja2dyb3VuZF9jb2xvciI6IiIsImxheWVyX2NvbG9yIjoiI2ZmZmZmZiIsImxheWVyX2xpbmsiOiIiLCJsYXllcl90YXJnZXQiOiJzYW1lIiwibGF5ZXJfdG9wIjoiNTAiLCJsYXllcl9sZWZ0IjoiNTMzIiwibGF5ZXJfdHJhbnNpdGlvbiI6ImZhZGUiLCJ0aW1lX3N0YXJ0IjpudWxsfSx7ImxheWVyX3ZpZGVvX3R5cGUiOiJ5b3V0dWJlIiwibGF5ZXJfdmlkZW9faWQiOiIiLCJsYXllcl92aWRlb19oZWlnaHQiOiIyMDAiLCJsYXllcl92aWRlb193aWR0aCI6IjMwMCIsImxheWVyX3ZpZGVvX3RodW1iIjoiIiwibGF5ZXJfaWQiOiI3XzMiLCJsYXllcl9jb250ZW50Ijoic2xpZGUtaW1nNS5qcGciLCJsYXllcl90eXBlIjoidGV4dCIsImxheWVyX3N0YXR1cyI6IjEiLCJsYXllcl9jbGFzcyI6InNsaWRlc2hvdy10aXRsZSIsImxheWVyX2NhcHRpb24iOiJWaWFnZ2lhIHNtYXJ0IGNvbiBXYWNcdTAwYzNcdTAwYjkhIiwibGF5ZXJfZm9udF9zaXplIjoiIiwibGF5ZXJfYmFja2dyb3VuZF9jb2xvciI6IiIsImxheWVyX2NvbG9yIjoiIzAwMjIzMyIsImxheWVyX2xpbmsiOiIiLCJsYXllcl90YXJnZXQiOiJzYW1lIiwibGF5ZXJfdG9wIjoiNTcwIiwibGF5ZXJfbGVmdCI6IjQwMCIsImxheWVyX3RyYW5zaXRpb24iOiJmYWRlIiwidGltZV9zdGFydCI6bnVsbH0seyJsYXllcl92aWRlb190eXBlIjoieW91dHViZSIsImxheWVyX3ZpZGVvX2lkIjoiIiwibGF5ZXJfdmlkZW9faGVpZ2h0IjoiMjAwIiwibGF5ZXJfdmlkZW9fd2lkdGgiOiIzMDAiLCJsYXllcl92aWRlb190aHVtYiI6IiIsImxheWVyX2lkIjoiN180IiwibGF5ZXJfY29udGVudCI6InNsaWRlLWltZzUuanBnIiwibGF5ZXJfdHlwZSI6InRleHQiLCJsYXllcl9zdGF0dXMiOiIxIiwibGF5ZXJfY2xhc3MiOiIiLCJsYXllcl9jYXB0aW9uIjoiPGEgY2xhc3M9XCJidG4gYnV0dG9uXCIgaHJlZj1cIiNcIj5BQ1FVSVNUQTxcL2E+IiwibGF5ZXJfZm9udF9zaXplIjoiIiwibGF5ZXJfYmFja2dyb3VuZF9jb2xvciI6IiIsImxheWVyX2NvbG9yIjoiIiwibGF5ZXJfbGluayI6IiIsImxheWVyX3RhcmdldCI6InNhbWUiLCJsYXllcl90b3AiOiI0MDAiLCJsYXllcl9sZWZ0IjoiNjI2IiwibGF5ZXJfdHJhbnNpdGlvbiI6ImZhZGUiLCJ0aW1lX3N0YXJ0IjpudWxsfV0='),(148,8,'duplicato di Wacù aspiratore sottovuoto portatile','','','','eyJ1c2V2aWRlbyI6IjAiLCJ2aWRlb2lkIjoiIiwidmlkZW9hdXRvIjoiMCIsImJhY2tncm91bmRfY29sb3IiOiIiLCJidWxsZXRfZGVzY3JpcHRpb24iOiIifQ==','W3sibGF5ZXJfdmlkZW9fdHlwZSI6InlvdXR1YmUiLCJsYXllcl92aWRlb19pZCI6IiIsImxheWVyX3ZpZGVvX2hlaWdodCI6IjIwMCIsImxheWVyX3ZpZGVvX3dpZHRoIjoiMzAwIiwibGF5ZXJfdmlkZW9fdGh1bWIiOiIiLCJsYXllcl9pZCI6IjhfMSIsImxheWVyX2NvbnRlbnQiOiJzbGlkZS1pbWc1LmpwZyIsImxheWVyX3R5cGUiOiJpbWFnZSIsImxheWVyX3N0YXR1cyI6IjEiLCJsYXllcl9jbGFzcyI6IiIsImxheWVyX2NhcHRpb24iOiJXYWNcdTAwYzNcdTAwYjkiLCJsYXllcl9mb250X3NpemUiOiIiLCJsYXllcl9iYWNrZ3JvdW5kX2NvbG9yIjoiIiwibGF5ZXJfY29sb3IiOiIiLCJsYXllcl9saW5rIjoiIiwibGF5ZXJfdGFyZ2V0Ijoic2FtZSIsImxheWVyX3RvcCI6IjAiLCJsYXllcl9sZWZ0IjoiMCIsImxheWVyX3RyYW5zaXRpb24iOiJmYWRlIiwidGltZV9zdGFydCI6bnVsbH0seyJsYXllcl92aWRlb190eXBlIjoieW91dHViZSIsImxheWVyX3ZpZGVvX2lkIjoiIiwibGF5ZXJfdmlkZW9faGVpZ2h0IjoiMjAwIiwibGF5ZXJfdmlkZW9fd2lkdGgiOiIzMDAiLCJsYXllcl92aWRlb190aHVtYiI6IiIsImxheWVyX2lkIjoiOF8yIiwibGF5ZXJfY29udGVudCI6InNsaWRlLWltZzUuanBnIiwibGF5ZXJfdHlwZSI6InRleHQiLCJsYXllcl9zdGF0dXMiOiIxIiwibGF5ZXJfY2xhc3MiOiJzbGlkZXNob3ctdGV4dCIsImxheWVyX2NhcHRpb24iOiJBc3BpcmF0b3JlIHNvdHRvdnVvdG8gcG9ydGF0aWxlIiwibGF5ZXJfZm9udF9zaXplIjoiIiwibGF5ZXJfYmFja2dyb3VuZF9jb2xvciI6IiIsImxheWVyX2NvbG9yIjoiI2ZmZmZmZiIsImxheWVyX2xpbmsiOiIiLCJsYXllcl90YXJnZXQiOiJzYW1lIiwibGF5ZXJfdG9wIjoiNTAiLCJsYXllcl9sZWZ0IjoiNTMzIiwibGF5ZXJfdHJhbnNpdGlvbiI6ImZhZGUiLCJ0aW1lX3N0YXJ0IjpudWxsfSx7ImxheWVyX3ZpZGVvX3R5cGUiOiJ5b3V0dWJlIiwibGF5ZXJfdmlkZW9faWQiOiIiLCJsYXllcl92aWRlb19oZWlnaHQiOiIyMDAiLCJsYXllcl92aWRlb193aWR0aCI6IjMwMCIsImxheWVyX3ZpZGVvX3RodW1iIjoiIiwibGF5ZXJfaWQiOiI4XzMiLCJsYXllcl9jb250ZW50Ijoic2xpZGUtaW1nNS5qcGciLCJsYXllcl90eXBlIjoidGV4dCIsImxheWVyX3N0YXR1cyI6IjEiLCJsYXllcl9jbGFzcyI6InNsaWRlc2hvdy10aXRsZSIsImxheWVyX2NhcHRpb24iOiJWaWFnZ2lhIHNtYXJ0IGNvbiBXYWNcdTAwYzNcdTAwYjkhIiwibGF5ZXJfZm9udF9zaXplIjoiIiwibGF5ZXJfYmFja2dyb3VuZF9jb2xvciI6IiIsImxheWVyX2NvbG9yIjoiIzAwMjIzMyIsImxheWVyX2xpbmsiOiIiLCJsYXllcl90YXJnZXQiOiJzYW1lIiwibGF5ZXJfdG9wIjoiNTcwIiwibGF5ZXJfbGVmdCI6IjQwMCIsImxheWVyX3RyYW5zaXRpb24iOiJmYWRlIiwidGltZV9zdGFydCI6bnVsbH0seyJsYXllcl92aWRlb190eXBlIjoieW91dHViZSIsImxheWVyX3ZpZGVvX2lkIjoiIiwibGF5ZXJfdmlkZW9faGVpZ2h0IjoiMjAwIiwibGF5ZXJfdmlkZW9fd2lkdGgiOiIzMDAiLCJsYXllcl92aWRlb190aHVtYiI6IiIsImxheWVyX2lkIjoiOF80IiwibGF5ZXJfY29udGVudCI6InNsaWRlLWltZzUuanBnIiwibGF5ZXJfdHlwZSI6InRleHQiLCJsYXllcl9zdGF0dXMiOiIxIiwibGF5ZXJfY2xhc3MiOiIiLCJsYXllcl9jYXB0aW9uIjoiPGEgY2xhc3M9XCJidG4gYnV0dG9uXCIgaHJlZj1cImh0dHBzOlwvXC93d3cud2FjdS5pdFwvMTMtYXNwaXJhdG9yZS1zb3R0b3Z1b3RvLXdhY3VcIj5CdXkgTm93PFwvYT4iLCJsYXllcl9mb250X3NpemUiOiIyMnB4IiwibGF5ZXJfYmFja2dyb3VuZF9jb2xvciI6IiIsImxheWVyX2NvbG9yIjoiIiwibGF5ZXJfbGluayI6IiIsImxheWVyX3RhcmdldCI6InNhbWUiLCJsYXllcl90b3AiOiI1MzMiLCJsYXllcl9sZWZ0IjoiNjI0IiwibGF5ZXJfdHJhbnNpdGlvbiI6ImZhZGUiLCJ0aW1lX3N0YXJ0IjpudWxsfV0='),(149,1,'Wacù aspiratore sottovuoto portatile','','','','eyJ1c2V2aWRlbyI6IjAiLCJ2aWRlb2lkIjoiIiwidmlkZW9hdXRvIjoiMCIsImJhY2tncm91bmRfY29sb3IiOiIjZjVmNWY1IiwiYnVsbGV0X2Rlc2NyaXB0aW9uIjoiIn0=','W3sibGF5ZXJfdmlkZW9fdHlwZSI6InlvdXR1YmUiLCJsYXllcl92aWRlb19pZCI6IiIsImxheWVyX3ZpZGVvX2hlaWdodCI6IjIwMCIsImxheWVyX3ZpZGVvX3dpZHRoIjoiMzAwIiwibGF5ZXJfdmlkZW9fdGh1bWIiOiIiLCJsYXllcl9pZCI6IjFfMSIsImxheWVyX2NvbnRlbnQiOiJzbGlkZS1pbWc1LmpwZyIsImxheWVyX3R5cGUiOiJpbWFnZSIsImxheWVyX3N0YXR1cyI6IjEiLCJsYXllcl9jbGFzcyI6IiIsImxheWVyX2NhcHRpb24iOiJXYWNcdTAwYzNcdTAwYjkiLCJsYXllcl9mb250X3NpemUiOiIiLCJsYXllcl9iYWNrZ3JvdW5kX2NvbG9yIjoiIiwibGF5ZXJfY29sb3IiOiIiLCJsYXllcl9saW5rIjoiIiwibGF5ZXJfdGFyZ2V0Ijoic2FtZSIsImxheWVyX3RvcCI6IjAiLCJsYXllcl9sZWZ0IjoiMCIsImxheWVyX3RyYW5zaXRpb24iOiJmYWRlIiwidGltZV9zdGFydCI6bnVsbH0seyJsYXllcl92aWRlb190eXBlIjoieW91dHViZSIsImxheWVyX3ZpZGVvX2lkIjoiIiwibGF5ZXJfdmlkZW9faGVpZ2h0IjoiMjAwIiwibGF5ZXJfdmlkZW9fd2lkdGgiOiIzMDAiLCJsYXllcl92aWRlb190aHVtYiI6IiIsImxheWVyX2lkIjoiMV8yIiwibGF5ZXJfY29udGVudCI6InNsaWRlLWltZzUuanBnIiwibGF5ZXJfdHlwZSI6InRleHQiLCJsYXllcl9zdGF0dXMiOiIxIiwibGF5ZXJfY2xhc3MiOiJzbGlkZXNob3ctdGV4dCIsImxheWVyX2NhcHRpb24iOiJBc3BpcmF0b3JlIHNvdHRvdnVvdG8gcG9ydGF0aWxlIiwibGF5ZXJfZm9udF9zaXplIjoiIiwibGF5ZXJfYmFja2dyb3VuZF9jb2xvciI6IiIsImxheWVyX2NvbG9yIjoiI2ZmZmZmZiIsImxheWVyX2xpbmsiOiIiLCJsYXllcl90YXJnZXQiOiJzYW1lIiwibGF5ZXJfdG9wIjoiNTAiLCJsYXllcl9sZWZ0IjoiNDc1IiwibGF5ZXJfdHJhbnNpdGlvbiI6ImZhZGUiLCJ0aW1lX3N0YXJ0IjpudWxsfSx7ImxheWVyX3ZpZGVvX3R5cGUiOiJ5b3V0dWJlIiwibGF5ZXJfdmlkZW9faWQiOiIiLCJsYXllcl92aWRlb19oZWlnaHQiOiIyMDAiLCJsYXllcl92aWRlb193aWR0aCI6IjMwMCIsImxheWVyX3ZpZGVvX3RodW1iIjoiIiwibGF5ZXJfaWQiOiIxXzMiLCJsYXllcl9jb250ZW50Ijoic2xpZGUtaW1nNS5qcGciLCJsYXllcl90eXBlIjoidGV4dCIsImxheWVyX3N0YXR1cyI6IjEiLCJsYXllcl9jbGFzcyI6InNsaWRlc2hvdy10aXRsZSIsImxheWVyX2NhcHRpb24iOiI8ZGl2IGFsaWduPVwiY2VudGVyXCI+VmlhZ2dpYSBzbWFydCBjb24gV2FjXHUwMGMzXHUwMGI5ITxcL2Rpdj4iLCJsYXllcl9mb250X3NpemUiOiIiLCJsYXllcl9iYWNrZ3JvdW5kX2NvbG9yIjoiIiwibGF5ZXJfY29sb3IiOiIjMDAyMjMzIiwibGF5ZXJfbGluayI6IiIsImxheWVyX3RhcmdldCI6InNhbWUiLCJsYXllcl90b3AiOiI1NDYiLCJsYXllcl9sZWZ0IjoiMzk5IiwibGF5ZXJfdHJhbnNpdGlvbiI6ImZhZGUiLCJ0aW1lX3N0YXJ0IjpudWxsfSx7ImxheWVyX3ZpZGVvX3R5cGUiOiJ5b3V0dWJlIiwibGF5ZXJfdmlkZW9faWQiOiIiLCJsYXllcl92aWRlb19oZWlnaHQiOiIyMDAiLCJsYXllcl92aWRlb193aWR0aCI6IjMwMCIsImxheWVyX3ZpZGVvX3RodW1iIjoiIiwibGF5ZXJfaWQiOiIxXzQiLCJsYXllcl9jb250ZW50Ijoic2xpZGUtaW1nNS5qcGciLCJsYXllcl90eXBlIjoidGV4dCIsImxheWVyX3N0YXR1cyI6IjEiLCJsYXllcl9jbGFzcyI6IiIsImxheWVyX2NhcHRpb24iOiI8YSBjbGFzcz1cImJ0biBidXR0b25cIiBocmVmPVwiaHR0cDpcL1wvd2FjdS5pdFwvaW5kZXgucGhwP2lkX2NhdGVnb3J5PTEzX0FTTV9jb250cm9sbGVyPWNhdGVnb3J5X0FTTV9pZF9sYW5nPTFfQVNNX249NlwiPkFDUVVJU1RBPFwvYT4iLCJsYXllcl9mb250X3NpemUiOiIiLCJsYXllcl9iYWNrZ3JvdW5kX2NvbG9yIjoiIiwibGF5ZXJfY29sb3IiOiIiLCJsYXllcl9saW5rIjoiIiwibGF5ZXJfdGFyZ2V0Ijoic2FtZSIsImxheWVyX3RvcCI6IjQwMCIsImxheWVyX2xlZnQiOiI2MjYiLCJsYXllcl90cmFuc2l0aW9uIjoiZmFkZSIsInRpbWVfc3RhcnQiOm51bGx9XQ=='),(149,2,'duplicato di duplicato di Space saver for luggage Wacù','','','','eyJ1c2V2aWRlbyI6IjAiLCJ2aWRlb2lkIjoiIiwidmlkZW9hdXRvIjoiMCIsImJhY2tncm91bmRfY29sb3IiOiIiLCJidWxsZXRfZGVzY3JpcHRpb24iOiIifQ==','W3sibGF5ZXJfdmlkZW9fdHlwZSI6InlvdXR1YmUiLCJsYXllcl92aWRlb19pZCI6IiIsImxheWVyX3ZpZGVvX2hlaWdodCI6IjIwMCIsImxheWVyX3ZpZGVvX3dpZHRoIjoiMzAwIiwibGF5ZXJfdmlkZW9fdGh1bWIiOiIiLCJsYXllcl9pZCI6IjJfMSIsImxheWVyX2NvbnRlbnQiOiJzbGlkZS1pbWc1LmpwZyIsImxheWVyX3R5cGUiOiJpbWFnZSIsImxheWVyX3N0YXR1cyI6IjEiLCJsYXllcl9jbGFzcyI6IiIsImxheWVyX2NhcHRpb24iOiJZb3VyIEltYWdlIEhlcmUgMSIsImxheWVyX2ZvbnRfc2l6ZSI6IiIsImxheWVyX2JhY2tncm91bmRfY29sb3IiOiIiLCJsYXllcl9jb2xvciI6IiIsImxheWVyX2xpbmsiOiIiLCJsYXllcl90YXJnZXQiOiJzYW1lIiwibGF5ZXJfdG9wIjoiMCIsImxheWVyX2xlZnQiOiIwIiwibGF5ZXJfdHJhbnNpdGlvbiI6ImZhZGUiLCJ0aW1lX3N0YXJ0IjpudWxsfSx7ImxheWVyX3ZpZGVvX3R5cGUiOiJ5b3V0dWJlIiwibGF5ZXJfdmlkZW9faWQiOiIiLCJsYXllcl92aWRlb19oZWlnaHQiOiIyMDAiLCJsYXllcl92aWRlb193aWR0aCI6IjMwMCIsImxheWVyX3ZpZGVvX3RodW1iIjoiIiwibGF5ZXJfaWQiOiIyXzIiLCJsYXllcl9jb250ZW50Ijoic2xpZGUtaW1nNS5qcGciLCJsYXllcl90eXBlIjoidGV4dCIsImxheWVyX3N0YXR1cyI6IjEiLCJsYXllcl9jbGFzcyI6InNsaWRlc2hvdy10ZXh0IiwibGF5ZXJfY2FwdGlvbiI6IlZhY3V1bSBwYWNrZWQgc3VpdGNhc2UiLCJsYXllcl9mb250X3NpemUiOiIiLCJsYXllcl9iYWNrZ3JvdW5kX2NvbG9yIjoiIiwibGF5ZXJfY29sb3IiOiIjMDAwIiwibGF5ZXJfbGluayI6IiIsImxheWVyX3RhcmdldCI6InNhbWUiLCJsYXllcl90b3AiOiIzOTgiLCJsYXllcl9sZWZ0IjoiNTI2IiwibGF5ZXJfdHJhbnNpdGlvbiI6ImZhZGUiLCJ0aW1lX3N0YXJ0IjpudWxsfSx7ImxheWVyX3ZpZGVvX3R5cGUiOiJ5b3V0dWJlIiwibGF5ZXJfdmlkZW9faWQiOiIiLCJsYXllcl92aWRlb19oZWlnaHQiOiIyMDAiLCJsYXllcl92aWRlb193aWR0aCI6IjMwMCIsImxheWVyX3ZpZGVvX3RodW1iIjoiIiwibGF5ZXJfaWQiOiIyXzMiLCJsYXllcl9jb250ZW50Ijoic2xpZGUtaW1nNS5qcGciLCJsYXllcl90eXBlIjoidGV4dCIsImxheWVyX3N0YXR1cyI6IjEiLCJsYXllcl9jbGFzcyI6InNsaWRlc2hvdy10aXRsZSIsImxheWVyX2NhcHRpb24iOiJUaGluayBTbWFsbGVyIiwibGF5ZXJfZm9udF9zaXplIjoiIiwibGF5ZXJfYmFja2dyb3VuZF9jb2xvciI6IiIsImxheWVyX2NvbG9yIjoiIzAwMCIsImxheWVyX2xpbmsiOiIiLCJsYXllcl90YXJnZXQiOiJzYW1lIiwibGF5ZXJfdG9wIjoiNDUwIiwibGF5ZXJfbGVmdCI6IjUxNiIsImxheWVyX3RyYW5zaXRpb24iOiJmYWRlIiwidGltZV9zdGFydCI6bnVsbH0seyJsYXllcl92aWRlb190eXBlIjoieW91dHViZSIsImxheWVyX3ZpZGVvX2lkIjoiIiwibGF5ZXJfdmlkZW9faGVpZ2h0IjoiMjAwIiwibGF5ZXJfdmlkZW9fd2lkdGgiOiIzMDAiLCJsYXllcl92aWRlb190aHVtYiI6IiIsImxheWVyX2lkIjoiMl80IiwibGF5ZXJfY29udGVudCI6InNsaWRlLWltZzUuanBnIiwibGF5ZXJfdHlwZSI6InRleHQiLCJsYXllcl9zdGF0dXMiOiIxIiwibGF5ZXJfY2xhc3MiOiIiLCJsYXllcl9jYXB0aW9uIjoiPGEgY2xhc3M9XCJidG4gYnV0dG9uXCIgaHJlZj1cImh0dHBzOlwvXC93d3cud2FjdS5pdFwvMTMtYXNwaXJhdG9yZS1zb3R0b3Z1b3RvLXdhY3VcIj5CdXkgTm93PFwvYT4iLCJsYXllcl9mb250X3NpemUiOiIiLCJsYXllcl9iYWNrZ3JvdW5kX2NvbG9yIjoiIiwibGF5ZXJfY29sb3IiOiIiLCJsYXllcl9saW5rIjoiIiwibGF5ZXJfdGFyZ2V0Ijoic2FtZSIsImxheWVyX3RvcCI6IjUzMSIsImxheWVyX2xlZnQiOiI2MzUiLCJsYXllcl90cmFuc2l0aW9uIjoiZmFkZSIsInRpbWVfc3RhcnQiOm51bGx9XQ=='),(149,3,'duplicato di duplicato di sample 1','','','','eyJ1c2V2aWRlbyI6IjAiLCJ2aWRlb2lkIjoiIiwidmlkZW9hdXRvIjoiMCIsImJhY2tncm91bmRfY29sb3IiOiIiLCJidWxsZXRfZGVzY3JpcHRpb24iOiIifQ==','W3sibGF5ZXJfdmlkZW9fdHlwZSI6InlvdXR1YmUiLCJsYXllcl92aWRlb19pZCI6IiIsImxheWVyX3ZpZGVvX2hlaWdodCI6IjIwMCIsImxheWVyX3ZpZGVvX3dpZHRoIjoiMzAwIiwibGF5ZXJfdmlkZW9fdGh1bWIiOiIiLCJsYXllcl9pZCI6IjNfMSIsImxheWVyX2NvbnRlbnQiOiJzbGlkZS1pbWc1LmpwZyIsImxheWVyX3R5cGUiOiJpbWFnZSIsImxheWVyX3N0YXR1cyI6IjEiLCJsYXllcl9jbGFzcyI6IiIsImxheWVyX2NhcHRpb24iOiJZb3VyIEltYWdlIEhlcmUgMSIsImxheWVyX2ZvbnRfc2l6ZSI6IiIsImxheWVyX2JhY2tncm91bmRfY29sb3IiOiIiLCJsYXllcl9jb2xvciI6IiIsImxheWVyX2xpbmsiOiIiLCJsYXllcl90YXJnZXQiOiJzYW1lIiwibGF5ZXJfdG9wIjoiMCIsImxheWVyX2xlZnQiOiIwIiwibGF5ZXJfdHJhbnNpdGlvbiI6ImZhZGUiLCJ0aW1lX3N0YXJ0IjpudWxsfSx7ImxheWVyX3ZpZGVvX3R5cGUiOiJ5b3V0dWJlIiwibGF5ZXJfdmlkZW9faWQiOiIiLCJsYXllcl92aWRlb19oZWlnaHQiOiIyMDAiLCJsYXllcl92aWRlb193aWR0aCI6IjMwMCIsImxheWVyX3ZpZGVvX3RodW1iIjoiIiwibGF5ZXJfaWQiOiIzXzIiLCJsYXllcl9jb250ZW50Ijoic2xpZGUtaW1nNS5qcGciLCJsYXllcl90eXBlIjoidGV4dCIsImxheWVyX3N0YXR1cyI6IjEiLCJsYXllcl9jbGFzcyI6InNsaWRlc2hvdy10ZXh0IiwibGF5ZXJfY2FwdGlvbiI6IkNcdTAwYzNcdTAwYjNkaWdvIGRlc2N1ZW50byBkZSA1MCU6IDxzcGFuIGNsYXNzPVwidGV4dC11bmRlcmxpbmVcIj5KS0E8XC9zcGFuPiIsImxheWVyX2ZvbnRfc2l6ZSI6IiIsImxheWVyX2JhY2tncm91bmRfY29sb3IiOiIiLCJsYXllcl9jb2xvciI6IiIsImxheWVyX2xpbmsiOiIiLCJsYXllcl90YXJnZXQiOiJzYW1lIiwibGF5ZXJfdG9wIjoiMjY2IiwibGF5ZXJfbGVmdCI6IjUzMyIsImxheWVyX3RyYW5zaXRpb24iOiJmYWRlIiwidGltZV9zdGFydCI6bnVsbH0seyJsYXllcl92aWRlb190eXBlIjoieW91dHViZSIsImxheWVyX3ZpZGVvX2lkIjoiIiwibGF5ZXJfdmlkZW9faGVpZ2h0IjoiMjAwIiwibGF5ZXJfdmlkZW9fd2lkdGgiOiIzMDAiLCJsYXllcl92aWRlb190aHVtYiI6IiIsImxheWVyX2lkIjoiM18zIiwibGF5ZXJfY29udGVudCI6InNsaWRlLWltZzUuanBnIiwibGF5ZXJfdHlwZSI6InRleHQiLCJsYXllcl9zdGF0dXMiOiIxIiwibGF5ZXJfY2xhc3MiOiJzbGlkZXNob3ctdGl0bGUiLCJsYXllcl9jYXB0aW9uIjoiU2VyIHVuYSBlc3RyZWxsYSIsImxheWVyX2ZvbnRfc2l6ZSI6IiIsImxheWVyX2JhY2tncm91bmRfY29sb3IiOiIiLCJsYXllcl9jb2xvciI6IiIsImxheWVyX2xpbmsiOiIiLCJsYXllcl90YXJnZXQiOiJzYW1lIiwibGF5ZXJfdG9wIjoiMzAzIiwibGF5ZXJfbGVmdCI6IjU2MSIsImxheWVyX3RyYW5zaXRpb24iOiJmYWRlIiwidGltZV9zdGFydCI6bnVsbH0seyJsYXllcl92aWRlb190eXBlIjoieW91dHViZSIsImxheWVyX3ZpZGVvX2lkIjoiIiwibGF5ZXJfdmlkZW9faGVpZ2h0IjoiMjAwIiwibGF5ZXJfdmlkZW9fd2lkdGgiOiIzMDAiLCJsYXllcl92aWRlb190aHVtYiI6IiIsImxheWVyX2lkIjoiM180IiwibGF5ZXJfY29udGVudCI6InNsaWRlLWltZzUuanBnIiwibGF5ZXJfdHlwZSI6InRleHQiLCJsYXllcl9zdGF0dXMiOiIxIiwibGF5ZXJfY2xhc3MiOiIiLCJsYXllcl9jYXB0aW9uIjoiPGEgY2xhc3M9XCJidG4gYnV0dG9uXCIgaHJlZj1cIiNcIj5MZWUgbWFzPFwvYT4iLCJsYXllcl9mb250X3NpemUiOiIiLCJsYXllcl9iYWNrZ3JvdW5kX2NvbG9yIjoiIiwibGF5ZXJfY29sb3IiOiIiLCJsYXllcl9saW5rIjoiIiwibGF5ZXJfdGFyZ2V0Ijoic2FtZSIsImxheWVyX3RvcCI6IjQwMSIsImxheWVyX2xlZnQiOiI2MjYiLCJsYXllcl90cmFuc2l0aW9uIjoiZmFkZSIsInRpbWVfc3RhcnQiOm51bGx9XQ=='),(149,4,'duplicato di duplicato di sample 1','','','','eyJ1c2V2aWRlbyI6IjAiLCJ2aWRlb2lkIjoiIiwidmlkZW9hdXRvIjoiMCIsImJhY2tncm91bmRfY29sb3IiOiIiLCJidWxsZXRfZGVzY3JpcHRpb24iOiIifQ==','W3sibGF5ZXJfdmlkZW9fdHlwZSI6InlvdXR1YmUiLCJsYXllcl92aWRlb19pZCI6IiIsImxheWVyX3ZpZGVvX2hlaWdodCI6IjIwMCIsImxheWVyX3ZpZGVvX3dpZHRoIjoiMzAwIiwibGF5ZXJfdmlkZW9fdGh1bWIiOiIiLCJsYXllcl9pZCI6IjRfMSIsImxheWVyX2NvbnRlbnQiOiJzbGlkZS1pbWc1LmpwZyIsImxheWVyX3R5cGUiOiJpbWFnZSIsImxheWVyX3N0YXR1cyI6IjEiLCJsYXllcl9jbGFzcyI6IiIsImxheWVyX2NhcHRpb24iOiJZb3VyIEltYWdlIEhlcmUgMSIsImxheWVyX2ZvbnRfc2l6ZSI6IiIsImxheWVyX2JhY2tncm91bmRfY29sb3IiOiIiLCJsYXllcl9jb2xvciI6IiIsImxheWVyX2xpbmsiOiIiLCJsYXllcl90YXJnZXQiOiJzYW1lIiwibGF5ZXJfdG9wIjoiMCIsImxheWVyX2xlZnQiOiIwIiwibGF5ZXJfdHJhbnNpdGlvbiI6ImZhZGUiLCJ0aW1lX3N0YXJ0IjpudWxsfSx7ImxheWVyX3ZpZGVvX3R5cGUiOiJ5b3V0dWJlIiwibGF5ZXJfdmlkZW9faWQiOiIiLCJsYXllcl92aWRlb19oZWlnaHQiOiIyMDAiLCJsYXllcl92aWRlb193aWR0aCI6IjMwMCIsImxheWVyX3ZpZGVvX3RodW1iIjoiIiwibGF5ZXJfaWQiOiI0XzIiLCJsYXllcl9jb250ZW50Ijoic2xpZGUtaW1nNS5qcGciLCJsYXllcl90eXBlIjoidGV4dCIsImxheWVyX3N0YXR1cyI6IjEiLCJsYXllcl9jbGFzcyI6InNsaWRlc2hvdy10ZXh0IiwibGF5ZXJfY2FwdGlvbiI6IlJhYmF0dC1Db2RlIGZcdTAwYzNcdTAwYmNyIDUwJTogPHNwYW4gY2xhc3M9XCJ0ZXh0LXVuZGVybGluZVwiPkpLQTxcL3NwYW4+IiwibGF5ZXJfZm9udF9zaXplIjoiIiwibGF5ZXJfYmFja2dyb3VuZF9jb2xvciI6IiIsImxheWVyX2NvbG9yIjoiIiwibGF5ZXJfbGluayI6IiIsImxheWVyX3RhcmdldCI6InNhbWUiLCJsYXllcl90b3AiOiIyNjYiLCJsYXllcl9sZWZ0IjoiNTMzIiwibGF5ZXJfdHJhbnNpdGlvbiI6ImZhZGUiLCJ0aW1lX3N0YXJ0IjpudWxsfSx7ImxheWVyX3ZpZGVvX3R5cGUiOiJ5b3V0dWJlIiwibGF5ZXJfdmlkZW9faWQiOiIiLCJsYXllcl92aWRlb19oZWlnaHQiOiIyMDAiLCJsYXllcl92aWRlb193aWR0aCI6IjMwMCIsImxheWVyX3ZpZGVvX3RodW1iIjoiIiwibGF5ZXJfaWQiOiI0XzMiLCJsYXllcl9jb250ZW50Ijoic2xpZGUtaW1nNS5qcGciLCJsYXllcl90eXBlIjoidGV4dCIsImxheWVyX3N0YXR1cyI6IjEiLCJsYXllcl9jbGFzcyI6InNsaWRlc2hvdy10aXRsZSIsImxheWVyX2NhcHRpb24iOiJBbHMgZWluIFN0ZXJuIiwibGF5ZXJfZm9udF9zaXplIjoiIiwibGF5ZXJfYmFja2dyb3VuZF9jb2xvciI6IiIsImxheWVyX2NvbG9yIjoiIiwibGF5ZXJfbGluayI6IiIsImxheWVyX3RhcmdldCI6InNhbWUiLCJsYXllcl90b3AiOiIzMDMiLCJsYXllcl9sZWZ0IjoiNTYxIiwibGF5ZXJfdHJhbnNpdGlvbiI6ImZhZGUiLCJ0aW1lX3N0YXJ0IjpudWxsfSx7ImxheWVyX3ZpZGVvX3R5cGUiOiJ5b3V0dWJlIiwibGF5ZXJfdmlkZW9faWQiOiIiLCJsYXllcl92aWRlb19oZWlnaHQiOiIyMDAiLCJsYXllcl92aWRlb193aWR0aCI6IjMwMCIsImxheWVyX3ZpZGVvX3RodW1iIjoiIiwibGF5ZXJfaWQiOiI0XzQiLCJsYXllcl9jb250ZW50Ijoic2xpZGUtaW1nNS5qcGciLCJsYXllcl90eXBlIjoidGV4dCIsImxheWVyX3N0YXR1cyI6IjEiLCJsYXllcl9jbGFzcyI6IiIsImxheWVyX2NhcHRpb24iOiI8YSBjbGFzcz1cImJ0biBidXR0b25cIiBocmVmPVwiI1wiPldlaXRlcmxlc2VuPFwvYT4iLCJsYXllcl9mb250X3NpemUiOiIiLCJsYXllcl9iYWNrZ3JvdW5kX2NvbG9yIjoiIiwibGF5ZXJfY29sb3IiOiIiLCJsYXllcl9saW5rIjoiIiwibGF5ZXJfdGFyZ2V0Ijoic2FtZSIsImxheWVyX3RvcCI6IjQwMSIsImxheWVyX2xlZnQiOiI2MjYiLCJsYXllcl90cmFuc2l0aW9uIjoiZmFkZSIsInRpbWVfc3RhcnQiOm51bGx9XQ=='),(149,5,'duplicato di duplicato di sample 1','','','','eyJ1c2V2aWRlbyI6IjAiLCJ2aWRlb2lkIjoiIiwidmlkZW9hdXRvIjoiMCIsImJhY2tncm91bmRfY29sb3IiOiIiLCJidWxsZXRfZGVzY3JpcHRpb24iOiIifQ==','W3sibGF5ZXJfdmlkZW9fdHlwZSI6InlvdXR1YmUiLCJsYXllcl92aWRlb19pZCI6IiIsImxheWVyX3ZpZGVvX2hlaWdodCI6IjIwMCIsImxheWVyX3ZpZGVvX3dpZHRoIjoiMzAwIiwibGF5ZXJfdmlkZW9fdGh1bWIiOiIiLCJsYXllcl9pZCI6IjVfMSIsImxheWVyX2NvbnRlbnQiOiJzbGlkZS1pbWc1LmpwZyIsImxheWVyX3R5cGUiOiJpbWFnZSIsImxheWVyX3N0YXR1cyI6IjEiLCJsYXllcl9jbGFzcyI6IiIsImxheWVyX2NhcHRpb24iOiJZb3VyIEltYWdlIEhlcmUgMSIsImxheWVyX2ZvbnRfc2l6ZSI6IiIsImxheWVyX2JhY2tncm91bmRfY29sb3IiOiIiLCJsYXllcl9jb2xvciI6IiIsImxheWVyX2xpbmsiOiIiLCJsYXllcl90YXJnZXQiOiJzYW1lIiwibGF5ZXJfdG9wIjoiMCIsImxheWVyX2xlZnQiOiIwIiwibGF5ZXJfdHJhbnNpdGlvbiI6ImZhZGUiLCJ0aW1lX3N0YXJ0IjpudWxsfSx7ImxheWVyX3ZpZGVvX3R5cGUiOiJ5b3V0dWJlIiwibGF5ZXJfdmlkZW9faWQiOiIiLCJsYXllcl92aWRlb19oZWlnaHQiOiIyMDAiLCJsYXllcl92aWRlb193aWR0aCI6IjMwMCIsImxheWVyX3ZpZGVvX3RodW1iIjoiIiwibGF5ZXJfaWQiOiI1XzIiLCJsYXllcl9jb250ZW50Ijoic2xpZGUtaW1nNS5qcGciLCJsYXllcl90eXBlIjoidGV4dCIsImxheWVyX3N0YXR1cyI6IjEiLCJsYXllcl9jbGFzcyI6InNsaWRlc2hvdy10ZXh0IiwibGF5ZXJfY2FwdGlvbiI6ImNvZGUgZGUgcmFiYWlzIDUwJTogPHNwYW4gY2xhc3M9XCJ0ZXh0LXVuZGVybGluZVwiPkpLQTxcL3NwYW4+IiwibGF5ZXJfZm9udF9zaXplIjoiIiwibGF5ZXJfYmFja2dyb3VuZF9jb2xvciI6IiIsImxheWVyX2NvbG9yIjoiIiwibGF5ZXJfbGluayI6IiIsImxheWVyX3RhcmdldCI6InNhbWUiLCJsYXllcl90b3AiOiIyNjYiLCJsYXllcl9sZWZ0IjoiNTMzIiwibGF5ZXJfdHJhbnNpdGlvbiI6ImZhZGUiLCJ0aW1lX3N0YXJ0IjpudWxsfSx7ImxheWVyX3ZpZGVvX3R5cGUiOiJ5b3V0dWJlIiwibGF5ZXJfdmlkZW9faWQiOiIiLCJsYXllcl92aWRlb19oZWlnaHQiOiIyMDAiLCJsYXllcl92aWRlb193aWR0aCI6IjMwMCIsImxheWVyX3ZpZGVvX3RodW1iIjoiIiwibGF5ZXJfaWQiOiI1XzMiLCJsYXllcl9jb250ZW50Ijoic2xpZGUtaW1nNS5qcGciLCJsYXllcl90eXBlIjoidGV4dCIsImxheWVyX3N0YXR1cyI6IjEiLCJsYXllcl9jbGFzcyI6InNsaWRlc2hvdy10aXRsZSIsImxheWVyX2NhcHRpb24iOiJFdHJlIHVuZSBzdGFyIiwibGF5ZXJfZm9udF9zaXplIjoiIiwibGF5ZXJfYmFja2dyb3VuZF9jb2xvciI6IiIsImxheWVyX2NvbG9yIjoiIiwibGF5ZXJfbGluayI6IiIsImxheWVyX3RhcmdldCI6InNhbWUiLCJsYXllcl90b3AiOiIzMDMiLCJsYXllcl9sZWZ0IjoiNTYxIiwibGF5ZXJfdHJhbnNpdGlvbiI6ImZhZGUiLCJ0aW1lX3N0YXJ0IjpudWxsfSx7ImxheWVyX3ZpZGVvX3R5cGUiOiJ5b3V0dWJlIiwibGF5ZXJfdmlkZW9faWQiOiIiLCJsYXllcl92aWRlb19oZWlnaHQiOiIyMDAiLCJsYXllcl92aWRlb193aWR0aCI6IjMwMCIsImxheWVyX3ZpZGVvX3RodW1iIjoiIiwibGF5ZXJfaWQiOiI1XzQiLCJsYXllcl9jb250ZW50Ijoic2xpZGUtaW1nNS5qcGciLCJsYXllcl90eXBlIjoidGV4dCIsImxheWVyX3N0YXR1cyI6IjEiLCJsYXllcl9jbGFzcyI6IiIsImxheWVyX2NhcHRpb24iOiI8YSBjbGFzcz1cImJ0biBidXR0b25cIiBocmVmPVwiI1wiPkFDUVVJU1RBPFwvYT4iLCJsYXllcl9mb250X3NpemUiOiIiLCJsYXllcl9iYWNrZ3JvdW5kX2NvbG9yIjoiIiwibGF5ZXJfY29sb3IiOiIiLCJsYXllcl9saW5rIjoiIiwibGF5ZXJfdGFyZ2V0Ijoic2FtZSIsImxheWVyX3RvcCI6IjY1MCIsImxheWVyX2xlZnQiOiI2MjYiLCJsYXllcl90cmFuc2l0aW9uIjoiZmFkZSIsInRpbWVfc3RhcnQiOm51bGx9XQ=='),(149,6,'duplicato di duplicato di Wacù aspiratore sottovuoto portatile','','','','eyJ1c2V2aWRlbyI6IjAiLCJ2aWRlb2lkIjoiIiwidmlkZW9hdXRvIjoiMCIsImJhY2tncm91bmRfY29sb3IiOiIiLCJidWxsZXRfZGVzY3JpcHRpb24iOiIifQ==','W3sibGF5ZXJfdmlkZW9fdHlwZSI6InlvdXR1YmUiLCJsYXllcl92aWRlb19pZCI6IiIsImxheWVyX3ZpZGVvX2hlaWdodCI6IjIwMCIsImxheWVyX3ZpZGVvX3dpZHRoIjoiMzAwIiwibGF5ZXJfdmlkZW9fdGh1bWIiOiIiLCJsYXllcl9pZCI6IjZfMSIsImxheWVyX2NvbnRlbnQiOiJzbGlkZS1pbWc1LmpwZyIsImxheWVyX3R5cGUiOiJpbWFnZSIsImxheWVyX3N0YXR1cyI6IjEiLCJsYXllcl9jbGFzcyI6IiIsImxheWVyX2NhcHRpb24iOiJXYWNcdTAwYzNcdTAwYjkiLCJsYXllcl9mb250X3NpemUiOiIiLCJsYXllcl9iYWNrZ3JvdW5kX2NvbG9yIjoiIiwibGF5ZXJfY29sb3IiOiIiLCJsYXllcl9saW5rIjoiIiwibGF5ZXJfdGFyZ2V0Ijoic2FtZSIsImxheWVyX3RvcCI6IjAiLCJsYXllcl9sZWZ0IjoiMCIsImxheWVyX3RyYW5zaXRpb24iOiJmYWRlIiwidGltZV9zdGFydCI6bnVsbH0seyJsYXllcl92aWRlb190eXBlIjoieW91dHViZSIsImxheWVyX3ZpZGVvX2lkIjoiIiwibGF5ZXJfdmlkZW9faGVpZ2h0IjoiMjAwIiwibGF5ZXJfdmlkZW9fd2lkdGgiOiIzMDAiLCJsYXllcl92aWRlb190aHVtYiI6IiIsImxheWVyX2lkIjoiNl8yIiwibGF5ZXJfY29udGVudCI6InNsaWRlLWltZzUuanBnIiwibGF5ZXJfdHlwZSI6InRleHQiLCJsYXllcl9zdGF0dXMiOiIxIiwibGF5ZXJfY2xhc3MiOiJzbGlkZXNob3ctdGV4dCIsImxheWVyX2NhcHRpb24iOiJBc3BpcmF0b3JlIHNvdHRvdnVvdG8gcG9ydGF0aWxlIiwibGF5ZXJfZm9udF9zaXplIjoiIiwibGF5ZXJfYmFja2dyb3VuZF9jb2xvciI6IiIsImxheWVyX2NvbG9yIjoiI2ZmZmZmZiIsImxheWVyX2xpbmsiOiIiLCJsYXllcl90YXJnZXQiOiJzYW1lIiwibGF5ZXJfdG9wIjoiNTAiLCJsYXllcl9sZWZ0IjoiNTMzIiwibGF5ZXJfdHJhbnNpdGlvbiI6ImZhZGUiLCJ0aW1lX3N0YXJ0IjpudWxsfSx7ImxheWVyX3ZpZGVvX3R5cGUiOiJ5b3V0dWJlIiwibGF5ZXJfdmlkZW9faWQiOiIiLCJsYXllcl92aWRlb19oZWlnaHQiOiIyMDAiLCJsYXllcl92aWRlb193aWR0aCI6IjMwMCIsImxheWVyX3ZpZGVvX3RodW1iIjoiIiwibGF5ZXJfaWQiOiI2XzMiLCJsYXllcl9jb250ZW50Ijoic2xpZGUtaW1nNS5qcGciLCJsYXllcl90eXBlIjoidGV4dCIsImxheWVyX3N0YXR1cyI6IjEiLCJsYXllcl9jbGFzcyI6InNsaWRlc2hvdy10aXRsZSIsImxheWVyX2NhcHRpb24iOiJWaWFnZ2lhIHNtYXJ0IGNvbiBXYWNcdTAwYzNcdTAwYjkhIiwibGF5ZXJfZm9udF9zaXplIjoiIiwibGF5ZXJfYmFja2dyb3VuZF9jb2xvciI6IiIsImxheWVyX2NvbG9yIjoiIzAwMjIzMyIsImxheWVyX2xpbmsiOiIiLCJsYXllcl90YXJnZXQiOiJzYW1lIiwibGF5ZXJfdG9wIjoiNTcwIiwibGF5ZXJfbGVmdCI6IjQwMCIsImxheWVyX3RyYW5zaXRpb24iOiJmYWRlIiwidGltZV9zdGFydCI6bnVsbH0seyJsYXllcl92aWRlb190eXBlIjoieW91dHViZSIsImxheWVyX3ZpZGVvX2lkIjoiIiwibGF5ZXJfdmlkZW9faGVpZ2h0IjoiMjAwIiwibGF5ZXJfdmlkZW9fd2lkdGgiOiIzMDAiLCJsYXllcl92aWRlb190aHVtYiI6IiIsImxheWVyX2lkIjoiNl80IiwibGF5ZXJfY29udGVudCI6InNsaWRlLWltZzUuanBnIiwibGF5ZXJfdHlwZSI6InRleHQiLCJsYXllcl9zdGF0dXMiOiIxIiwibGF5ZXJfY2xhc3MiOiIiLCJsYXllcl9jYXB0aW9uIjoiPGEgY2xhc3M9XCJidG4gYnV0dG9uXCIgaHJlZj1cIiNcIj5BQ1FVSVNUQTxcL2E+IiwibGF5ZXJfZm9udF9zaXplIjoiIiwibGF5ZXJfYmFja2dyb3VuZF9jb2xvciI6IiIsImxheWVyX2NvbG9yIjoiIiwibGF5ZXJfbGluayI6IiIsImxheWVyX3RhcmdldCI6InNhbWUiLCJsYXllcl90b3AiOiI0MDAiLCJsYXllcl9sZWZ0IjoiNjI2IiwibGF5ZXJfdHJhbnNpdGlvbiI6ImZhZGUiLCJ0aW1lX3N0YXJ0IjpudWxsfV0='),(149,7,'duplicato di duplicato di Wacù aspiratore sottovuoto portatile','','','','eyJ1c2V2aWRlbyI6IjAiLCJ2aWRlb2lkIjoiIiwidmlkZW9hdXRvIjoiMCIsImJhY2tncm91bmRfY29sb3IiOiIiLCJidWxsZXRfZGVzY3JpcHRpb24iOiIifQ==','W3sibGF5ZXJfdmlkZW9fdHlwZSI6InlvdXR1YmUiLCJsYXllcl92aWRlb19pZCI6IiIsImxheWVyX3ZpZGVvX2hlaWdodCI6IjIwMCIsImxheWVyX3ZpZGVvX3dpZHRoIjoiMzAwIiwibGF5ZXJfdmlkZW9fdGh1bWIiOiIiLCJsYXllcl9pZCI6IjdfMSIsImxheWVyX2NvbnRlbnQiOiJzbGlkZS1pbWc1LmpwZyIsImxheWVyX3R5cGUiOiJpbWFnZSIsImxheWVyX3N0YXR1cyI6IjEiLCJsYXllcl9jbGFzcyI6IiIsImxheWVyX2NhcHRpb24iOiJXYWNcdTAwYzNcdTAwYjkiLCJsYXllcl9mb250X3NpemUiOiIiLCJsYXllcl9iYWNrZ3JvdW5kX2NvbG9yIjoiIiwibGF5ZXJfY29sb3IiOiIiLCJsYXllcl9saW5rIjoiIiwibGF5ZXJfdGFyZ2V0Ijoic2FtZSIsImxheWVyX3RvcCI6IjAiLCJsYXllcl9sZWZ0IjoiMCIsImxheWVyX3RyYW5zaXRpb24iOiJmYWRlIiwidGltZV9zdGFydCI6bnVsbH0seyJsYXllcl92aWRlb190eXBlIjoieW91dHViZSIsImxheWVyX3ZpZGVvX2lkIjoiIiwibGF5ZXJfdmlkZW9faGVpZ2h0IjoiMjAwIiwibGF5ZXJfdmlkZW9fd2lkdGgiOiIzMDAiLCJsYXllcl92aWRlb190aHVtYiI6IiIsImxheWVyX2lkIjoiN18yIiwibGF5ZXJfY29udGVudCI6InNsaWRlLWltZzUuanBnIiwibGF5ZXJfdHlwZSI6InRleHQiLCJsYXllcl9zdGF0dXMiOiIxIiwibGF5ZXJfY2xhc3MiOiJzbGlkZXNob3ctdGV4dCIsImxheWVyX2NhcHRpb24iOiJBc3BpcmF0b3JlIHNvdHRvdnVvdG8gcG9ydGF0aWxlIiwibGF5ZXJfZm9udF9zaXplIjoiIiwibGF5ZXJfYmFja2dyb3VuZF9jb2xvciI6IiIsImxheWVyX2NvbG9yIjoiI2ZmZmZmZiIsImxheWVyX2xpbmsiOiIiLCJsYXllcl90YXJnZXQiOiJzYW1lIiwibGF5ZXJfdG9wIjoiNTAiLCJsYXllcl9sZWZ0IjoiNTMzIiwibGF5ZXJfdHJhbnNpdGlvbiI6ImZhZGUiLCJ0aW1lX3N0YXJ0IjpudWxsfSx7ImxheWVyX3ZpZGVvX3R5cGUiOiJ5b3V0dWJlIiwibGF5ZXJfdmlkZW9faWQiOiIiLCJsYXllcl92aWRlb19oZWlnaHQiOiIyMDAiLCJsYXllcl92aWRlb193aWR0aCI6IjMwMCIsImxheWVyX3ZpZGVvX3RodW1iIjoiIiwibGF5ZXJfaWQiOiI3XzMiLCJsYXllcl9jb250ZW50Ijoic2xpZGUtaW1nNS5qcGciLCJsYXllcl90eXBlIjoidGV4dCIsImxheWVyX3N0YXR1cyI6IjEiLCJsYXllcl9jbGFzcyI6InNsaWRlc2hvdy10aXRsZSIsImxheWVyX2NhcHRpb24iOiJWaWFnZ2lhIHNtYXJ0IGNvbiBXYWNcdTAwYzNcdTAwYjkhIiwibGF5ZXJfZm9udF9zaXplIjoiIiwibGF5ZXJfYmFja2dyb3VuZF9jb2xvciI6IiIsImxheWVyX2NvbG9yIjoiIzAwMjIzMyIsImxheWVyX2xpbmsiOiIiLCJsYXllcl90YXJnZXQiOiJzYW1lIiwibGF5ZXJfdG9wIjoiNTcwIiwibGF5ZXJfbGVmdCI6IjQwMCIsImxheWVyX3RyYW5zaXRpb24iOiJmYWRlIiwidGltZV9zdGFydCI6bnVsbH0seyJsYXllcl92aWRlb190eXBlIjoieW91dHViZSIsImxheWVyX3ZpZGVvX2lkIjoiIiwibGF5ZXJfdmlkZW9faGVpZ2h0IjoiMjAwIiwibGF5ZXJfdmlkZW9fd2lkdGgiOiIzMDAiLCJsYXllcl92aWRlb190aHVtYiI6IiIsImxheWVyX2lkIjoiN180IiwibGF5ZXJfY29udGVudCI6InNsaWRlLWltZzUuanBnIiwibGF5ZXJfdHlwZSI6InRleHQiLCJsYXllcl9zdGF0dXMiOiIxIiwibGF5ZXJfY2xhc3MiOiIiLCJsYXllcl9jYXB0aW9uIjoiPGEgY2xhc3M9XCJidG4gYnV0dG9uXCIgaHJlZj1cIiNcIj5BQ1FVSVNUQTxcL2E+IiwibGF5ZXJfZm9udF9zaXplIjoiIiwibGF5ZXJfYmFja2dyb3VuZF9jb2xvciI6IiIsImxheWVyX2NvbG9yIjoiIiwibGF5ZXJfbGluayI6IiIsImxheWVyX3RhcmdldCI6InNhbWUiLCJsYXllcl90b3AiOiI0MDAiLCJsYXllcl9sZWZ0IjoiNjI2IiwibGF5ZXJfdHJhbnNpdGlvbiI6ImZhZGUiLCJ0aW1lX3N0YXJ0IjpudWxsfV0='),(149,8,'duplicato di duplicato di Wacù aspiratore sottovuoto portatile','','','','eyJ1c2V2aWRlbyI6IjAiLCJ2aWRlb2lkIjoiIiwidmlkZW9hdXRvIjoiMCIsImJhY2tncm91bmRfY29sb3IiOiIiLCJidWxsZXRfZGVzY3JpcHRpb24iOiIifQ==','W3sibGF5ZXJfdmlkZW9fdHlwZSI6InlvdXR1YmUiLCJsYXllcl92aWRlb19pZCI6IiIsImxheWVyX3ZpZGVvX2hlaWdodCI6IjIwMCIsImxheWVyX3ZpZGVvX3dpZHRoIjoiMzAwIiwibGF5ZXJfdmlkZW9fdGh1bWIiOiIiLCJsYXllcl9pZCI6IjhfMSIsImxheWVyX2NvbnRlbnQiOiJzbGlkZS1pbWc1LmpwZyIsImxheWVyX3R5cGUiOiJpbWFnZSIsImxheWVyX3N0YXR1cyI6IjEiLCJsYXllcl9jbGFzcyI6IiIsImxheWVyX2NhcHRpb24iOiJXYWNcdTAwYzNcdTAwYjkiLCJsYXllcl9mb250X3NpemUiOiIiLCJsYXllcl9iYWNrZ3JvdW5kX2NvbG9yIjoiIiwibGF5ZXJfY29sb3IiOiIiLCJsYXllcl9saW5rIjoiIiwibGF5ZXJfdGFyZ2V0Ijoic2FtZSIsImxheWVyX3RvcCI6IjAiLCJsYXllcl9sZWZ0IjoiMCIsImxheWVyX3RyYW5zaXRpb24iOiJmYWRlIiwidGltZV9zdGFydCI6bnVsbH0seyJsYXllcl92aWRlb190eXBlIjoieW91dHViZSIsImxheWVyX3ZpZGVvX2lkIjoiIiwibGF5ZXJfdmlkZW9faGVpZ2h0IjoiMjAwIiwibGF5ZXJfdmlkZW9fd2lkdGgiOiIzMDAiLCJsYXllcl92aWRlb190aHVtYiI6IiIsImxheWVyX2lkIjoiOF8yIiwibGF5ZXJfY29udGVudCI6InNsaWRlLWltZzUuanBnIiwibGF5ZXJfdHlwZSI6InRleHQiLCJsYXllcl9zdGF0dXMiOiIxIiwibGF5ZXJfY2xhc3MiOiJzbGlkZXNob3ctdGV4dCIsImxheWVyX2NhcHRpb24iOiJBc3BpcmF0b3JlIHNvdHRvdnVvdG8gcG9ydGF0aWxlIiwibGF5ZXJfZm9udF9zaXplIjoiIiwibGF5ZXJfYmFja2dyb3VuZF9jb2xvciI6IiIsImxheWVyX2NvbG9yIjoiI2ZmZmZmZiIsImxheWVyX2xpbmsiOiIiLCJsYXllcl90YXJnZXQiOiJzYW1lIiwibGF5ZXJfdG9wIjoiNTAiLCJsYXllcl9sZWZ0IjoiNTMzIiwibGF5ZXJfdHJhbnNpdGlvbiI6ImZhZGUiLCJ0aW1lX3N0YXJ0IjpudWxsfSx7ImxheWVyX3ZpZGVvX3R5cGUiOiJ5b3V0dWJlIiwibGF5ZXJfdmlkZW9faWQiOiIiLCJsYXllcl92aWRlb19oZWlnaHQiOiIyMDAiLCJsYXllcl92aWRlb193aWR0aCI6IjMwMCIsImxheWVyX3ZpZGVvX3RodW1iIjoiIiwibGF5ZXJfaWQiOiI4XzMiLCJsYXllcl9jb250ZW50Ijoic2xpZGUtaW1nNS5qcGciLCJsYXllcl90eXBlIjoidGV4dCIsImxheWVyX3N0YXR1cyI6IjEiLCJsYXllcl9jbGFzcyI6InNsaWRlc2hvdy10aXRsZSIsImxheWVyX2NhcHRpb24iOiJWaWFnZ2lhIHNtYXJ0IGNvbiBXYWNcdTAwYzNcdTAwYjkhIiwibGF5ZXJfZm9udF9zaXplIjoiIiwibGF5ZXJfYmFja2dyb3VuZF9jb2xvciI6IiIsImxheWVyX2NvbG9yIjoiIzAwMjIzMyIsImxheWVyX2xpbmsiOiIiLCJsYXllcl90YXJnZXQiOiJzYW1lIiwibGF5ZXJfdG9wIjoiNTcwIiwibGF5ZXJfbGVmdCI6IjQwMCIsImxheWVyX3RyYW5zaXRpb24iOiJmYWRlIiwidGltZV9zdGFydCI6bnVsbH0seyJsYXllcl92aWRlb190eXBlIjoieW91dHViZSIsImxheWVyX3ZpZGVvX2lkIjoiIiwibGF5ZXJfdmlkZW9faGVpZ2h0IjoiMjAwIiwibGF5ZXJfdmlkZW9fd2lkdGgiOiIzMDAiLCJsYXllcl92aWRlb190aHVtYiI6IiIsImxheWVyX2lkIjoiOF80IiwibGF5ZXJfY29udGVudCI6InNsaWRlLWltZzUuanBnIiwibGF5ZXJfdHlwZSI6InRleHQiLCJsYXllcl9zdGF0dXMiOiIxIiwibGF5ZXJfY2xhc3MiOiIiLCJsYXllcl9jYXB0aW9uIjoiPGEgY2xhc3M9XCJidG4gYnV0dG9uXCIgaHJlZj1cImh0dHBzOlwvXC93d3cud2FjdS5pdFwvMTMtYXNwaXJhdG9yZS1zb3R0b3Z1b3RvLXdhY3VcIj5CdXkgTm93PFwvYT4iLCJsYXllcl9mb250X3NpemUiOiIyMnB4IiwibGF5ZXJfYmFja2dyb3VuZF9jb2xvciI6IiIsImxheWVyX2NvbG9yIjoiIiwibGF5ZXJfbGluayI6IiIsImxheWVyX3RhcmdldCI6InNhbWUiLCJsYXllcl90b3AiOiI1MzMiLCJsYXllcl9sZWZ0IjoiNjI0IiwibGF5ZXJfdHJhbnNpdGlvbiI6ImZhZGUiLCJ0aW1lX3N0YXJ0IjpudWxsfV0=');

#
# Structure for table "_WCprTUAleowidgets"
#

