INSERT INTO `_WCprTUAmail` VALUES (1305,'gaia.accorsi74@gmail.com','payment','[Wacù salvaspazio per valigie e bagagli. Sottovuoto portatile] Pagamento accettato',1,'2018-08-28 20:51:03'),(1306,'gaia.accorsi74@gmail.com','order_conf','[Wacù salvaspazio per valigie e bagagli. Sottovuoto portatile] Conferma ordine',1,'2018-08-28 20:51:06'),(1307,'info@wacu.it','new_order','[Wacù salvaspazio per valigie e bagagli. Sottovuoto portatile] New order : #180 - PZXSUCYSP',1,'2018-08-28 22:47:59'),(1308,'emanuelelana.pg@gmail.com','new_order','[Wacù salvaspazio per valigie e bagagli. Sottovuoto portatile] New order : #180 - PZXSUCYSP',1,'2018-08-28 22:47:59'),(1309,'brunoottaviani.pg@gmail.com','new_order','[Wacù salvaspazio per valigie e bagagli. Sottovuoto portatile] New order : #180 - PZXSUCYSP',1,'2018-08-28 22:47:59'),(1310,'michele.goretti@wacu.it','new_order','[Wacù salvaspazio per valigie e bagagli. Sottovuoto portatile] New order : #180 - PZXSUCYSP',1,'2018-08-28 22:47:59'),(1311,'alessandra.favaro@gmail.com','payment','[Wacù salvaspazio per valigie e bagagli. Sottovuoto portatile] Pagamento accettato',1,'2018-08-28 22:48:03'),(1312,'alessandra.favaro@gmail.com','order_conf','[Wacù salvaspazio per valigie e bagagli. Sottovuoto portatile] Conferma ordine',1,'2018-08-28 22:48:07'),(1313,'melissa.falzoni@gmail.com','newsletter_verif','[Wacù salvaspazio per valigie e bagagli. Sottovuoto portatile] Verifica email',1,'2018-08-28 23:24:49'),(1314,'melissa.falzoni@gmail.com','newsletter_conf','[Wacù salvaspazio per valigie e bagagli. Sottovuoto portatile] Conferma newsletter',1,'2018-08-29 01:05:08'),(1315,'ciacci79@yahoo.it','newsletter_conf','[Wacù salvaspazio per valigie e bagagli. Sottovuoto portatile] Conferma newsletter',1,'2018-08-29 08:07:40'),(1316,'ciacci79@yahoo.it','account','[Wacù salvaspazio per valigie e bagagli. Sottovuoto portatile] Benvenuto!',1,'2018-08-29 08:07:40'),(1317,'info@wacu.it','new_order','[Wacù salvaspazio per valigie e bagagli. Sottovuoto portatile] New order : #181 - DKGVXGOZT',1,'2018-08-29 08:12:21'),(1318,'emanuelelana.pg@gmail.com','new_order','[Wacù salvaspazio per valigie e bagagli. Sottovuoto portatile] New order : #181 - DKGVXGOZT',1,'2018-08-29 08:12:21'),(1319,'brunoottaviani.pg@gmail.com','new_order','[Wacù salvaspazio per valigie e bagagli. Sottovuoto portatile] New order : #181 - DKGVXGOZT',1,'2018-08-29 08:12:22'),(1320,'michele.goretti@wacu.it','new_order','[Wacù salvaspazio per valigie e bagagli. Sottovuoto portatile] New order : #181 - DKGVXGOZT',1,'2018-08-29 08:12:22'),(1321,'ciacci79@yahoo.it','payment','[Wacù salvaspazio per valigie e bagagli. Sottovuoto portatile] Pagamento accettato',1,'2018-08-29 08:12:26'),(1322,'ciacci79@yahoo.it','order_conf','[Wacù salvaspazio per valigie e bagagli. Sottovuoto portatile] Conferma ordine',1,'2018-08-29 08:12:30'),(1323,'raffre@gmail.com','account','[Wacù salvaspazio per valigie e bagagli. Sottovuoto portatile] Benvenuto!',1,'2018-08-30 20:22:51'),(1324,'info@wacu.it','new_order','[Wacù salvaspazio per valigie e bagagli. Sottovuoto portatile] New order : #182 - DSSRCKLYQ',1,'2018-08-30 20:37:50'),(1325,'emanuelelana.pg@gmail.com','new_order','[Wacù salvaspazio per valigie e bagagli. Sottovuoto portatile] New order : #182 - DSSRCKLYQ',1,'2018-08-30 20:37:50'),(1326,'brunoottaviani.pg@gmail.com','new_order','[Wacù salvaspazio per valigie e bagagli. Sottovuoto portatile] New order : #182 - DSSRCKLYQ',1,'2018-08-30 20:37:50'),(1327,'michele.goretti@wacu.it','new_order','[Wacù salvaspazio per valigie e bagagli. Sottovuoto portatile] New order : #182 - DSSRCKLYQ',1,'2018-08-30 20:37:50'),(1328,'raffre17@gmail.com','payment','[Wacù salvaspazio per valigie e bagagli. Sottovuoto portatile] Pagamento accettato',1,'2018-08-30 20:37:56'),(1329,'raffre17@gmail.com','order_conf','[Wacù salvaspazio per valigie e bagagli. Sottovuoto portatile] Conferma ordine',1,'2018-08-30 20:38:03'),(1330,'saveriosimonazzi@fastwebnet.it','account','[Wacù salvaspazio per valigie e bagagli. Sottovuoto portatile] Benvenuto!',1,'2018-09-03 15:05:43'),(1331,'info@wacu.it','new_order','[Wacù salvaspazio per valigie e bagagli. Sottovuoto portatile] New order : #183 - MFBBTEBIT',1,'2018-09-03 15:14:40'),(1332,'emanuelelana.pg@gmail.com','new_order','[Wacù salvaspazio per valigie e bagagli. Sottovuoto portatile] New order : #183 - MFBBTEBIT',1,'2018-09-03 15:14:40'),(1333,'brunoottaviani.pg@gmail.com','new_order','[Wacù salvaspazio per valigie e bagagli. Sottovuoto portatile] New order : #183 - MFBBTEBIT',1,'2018-09-03 15:14:40'),(1334,'michele.goretti@wacu.it','new_order','[Wacù salvaspazio per valigie e bagagli. Sottovuoto portatile] New order : #183 - MFBBTEBIT',1,'2018-09-03 15:14:40'),(1335,'saveriosimonazzi@fastwebnet.it','payment','[Wacù salvaspazio per valigie e bagagli. Sottovuoto portatile] Pagamento accettato',1,'2018-09-03 15:14:44'),(1336,'saveriosimonazzi@fastwebnet.it','order_conf','[Wacù salvaspazio per valigie e bagagli. Sottovuoto portatile] Conferma ordine',1,'2018-09-03 15:14:48'),(1337,'info@wacu.it','new_order','[Wacù salvaspazio per valigie e bagagli. Sottovuoto portatile] New order : #184 - AWOEVKWAR',1,'2018-09-05 12:27:43'),(1338,'emanuelelana.pg@gmail.com','new_order','[Wacù salvaspazio per valigie e bagagli. Sottovuoto portatile] New order : #184 - AWOEVKWAR',1,'2018-09-05 12:27:43'),(1339,'brunoottaviani.pg@gmail.com','new_order','[Wacù salvaspazio per valigie e bagagli. Sottovuoto portatile] New order : #184 - AWOEVKWAR',1,'2018-09-05 12:27:43'),(1340,'michele.goretti@wacu.it','new_order','[Wacù salvaspazio per valigie e bagagli. Sottovuoto portatile] New order : #184 - AWOEVKWAR',1,'2018-09-05 12:27:44'),(1341,'arnhold62@libero.it','payment','[Wacù salvaspazio per valigie e bagagli. Sottovuoto portatile] Pagamento accettato',1,'2018-09-05 12:27:48'),(1342,'arnhold62@libero.it','order_conf','[Wacù salvaspazio per valigie e bagagli. Sottovuoto portatile] Conferma ordine',1,'2018-09-05 12:27:52'),(1343,'raffaresb@gmail.com','newsletter_conf','[Wacù salvaspazio per valigie e bagagli. Sottovuoto portatile] Conferma newsletter',1,'2018-09-08 15:41:39'),(1344,'raffaresb@gmail.com','account','[Wacù salvaspazio per valigie e bagagli. Sottovuoto portatile] Benvenuto!',1,'2018-09-08 15:41:39'),(1345,'mpatrix@hotmail.com','account','[Wacù salvaspazio per valigie e bagagli. Sottovuoto portatile] Benvenuto!',1,'2018-09-12 02:43:47'),(1346,'info@wacu.it','new_order','[Wacù salvaspazio per valigie e bagagli. Sottovuoto portatile] New order : #185 - QOORFFRVD',1,'2018-09-12 02:45:01'),(1347,'emanuelelana.pg@gmail.com','new_order','[Wacù salvaspazio per valigie e bagagli. Sottovuoto portatile] New order : #185 - QOORFFRVD',1,'2018-09-12 02:45:01'),(1348,'brunoottaviani.pg@gmail.com','new_order','[Wacù salvaspazio per valigie e bagagli. Sottovuoto portatile] New order : #185 - QOORFFRVD',1,'2018-09-12 02:45:01'),(1349,'michele.goretti@wacu.it','new_order','[Wacù salvaspazio per valigie e bagagli. Sottovuoto portatile] New order : #185 - QOORFFRVD',1,'2018-09-12 02:45:01'),(1350,'mpatrix@hotmail.com','payment','[Wacù salvaspazio per valigie e bagagli. Sottovuoto portatile] Pagamento accettato',1,'2018-09-12 02:45:06'),(1351,'mpatrix@hotmail.com','order_conf','[Wacù salvaspazio per valigie e bagagli. Sottovuoto portatile] Conferma ordine',1,'2018-09-12 02:45:11'),(1352,'info@wacu.it','new_order','[Wacù salvaspazio per valigie e bagagli. Sottovuoto portatile] New order : #186 - OSXQXARTS',1,'2018-09-13 13:45:17'),(1353,'emanuelelana.pg@gmail.com','new_order','[Wacù salvaspazio per valigie e bagagli. Sottovuoto portatile] New order : #186 - OSXQXARTS',1,'2018-09-13 13:45:17'),(1354,'brunoottaviani.pg@gmail.com','new_order','[Wacù salvaspazio per valigie e bagagli. Sottovuoto portatile] New order : #186 - OSXQXARTS',1,'2018-09-13 13:45:17'),(1355,'michele.goretti@wacu.it','new_order','[Wacù salvaspazio per valigie e bagagli. Sottovuoto portatile] New order : #186 - OSXQXARTS',1,'2018-09-13 13:45:17'),(1356,'arch.tomasella@live.it','bankwire','[Wacù salvaspazio per valigie e bagagli. Sottovuoto portatile] In attesa di pagamento con bonifico bancario',1,'2018-09-13 13:45:18'),(1357,'arch.tomasella@live.it','order_conf','[Wacù salvaspazio per valigie e bagagli. Sottovuoto portatile] Conferma ordine',1,'2018-09-13 13:45:18'),(1358,'gl.condomini2@gmail.com','account','[Wacù salvaspazio per valigie e bagagli. Sottovuoto portatile] Welcome!',2,'2018-09-21 20:49:50'),(1359,'info@wacu.it','new_order','[Wacù salvaspazio per valigie e bagagli. Sottovuoto portatile] New order : #187 - THRUFYSZC',1,'2018-09-21 21:02:37'),(1360,'emanuelelana.pg@gmail.com','new_order','[Wacù salvaspazio per valigie e bagagli. Sottovuoto portatile] New order : #187 - THRUFYSZC',2,'2018-09-21 21:02:43'),(1361,'brunoottaviani.pg@gmail.com','new_order','[Wacù salvaspazio per valigie e bagagli. Sottovuoto portatile] New order : #187 - THRUFYSZC',2,'2018-09-21 21:02:48'),(1362,'michele.goretti@wacu.it','new_order','[Wacù salvaspazio per valigie e bagagli. Sottovuoto portatile] New order : #187 - THRUFYSZC',1,'2018-09-21 21:02:53'),(1363,'gl.condomini2@gmail.com','payment','[Wacù salvaspazio per valigie e bagagli. Sottovuoto portatile] Pagamento accettato',2,'2018-09-21 21:02:58'),(1364,'gl.condomini2@gmail.com','order_conf','[Wacù salvaspazio per valigie e bagagli. Sottovuoto portatile] Order confirmation',2,'2018-09-21 21:03:02'),(1365,'info@wacu.it','new_order','[Wacù salvaspazio per valigie e bagagli. Sottovuoto portatile] New order : #188 - KHEBAHOPK',1,'2018-09-26 15:50:14'),(1366,'emanuelelana.pg@gmail.com','new_order','[Wacù salvaspazio per valigie e bagagli. Sottovuoto portatile] New order : #188 - KHEBAHOPK',1,'2018-09-26 15:50:14'),(1367,'brunoottaviani.pg@gmail.com','new_order','[Wacù salvaspazio per valigie e bagagli. Sottovuoto portatile] New order : #188 - KHEBAHOPK',1,'2018-09-26 15:50:14'),(1368,'michele.goretti@wacu.it','new_order','[Wacù salvaspazio per valigie e bagagli. Sottovuoto portatile] New order : #188 - KHEBAHOPK',1,'2018-09-26 15:50:14'),(1369,'greppialessandro@gmail.com','payment','[Wacù salvaspazio per valigie e bagagli. Sottovuoto portatile] Pagamento accettato',1,'2018-09-26 15:50:19'),(1370,'greppialessandro@gmail.com','order_conf','[Wacù salvaspazio per valigie e bagagli. Sottovuoto portatile] Conferma ordine',1,'2018-09-26 15:50:23'),(1371,'giuliaulissi@yahoo.it','newsletter_conf','[Wacù salvaspazio per valigie e bagagli. Sottovuoto portatile] Conferma newsletter',1,'2018-09-28 01:29:42'),(1372,'giuliaulissi@yahoo.it','account','[Wacù salvaspazio per valigie e bagagli. Sottovuoto portatile] Benvenuto!',1,'2018-09-28 01:29:42'),(1373,'info@wacu.it','new_order','[Wacù salvaspazio per valigie e bagagli. Sottovuoto portatile] New order : #189 - LWOVQQBUV',1,'2018-09-28 01:33:22'),(1374,'emanuelelana.pg@gmail.com','new_order','[Wacù salvaspazio per valigie e bagagli. Sottovuoto portatile] New order : #189 - LWOVQQBUV',1,'2018-09-28 01:33:22'),(1375,'brunoottaviani.pg@gmail.com','new_order','[Wacù salvaspazio per valigie e bagagli. Sottovuoto portatile] New order : #189 - LWOVQQBUV',1,'2018-09-28 01:33:22'),(1376,'michele.goretti@wacu.it','new_order','[Wacù salvaspazio per valigie e bagagli. Sottovuoto portatile] New order : #189 - LWOVQQBUV',1,'2018-09-28 01:33:22'),(1377,'giuliaulissi@yahoo.it','payment','[Wacù salvaspazio per valigie e bagagli. Sottovuoto portatile] Pagamento accettato',1,'2018-09-28 01:33:28'),(1378,'giuliaulissi@yahoo.it','order_conf','[Wacù salvaspazio per valigie e bagagli. Sottovuoto portatile] Conferma ordine',1,'2018-09-28 01:33:31'),(1379,'pamela.r@virgilio.it','newsletter_verif','[Wacù salvaspazio per valigie e bagagli. Sottovuoto portatile] Verifica email',1,'2018-09-28 10:09:24'),(1380,'pamela.r@virgilio.it','newsletter_conf','[Wacù salvaspazio per valigie e bagagli. Sottovuoto portatile] Conferma newsletter',1,'2018-09-28 10:09:38'),(1381,'pamela.r@virgilio.it','newsletter_conf','[Wacù salvaspazio per valigie e bagagli. Sottovuoto portatile] Conferma newsletter',1,'2018-09-28 10:12:00'),(1382,'pamela.r@virgilio.it','account','[Wacù salvaspazio per valigie e bagagli. Sottovuoto portatile] Benvenuto!',1,'2018-09-28 10:12:00'),(1383,'melissa.falzoni@gmail.com','newsletter_conf','[Wacù salvaspazio per valigie e bagagli. Sottovuoto portatile] Conferma newsletter',1,'2018-10-05 01:10:17'),(1384,'melissa.falzoni@gmail.com','account','[Wacù salvaspazio per valigie e bagagli. Sottovuoto portatile] Benvenuto!',1,'2018-10-05 01:10:17'),(1385,'info@wacu.it','new_order','[Wacù salvaspazio per valigie e bagagli. Sottovuoto portatile] New order : #190 - LZTJWICLJ',1,'2018-10-05 01:56:21'),(1386,'emanuelelana.pg@gmail.com','new_order','[Wacù salvaspazio per valigie e bagagli. Sottovuoto portatile] New order : #190 - LZTJWICLJ',1,'2018-10-05 01:56:21'),(1387,'brunoottaviani.pg@gmail.com','new_order','[Wacù salvaspazio per valigie e bagagli. Sottovuoto portatile] New order : #190 - LZTJWICLJ',1,'2018-10-05 01:56:21'),(1388,'michele.goretti@wacu.it','new_order','[Wacù salvaspazio per valigie e bagagli. Sottovuoto portatile] New order : #190 - LZTJWICLJ',1,'2018-10-05 01:56:21'),(1389,'melissa.falzoni@gmail.com','payment','[Wacù salvaspazio per valigie e bagagli. Sottovuoto portatile] Pagamento accettato',1,'2018-10-05 01:56:26'),(1390,'melissa.falzoni@gmail.com','order_conf','[Wacù salvaspazio per valigie e bagagli. Sottovuoto portatile] Conferma ordine',1,'2018-10-05 01:56:31'),(1391,'cunegatti.federico@icloud.com','account','[Wacù salvaspazio per valigie e bagagli. Sottovuoto portatile] Benvenuto!',1,'2018-10-05 20:11:41'),(1392,'info@wacu.it','new_order','[Wacù salvaspazio per valigie e bagagli. Sottovuoto portatile] New order : #191 - QCFMWQCDN',1,'2018-10-05 20:17:09'),(1393,'emanuelelana.pg@gmail.com','new_order','[Wacù salvaspazio per valigie e bagagli. Sottovuoto portatile] New order : #191 - QCFMWQCDN',1,'2018-10-05 20:17:09'),(1394,'brunoottaviani.pg@gmail.com','new_order','[Wacù salvaspazio per valigie e bagagli. Sottovuoto portatile] New order : #191 - QCFMWQCDN',1,'2018-10-05 20:17:09'),(1395,'michele.goretti@wacu.it','new_order','[Wacù salvaspazio per valigie e bagagli. Sottovuoto portatile] New order : #191 - QCFMWQCDN',1,'2018-10-05 20:17:09'),(1396,'cunegatti.federico@icloud.com','payment','[Wacù salvaspazio per valigie e bagagli. Sottovuoto portatile] Pagamento accettato',1,'2018-10-05 20:17:15'),(1397,'cunegatti.federico@icloud.com','order_conf','[Wacù salvaspazio per valigie e bagagli. Sottovuoto portatile] Conferma ordine',1,'2018-10-05 20:17:19'),(1398,'barontisimone@gmail.com','newsletter_conf','[Wacù salvaspazio per valigie e bagagli. Sottovuoto portatile] Conferma newsletter',1,'2018-10-10 18:48:45'),(1399,'barontisimone@gmail.com','account','[Wacù salvaspazio per valigie e bagagli. Sottovuoto portatile] Benvenuto!',1,'2018-10-10 18:48:45'),(1400,'info@wacu.it','new_order','[Wacù salvaspazio per valigie e bagagli. Sottovuoto portatile] New order : #192 - VZZNZJBPY',1,'2018-10-10 18:50:52'),(1401,'emanuelelana.pg@gmail.com','new_order','[Wacù salvaspazio per valigie e bagagli. Sottovuoto portatile] New order : #192 - VZZNZJBPY',1,'2018-10-10 18:50:53'),(1402,'brunoottaviani.pg@gmail.com','new_order','[Wacù salvaspazio per valigie e bagagli. Sottovuoto portatile] New order : #192 - VZZNZJBPY',1,'2018-10-10 18:50:53'),(1403,'michele.goretti@wacu.it','new_order','[Wacù salvaspazio per valigie e bagagli. Sottovuoto portatile] New order : #192 - VZZNZJBPY',1,'2018-10-10 18:50:53'),(1404,'barontisimone@gmail.com','payment_error','[Wacù salvaspazio per valigie e bagagli. Sottovuoto portatile] Errore di pagamento',1,'2018-10-10 18:50:54'),(1405,'s.lanteri@outlook.it','account','[Wacù salvaspazio per valigie e bagagli. Sottovuoto portatile] Benvenuto!',1,'2018-10-12 13:54:56'),(1406,'info@wacu.it','new_order','[Wacù salvaspazio per valigie e bagagli. Sottovuoto portatile] New order : #193 - IRHWWXKLY',1,'2018-10-14 03:27:44'),(1407,'emanuelelana.pg@gmail.com','new_order','[Wacù salvaspazio per valigie e bagagli. Sottovuoto portatile] New order : #193 - IRHWWXKLY',1,'2018-10-14 03:27:44'),(1408,'brunoottaviani.pg@gmail.com','new_order','[Wacù salvaspazio per valigie e bagagli. Sottovuoto portatile] New order : #193 - IRHWWXKLY',1,'2018-10-14 03:27:44'),(1409,'michele.goretti@wacu.it','new_order','[Wacù salvaspazio per valigie e bagagli. Sottovuoto portatile] New order : #193 - IRHWWXKLY',1,'2018-10-14 03:27:44'),(1410,'info@ragvassallo.it','payment','[Wacù salvaspazio per valigie e bagagli. Sottovuoto portatile] Pagamento accettato',1,'2018-10-14 03:27:49'),(1411,'info@ragvassallo.it','order_conf','[Wacù salvaspazio per valigie e bagagli. Sottovuoto portatile] Conferma ordine',1,'2018-10-14 03:27:54'),(1412,'info@ragvassallo.it','guest_to_customer','[Wacù salvaspazio per valigie e bagagli. Sottovuoto portatile] Il tuo account ospite è stato cambiato in un account cliente',1,'2018-10-14 03:31:46'),(1413,'dascaniodomenico@me.com','newsletter_verif','[Wacù salvaspazio per valigie e bagagli. Sottovuoto portatile] Verifica email',1,'2018-10-14 09:31:02'),(1414,'dascaniodomenico@me.com','newsletter_conf','[Wacù salvaspazio per valigie e bagagli. Sottovuoto portatile] Conferma newsletter',1,'2018-10-14 09:31:33'),(1415,'dascaniodomenico@me.com','newsletter_conf','[Wacù salvaspazio per valigie e bagagli. Sottovuoto portatile] Conferma newsletter',1,'2018-10-14 11:26:59'),(1416,'dascaniodomenico@me.com','account','[Wacù salvaspazio per valigie e bagagli. Sottovuoto portatile] Benvenuto!',1,'2018-10-14 11:27:00'),(1417,'info@wacu.it','new_order','[Wacù salvaspazio per valigie e bagagli. Sottovuoto portatile] New order : #194 - AJQGYXLNB',1,'2018-10-14 11:32:52'),(1418,'emanuelelana.pg@gmail.com','new_order','[Wacù salvaspazio per valigie e bagagli. Sottovuoto portatile] New order : #194 - AJQGYXLNB',1,'2018-10-14 11:32:52'),(1419,'brunoottaviani.pg@gmail.com','new_order','[Wacù salvaspazio per valigie e bagagli. Sottovuoto portatile] New order : #194 - AJQGYXLNB',1,'2018-10-14 11:32:52'),(1420,'michele.goretti@wacu.it','new_order','[Wacù salvaspazio per valigie e bagagli. Sottovuoto portatile] New order : #194 - AJQGYXLNB',1,'2018-10-14 11:32:52'),(1421,'dascaniodomenico@me.com','payment','[Wacù salvaspazio per valigie e bagagli. Sottovuoto portatile] Pagamento accettato',1,'2018-10-14 11:33:00'),(1422,'dascaniodomenico@me.com','order_conf','[Wacù salvaspazio per valigie e bagagli. Sottovuoto portatile] Conferma ordine',1,'2018-10-14 11:33:06'),(1423,'info@wacu.it','new_order','[Wacù salvaspazio per valigie e bagagli. Sottovuoto portatile] New order : #195 - PNRZBEYXG',1,'2018-10-18 08:28:52'),(1424,'emanuelelana.pg@gmail.com','new_order','[Wacù salvaspazio per valigie e bagagli. Sottovuoto portatile] New order : #195 - PNRZBEYXG',1,'2018-10-18 08:28:52'),(1425,'brunoottaviani.pg@gmail.com','new_order','[Wacù salvaspazio per valigie e bagagli. Sottovuoto portatile] New order : #195 - PNRZBEYXG',1,'2018-10-18 08:28:52'),(1426,'michele.goretti@wacu.it','new_order','[Wacù salvaspazio per valigie e bagagli. Sottovuoto portatile] New order : #195 - PNRZBEYXG',1,'2018-10-18 08:28:52'),(1427,'kiara_yaya@yahoo.it','payment','[Wacù salvaspazio per valigie e bagagli. Sottovuoto portatile] Pagamento accettato',1,'2018-10-18 08:28:57'),(1428,'kiara_yaya@yahoo.it','order_conf','[Wacù salvaspazio per valigie e bagagli. Sottovuoto portatile] Conferma ordine',1,'2018-10-18 08:29:01'),(1429,'sappynet@gmail.com','newsletter_verif','[Wacù salvaspazio per valigie e bagagli. Sottovuoto portatile] Verifica email',1,'2018-10-18 09:14:28'),(1430,'sappynet@gmail.com','newsletter_conf','[Wacù salvaspazio per valigie e bagagli. Sottovuoto portatile] Conferma newsletter',1,'2018-10-18 09:15:47'),(1431,'simonvise@gmail.com','newsletter_verif','[Wacù salvaspazio per valigie e bagagli. Sottovuoto portatile] Verifica email',1,'2018-10-18 20:06:49'),(1432,'simonvise@gmail.com','newsletter_conf','[Wacù salvaspazio per valigie e bagagli. Sottovuoto portatile] Conferma newsletter',1,'2018-10-18 20:08:51'),(1433,'pippodoc26@gmail.com','newsletter_verif','[Wacù salvaspazio per valigie e bagagli. Sottovuoto portatile] Verifica email',1,'2018-10-18 22:06:14'),(1434,'pippodoc26@gmail.com','newsletter_conf','[Wacù salvaspazio per valigie e bagagli. Sottovuoto portatile] Conferma newsletter',1,'2018-10-19 18:15:09'),(1435,'info@wacu.it','new_order','[Wacù salvaspazio per valigie e bagagli. Sottovuoto portatile] New order : #196 - GZCNVGZCU',1,'2018-10-22 14:38:51'),(1436,'emanuelelana.pg@gmail.com','new_order','[Wacù salvaspazio per valigie e bagagli. Sottovuoto portatile] New order : #196 - GZCNVGZCU',1,'2018-10-22 14:38:52'),(1437,'brunoottaviani.pg@gmail.com','new_order','[Wacù salvaspazio per valigie e bagagli. Sottovuoto portatile] New order : #196 - GZCNVGZCU',1,'2018-10-22 14:38:52'),(1438,'michele.goretti@wacu.it','new_order','[Wacù salvaspazio per valigie e bagagli. Sottovuoto portatile] New order : #196 - GZCNVGZCU',1,'2018-10-22 14:38:52'),(1439,'alessandrameloni15@gmail.com','payment','[Wacù salvaspazio per valigie e bagagli. Sottovuoto portatile] Pagamento accettato',1,'2018-10-22 14:38:56'),(1440,'alessandrameloni15@gmail.com','order_conf','[Wacù salvaspazio per valigie e bagagli. Sottovuoto portatile] Conferma ordine',1,'2018-10-22 14:39:00'),(1441,'info@wacu.it','new_order','[Wacù salvaspazio per valigie e bagagli. Sottovuoto portatile] New order : #197 - HHURILALO',1,'2018-10-25 08:42:44'),(1442,'emanuelelana.pg@gmail.com','new_order','[Wacù salvaspazio per valigie e bagagli. Sottovuoto portatile] New order : #197 - HHURILALO',1,'2018-10-25 08:42:45'),(1443,'brunoottaviani.pg@gmail.com','new_order','[Wacù salvaspazio per valigie e bagagli. Sottovuoto portatile] New order : #197 - HHURILALO',1,'2018-10-25 08:42:45'),(1444,'michele.goretti@wacu.it','new_order','[Wacù salvaspazio per valigie e bagagli. Sottovuoto portatile] New order : #197 - HHURILALO',1,'2018-10-25 08:42:45'),(1445,'alessandrameloni15@gmail.com','payment','[Wacù salvaspazio per valigie e bagagli. Sottovuoto portatile] Pagamento accettato',1,'2018-10-25 08:42:50'),(1446,'alessandrameloni15@gmail.com','order_conf','[Wacù salvaspazio per valigie e bagagli. Sottovuoto portatile] Conferma ordine',1,'2018-10-25 08:42:53'),(1447,'redfabri@alice.it','newsletter_conf','[Wacù salvaspazio per valigie e bagagli. Sottovuoto portatile] Conferma newsletter',1,'2018-10-28 20:13:56'),(1448,'redfabri@alice.it','account','[Wacù salvaspazio per valigie e bagagli. Sottovuoto portatile] Benvenuto!',1,'2018-10-28 20:13:57'),(1449,'info@wacu.it','new_order','[Wacù salvaspazio per valigie e bagagli. Sottovuoto portatile] New order : #198 - ZVTMGDSCM',1,'2018-10-28 20:27:46'),(1450,'emanuelelana.pg@gmail.com','new_order','[Wacù salvaspazio per valigie e bagagli. Sottovuoto portatile] New order : #198 - ZVTMGDSCM',1,'2018-10-28 20:27:46'),(1451,'brunoottaviani.pg@gmail.com','new_order','[Wacù salvaspazio per valigie e bagagli. Sottovuoto portatile] New order : #198 - ZVTMGDSCM',1,'2018-10-28 20:27:46'),(1452,'michele.goretti@wacu.it','new_order','[Wacù salvaspazio per valigie e bagagli. Sottovuoto portatile] New order : #198 - ZVTMGDSCM',1,'2018-10-28 20:27:46'),(1453,'redfabri@alice.it','bankwire','[Wacù salvaspazio per valigie e bagagli. Sottovuoto portatile] In attesa di pagamento con bonifico bancario',1,'2018-10-28 20:27:48'),(1454,'redfabri@alice.it','order_conf','[Wacù salvaspazio per valigie e bagagli. Sottovuoto portatile] Conferma ordine',1,'2018-10-28 20:27:48'),(1455,'info@wacu.it','new_order','[Wacù salvaspazio per valigie e bagagli. Sottovuoto portatile] New order : #199 - NQFLPZCAW',1,'2018-10-30 14:08:11'),(1456,'emanuelelana.pg@gmail.com','new_order','[Wacù salvaspazio per valigie e bagagli. Sottovuoto portatile] New order : #199 - NQFLPZCAW',1,'2018-10-30 14:08:11'),(1457,'brunoottaviani.pg@gmail.com','new_order','[Wacù salvaspazio per valigie e bagagli. Sottovuoto portatile] New order : #199 - NQFLPZCAW',1,'2018-10-30 14:08:11'),(1458,'michele.goretti@wacu.it','new_order','[Wacù salvaspazio per valigie e bagagli. Sottovuoto portatile] New order : #199 - NQFLPZCAW',1,'2018-10-30 14:08:11'),(1459,'ermanno.one@inwind.it','payment','[Wacù salvaspazio per valigie e bagagli. Sottovuoto portatile] Pagamento accettato',1,'2018-10-30 14:08:17'),(1460,'ermanno.one@inwind.it','order_conf','[Wacù salvaspazio per valigie e bagagli. Sottovuoto portatile] Conferma ordine',1,'2018-10-30 14:08:21'),(1461,'info@wacu.it','new_order','[Wacù salvaspazio per valigie e bagagli. Sottovuoto portatile] New order : #200 - ZSPHZFUCQ',1,'2018-11-09 17:38:28'),(1462,'emanuelelana.pg@gmail.com','new_order','[Wacù salvaspazio per valigie e bagagli. Sottovuoto portatile] New order : #200 - ZSPHZFUCQ',1,'2018-11-09 17:38:28'),(1463,'brunoottaviani.pg@gmail.com','new_order','[Wacù salvaspazio per valigie e bagagli. Sottovuoto portatile] New order : #200 - ZSPHZFUCQ',1,'2018-11-09 17:38:28'),(1464,'michele.goretti@wacu.it','new_order','[Wacù salvaspazio per valigie e bagagli. Sottovuoto portatile] New order : #200 - ZSPHZFUCQ',1,'2018-11-09 17:38:28'),(1465,'bea021989@gmail.com','payment','[Wacù salvaspazio per valigie e bagagli. Sottovuoto portatile] Pagamento accettato',1,'2018-11-09 17:38:34'),(1466,'bea021989@gmail.com','order_conf','[Wacù salvaspazio per valigie e bagagli. Sottovuoto portatile] Conferma ordine',1,'2018-11-09 17:38:38'),(1467,'info@wacu.it','new_order','[Wacù salvaspazio per valigie e bagagli. Sottovuoto portatile] New order : #201 - RQIUXHWFA',1,'2018-11-21 17:55:24'),(1468,'emanuelelana.pg@gmail.com','new_order','[Wacù salvaspazio per valigie e bagagli. Sottovuoto portatile] New order : #201 - RQIUXHWFA',1,'2018-11-21 17:55:25'),(1469,'brunoottaviani.pg@gmail.com','new_order','[Wacù salvaspazio per valigie e bagagli. Sottovuoto portatile] New order : #201 - RQIUXHWFA',1,'2018-11-21 17:55:25'),(1470,'michele.goretti@wacu.it','new_order','[Wacù salvaspazio per valigie e bagagli. Sottovuoto portatile] New order : #201 - RQIUXHWFA',1,'2018-11-21 17:55:25'),(1471,'francesca_cortesini@hotmail.it','payment','[Wacù salvaspazio per valigie e bagagli. Sottovuoto portatile] Pagamento accettato',1,'2018-11-21 17:55:30'),(1472,'francesca_cortesini@hotmail.it','order_conf','[Wacù salvaspazio per valigie e bagagli. Sottovuoto portatile] Conferma ordine',1,'2018-11-21 17:55:33'),(1473,'francesca_cortesini@hotmail.it','guest_to_customer','[Wacù salvaspazio per valigie e bagagli. Sottovuoto portatile] Il tuo account ospite è stato cambiato in un account cliente',1,'2018-11-22 13:49:29'),(1474,'info@wacu.it','new_order','[Wacù salvaspazio per valigie e bagagli. Sottovuoto portatile] New order : #202 - YHMGVSMRL',1,'2018-11-23 17:13:49'),(1475,'emanuelelana.pg@gmail.com','new_order','[Wacù salvaspazio per valigie e bagagli. Sottovuoto portatile] New order : #202 - YHMGVSMRL',1,'2018-11-23 17:13:49'),(1476,'brunoottaviani.pg@gmail.com','new_order','[Wacù salvaspazio per valigie e bagagli. Sottovuoto portatile] New order : #202 - YHMGVSMRL',1,'2018-11-23 17:13:50'),(1477,'michele.goretti@wacu.it','new_order','[Wacù salvaspazio per valigie e bagagli. Sottovuoto portatile] New order : #202 - YHMGVSMRL',1,'2018-11-23 17:13:50'),(1478,'alessia_lai@outlook.it','payment','[Wacù salvaspazio per valigie e bagagli. Sottovuoto portatile] Pagamento accettato',1,'2018-11-23 17:13:58'),(1479,'alessia_lai@outlook.it','order_conf','[Wacù salvaspazio per valigie e bagagli. Sottovuoto portatile] Conferma ordine',1,'2018-11-23 17:14:04'),(1480,'martina.carosi80@gmail.com','account','[Wacù salvaspazio per valigie e bagagli. Sottovuoto portatile] Benvenuto!',1,'2018-11-23 17:49:52'),(1481,'info@wacu.it','new_order','[Wacù salvaspazio per valigie e bagagli. Sottovuoto portatile] New order : #203 - YJKWLIKIU',1,'2018-11-23 17:50:46'),(1482,'emanuelelana.pg@gmail.com','new_order','[Wacù salvaspazio per valigie e bagagli. Sottovuoto portatile] New order : #203 - YJKWLIKIU',1,'2018-11-23 17:50:46'),(1483,'brunoottaviani.pg@gmail.com','new_order','[Wacù salvaspazio per valigie e bagagli. Sottovuoto portatile] New order : #203 - YJKWLIKIU',1,'2018-11-23 17:50:46'),(1484,'michele.goretti@wacu.it','new_order','[Wacù salvaspazio per valigie e bagagli. Sottovuoto portatile] New order : #203 - YJKWLIKIU',1,'2018-11-23 17:50:47'),(1485,'martina.carosi80@gmail.com','payment','[Wacù salvaspazio per valigie e bagagli. Sottovuoto portatile] Pagamento accettato',1,'2018-11-23 17:50:52'),(1486,'martina.carosi80@gmail.com','order_conf','[Wacù salvaspazio per valigie e bagagli. Sottovuoto portatile] Conferma ordine',1,'2018-11-23 17:50:56'),(1487,'walter.montone@gmail.com','account','[Wacù salvaspazio per valigie e bagagli. Sottovuoto portatile] Benvenuto!',1,'2018-11-23 19:19:37'),(1488,'info@wacu.it','new_order','[Wacù salvaspazio per valigie e bagagli. Sottovuoto portatile] New order : #204 - FYYFUSAVY',1,'2018-11-23 19:20:42'),(1489,'emanuelelana.pg@gmail.com','new_order','[Wacù salvaspazio per valigie e bagagli. Sottovuoto portatile] New order : #204 - FYYFUSAVY',1,'2018-11-23 19:20:42'),(1490,'brunoottaviani.pg@gmail.com','new_order','[Wacù salvaspazio per valigie e bagagli. Sottovuoto portatile] New order : #204 - FYYFUSAVY',1,'2018-11-23 19:20:43'),(1491,'michele.goretti@wacu.it','new_order','[Wacù salvaspazio per valigie e bagagli. Sottovuoto portatile] New order : #204 - FYYFUSAVY',1,'2018-11-23 19:20:43'),(1492,'walter.montone@gmail.com','payment','[Wacù salvaspazio per valigie e bagagli. Sottovuoto portatile] Pagamento accettato',1,'2018-11-23 19:20:48'),(1493,'walter.montone@gmail.com','order_conf','[Wacù salvaspazio per valigie e bagagli. Sottovuoto portatile] Conferma ordine',1,'2018-11-23 19:20:52'),(1494,'angelantonio.maglio@icloud.com','account','[Wacù salvaspazio per valigie e bagagli. Sottovuoto portatile] Benvenuto!',1,'2018-11-23 20:04:29'),(1495,'info@wacu.it','new_order','[Wacù salvaspazio per valigie e bagagli. Sottovuoto portatile] New order : #205 - KXOSHNLIN',1,'2018-11-23 20:06:23'),(1496,'emanuelelana.pg@gmail.com','new_order','[Wacù salvaspazio per valigie e bagagli. Sottovuoto portatile] New order : #205 - KXOSHNLIN',1,'2018-11-23 20:06:24'),(1497,'brunoottaviani.pg@gmail.com','new_order','[Wacù salvaspazio per valigie e bagagli. Sottovuoto portatile] New order : #205 - KXOSHNLIN',1,'2018-11-23 20:06:24'),(1498,'michele.goretti@wacu.it','new_order','[Wacù salvaspazio per valigie e bagagli. Sottovuoto portatile] New order : #205 - KXOSHNLIN',1,'2018-11-23 20:06:24'),(1499,'angelantonio.maglio@icloud.com','payment','[Wacù salvaspazio per valigie e bagagli. Sottovuoto portatile] Pagamento accettato',1,'2018-11-23 20:06:29'),(1500,'angelantonio.maglio@icloud.com','order_conf','[Wacù salvaspazio per valigie e bagagli. Sottovuoto portatile] Conferma ordine',1,'2018-11-23 20:06:33'),(1501,'info@wacu.it','new_order','[Wacù salvaspazio per valigie e bagagli. Sottovuoto portatile] New order : #206 - SJILVSBDD',1,'2018-11-23 20:16:24'),(1502,'emanuelelana.pg@gmail.com','new_order','[Wacù salvaspazio per valigie e bagagli. Sottovuoto portatile] New order : #206 - SJILVSBDD',1,'2018-11-23 20:16:24'),(1503,'brunoottaviani.pg@gmail.com','new_order','[Wacù salvaspazio per valigie e bagagli. Sottovuoto portatile] New order : #206 - SJILVSBDD',1,'2018-11-23 20:16:24'),(1504,'michele.goretti@wacu.it','new_order','[Wacù salvaspazio per valigie e bagagli. Sottovuoto portatile] New order : #206 - SJILVSBDD',1,'2018-11-23 20:16:24'),(1505,'mchialastri@me.com','payment','[Wacù salvaspazio per valigie e bagagli. Sottovuoto portatile] Pagamento accettato',1,'2018-11-23 20:16:30'),(1506,'mchialastri@me.com','order_conf','[Wacù salvaspazio per valigie e bagagli. Sottovuoto portatile] Conferma ordine',1,'2018-11-23 20:16:34'),(1507,'info@wacu.it','new_order','[Wacù salvaspazio per valigie e bagagli. Sottovuoto portatile] New order : #207 - ZULIRLSFQ',1,'2018-11-23 21:05:18'),(1508,'emanuelelana.pg@gmail.com','new_order','[Wacù salvaspazio per valigie e bagagli. Sottovuoto portatile] New order : #207 - ZULIRLSFQ',1,'2018-11-23 21:05:18'),(1509,'brunoottaviani.pg@gmail.com','new_order','[Wacù salvaspazio per valigie e bagagli. Sottovuoto portatile] New order : #207 - ZULIRLSFQ',1,'2018-11-23 21:05:18'),(1510,'michele.goretti@wacu.it','new_order','[Wacù salvaspazio per valigie e bagagli. Sottovuoto portatile] New order : #207 - ZULIRLSFQ',1,'2018-11-23 21:05:18'),(1511,'berlusconi.andrea@gmail.com','payment','[Wacù salvaspazio per valigie e bagagli. Sottovuoto portatile] Pagamento accettato',1,'2018-11-23 21:05:24'),(1512,'berlusconi.andrea@gmail.com','order_conf','[Wacù salvaspazio per valigie e bagagli. Sottovuoto portatile] Conferma ordine',1,'2018-11-23 21:05:28'),(1513,'al3ss1a.sbk@gmail.com','newsletter_conf','[Wacù salvaspazio per valigie e bagagli. Sottovuoto portatile] Conferma newsletter',1,'2018-11-23 21:09:49'),(1514,'info@wacu.it','new_order','[Wacù salvaspazio per valigie e bagagli. Sottovuoto portatile] New order : #208 - PSRZEQDSA',1,'2018-11-23 21:17:01'),(1515,'emanuelelana.pg@gmail.com','new_order','[Wacù salvaspazio per valigie e bagagli. Sottovuoto portatile] New order : #208 - PSRZEQDSA',1,'2018-11-23 21:17:01'),(1516,'brunoottaviani.pg@gmail.com','new_order','[Wacù salvaspazio per valigie e bagagli. Sottovuoto portatile] New order : #208 - PSRZEQDSA',1,'2018-11-23 21:17:02'),(1517,'michele.goretti@wacu.it','new_order','[Wacù salvaspazio per valigie e bagagli. Sottovuoto portatile] New order : #208 - PSRZEQDSA',1,'2018-11-23 21:17:02'),(1518,'al3ss1a.sbk@gmail.com','bankwire','[Wacù salvaspazio per valigie e bagagli. Sottovuoto portatile] In attesa di pagamento con bonifico bancario',1,'2018-11-23 21:17:03'),(1519,'al3ss1a.sbk@gmail.com','order_conf','[Wacù salvaspazio per valigie e bagagli. Sottovuoto portatile] Conferma ordine',1,'2018-11-23 21:17:04'),(1520,'info@wacu.it','new_order','[Wacù salvaspazio per valigie e bagagli. Sottovuoto portatile] New order : #209 - FWQUDZKQV',1,'2018-11-23 22:31:54'),(1521,'emanuelelana.pg@gmail.com','new_order','[Wacù salvaspazio per valigie e bagagli. Sottovuoto portatile] New order : #209 - FWQUDZKQV',1,'2018-11-23 22:31:54'),(1522,'brunoottaviani.pg@gmail.com','new_order','[Wacù salvaspazio per valigie e bagagli. Sottovuoto portatile] New order : #209 - FWQUDZKQV',1,'2018-11-23 22:31:55'),(1523,'michele.goretti@wacu.it','new_order','[Wacù salvaspazio per valigie e bagagli. Sottovuoto portatile] New order : #209 - FWQUDZKQV',1,'2018-11-23 22:31:55'),(1524,'giordanovolpini@gmail.com','payment','[Wacù salvaspazio per valigie e bagagli. Sottovuoto portatile] Pagamento accettato',1,'2018-11-23 22:32:00'),(1525,'giordanovolpini@gmail.com','order_conf','[Wacù salvaspazio per valigie e bagagli. Sottovuoto portatile] Conferma ordine',1,'2018-11-23 22:32:14'),(1526,'info@wacu.it','new_order','[Wacù salvaspazio per valigie e bagagli. Sottovuoto portatile] New order : #210 - BRNNHKDAL',1,'2018-11-24 08:02:36'),(1527,'emanuelelana.pg@gmail.com','new_order','[Wacù salvaspazio per valigie e bagagli. Sottovuoto portatile] New order : #210 - BRNNHKDAL',1,'2018-11-24 08:02:37'),(1528,'brunoottaviani.pg@gmail.com','new_order','[Wacù salvaspazio per valigie e bagagli. Sottovuoto portatile] New order : #210 - BRNNHKDAL',1,'2018-11-24 08:02:37'),(1529,'michele.goretti@wacu.it','new_order','[Wacù salvaspazio per valigie e bagagli. Sottovuoto portatile] New order : #210 - BRNNHKDAL',1,'2018-11-24 08:02:37'),(1530,'liaison.debo@gmail.com','payment','[Wacù salvaspazio per valigie e bagagli. Sottovuoto portatile] Pagamento accettato',1,'2018-11-24 08:02:42'),(1531,'liaison.debo@gmail.com','order_conf','[Wacù salvaspazio per valigie e bagagli. Sottovuoto portatile] Conferma ordine',1,'2018-11-24 08:02:46'),(1532,'magliano.daniela@libero.it','newsletter_verif','[Wacù salvaspazio per valigie e bagagli. Sottovuoto portatile] Verifica email',1,'2018-11-24 09:13:16'),(1533,'magliano.daniela@libero.it','newsletter_conf','[Wacù salvaspazio per valigie e bagagli. Sottovuoto portatile] Conferma newsletter',1,'2018-11-24 09:25:17'),(1534,'magliano.daniela@libero.it','account','[Wacù salvaspazio per valigie e bagagli. Sottovuoto portatile] Benvenuto!',1,'2018-11-24 09:25:18'),(1535,'info@wacu.it','new_order','[Wacù salvaspazio per valigie e bagagli. Sottovuoto portatile] New order : #211 - DUHZRLKPB',1,'2018-11-24 09:26:55'),(1536,'emanuelelana.pg@gmail.com','new_order','[Wacù salvaspazio per valigie e bagagli. Sottovuoto portatile] New order : #211 - DUHZRLKPB',1,'2018-11-24 09:26:55'),(1537,'brunoottaviani.pg@gmail.com','new_order','[Wacù salvaspazio per valigie e bagagli. Sottovuoto portatile] New order : #211 - DUHZRLKPB',1,'2018-11-24 09:26:55'),(1538,'michele.goretti@wacu.it','new_order','[Wacù salvaspazio per valigie e bagagli. Sottovuoto portatile] New order : #211 - DUHZRLKPB',1,'2018-11-24 09:26:55'),(1539,'magliano.daniela@libero.it','payment','[Wacù salvaspazio per valigie e bagagli. Sottovuoto portatile] Pagamento accettato',1,'2018-11-24 09:27:01'),(1540,'magliano.daniela@libero.it','order_conf','[Wacù salvaspazio per valigie e bagagli. Sottovuoto portatile] Conferma ordine',1,'2018-11-24 09:27:06'),(1541,'info@wacu.it','new_order','[Wacù salvaspazio per valigie e bagagli. Sottovuoto portatile] New order : #212 - AXMFAKEHS',1,'2018-11-24 12:16:51'),(1542,'emanuelelana.pg@gmail.com','new_order','[Wacù salvaspazio per valigie e bagagli. Sottovuoto portatile] New order : #212 - AXMFAKEHS',1,'2018-11-24 12:16:51'),(1543,'brunoottaviani.pg@gmail.com','new_order','[Wacù salvaspazio per valigie e bagagli. Sottovuoto portatile] New order : #212 - AXMFAKEHS',1,'2018-11-24 12:16:51'),(1544,'michele.goretti@wacu.it','new_order','[Wacù salvaspazio per valigie e bagagli. Sottovuoto portatile] New order : #212 - AXMFAKEHS',1,'2018-11-24 12:16:51'),(1545,'alexander.dambrosio@gmail.com','payment','[Wacù salvaspazio per valigie e bagagli. Sottovuoto portatile] Pagamento accettato',1,'2018-11-24 12:16:56'),(1546,'alexander.dambrosio@gmail.com','order_conf','[Wacù salvaspazio per valigie e bagagli. Sottovuoto portatile] Conferma ordine',1,'2018-11-24 12:17:00'),(1547,'serenadema@hotmail.it','newsletter_conf','[Wacù salvaspazio per valigie e bagagli. Sottovuoto portatile] Conferma newsletter',1,'2018-11-24 12:18:34'),(1548,'serenadema@hotmail.it','account','[Wacù salvaspazio per valigie e bagagli. Sottovuoto portatile] Benvenuto!',1,'2018-11-24 12:18:35'),(1549,'info@wacu.it','new_order','[Wacù salvaspazio per valigie e bagagli. Sottovuoto portatile] New order : #213 - OCPCVAPNH',1,'2018-11-24 12:20:22'),(1550,'emanuelelana.pg@gmail.com','new_order','[Wacù salvaspazio per valigie e bagagli. Sottovuoto portatile] New order : #213 - OCPCVAPNH',1,'2018-11-24 12:20:22'),(1551,'brunoottaviani.pg@gmail.com','new_order','[Wacù salvaspazio per valigie e bagagli. Sottovuoto portatile] New order : #213 - OCPCVAPNH',1,'2018-11-24 12:20:22'),(1552,'michele.goretti@wacu.it','new_order','[Wacù salvaspazio per valigie e bagagli. Sottovuoto portatile] New order : #213 - OCPCVAPNH',1,'2018-11-24 12:20:23'),(1553,'serenadema@hotmail.it','payment','[Wacù salvaspazio per valigie e bagagli. Sottovuoto portatile] Pagamento accettato',1,'2018-11-24 12:20:29'),(1554,'serenadema@hotmail.it','order_conf','[Wacù salvaspazio per valigie e bagagli. Sottovuoto portatile] Conferma ordine',1,'2018-11-24 12:20:33'),(1555,'marco.tagliavacche@gmail.com','account','[Wacù salvaspazio per valigie e bagagli. Sottovuoto portatile] Benvenuto!',1,'2018-11-24 12:21:55'),(1556,'info@wacu.it','new_order','[Wacù salvaspazio per valigie e bagagli. Sottovuoto portatile] New order : #214 - HSLVRFZRQ',1,'2018-11-24 12:22:39'),(1557,'emanuelelana.pg@gmail.com','new_order','[Wacù salvaspazio per valigie e bagagli. Sottovuoto portatile] New order : #214 - HSLVRFZRQ',1,'2018-11-24 12:22:39'),(1558,'brunoottaviani.pg@gmail.com','new_order','[Wacù salvaspazio per valigie e bagagli. Sottovuoto portatile] New order : #214 - HSLVRFZRQ',1,'2018-11-24 12:22:39'),(1559,'michele.goretti@wacu.it','new_order','[Wacù salvaspazio per valigie e bagagli. Sottovuoto portatile] New order : #214 - HSLVRFZRQ',1,'2018-11-24 12:22:39'),(1560,'marco.tagliavacche@gmail.com','payment','[Wacù salvaspazio per valigie e bagagli. Sottovuoto portatile] Pagamento accettato',1,'2018-11-24 12:22:44'),(1561,'alessia_lai@outlook.it','guest_to_customer','[Wacù salvaspazio per valigie e bagagli. Sottovuoto portatile] Il tuo account ospite è stato cambiato in un account cliente',1,'2018-11-24 12:22:45'),(1562,'marco.tagliavacche@gmail.com','order_conf','[Wacù salvaspazio per valigie e bagagli. Sottovuoto portatile] Conferma ordine',1,'2018-11-24 12:22:48'),(1563,'gennaro.delduca@edenred.com','account','[Wacù salvaspazio per valigie e bagagli. Sottovuoto portatile] Benvenuto!',1,'2018-11-24 16:05:29'),(1564,'gennaro.delduca@edenred.com','account','[Wacù salvaspazio per valigie e bagagli. Sottovuoto portatile] Benvenuto!',1,'2018-11-24 16:05:29'),(1565,'caterina.callai@libero.it','newsletter_verif','[Wacù salvaspazio per valigie e bagagli. Sottovuoto portatile] Verifica email',1,'2018-11-24 16:46:45'),(1566,'caterina.callai@libero.it','newsletter_conf','[Wacù salvaspazio per valigie e bagagli. Sottovuoto portatile] Conferma newsletter',1,'2018-11-24 17:14:22'),(1567,'emanuele.panarelli@libero.it','account','[Wacù salvaspazio per valigie e bagagli. Sottovuoto portatile] Benvenuto!',1,'2018-11-24 17:24:42'),(1568,'info@wacu.it','new_order','[Wacù salvaspazio per valigie e bagagli. Sottovuoto portatile] New order : #215 - PUUUHNQQM',1,'2018-11-24 17:30:09'),(1569,'emanuelelana.pg@gmail.com','new_order','[Wacù salvaspazio per valigie e bagagli. Sottovuoto portatile] New order : #215 - PUUUHNQQM',1,'2018-11-24 17:30:09'),(1570,'brunoottaviani.pg@gmail.com','new_order','[Wacù salvaspazio per valigie e bagagli. Sottovuoto portatile] New order : #215 - PUUUHNQQM',1,'2018-11-24 17:30:09'),(1571,'michele.goretti@wacu.it','new_order','[Wacù salvaspazio per valigie e bagagli. Sottovuoto portatile] New order : #215 - PUUUHNQQM',1,'2018-11-24 17:30:09'),(1572,'emanuele.panarelli@libero.it','payment','[Wacù salvaspazio per valigie e bagagli. Sottovuoto portatile] Pagamento accettato',1,'2018-11-24 17:30:16'),(1573,'emanuele.panarelli@libero.it','order_conf','[Wacù salvaspazio per valigie e bagagli. Sottovuoto portatile] Conferma ordine',1,'2018-11-24 17:30:20'),(1574,'ilaria.panarari@yahoo.it','newsletter_conf','[Wacù salvaspazio per valigie e bagagli. Sottovuoto portatile] Conferma newsletter',1,'2018-11-24 18:18:40'),(1575,'ilaria.panarari@yahoo.it','account','[Wacù salvaspazio per valigie e bagagli. Sottovuoto portatile] Benvenuto!',1,'2018-11-24 18:18:40'),(1576,'info@wacu.it','new_order','[Wacù salvaspazio per valigie e bagagli. Sottovuoto portatile] New order : #216 - HCXYVNGUZ',1,'2018-11-24 18:19:36'),(1577,'emanuelelana.pg@gmail.com','new_order','[Wacù salvaspazio per valigie e bagagli. Sottovuoto portatile] New order : #216 - HCXYVNGUZ',1,'2018-11-24 18:19:37'),(1578,'brunoottaviani.pg@gmail.com','new_order','[Wacù salvaspazio per valigie e bagagli. Sottovuoto portatile] New order : #216 - HCXYVNGUZ',1,'2018-11-24 18:19:37'),(1579,'michele.goretti@wacu.it','new_order','[Wacù salvaspazio per valigie e bagagli. Sottovuoto portatile] New order : #216 - HCXYVNGUZ',1,'2018-11-24 18:19:37'),(1580,'ilaria.panarari@yahoo.it','payment','[Wacù salvaspazio per valigie e bagagli. Sottovuoto portatile] Pagamento accettato',1,'2018-11-24 18:19:45'),(1581,'ilaria.panarari@yahoo.it','order_conf','[Wacù salvaspazio per valigie e bagagli. Sottovuoto portatile] Conferma ordine',1,'2018-11-24 18:19:50'),(1582,'caterina.callai@libero.it','newsletter_conf','[Wacù salvaspazio per valigie e bagagli. Sottovuoto portatile] Conferma newsletter',1,'2018-11-24 18:27:59'),(1583,'caterina.callai@libero.it','account','[Wacù salvaspazio per valigie e bagagli. Sottovuoto portatile] Benvenuto!',1,'2018-11-24 18:27:59'),(1584,'mavieestma@icloud.com','account','[Wacù salvaspazio per valigie e bagagli. Sottovuoto portatile] Benvenuto!',1,'2018-11-24 19:03:41'),(1585,'giulialacorte1995@gmail.com','newsletter_conf','[Wacù salvaspazio per valigie e bagagli. Sottovuoto portatile] Conferma newsletter',1,'2018-11-24 21:33:38'),(1586,'giulialacorte1995@gmail.com','account','[Wacù salvaspazio per valigie e bagagli. Sottovuoto portatile] Benvenuto!',1,'2018-11-24 21:33:38'),(1587,'info@wacu.it','new_order','[Wacù salvaspazio per valigie e bagagli. Sottovuoto portatile] New order : #217 - JAYCGHOHN',1,'2018-11-24 21:35:28'),(1588,'emanuelelana.pg@gmail.com','new_order','[Wacù salvaspazio per valigie e bagagli. Sottovuoto portatile] New order : #217 - JAYCGHOHN',1,'2018-11-24 21:35:29'),(1589,'brunoottaviani.pg@gmail.com','new_order','[Wacù salvaspazio per valigie e bagagli. Sottovuoto portatile] New order : #217 - JAYCGHOHN',1,'2018-11-24 21:35:29'),(1590,'michele.goretti@wacu.it','new_order','[Wacù salvaspazio per valigie e bagagli. Sottovuoto portatile] New order : #217 - JAYCGHOHN',1,'2018-11-24 21:35:29'),(1591,'giulialacorte1995@gmail.com','payment','[Wacù salvaspazio per valigie e bagagli. Sottovuoto portatile] Pagamento accettato',1,'2018-11-24 21:35:34'),(1592,'giulialacorte1995@gmail.com','order_conf','[Wacù salvaspazio per valigie e bagagli. Sottovuoto portatile] Conferma ordine',1,'2018-11-24 21:35:38'),(1593,'simoneberna.013@gmail.com','account','[Wacù salvaspazio per valigie e bagagli. Sottovuoto portatile] Benvenuto!',1,'2018-11-24 21:47:15'),(1594,'info@wacu.it','new_order','[Wacù salvaspazio per valigie e bagagli. Sottovuoto portatile] New order : #218 - JWKCNECWY',1,'2018-11-24 21:47:56'),(1595,'emanuelelana.pg@gmail.com','new_order','[Wacù salvaspazio per valigie e bagagli. Sottovuoto portatile] New order : #218 - JWKCNECWY',1,'2018-11-24 21:47:56'),(1596,'brunoottaviani.pg@gmail.com','new_order','[Wacù salvaspazio per valigie e bagagli. Sottovuoto portatile] New order : #218 - JWKCNECWY',1,'2018-11-24 21:47:56'),(1597,'michele.goretti@wacu.it','new_order','[Wacù salvaspazio per valigie e bagagli. Sottovuoto portatile] New order : #218 - JWKCNECWY',1,'2018-11-24 21:47:56'),(1598,'simoneberna.013@gmail.com','payment','[Wacù salvaspazio per valigie e bagagli. Sottovuoto portatile] Pagamento accettato',1,'2018-11-24 21:48:02'),(1599,'simoneberna.013@gmail.com','order_conf','[Wacù salvaspazio per valigie e bagagli. Sottovuoto portatile] Conferma ordine',1,'2018-11-24 21:48:06'),(1600,'corrado.lanino@gmail.com','account','[Wacù salvaspazio per valigie e bagagli. Sottovuoto portatile] Benvenuto!',1,'2018-11-25 09:09:35'),(1601,'Piccolasole@live.it','newsletter_verif','[Wacù salvaspazio per valigie e bagagli. Sottovuoto portatile] Verifica email',1,'2018-11-25 10:32:15'),(1602,'anna_rota.88@hotmail.it','account','[Wacù salvaspazio per valigie e bagagli. Sottovuoto portatile] Benvenuto!',1,'2018-11-25 12:13:25'),(1603,'info@wacu.it','new_order','[Wacù salvaspazio per valigie e bagagli. Sottovuoto portatile] New order : #219 - GNPZIMEME',1,'2018-11-25 12:46:23'),(1604,'emanuelelana.pg@gmail.com','new_order','[Wacù salvaspazio per valigie e bagagli. Sottovuoto portatile] New order : #219 - GNPZIMEME',1,'2018-11-25 12:46:23'),(1605,'brunoottaviani.pg@gmail.com','new_order','[Wacù salvaspazio per valigie e bagagli. Sottovuoto portatile] New order : #219 - GNPZIMEME',1,'2018-11-25 12:46:23'),(1606,'michele.goretti@wacu.it','new_order','[Wacù salvaspazio per valigie e bagagli. Sottovuoto portatile] New order : #219 - GNPZIMEME',1,'2018-11-25 12:46:23'),(1607,'anna_rota.88@hotmail.it','payment','[Wacù salvaspazio per valigie e bagagli. Sottovuoto portatile] Pagamento accettato',1,'2018-11-25 12:46:29'),(1608,'anna_rota.88@hotmail.it','order_conf','[Wacù salvaspazio per valigie e bagagli. Sottovuoto portatile] Conferma ordine',1,'2018-11-25 12:46:32'),(1609,'info@wacu.it','new_order','[Wacù salvaspazio per valigie e bagagli. Sottovuoto portatile] New order : #220 - ACWCVQFHD',1,'2018-11-25 14:27:38'),(1610,'emanuelelana.pg@gmail.com','new_order','[Wacù salvaspazio per valigie e bagagli. Sottovuoto portatile] New order : #220 - ACWCVQFHD',1,'2018-11-25 14:27:38'),(1611,'brunoottaviani.pg@gmail.com','new_order','[Wacù salvaspazio per valigie e bagagli. Sottovuoto portatile] New order : #220 - ACWCVQFHD',1,'2018-11-25 14:27:38'),(1612,'michele.goretti@wacu.it','new_order','[Wacù salvaspazio per valigie e bagagli. Sottovuoto portatile] New order : #220 - ACWCVQFHD',1,'2018-11-25 14:27:39'),(1613,'marco.rancati1@gmail.com','payment','[Wacù salvaspazio per valigie e bagagli. Sottovuoto portatile] Pagamento accettato',1,'2018-11-25 14:27:44'),(1614,'marco.rancati1@gmail.com','order_conf','[Wacù salvaspazio per valigie e bagagli. Sottovuoto portatile] Conferma ordine',1,'2018-11-25 14:27:47'),(1615,'info@wacu.it','new_order','[Wacù salvaspazio per valigie e bagagli. Sottovuoto portatile] New order : #221 - GGFOKVFDT',1,'2018-11-25 14:51:53'),(1616,'emanuelelana.pg@gmail.com','new_order','[Wacù salvaspazio per valigie e bagagli. Sottovuoto portatile] New order : #221 - GGFOKVFDT',1,'2018-11-25 14:51:53'),(1617,'brunoottaviani.pg@gmail.com','new_order','[Wacù salvaspazio per valigie e bagagli. Sottovuoto portatile] New order : #221 - GGFOKVFDT',1,'2018-11-25 14:51:53'),(1618,'michele.goretti@wacu.it','new_order','[Wacù salvaspazio per valigie e bagagli. Sottovuoto portatile] New order : #221 - GGFOKVFDT',1,'2018-11-25 14:51:53'),(1619,'a.pozzi2512@gmail.com','payment','[Wacù salvaspazio per valigie e bagagli. Sottovuoto portatile] Pagamento accettato',1,'2018-11-25 14:51:59'),(1620,'a.pozzi2512@gmail.com','order_conf','[Wacù salvaspazio per valigie e bagagli. Sottovuoto portatile] Conferma ordine',1,'2018-11-25 14:52:14'),(1621,'donatellamontagna@virgilio.it','newsletter_conf','[Wacù salvaspazio per valigie e bagagli. Sottovuoto portatile] Conferma newsletter',1,'2018-11-25 16:39:50'),(1622,'donatellamontagna@virgilio.it','account','[Wacù salvaspazio per valigie e bagagli. Sottovuoto portatile] Benvenuto!',1,'2018-11-25 16:39:51'),(1623,'info@wacu.it','new_order','[Wacù salvaspazio per valigie e bagagli. Sottovuoto portatile] New order : #222 - ELKBFWOEX',1,'2018-11-25 16:43:55'),(1624,'emanuelelana.pg@gmail.com','new_order','[Wacù salvaspazio per valigie e bagagli. Sottovuoto portatile] New order : #222 - ELKBFWOEX',1,'2018-11-25 16:43:55'),(1625,'brunoottaviani.pg@gmail.com','new_order','[Wacù salvaspazio per valigie e bagagli. Sottovuoto portatile] New order : #222 - ELKBFWOEX',1,'2018-11-25 16:43:55'),(1626,'michele.goretti@wacu.it','new_order','[Wacù salvaspazio per valigie e bagagli. Sottovuoto portatile] New order : #222 - ELKBFWOEX',1,'2018-11-25 16:43:55'),(1627,'donatellamontagna@virgilio.it','payment','[Wacù salvaspazio per valigie e bagagli. Sottovuoto portatile] Pagamento accettato',1,'2018-11-25 16:44:13'),(1628,'donatellamontagna@virgilio.it','order_conf','[Wacù salvaspazio per valigie e bagagli. Sottovuoto portatile] Conferma ordine',1,'2018-11-25 16:44:18'),(1629,'info@wacu.it','new_order','[Wacù salvaspazio per valigie e bagagli. Sottovuoto portatile] New order : #223 - VXOKFZOVA',1,'2018-11-25 19:11:41'),(1630,'emanuelelana.pg@gmail.com','new_order','[Wacù salvaspazio per valigie e bagagli. Sottovuoto portatile] New order : #223 - VXOKFZOVA',1,'2018-11-25 19:11:41'),(1631,'brunoottaviani.pg@gmail.com','new_order','[Wacù salvaspazio per valigie e bagagli. Sottovuoto portatile] New order : #223 - VXOKFZOVA',1,'2018-11-25 19:11:41'),(1632,'michele.goretti@wacu.it','new_order','[Wacù salvaspazio per valigie e bagagli. Sottovuoto portatile] New order : #223 - VXOKFZOVA',1,'2018-11-25 19:11:41'),(1633,'dellorusso.daniela@gmail.com','payment','[Wacù salvaspazio per valigie e bagagli. Sottovuoto portatile] Pagamento accettato',1,'2018-11-25 19:11:46'),(1634,'dellorusso.daniela@gmail.com','order_conf','[Wacù salvaspazio per valigie e bagagli. Sottovuoto portatile] Conferma ordine',1,'2018-11-25 19:11:50'),(1635,'simonvise@gmail.com','newsletter_conf','[Wacù salvaspazio per valigie e bagagli. Sottovuoto portatile] Conferma newsletter',1,'2018-11-25 20:54:17'),(1636,'simonvise@gmail.com','account','[Wacù salvaspazio per valigie e bagagli. Sottovuoto portatile] Benvenuto!',1,'2018-11-25 20:54:18'),(1637,'info@wacu.it','new_order','[Wacù salvaspazio per valigie e bagagli. Sottovuoto portatile] New order : #224 - DOECHNUPZ',1,'2018-11-25 20:55:12'),(1638,'emanuelelana.pg@gmail.com','new_order','[Wacù salvaspazio per valigie e bagagli. Sottovuoto portatile] New order : #224 - DOECHNUPZ',1,'2018-11-25 20:55:12'),(1639,'brunoottaviani.pg@gmail.com','new_order','[Wacù salvaspazio per valigie e bagagli. Sottovuoto portatile] New order : #224 - DOECHNUPZ',1,'2018-11-25 20:55:12'),(1640,'michele.goretti@wacu.it','new_order','[Wacù salvaspazio per valigie e bagagli. Sottovuoto portatile] New order : #224 - DOECHNUPZ',1,'2018-11-25 20:55:12'),(1641,'simonvise@gmail.com','payment','[Wacù salvaspazio per valigie e bagagli. Sottovuoto portatile] Pagamento accettato',1,'2018-11-25 20:55:19'),(1642,'simonvise@gmail.com','order_conf','[Wacù salvaspazio per valigie e bagagli. Sottovuoto portatile] Conferma ordine',1,'2018-11-25 20:55:24'),(1643,'info@wacu.it','new_order','[Wacù salvaspazio per valigie e bagagli. Sottovuoto portatile] New order : #225 - JQMWHQYYQ',1,'2018-11-25 23:13:23'),(1644,'emanuelelana.pg@gmail.com','new_order','[Wacù salvaspazio per valigie e bagagli. Sottovuoto portatile] New order : #225 - JQMWHQYYQ',1,'2018-11-25 23:13:23'),(1645,'brunoottaviani.pg@gmail.com','new_order','[Wacù salvaspazio per valigie e bagagli. Sottovuoto portatile] New order : #225 - JQMWHQYYQ',1,'2018-11-25 23:13:24'),(1646,'michele.goretti@wacu.it','new_order','[Wacù salvaspazio per valigie e bagagli. Sottovuoto portatile] New order : #225 - JQMWHQYYQ',1,'2018-11-25 23:13:24'),(1647,'audano@me.com','payment','[Wacù salvaspazio per valigie e bagagli. Sottovuoto portatile] Pagamento accettato',1,'2018-11-25 23:13:30'),(1648,'audano@me.com','order_conf','[Wacù salvaspazio per valigie e bagagli. Sottovuoto portatile] Conferma ordine',1,'2018-11-25 23:13:34'),(1649,'raffaellacinti@alice.it','newsletter_verif','[Wacù salvaspazio per valigie e bagagli. Sottovuoto portatile] Verifica email',1,'2018-11-25 23:21:46'),(1650,'raffaellacinti@alice.it','newsletter_conf','[Wacù salvaspazio per valigie e bagagli. Sottovuoto portatile] Conferma newsletter',1,'2018-11-25 23:22:35'),(1651,'raffaellacinti@alice.it','newsletter_conf','[Wacù salvaspazio per valigie e bagagli. Sottovuoto portatile] Conferma newsletter',1,'2018-11-25 23:28:08'),(1652,'raffaellacinti@alice.it','account','[Wacù salvaspazio per valigie e bagagli. Sottovuoto portatile] Benvenuto!',1,'2018-11-25 23:28:08'),(1653,'info@wacu.it','new_order','[Wacù salvaspazio per valigie e bagagli. Sottovuoto portatile] New order : #226 - HVMVLTIKR',1,'2018-11-25 23:37:47'),(1654,'emanuelelana.pg@gmail.com','new_order','[Wacù salvaspazio per valigie e bagagli. Sottovuoto portatile] New order : #226 - HVMVLTIKR',1,'2018-11-25 23:37:47'),(1655,'brunoottaviani.pg@gmail.com','new_order','[Wacù salvaspazio per valigie e bagagli. Sottovuoto portatile] New order : #226 - HVMVLTIKR',1,'2018-11-25 23:37:47'),(1656,'michele.goretti@wacu.it','new_order','[Wacù salvaspazio per valigie e bagagli. Sottovuoto portatile] New order : #226 - HVMVLTIKR',1,'2018-11-25 23:37:48'),(1657,'raffaellacinti@alice.it','payment','[Wacù salvaspazio per valigie e bagagli. Sottovuoto portatile] Pagamento accettato',1,'2018-11-25 23:37:55'),(1658,'raffaellacinti@alice.it','order_conf','[Wacù salvaspazio per valigie e bagagli. Sottovuoto portatile] Conferma ordine',1,'2018-11-25 23:38:00'),(1659,'info@wacu.it','new_order','[Wacù salvaspazio per valigie e bagagli. Sottovuoto portatile] New order : #227 - CXSHPSCIU',1,'2018-11-25 23:52:11'),(1660,'emanuelelana.pg@gmail.com','new_order','[Wacù salvaspazio per valigie e bagagli. Sottovuoto portatile] New order : #227 - CXSHPSCIU',1,'2018-11-25 23:52:11'),(1661,'brunoottaviani.pg@gmail.com','new_order','[Wacù salvaspazio per valigie e bagagli. Sottovuoto portatile] New order : #227 - CXSHPSCIU',1,'2018-11-25 23:52:11'),(1662,'michele.goretti@wacu.it','new_order','[Wacù salvaspazio per valigie e bagagli. Sottovuoto portatile] New order : #227 - CXSHPSCIU',1,'2018-11-25 23:52:11'),(1663,'shoei@tin.it','payment','[Wacù salvaspazio per valigie e bagagli. Sottovuoto portatile] Pagamento accettato',1,'2018-11-25 23:52:16'),(1664,'shoei@tin.it','order_conf','[Wacù salvaspazio per valigie e bagagli. Sottovuoto portatile] Conferma ordine',1,'2018-11-25 23:52:20'),(1665,'info@wacu.it','new_order','[Wacù salvaspazio per valigie e bagagli. Sottovuoto portatile] New order : #228 - KPNWMHNVB',1,'2018-11-26 00:15:53'),(1666,'emanuelelana.pg@gmail.com','new_order','[Wacù salvaspazio per valigie e bagagli. Sottovuoto portatile] New order : #228 - KPNWMHNVB',1,'2018-11-26 00:15:53'),(1667,'brunoottaviani.pg@gmail.com','new_order','[Wacù salvaspazio per valigie e bagagli. Sottovuoto portatile] New order : #228 - KPNWMHNVB',1,'2018-11-26 00:15:53'),(1668,'michele.goretti@wacu.it','new_order','[Wacù salvaspazio per valigie e bagagli. Sottovuoto portatile] New order : #228 - KPNWMHNVB',1,'2018-11-26 00:15:53'),(1669,'silviaundici@alice.it','payment','[Wacù salvaspazio per valigie e bagagli. Sottovuoto portatile] Pagamento accettato',1,'2018-11-26 00:15:58'),(1670,'silviaundici@alice.it','order_conf','[Wacù salvaspazio per valigie e bagagli. Sottovuoto portatile] Conferma ordine',1,'2018-11-26 00:16:02'),(1671,'info@wacu.it','new_order','[Wacù salvaspazio per valigie e bagagli. Sottovuoto portatile] New order : #229 - BWLWWOEBO',1,'2018-11-26 01:48:32'),(1672,'emanuelelana.pg@gmail.com','new_order','[Wacù salvaspazio per valigie e bagagli. Sottovuoto portatile] New order : #229 - BWLWWOEBO',1,'2018-11-26 01:48:32'),(1673,'brunoottaviani.pg@gmail.com','new_order','[Wacù salvaspazio per valigie e bagagli. Sottovuoto portatile] New order : #229 - BWLWWOEBO',1,'2018-11-26 01:48:32'),(1674,'michele.goretti@wacu.it','new_order','[Wacù salvaspazio per valigie e bagagli. Sottovuoto portatile] New order : #229 - BWLWWOEBO',1,'2018-11-26 01:48:32'),(1675,'giacomo.ciccarone@hotmail.it','payment','[Wacù salvaspazio per valigie e bagagli. Sottovuoto portatile] Pagamento accettato',1,'2018-11-26 01:48:37'),(1676,'giacomo.ciccarone@hotmail.it','order_conf','[Wacù salvaspazio per valigie e bagagli. Sottovuoto portatile] Conferma ordine',1,'2018-11-26 01:48:41'),(1677,'giacomo.ciccarone@hotmail.it','guest_to_customer','[Wacù salvaspazio per valigie e bagagli. Sottovuoto portatile] Il tuo account ospite è stato cambiato in un account cliente',1,'2018-11-26 01:50:30'),(1678,'info@wacu.it','new_order','[Wacù salvaspazio per valigie e bagagli. Sottovuoto portatile] New order : #230 - HBYZKGYRX',1,'2018-11-26 09:29:24'),(1679,'emanuelelana.pg@gmail.com','new_order','[Wacù salvaspazio per valigie e bagagli. Sottovuoto portatile] New order : #230 - HBYZKGYRX',1,'2018-11-26 09:29:24'),(1680,'brunoottaviani.pg@gmail.com','new_order','[Wacù salvaspazio per valigie e bagagli. Sottovuoto portatile] New order : #230 - HBYZKGYRX',1,'2018-11-26 09:29:24'),(1681,'michele.goretti@wacu.it','new_order','[Wacù salvaspazio per valigie e bagagli. Sottovuoto portatile] New order : #230 - HBYZKGYRX',1,'2018-11-26 09:29:24'),(1682,'silvia.milone.81@gmail.com','bankwire','[Wacù salvaspazio per valigie e bagagli. Sottovuoto portatile] In attesa di pagamento con bonifico bancario',1,'2018-11-26 09:29:26'),(1683,'silvia.milone.81@gmail.com','order_conf','[Wacù salvaspazio per valigie e bagagli. Sottovuoto portatile] Conferma ordine',1,'2018-11-26 09:29:26'),(1684,'info@wacu.it','new_order','[Wacù salvaspazio per valigie e bagagli. Sottovuoto portatile] New order : #231 - TAHMPTLGT',1,'2018-11-26 12:02:27'),(1685,'emanuelelana.pg@gmail.com','new_order','[Wacù salvaspazio per valigie e bagagli. Sottovuoto portatile] New order : #231 - TAHMPTLGT',1,'2018-11-26 12:02:27'),(1686,'brunoottaviani.pg@gmail.com','new_order','[Wacù salvaspazio per valigie e bagagli. Sottovuoto portatile] New order : #231 - TAHMPTLGT',1,'2018-11-26 12:02:27'),(1687,'michele.goretti@wacu.it','new_order','[Wacù salvaspazio per valigie e bagagli. Sottovuoto portatile] New order : #231 - TAHMPTLGT',1,'2018-11-26 12:02:28'),(1688,'ylenia.bonomi@gmail.com','payment','[Wacù salvaspazio per valigie e bagagli. Sottovuoto portatile] Pagamento accettato',1,'2018-11-26 12:02:34'),(1689,'ylenia.bonomi@gmail.com','order_conf','[Wacù salvaspazio per valigie e bagagli. Sottovuoto portatile] Conferma ordine',1,'2018-11-26 12:02:39'),(1690,'info@wacu.it','new_order','[Wacù salvaspazio per valigie e bagagli. Sottovuoto portatile] New order : #232 - CGVNOZZXB',1,'2018-11-26 12:44:10'),(1691,'emanuelelana.pg@gmail.com','new_order','[Wacù salvaspazio per valigie e bagagli. Sottovuoto portatile] New order : #232 - CGVNOZZXB',1,'2018-11-26 12:44:10'),(1692,'brunoottaviani.pg@gmail.com','new_order','[Wacù salvaspazio per valigie e bagagli. Sottovuoto portatile] New order : #232 - CGVNOZZXB',1,'2018-11-26 12:44:10'),(1693,'michele.goretti@wacu.it','new_order','[Wacù salvaspazio per valigie e bagagli. Sottovuoto portatile] New order : #232 - CGVNOZZXB',1,'2018-11-26 12:44:10'),(1694,'simoneberna.013@gmail.com','payment','[Wacù salvaspazio per valigie e bagagli. Sottovuoto portatile] Pagamento accettato',1,'2018-11-26 12:44:15'),(1695,'simoneberna.013@gmail.com','order_conf','[Wacù salvaspazio per valigie e bagagli. Sottovuoto portatile] Conferma ordine',1,'2018-11-26 12:44:19'),(1696,'ga.amato@gmail.com','newsletter_verif','[Wacù salvaspazio per valigie e bagagli. Sottovuoto portatile] Verifica email',1,'2018-11-26 13:36:01'),(1697,'ga.amato@gmail.com','newsletter_conf','[Wacù salvaspazio per valigie e bagagli. Sottovuoto portatile] Conferma newsletter',1,'2018-11-26 13:36:14'),(1698,'info@wacu.it','new_order','[Wacù salvaspazio per valigie e bagagli. Sottovuoto portatile] New order : #233 - QXVITWLMD',1,'2018-11-26 13:37:04'),(1699,'emanuelelana.pg@gmail.com','new_order','[Wacù salvaspazio per valigie e bagagli. Sottovuoto portatile] New order : #233 - QXVITWLMD',1,'2018-11-26 13:37:04'),(1700,'brunoottaviani.pg@gmail.com','new_order','[Wacù salvaspazio per valigie e bagagli. Sottovuoto portatile] New order : #233 - QXVITWLMD',1,'2018-11-26 13:37:04'),(1701,'michele.goretti@wacu.it','new_order','[Wacù salvaspazio per valigie e bagagli. Sottovuoto portatile] New order : #233 - QXVITWLMD',1,'2018-11-26 13:37:04'),(1702,'ga.amato@gmail.com','payment','[Wacù salvaspazio per valigie e bagagli. Sottovuoto portatile] Pagamento accettato',1,'2018-11-26 13:37:09'),(1703,'ga.amato@gmail.com','order_conf','[Wacù salvaspazio per valigie e bagagli. Sottovuoto portatile] Conferma ordine',1,'2018-11-26 13:37:13'),(1704,'crenzullo@hotmail.it','account','[Wacù salvaspazio per valigie e bagagli. Sottovuoto portatile] Benvenuto!',1,'2018-11-26 19:25:49'),(1705,'info@wacu.it','new_order','[Wacù salvaspazio per valigie e bagagli. Sottovuoto portatile] New order : #234 - IESXXOPMO',1,'2018-11-26 19:43:28'),(1706,'emanuelelana.pg@gmail.com','new_order','[Wacù salvaspazio per valigie e bagagli. Sottovuoto portatile] New order : #234 - IESXXOPMO',1,'2018-11-26 19:43:28'),(1707,'brunoottaviani.pg@gmail.com','new_order','[Wacù salvaspazio per valigie e bagagli. Sottovuoto portatile] New order : #234 - IESXXOPMO',1,'2018-11-26 19:43:28'),(1708,'michele.goretti@wacu.it','new_order','[Wacù salvaspazio per valigie e bagagli. Sottovuoto portatile] New order : #234 - IESXXOPMO',1,'2018-11-26 19:43:28'),(1709,'crenzullo@hotmail.it','bankwire','[Wacù salvaspazio per valigie e bagagli. Sottovuoto portatile] In attesa di pagamento con bonifico bancario',1,'2018-11-26 19:43:30'),(1710,'crenzullo@hotmail.it','order_conf','[Wacù salvaspazio per valigie e bagagli. Sottovuoto portatile] Conferma ordine',1,'2018-11-26 19:43:30'),(1711,'avv.silviareda@gmail.com','account','[Wacù salvaspazio per valigie e bagagli. Sottovuoto portatile] Benvenuto!',1,'2018-11-26 20:50:47'),(1712,'info@wacu.it','new_order','[Wacù salvaspazio per valigie e bagagli. Sottovuoto portatile] New order : #235 - TOYJRCEHX',1,'2018-11-26 20:52:29'),(1713,'emanuelelana.pg@gmail.com','new_order','[Wacù salvaspazio per valigie e bagagli. Sottovuoto portatile] New order : #235 - TOYJRCEHX',1,'2018-11-26 20:52:29'),(1714,'brunoottaviani.pg@gmail.com','new_order','[Wacù salvaspazio per valigie e bagagli. Sottovuoto portatile] New order : #235 - TOYJRCEHX',1,'2018-11-26 20:52:29'),(1715,'michele.goretti@wacu.it','new_order','[Wacù salvaspazio per valigie e bagagli. Sottovuoto portatile] New order : #235 - TOYJRCEHX',1,'2018-11-26 20:52:29'),(1716,'rossellacavalieri@yahoo.it','bankwire','[Wacù salvaspazio per valigie e bagagli. Sottovuoto portatile] In attesa di pagamento con bonifico bancario',1,'2018-11-26 20:52:31'),(1717,'rossellacavalieri@yahoo.it','order_conf','[Wacù salvaspazio per valigie e bagagli. Sottovuoto portatile] Conferma ordine',1,'2018-11-26 20:52:31'),(1718,'info@wacu.it','new_order','[Wacù salvaspazio per valigie e bagagli. Sottovuoto portatile] New order : #236 - NAVQPOQDY',1,'2018-11-26 21:06:11'),(1719,'emanuelelana.pg@gmail.com','new_order','[Wacù salvaspazio per valigie e bagagli. Sottovuoto portatile] New order : #236 - NAVQPOQDY',1,'2018-11-26 21:06:12'),(1720,'brunoottaviani.pg@gmail.com','new_order','[Wacù salvaspazio per valigie e bagagli. Sottovuoto portatile] New order : #236 - NAVQPOQDY',1,'2018-11-26 21:06:12'),(1721,'michele.goretti@wacu.it','new_order','[Wacù salvaspazio per valigie e bagagli. Sottovuoto portatile] New order : #236 - NAVQPOQDY',1,'2018-11-26 21:06:12'),(1722,'avv.silviareda@gmail.com','bankwire','[Wacù salvaspazio per valigie e bagagli. Sottovuoto portatile] In attesa di pagamento con bonifico bancario',1,'2018-11-26 21:06:14'),(1723,'avv.silviareda@gmail.com','order_conf','[Wacù salvaspazio per valigie e bagagli. Sottovuoto portatile] Conferma ordine',1,'2018-11-26 21:06:14'),(1724,'info@wacu.it','new_order','[Wacù salvaspazio per valigie e bagagli. Sottovuoto portatile] New order : #237 - LKTAWLPNS',1,'2018-11-26 22:37:18'),(1725,'emanuelelana.pg@gmail.com','new_order','[Wacù salvaspazio per valigie e bagagli. Sottovuoto portatile] New order : #237 - LKTAWLPNS',1,'2018-11-26 22:37:18'),(1726,'brunoottaviani.pg@gmail.com','new_order','[Wacù salvaspazio per valigie e bagagli. Sottovuoto portatile] New order : #237 - LKTAWLPNS',1,'2018-11-26 22:37:18'),(1727,'michele.goretti@wacu.it','new_order','[Wacù salvaspazio per valigie e bagagli. Sottovuoto portatile] New order : #237 - LKTAWLPNS',1,'2018-11-26 22:37:18'),(1728,'dario.melzi@alice.it','payment','[Wacù salvaspazio per valigie e bagagli. Sottovuoto portatile] Pagamento accettato',1,'2018-11-26 22:37:24'),(1729,'dario.melzi@alice.it','order_conf','[Wacù salvaspazio per valigie e bagagli. Sottovuoto portatile] Conferma ordine',1,'2018-11-26 22:37:28'),(1730,'info@wacu.it','new_order','[Wacù salvaspazio per valigie e bagagli. Sottovuoto portatile] New order : #238 - ZFKLMBKBO',1,'2018-11-26 23:59:53'),(1731,'emanuelelana.pg@gmail.com','new_order','[Wacù salvaspazio per valigie e bagagli. Sottovuoto portatile] New order : #238 - ZFKLMBKBO',1,'2018-11-26 23:59:54'),(1732,'brunoottaviani.pg@gmail.com','new_order','[Wacù salvaspazio per valigie e bagagli. Sottovuoto portatile] New order : #238 - ZFKLMBKBO',1,'2018-11-26 23:59:54'),(1733,'michele.goretti@wacu.it','new_order','[Wacù salvaspazio per valigie e bagagli. Sottovuoto portatile] New order : #238 - ZFKLMBKBO',1,'2018-11-26 23:59:54'),(1734,'mavieestma@icloud.com','payment','[Wacù salvaspazio per valigie e bagagli. Sottovuoto portatile] Pagamento accettato',1,'2018-11-26 23:59:59'),(1735,'mavieestma@icloud.com','order_conf','[Wacù salvaspazio per valigie e bagagli. Sottovuoto portatile] Conferma ordine',1,'2018-11-27 00:00:04'),(1736,'laura82domenici@gmail.com','newsletter_verif','[Wacù salvaspazio per valigie e bagagli. Sottovuoto portatile] Verifica email',1,'2018-12-01 09:39:30'),(1737,'laura82domenici@gmail.com','newsletter_conf','[Wacù salvaspazio per valigie e bagagli. Sottovuoto portatile] Conferma newsletter',1,'2018-12-01 09:39:46'),(1738,'quisilina@hotmail.it','account','[Wacù salvaspazio per valigie e bagagli. Sottovuoto portatile] Benvenuto!',1,'2018-12-01 12:27:29'),(1739,'manu24.1@hotmail.it','newsletter_verif','[Wacù salvaspazio per valigie e bagagli. Sottovuoto portatile] Verifica email',1,'2018-12-01 22:16:54'),(1740,'info@wacu.it','new_order','[Wacù salvaspazio per valigie e bagagli. Sottovuoto portatile] New order : #239 - LWDKFSPMV',1,'2018-12-01 22:50:30'),(1741,'emanuelelana.pg@gmail.com','new_order','[Wacù salvaspazio per valigie e bagagli. Sottovuoto portatile] New order : #239 - LWDKFSPMV',1,'2018-12-01 22:50:31'),(1742,'brunoottaviani.pg@gmail.com','new_order','[Wacù salvaspazio per valigie e bagagli. Sottovuoto portatile] New order : #239 - LWDKFSPMV',1,'2018-12-01 22:50:31'),(1743,'michele.goretti@wacu.it','new_order','[Wacù salvaspazio per valigie e bagagli. Sottovuoto portatile] New order : #239 - LWDKFSPMV',1,'2018-12-01 22:50:31'),(1744,'manu24.1@hotmail.it','payment','[Wacù salvaspazio per valigie e bagagli. Sottovuoto portatile] Pagamento accettato',1,'2018-12-01 22:50:36'),(1745,'manu24.1@hotmail.it','order_conf','[Wacù salvaspazio per valigie e bagagli. Sottovuoto portatile] Conferma ordine',1,'2018-12-01 22:50:40'),(1746,'manu24.1@hotmail.it','guest_to_customer','[Wacù salvaspazio per valigie e bagagli. Sottovuoto portatile] Il tuo account ospite è stato cambiato in un account cliente',1,'2018-12-01 22:54:46'),(1747,'info@wacu.it','new_order','[Wacù salvaspazio per valigie e bagagli. Sottovuoto portatile] New order : #240 - WYGTTZPHG',1,'2018-12-02 09:23:37'),(1748,'emanuelelana.pg@gmail.com','new_order','[Wacù salvaspazio per valigie e bagagli. Sottovuoto portatile] New order : #240 - WYGTTZPHG',1,'2018-12-02 09:23:37'),(1749,'brunoottaviani.pg@gmail.com','new_order','[Wacù salvaspazio per valigie e bagagli. Sottovuoto portatile] New order : #240 - WYGTTZPHG',1,'2018-12-02 09:23:37'),(1750,'michele.goretti@wacu.it','new_order','[Wacù salvaspazio per valigie e bagagli. Sottovuoto portatile] New order : #240 - WYGTTZPHG',1,'2018-12-02 09:23:37'),(1751,'ca.dessi@tiscali.it','payment','[Wacù salvaspazio per valigie e bagagli. Sottovuoto portatile] Pagamento accettato',1,'2018-12-02 09:23:45'),(1752,'ca.dessi@tiscali.it','order_conf','[Wacù salvaspazio per valigie e bagagli. Sottovuoto portatile] Conferma ordine',1,'2018-12-02 09:23:51'),(1753,'Effecci75@gmail.com','newsletter_verif','[Wacù salvaspazio per valigie e bagagli. Sottovuoto portatile] Verifica email',1,'2018-12-02 15:59:27'),(1754,'micdp984@gmail.com','account','[Wacù salvaspazio per valigie e bagagli. Sottovuoto portatile] Benvenuto!',1,'2018-12-02 19:26:39'),(1755,'info@wacu.it','new_order','[Wacù salvaspazio per valigie e bagagli. Sottovuoto portatile] New order : #241 - QILVDNRTW',1,'2018-12-02 19:27:31'),(1756,'emanuelelana.pg@gmail.com','new_order','[Wacù salvaspazio per valigie e bagagli. Sottovuoto portatile] New order : #241 - QILVDNRTW',1,'2018-12-02 19:27:31'),(1757,'brunoottaviani.pg@gmail.com','new_order','[Wacù salvaspazio per valigie e bagagli. Sottovuoto portatile] New order : #241 - QILVDNRTW',1,'2018-12-02 19:27:31'),(1758,'michele.goretti@wacu.it','new_order','[Wacù salvaspazio per valigie e bagagli. Sottovuoto portatile] New order : #241 - QILVDNRTW',1,'2018-12-02 19:27:31'),(1759,'micdp984@gmail.com','payment','[Wacù salvaspazio per valigie e bagagli. Sottovuoto portatile] Pagamento accettato',1,'2018-12-02 19:27:37'),(1760,'micdp984@gmail.com','order_conf','[Wacù salvaspazio per valigie e bagagli. Sottovuoto portatile] Conferma ordine',1,'2018-12-02 19:27:41'),(1761,'mariacarolaruggeri1@gmail.com','newsletter_verif','[Wacù salvaspazio per valigie e bagagli. Sottovuoto portatile] Verifica email',1,'2018-12-02 22:36:34'),(1762,'mariacarolaruggeri1@gmail.com','newsletter_conf','[Wacù salvaspazio per valigie e bagagli. Sottovuoto portatile] Conferma newsletter',1,'2018-12-02 22:37:10'),(1763,'mariacarolaruggeri1@gmail.com','newsletter_conf','[Wacù salvaspazio per valigie e bagagli. Sottovuoto portatile] Conferma newsletter',1,'2018-12-02 22:40:10'),(1764,'mariacarolaruggeri1@gmail.com','account','[Wacù salvaspazio per valigie e bagagli. Sottovuoto portatile] Benvenuto!',1,'2018-12-02 22:40:11'),(1765,'info@wacu.it','new_order','[Wacù salvaspazio per valigie e bagagli. Sottovuoto portatile] New order : #242 - NTMAVLNFD',1,'2018-12-02 22:40:58'),(1766,'emanuelelana.pg@gmail.com','new_order','[Wacù salvaspazio per valigie e bagagli. Sottovuoto portatile] New order : #242 - NTMAVLNFD',1,'2018-12-02 22:40:58'),(1767,'brunoottaviani.pg@gmail.com','new_order','[Wacù salvaspazio per valigie e bagagli. Sottovuoto portatile] New order : #242 - NTMAVLNFD',1,'2018-12-02 22:40:58'),(1768,'michele.goretti@wacu.it','new_order','[Wacù salvaspazio per valigie e bagagli. Sottovuoto portatile] New order : #242 - NTMAVLNFD',1,'2018-12-02 22:40:59'),(1769,'mariacarolaruggeri1@gmail.com','payment','[Wacù salvaspazio per valigie e bagagli. Sottovuoto portatile] Pagamento accettato',1,'2018-12-02 22:41:15'),(1770,'mariacarolaruggeri1@gmail.com','order_conf','[Wacù salvaspazio per valigie e bagagli. Sottovuoto portatile] Conferma ordine',1,'2018-12-02 22:41:18'),(1771,'info@wacu.it','new_order','[Wacù salvaspazio per valigie e bagagli. Sottovuoto portatile] New order : #243 - BKJJOKLWK',1,'2018-12-03 03:51:09'),(1772,'emanuelelana.pg@gmail.com','new_order','[Wacù salvaspazio per valigie e bagagli. Sottovuoto portatile] New order : #243 - BKJJOKLWK',1,'2018-12-03 03:51:09'),(1773,'brunoottaviani.pg@gmail.com','new_order','[Wacù salvaspazio per valigie e bagagli. Sottovuoto portatile] New order : #243 - BKJJOKLWK',1,'2018-12-03 03:51:09'),(1774,'michele.goretti@wacu.it','new_order','[Wacù salvaspazio per valigie e bagagli. Sottovuoto portatile] New order : #243 - BKJJOKLWK',1,'2018-12-03 03:51:10'),(1775,'a.genovese96@gmail.com','payment','[Wacù salvaspazio per valigie e bagagli. Sottovuoto portatile] Pagamento accettato',1,'2018-12-03 03:51:15'),(1776,'a.genovese96@gmail.com','order_conf','[Wacù salvaspazio per valigie e bagagli. Sottovuoto portatile] Conferma ordine',1,'2018-12-03 03:51:18'),(1777,'fossati.giada87@gmail.com','account','[Wacù salvaspazio per valigie e bagagli. Sottovuoto portatile] Benvenuto!',1,'2018-12-03 10:55:32'),(1778,'info@wacu.it','new_order','[Wacù salvaspazio per valigie e bagagli. Sottovuoto portatile] New order : #244 - XBCFUEEKD',1,'2018-12-03 10:58:44'),(1779,'emanuelelana.pg@gmail.com','new_order','[Wacù salvaspazio per valigie e bagagli. Sottovuoto portatile] New order : #244 - XBCFUEEKD',1,'2018-12-03 10:58:44'),(1780,'brunoottaviani.pg@gmail.com','new_order','[Wacù salvaspazio per valigie e bagagli. Sottovuoto portatile] New order : #244 - XBCFUEEKD',1,'2018-12-03 10:58:44'),(1781,'michele.goretti@wacu.it','new_order','[Wacù salvaspazio per valigie e bagagli. Sottovuoto portatile] New order : #244 - XBCFUEEKD',1,'2018-12-03 10:58:44'),(1782,'fossati.giada87@gmail.com','payment','[Wacù salvaspazio per valigie e bagagli. Sottovuoto portatile] Pagamento accettato',1,'2018-12-03 10:58:49'),(1783,'fossati.giada87@gmail.com','order_conf','[Wacù salvaspazio per valigie e bagagli. Sottovuoto portatile] Conferma ordine',1,'2018-12-03 10:58:53'),(1784,'ilaria0405@hotmail.com','account','[Wacù salvaspazio per valigie e bagagli. Sottovuoto portatile] Benvenuto!',1,'2018-12-03 11:09:04'),(1785,'info@wacu.it','new_order','[Wacù salvaspazio per valigie e bagagli. Sottovuoto portatile] New order : #245 - NAOFDKLGY',1,'2018-12-03 12:53:00'),(1786,'emanuelelana.pg@gmail.com','new_order','[Wacù salvaspazio per valigie e bagagli. Sottovuoto portatile] New order : #245 - NAOFDKLGY',1,'2018-12-03 12:53:00'),(1787,'brunoottaviani.pg@gmail.com','new_order','[Wacù salvaspazio per valigie e bagagli. Sottovuoto portatile] New order : #245 - NAOFDKLGY',1,'2018-12-03 12:53:01'),(1788,'michele.goretti@wacu.it','new_order','[Wacù salvaspazio per valigie e bagagli. Sottovuoto portatile] New order : #245 - NAOFDKLGY',1,'2018-12-03 12:53:01'),(1789,'ilaria0405@hotmail.com','payment','[Wacù salvaspazio per valigie e bagagli. Sottovuoto portatile] Pagamento accettato',1,'2018-12-03 12:53:07'),(1790,'ilaria0405@hotmail.com','order_conf','[Wacù salvaspazio per valigie e bagagli. Sottovuoto portatile] Conferma ordine',1,'2018-12-03 12:53:11'),(1791,'info@wacu.it','new_order','[Wacù salvaspazio per valigie e bagagli. Sottovuoto portatile] New order : #246 - WMQJLVMCG',1,'2018-12-03 15:13:00'),(1792,'emanuelelana.pg@gmail.com','new_order','[Wacù salvaspazio per valigie e bagagli. Sottovuoto portatile] New order : #246 - WMQJLVMCG',1,'2018-12-03 15:13:00'),(1793,'brunoottaviani.pg@gmail.com','new_order','[Wacù salvaspazio per valigie e bagagli. Sottovuoto portatile] New order : #246 - WMQJLVMCG',1,'2018-12-03 15:13:00'),(1794,'michele.goretti@wacu.it','new_order','[Wacù salvaspazio per valigie e bagagli. Sottovuoto portatile] New order : #246 - WMQJLVMCG',1,'2018-12-03 15:13:00'),(1795,'a_bonaga@virgilio.it','payment','[Wacù salvaspazio per valigie e bagagli. Sottovuoto portatile] Pagamento accettato',1,'2018-12-03 15:13:06'),(1796,'a_bonaga@virgilio.it','order_conf','[Wacù salvaspazio per valigie e bagagli. Sottovuoto portatile] Conferma ordine',1,'2018-12-03 15:13:09'),(1797,'rhobis@gmail.com','account','[Wacù salvaspazio per valigie e bagagli. Sottovuoto portatile] Benvenuto!',1,'2018-12-03 15:57:19'),(1798,'info@wacu.it','new_order','[Wacù salvaspazio per valigie e bagagli. Sottovuoto portatile] New order : #247 - OSXASMPXE',1,'2018-12-03 16:15:33'),(1799,'emanuelelana.pg@gmail.com','new_order','[Wacù salvaspazio per valigie e bagagli. Sottovuoto portatile] New order : #247 - OSXASMPXE',1,'2018-12-03 16:15:33'),(1800,'brunoottaviani.pg@gmail.com','new_order','[Wacù salvaspazio per valigie e bagagli. Sottovuoto portatile] New order : #247 - OSXASMPXE',1,'2018-12-03 16:15:33'),(1801,'michele.goretti@wacu.it','new_order','[Wacù salvaspazio per valigie e bagagli. Sottovuoto portatile] New order : #247 - OSXASMPXE',1,'2018-12-03 16:15:33'),(1802,'rhobis@gmail.com','bankwire','[Wacù salvaspazio per valigie e bagagli. Sottovuoto portatile] In attesa di pagamento con bonifico bancario',1,'2018-12-03 16:15:35'),(1803,'rhobis@gmail.com','order_conf','[Wacù salvaspazio per valigie e bagagli. Sottovuoto portatile] Conferma ordine',1,'2018-12-03 16:15:36'),(1804,'serezazie@gmail.com','account','[Wacù salvaspazio per valigie e bagagli. Sottovuoto portatile] Benvenuto!',1,'2018-12-03 17:19:41'),(1805,'info@wacu.it','new_order','[Wacù salvaspazio per valigie e bagagli. Sottovuoto portatile] New order : #248 - PSNFVQKZJ',1,'2018-12-03 17:25:48'),(1806,'emanuelelana.pg@gmail.com','new_order','[Wacù salvaspazio per valigie e bagagli. Sottovuoto portatile] New order : #248 - PSNFVQKZJ',1,'2018-12-03 17:25:48'),(1807,'brunoottaviani.pg@gmail.com','new_order','[Wacù salvaspazio per valigie e bagagli. Sottovuoto portatile] New order : #248 - PSNFVQKZJ',1,'2018-12-03 17:25:48'),(1808,'michele.goretti@wacu.it','new_order','[Wacù salvaspazio per valigie e bagagli. Sottovuoto portatile] New order : #248 - PSNFVQKZJ',1,'2018-12-03 17:25:48'),(1809,'serezazie@gmail.com','payment','[Wacù salvaspazio per valigie e bagagli. Sottovuoto portatile] Pagamento accettato',1,'2018-12-03 17:25:55'),(1810,'serezazie@gmail.com','order_conf','[Wacù salvaspazio per valigie e bagagli. Sottovuoto portatile] Conferma ordine',1,'2018-12-03 17:25:59'),(1811,'gautamamster@gmail.com','account','[Wacù salvaspazio per valigie e bagagli. Sottovuoto portatile] Benvenuto!',1,'2018-12-03 19:31:22'),(1812,'info@wacu.it','new_order','[Wacù salvaspazio per valigie e bagagli. Sottovuoto portatile] New order : #249 - VODHWRQQM',1,'2018-12-03 19:32:04'),(1813,'emanuelelana.pg@gmail.com','new_order','[Wacù salvaspazio per valigie e bagagli. Sottovuoto portatile] New order : #249 - VODHWRQQM',1,'2018-12-03 19:32:04'),(1814,'brunoottaviani.pg@gmail.com','new_order','[Wacù salvaspazio per valigie e bagagli. Sottovuoto portatile] New order : #249 - VODHWRQQM',1,'2018-12-03 19:32:04'),(1815,'michele.goretti@wacu.it','new_order','[Wacù salvaspazio per valigie e bagagli. Sottovuoto portatile] New order : #249 - VODHWRQQM',1,'2018-12-03 19:32:04'),(1816,'gautamamster@gmail.com','payment','[Wacù salvaspazio per valigie e bagagli. Sottovuoto portatile] Pagamento accettato',1,'2018-12-03 19:32:09'),(1817,'gautamamster@gmail.com','order_conf','[Wacù salvaspazio per valigie e bagagli. Sottovuoto portatile] Conferma ordine',1,'2018-12-03 19:32:13'),(1818,'info@wacu.it','new_order','[Wacù salvaspazio per valigie e bagagli. Sottovuoto portatile] New order : #250 - RZMGNGULM',1,'2018-12-03 21:30:30'),(1819,'emanuelelana.pg@gmail.com','new_order','[Wacù salvaspazio per valigie e bagagli. Sottovuoto portatile] New order : #250 - RZMGNGULM',1,'2018-12-03 21:30:30'),(1820,'brunoottaviani.pg@gmail.com','new_order','[Wacù salvaspazio per valigie e bagagli. Sottovuoto portatile] New order : #250 - RZMGNGULM',1,'2018-12-03 21:30:31'),(1821,'michele.goretti@wacu.it','new_order','[Wacù salvaspazio per valigie e bagagli. Sottovuoto portatile] New order : #250 - RZMGNGULM',1,'2018-12-03 21:30:31'),(1822,'lisalussi@gmail.com','payment','[Wacù salvaspazio per valigie e bagagli. Sottovuoto portatile] Pagamento accettato',1,'2018-12-03 21:30:37'),(1823,'lisalussi@gmail.com','order_conf','[Wacù salvaspazio per valigie e bagagli. Sottovuoto portatile] Conferma ordine',1,'2018-12-03 21:30:41'),(1824,'fran2758@gmail.com','newsletter_verif','[Wacù salvaspazio per valigie e bagagli. Sottovuoto portatile] Verifica email',1,'2018-12-04 01:03:43'),(1825,'fran2758@gmail.com','newsletter_conf','[Wacù salvaspazio per valigie e bagagli. Sottovuoto portatile] Conferma newsletter',1,'2018-12-04 01:04:30'),(1826,'sabrina.maffi21@gmail.com','account','[Wacù salvaspazio per valigie e bagagli. Sottovuoto portatile] Benvenuto!',1,'2018-12-04 09:05:30'),(1827,'info@wacu.it','new_order','[Wacù salvaspazio per valigie e bagagli. Sottovuoto portatile] New order : #251 - SZSHPNCNP',1,'2018-12-04 09:08:41'),(1828,'emanuelelana.pg@gmail.com','new_order','[Wacù salvaspazio per valigie e bagagli. Sottovuoto portatile] New order : #251 - SZSHPNCNP',1,'2018-12-04 09:08:41'),(1829,'brunoottaviani.pg@gmail.com','new_order','[Wacù salvaspazio per valigie e bagagli. Sottovuoto portatile] New order : #251 - SZSHPNCNP',1,'2018-12-04 09:08:41'),(1830,'michele.goretti@wacu.it','new_order','[Wacù salvaspazio per valigie e bagagli. Sottovuoto portatile] New order : #251 - SZSHPNCNP',1,'2018-12-04 09:08:41'),(1831,'sabrina.maffi21@gmail.com','payment','[Wacù salvaspazio per valigie e bagagli. Sottovuoto portatile] Pagamento accettato',1,'2018-12-04 09:08:47'),(1832,'sabrina.maffi21@gmail.com','order_conf','[Wacù salvaspazio per valigie e bagagli. Sottovuoto portatile] Conferma ordine',1,'2018-12-04 09:08:51'),(1833,'info@wacu.it','new_order','[Wacù salvaspazio per valigie e bagagli. Sottovuoto portatile] New order : #252 - LJKLYWSTG',1,'2018-12-04 10:04:46'),(1834,'emanuelelana.pg@gmail.com','new_order','[Wacù salvaspazio per valigie e bagagli. Sottovuoto portatile] New order : #252 - LJKLYWSTG',1,'2018-12-04 10:04:46'),(1835,'brunoottaviani.pg@gmail.com','new_order','[Wacù salvaspazio per valigie e bagagli. Sottovuoto portatile] New order : #252 - LJKLYWSTG',1,'2018-12-04 10:04:46'),(1836,'michele.goretti@wacu.it','new_order','[Wacù salvaspazio per valigie e bagagli. Sottovuoto portatile] New order : #252 - LJKLYWSTG',1,'2018-12-04 10:04:46'),(1837,'raffaele.serra@gmail.com','payment','[Wacù salvaspazio per valigie e bagagli. Sottovuoto portatile] Pagamento accettato',1,'2018-12-04 10:04:52'),(1838,'raffaele.serra@gmail.com','order_conf','[Wacù salvaspazio per valigie e bagagli. Sottovuoto portatile] Conferma ordine',1,'2018-12-04 10:04:55'),(1839,'elisamargani87@gmail.com','newsletter_verif','[Wacù salvaspazio per valigie e bagagli. Sottovuoto portatile] Verifica email',1,'2018-12-04 14:37:43'),(1840,'elisamargani87@gmail.com','newsletter_conf','[Wacù salvaspazio per valigie e bagagli. Sottovuoto portatile] Conferma newsletter',1,'2018-12-04 14:41:46'),(1841,'info@wacu.it','new_order','[Wacù salvaspazio per valigie e bagagli. Sottovuoto portatile] New order : #253 - KJTEZOJTI',1,'2018-12-04 15:28:28'),(1842,'emanuelelana.pg@gmail.com','new_order','[Wacù salvaspazio per valigie e bagagli. Sottovuoto portatile] New order : #253 - KJTEZOJTI',1,'2018-12-04 15:28:28'),(1843,'brunoottaviani.pg@gmail.com','new_order','[Wacù salvaspazio per valigie e bagagli. Sottovuoto portatile] New order : #253 - KJTEZOJTI',1,'2018-12-04 15:28:28'),(1844,'michele.goretti@wacu.it','new_order','[Wacù salvaspazio per valigie e bagagli. Sottovuoto portatile] New order : #253 - KJTEZOJTI',1,'2018-12-04 15:28:28'),(1845,'info@wacu.it','new_order','[Wacù salvaspazio per valigie e bagagli. Sottovuoto portatile] New order : #254 - XFURBVBSJ',1,'2018-12-04 15:28:30'),(1846,'emanuelelana.pg@gmail.com','new_order','[Wacù salvaspazio per valigie e bagagli. Sottovuoto portatile] New order : #254 - XFURBVBSJ',1,'2018-12-04 15:28:30'),(1847,'brunoottaviani.pg@gmail.com','new_order','[Wacù salvaspazio per valigie e bagagli. Sottovuoto portatile] New order : #254 - XFURBVBSJ',1,'2018-12-04 15:28:30'),(1848,'michele.goretti@wacu.it','new_order','[Wacù salvaspazio per valigie e bagagli. Sottovuoto portatile] New order : #254 - XFURBVBSJ',1,'2018-12-04 15:28:30'),(1849,'zerolu9@gmail.com','payment','[Wacù salvaspazio per valigie e bagagli. Sottovuoto portatile] Pagamento accettato',1,'2018-12-04 15:28:34'),(1850,'zerolu9@gmail.com','payment','[Wacù salvaspazio per valigie e bagagli. Sottovuoto portatile] Pagamento accettato',1,'2018-12-04 15:28:36'),(1851,'zerolu9@gmail.com','order_conf','[Wacù salvaspazio per valigie e bagagli. Sottovuoto portatile] Conferma ordine',1,'2018-12-04 15:28:39'),(1852,'zerolu9@gmail.com','order_conf','[Wacù salvaspazio per valigie e bagagli. Sottovuoto portatile] Conferma ordine',1,'2018-12-04 15:28:40'),(1853,'rosidell@hotmail.it','account','[Wacù salvaspazio per valigie e bagagli. Sottovuoto portatile] Benvenuto!',1,'2018-12-04 15:37:33'),(1854,'info@wacu.it','new_order','[Wacù salvaspazio per valigie e bagagli. Sottovuoto portatile] New order : #255 - WSEQHKFMB',1,'2018-12-04 17:24:12'),(1855,'emanuelelana.pg@gmail.com','new_order','[Wacù salvaspazio per valigie e bagagli. Sottovuoto portatile] New order : #255 - WSEQHKFMB',1,'2018-12-04 17:24:12'),(1856,'brunoottaviani.pg@gmail.com','new_order','[Wacù salvaspazio per valigie e bagagli. Sottovuoto portatile] New order : #255 - WSEQHKFMB',1,'2018-12-04 17:24:13'),(1857,'michele.goretti@wacu.it','new_order','[Wacù salvaspazio per valigie e bagagli. Sottovuoto portatile] New order : #255 - WSEQHKFMB',1,'2018-12-04 17:24:13'),(1858,'vavafede@gmail.com','bankwire','[Wacù salvaspazio per valigie e bagagli. Sottovuoto portatile] In attesa di pagamento con bonifico bancario',1,'2018-12-04 17:24:16'),(1859,'vavafede@gmail.com','order_conf','[Wacù salvaspazio per valigie e bagagli. Sottovuoto portatile] Conferma ordine',1,'2018-12-04 17:24:17'),(1860,'info@wacu.it','new_order','[Wacù salvaspazio per valigie e bagagli. Sottovuoto portatile] New order : #256 - OOJUULTNQ',1,'2018-12-05 02:22:22'),(1861,'emanuelelana.pg@gmail.com','new_order','[Wacù salvaspazio per valigie e bagagli. Sottovuoto portatile] New order : #256 - OOJUULTNQ',1,'2018-12-05 02:22:22'),(1862,'brunoottaviani.pg@gmail.com','new_order','[Wacù salvaspazio per valigie e bagagli. Sottovuoto portatile] New order : #256 - OOJUULTNQ',1,'2018-12-05 02:22:22'),(1863,'michele.goretti@wacu.it','new_order','[Wacù salvaspazio per valigie e bagagli. Sottovuoto portatile] New order : #256 - OOJUULTNQ',1,'2018-12-05 02:22:22'),(1864,'alessandrocostanzino87@gmail.com','bankwire','[Wacù salvaspazio per valigie e bagagli. Sottovuoto portatile] In attesa di pagamento con bonifico bancario',1,'2018-12-05 02:22:24'),(1865,'alessandrocostanzino87@gmail.com','order_conf','[Wacù salvaspazio per valigie e bagagli. Sottovuoto portatile] Conferma ordine',1,'2018-12-05 02:22:24'),(1866,'carloludovico.masia@gmail.com','account','[Wacù salvaspazio per valigie e bagagli. Sottovuoto portatile] Benvenuto!',1,'2018-12-05 10:50:22'),(1867,'carloludovico.masia@gmail.com','newsletter_verif','[Wacù salvaspazio per valigie e bagagli. Sottovuoto portatile] Verifica email',1,'2018-12-05 10:50:36'),(1868,'carloludovico.masia@gmail.com','newsletter_conf','[Wacù salvaspazio per valigie e bagagli. Sottovuoto portatile] Conferma newsletter',1,'2018-12-05 10:50:50'),(1869,'info@wacu.it','new_order','[Wacù salvaspazio per valigie e bagagli. Sottovuoto portatile] New order : #257 - LQPZFLJHS',1,'2018-12-05 10:55:14'),(1870,'emanuelelana.pg@gmail.com','new_order','[Wacù salvaspazio per valigie e bagagli. Sottovuoto portatile] New order : #257 - LQPZFLJHS',1,'2018-12-05 10:55:14'),(1871,'brunoottaviani.pg@gmail.com','new_order','[Wacù salvaspazio per valigie e bagagli. Sottovuoto portatile] New order : #257 - LQPZFLJHS',1,'2018-12-05 10:55:14'),(1872,'michele.goretti@wacu.it','new_order','[Wacù salvaspazio per valigie e bagagli. Sottovuoto portatile] New order : #257 - LQPZFLJHS',1,'2018-12-05 10:55:14'),(1873,'carloludovico.masia@gmail.com','payment','[Wacù salvaspazio per valigie e bagagli. Sottovuoto portatile] Pagamento accettato',1,'2018-12-05 10:55:21'),(1874,'carloludovico.masia@gmail.com','order_conf','[Wacù salvaspazio per valigie e bagagli. Sottovuoto portatile] Conferma ordine',1,'2018-12-05 10:55:25'),(1875,'vavafede@gmail.com','payment','[Wacù salvaspazio per valigie e bagagli. Sottovuoto portatile] Pagamento accettato',1,'2018-12-05 11:02:19'),(1876,'silvia.milone.81@gmail.com','bankwire','[Wacù salvaspazio per valigie e bagagli. Sottovuoto portatile] In attesa di pagamento con bonifico bancario',1,'2018-12-05 11:05:46'),(1877,'info@wacu.it','new_order','[Wacù salvaspazio per valigie e bagagli. Sottovuoto portatile] New order : #258 - PBYNMETZV',1,'2018-12-05 12:17:12'),(1878,'emanuelelana.pg@gmail.com','new_order','[Wacù salvaspazio per valigie e bagagli. Sottovuoto portatile] New order : #258 - PBYNMETZV',1,'2018-12-05 12:17:12'),(1879,'brunoottaviani.pg@gmail.com','new_order','[Wacù salvaspazio per valigie e bagagli. Sottovuoto portatile] New order : #258 - PBYNMETZV',1,'2018-12-05 12:17:12'),(1880,'michele.goretti@wacu.it','new_order','[Wacù salvaspazio per valigie e bagagli. Sottovuoto portatile] New order : #258 - PBYNMETZV',1,'2018-12-05 12:17:12'),(1881,'nibbio51970@libero.it','payment','[Wacù salvaspazio per valigie e bagagli. Sottovuoto portatile] Pagamento accettato',1,'2018-12-05 12:17:19'),(1882,'nibbio51970@libero.it','order_conf','[Wacù salvaspazio per valigie e bagagli. Sottovuoto portatile] Conferma ordine',1,'2018-12-05 12:17:23'),(1883,'info@wacu.it','new_order','[Wacù salvaspazio per valigie e bagagli. Sottovuoto portatile] New order : #259 - SKQSITPRR',1,'2018-12-05 13:12:30'),(1884,'emanuelelana.pg@gmail.com','new_order','[Wacù salvaspazio per valigie e bagagli. Sottovuoto portatile] New order : #259 - SKQSITPRR',1,'2018-12-05 13:12:30'),(1885,'brunoottaviani.pg@gmail.com','new_order','[Wacù salvaspazio per valigie e bagagli. Sottovuoto portatile] New order : #259 - SKQSITPRR',1,'2018-12-05 13:12:30'),(1886,'michele.goretti@wacu.it','new_order','[Wacù salvaspazio per valigie e bagagli. Sottovuoto portatile] New order : #259 - SKQSITPRR',1,'2018-12-05 13:12:31'),(1887,'maxalloisi@gmail.com','payment','[Wacù salvaspazio per valigie e bagagli. Sottovuoto portatile] Pagamento accettato',1,'2018-12-05 13:12:36'),(1888,'maxalloisi@gmail.com','order_conf','[Wacù salvaspazio per valigie e bagagli. Sottovuoto portatile] Conferma ordine',1,'2018-12-05 13:12:40'),(1889,'m.mangiarotti83@gmail.com','account','[Wacù salvaspazio per valigie e bagagli. Sottovuoto portatile] Benvenuto!',1,'2018-12-05 13:14:08'),(1890,'info@wacu.it','new_order','[Wacù salvaspazio per valigie e bagagli. Sottovuoto portatile] New order : #260 - MATBPQTKP',1,'2018-12-05 13:34:31'),(1891,'emanuelelana.pg@gmail.com','new_order','[Wacù salvaspazio per valigie e bagagli. Sottovuoto portatile] New order : #260 - MATBPQTKP',1,'2018-12-05 13:34:31'),(1892,'brunoottaviani.pg@gmail.com','new_order','[Wacù salvaspazio per valigie e bagagli. Sottovuoto portatile] New order : #260 - MATBPQTKP',1,'2018-12-05 13:34:31'),(1893,'michele.goretti@wacu.it','new_order','[Wacù salvaspazio per valigie e bagagli. Sottovuoto portatile] New order : #260 - MATBPQTKP',1,'2018-12-05 13:34:31'),(1894,'m.mangiarotti83@gmail.com','payment','[Wacù salvaspazio per valigie e bagagli. Sottovuoto portatile] Pagamento accettato',1,'2018-12-05 13:34:40'),(1895,'m.mangiarotti83@gmail.com','order_conf','[Wacù salvaspazio per valigie e bagagli. Sottovuoto portatile] Conferma ordine',1,'2018-12-05 13:34:45'),(1896,'ale_ssandra86@libero.it','newsletter_conf','[Wacù salvaspazio per valigie e bagagli. Sottovuoto portatile] Conferma newsletter',1,'2018-12-06 11:14:28'),(1897,'ale_ssandra86@libero.it','account','[Wacù salvaspazio per valigie e bagagli. Sottovuoto portatile] Benvenuto!',1,'2018-12-06 11:14:28'),(1898,'monica.samori@libero.it','newsletter_conf','[Wacù salvaspazio per valigie e bagagli. Sottovuoto portatile] Conferma newsletter',1,'2018-12-06 17:07:49'),(1899,'monica.samori@libero.it','account','[Wacù salvaspazio per valigie e bagagli. Sottovuoto portatile] Benvenuto!',1,'2018-12-06 17:07:49'),(1900,'info@wacu.it','new_order','[Wacù salvaspazio per valigie e bagagli. Sottovuoto portatile] New order : #261 - OXFUAMVFF',1,'2018-12-06 17:10:37'),(1901,'emanuelelana.pg@gmail.com','new_order','[Wacù salvaspazio per valigie e bagagli. Sottovuoto portatile] New order : #261 - OXFUAMVFF',1,'2018-12-06 17:10:37'),(1902,'brunoottaviani.pg@gmail.com','new_order','[Wacù salvaspazio per valigie e bagagli. Sottovuoto portatile] New order : #261 - OXFUAMVFF',1,'2018-12-06 17:10:37'),(1903,'michele.goretti@wacu.it','new_order','[Wacù salvaspazio per valigie e bagagli. Sottovuoto portatile] New order : #261 - OXFUAMVFF',1,'2018-12-06 17:10:37'),(1904,'monica.samori@libero.it','payment','[Wacù salvaspazio per valigie e bagagli. Sottovuoto portatile] Pagamento accettato',1,'2018-12-06 17:10:42'),(1905,'monica.samori@libero.it','order_conf','[Wacù salvaspazio per valigie e bagagli. Sottovuoto portatile] Conferma ordine',1,'2018-12-06 17:10:46'),(1906,'michy.c85@tiscali.it','newsletter_verif','[Wacù salvaspazio per valigie e bagagli. Sottovuoto portatile] Verifica email',1,'2018-12-06 18:06:42'),(1907,'michy.c85@tiscali.it','newsletter_conf','[Wacù salvaspazio per valigie e bagagli. Sottovuoto portatile] Conferma newsletter',1,'2018-12-06 18:11:14'),(1908,'info@wacu.it','new_order','[Wacù salvaspazio per valigie e bagagli. Sottovuoto portatile] New order : #262 - LJSYWQNQV',1,'2018-12-06 20:30:21'),(1909,'emanuelelana.pg@gmail.com','new_order','[Wacù salvaspazio per valigie e bagagli. Sottovuoto portatile] New order : #262 - LJSYWQNQV',1,'2018-12-06 20:30:24'),(1910,'brunoottaviani.pg@gmail.com','new_order','[Wacù salvaspazio per valigie e bagagli. Sottovuoto portatile] New order : #262 - LJSYWQNQV',1,'2018-12-06 20:30:24'),(1911,'michele.goretti@wacu.it','new_order','[Wacù salvaspazio per valigie e bagagli. Sottovuoto portatile] New order : #262 - LJSYWQNQV',1,'2018-12-06 20:30:24'),(1912,'benigno.veronica@gmail.com','payment','[Wacù salvaspazio per valigie e bagagli. Sottovuoto portatile] Pagamento accettato',1,'2018-12-06 20:30:30'),(1913,'benigno.veronica@gmail.com','order_conf','[Wacù salvaspazio per valigie e bagagli. Sottovuoto portatile] Conferma ordine',1,'2018-12-06 20:30:33'),(1914,'ramundomartina@live.it','account','[Wacù salvaspazio per valigie e bagagli. Sottovuoto portatile] Benvenuto!',1,'2018-12-07 09:12:20'),(1915,'info@wacu.it','new_order','[Wacù salvaspazio per valigie e bagagli. Sottovuoto portatile] New order : #263 - DYGAKRQWM',1,'2018-12-07 09:12:45'),(1916,'emanuelelana.pg@gmail.com','new_order','[Wacù salvaspazio per valigie e bagagli. Sottovuoto portatile] New order : #263 - DYGAKRQWM',1,'2018-12-07 09:12:45'),(1917,'brunoottaviani.pg@gmail.com','new_order','[Wacù salvaspazio per valigie e bagagli. Sottovuoto portatile] New order : #263 - DYGAKRQWM',1,'2018-12-07 09:12:45'),(1918,'michele.goretti@wacu.it','new_order','[Wacù salvaspazio per valigie e bagagli. Sottovuoto portatile] New order : #263 - DYGAKRQWM',1,'2018-12-07 09:12:45'),(1919,'mic.cortini@gmail.com','payment','[Wacù salvaspazio per valigie e bagagli. Sottovuoto portatile] Pagamento accettato',1,'2018-12-07 09:12:52'),(1920,'mic.cortini@gmail.com','order_conf','[Wacù salvaspazio per valigie e bagagli. Sottovuoto portatile] Conferma ordine',1,'2018-12-07 09:12:56'),(1921,'info@wacu.it','new_order','[Wacù salvaspazio per valigie e bagagli. Sottovuoto portatile] New order : #264 - QSLWFBXMM',1,'2018-12-07 09:22:48'),(1922,'emanuelelana.pg@gmail.com','new_order','[Wacù salvaspazio per valigie e bagagli. Sottovuoto portatile] New order : #264 - QSLWFBXMM',1,'2018-12-07 09:22:49'),(1923,'brunoottaviani.pg@gmail.com','new_order','[Wacù salvaspazio per valigie e bagagli. Sottovuoto portatile] New order : #264 - QSLWFBXMM',1,'2018-12-07 09:22:49'),(1924,'michele.goretti@wacu.it','new_order','[Wacù salvaspazio per valigie e bagagli. Sottovuoto portatile] New order : #264 - QSLWFBXMM',1,'2018-12-07 09:22:49'),(1925,'ramundomartina@live.it','payment','[Wacù salvaspazio per valigie e bagagli. Sottovuoto portatile] Pagamento accettato',1,'2018-12-07 09:22:55'),(1926,'ramundomartina@live.it','order_conf','[Wacù salvaspazio per valigie e bagagli. Sottovuoto portatile] Conferma ordine',1,'2018-12-07 09:22:59'),(1927,'asse@libero.it','newsletter_verif','[Wacù salvaspazio per valigie e bagagli. Sottovuoto portatile] Verifica email',1,'2018-12-07 09:48:22'),(1928,'michy.c85@tiscali.it','newsletter_conf','[Wacù salvaspazio per valigie e bagagli. Sottovuoto portatile] Conferma newsletter',1,'2018-12-07 14:25:00'),(1929,'michy.c85@tiscali.it','account','[Wacù salvaspazio per valigie e bagagli. Sottovuoto portatile] Benvenuto!',1,'2018-12-07 14:25:01'),(1930,'info@wacu.it','new_order','[Wacù salvaspazio per valigie e bagagli. Sottovuoto portatile] New order : #265 - GDQKXWLZO',1,'2018-12-07 14:35:13'),(1931,'emanuelelana.pg@gmail.com','new_order','[Wacù salvaspazio per valigie e bagagli. Sottovuoto portatile] New order : #265 - GDQKXWLZO',1,'2018-12-07 14:35:13'),(1932,'brunoottaviani.pg@gmail.com','new_order','[Wacù salvaspazio per valigie e bagagli. Sottovuoto portatile] New order : #265 - GDQKXWLZO',1,'2018-12-07 14:35:13'),(1933,'michele.goretti@wacu.it','new_order','[Wacù salvaspazio per valigie e bagagli. Sottovuoto portatile] New order : #265 - GDQKXWLZO',1,'2018-12-07 14:35:13'),(1934,'michy.c85@tiscali.it','payment','[Wacù salvaspazio per valigie e bagagli. Sottovuoto portatile] Pagamento accettato',1,'2018-12-07 14:35:19'),(1935,'michy.c85@tiscali.it','order_conf','[Wacù salvaspazio per valigie e bagagli. Sottovuoto portatile] Conferma ordine',1,'2018-12-07 14:35:22'),(1936,'Gicieffe@libero.it','newsletter_verif','[Wacù salvaspazio per valigie e bagagli. Sottovuoto portatile] Verifica email',1,'2018-12-07 18:08:13'),(1937,'bderiu@tiscali.it','newsletter_conf','[Wacù salvaspazio per valigie e bagagli. Sottovuoto portatile] Conferma newsletter',1,'2018-12-07 22:14:28'),(1938,'bderiu@tiscali.it','account','[Wacù salvaspazio per valigie e bagagli. Sottovuoto portatile] Benvenuto!',1,'2018-12-07 22:14:28'),(1939,'info@wacu.it','new_order','[Wacù salvaspazio per valigie e bagagli. Sottovuoto portatile] New order : #266 - NQXJBGQGL',1,'2018-12-08 09:19:41'),(1940,'emanuelelana.pg@gmail.com','new_order','[Wacù salvaspazio per valigie e bagagli. Sottovuoto portatile] New order : #266 - NQXJBGQGL',1,'2018-12-08 09:19:41'),(1941,'brunoottaviani.pg@gmail.com','new_order','[Wacù salvaspazio per valigie e bagagli. Sottovuoto portatile] New order : #266 - NQXJBGQGL',1,'2018-12-08 09:19:41'),(1942,'michele.goretti@wacu.it','new_order','[Wacù salvaspazio per valigie e bagagli. Sottovuoto portatile] New order : #266 - NQXJBGQGL',1,'2018-12-08 09:19:41'),(1943,'markomagno@hotmail.it','payment','[Wacù salvaspazio per valigie e bagagli. Sottovuoto portatile] Pagamento accettato',1,'2018-12-08 09:19:47'),(1944,'markomagno@hotmail.it','order_conf','[Wacù salvaspazio per valigie e bagagli. Sottovuoto portatile] Conferma ordine',1,'2018-12-08 09:19:51'),(1945,'info@wacu.it','new_order','[Wacù salvaspazio per valigie e bagagli. Sottovuoto portatile] New order : #267 - BSPEZFIEE',1,'2018-12-08 15:13:55'),(1946,'emanuelelana.pg@gmail.com','new_order','[Wacù salvaspazio per valigie e bagagli. Sottovuoto portatile] New order : #267 - BSPEZFIEE',1,'2018-12-08 15:13:55'),(1947,'brunoottaviani.pg@gmail.com','new_order','[Wacù salvaspazio per valigie e bagagli. Sottovuoto portatile] New order : #267 - BSPEZFIEE',1,'2018-12-08 15:13:55'),(1948,'michele.goretti@wacu.it','new_order','[Wacù salvaspazio per valigie e bagagli. Sottovuoto portatile] New order : #267 - BSPEZFIEE',1,'2018-12-08 15:13:55'),(1949,'gaia.pesare@gmail.com','payment','[Wacù salvaspazio per valigie e bagagli. Sottovuoto portatile] Pagamento accettato',1,'2018-12-08 15:14:02'),(1950,'gaia.pesare@gmail.com','order_conf','[Wacù salvaspazio per valigie e bagagli. Sottovuoto portatile] Conferma ordine',1,'2018-12-08 15:14:08'),(1951,'Alessia.deruggiero@gmail.com','account','[Wacù salvaspazio per valigie e bagagli. Sottovuoto portatile] Benvenuto!',1,'2018-12-08 16:09:08'),(1952,'info@wacu.it','new_order','[Wacù salvaspazio per valigie e bagagli. Sottovuoto portatile] New order : #268 - GDJFOAJSK',1,'2018-12-08 17:58:31');
INSERT INTO `_WCprTUAmail` VALUES (1953,'emanuelelana.pg@gmail.com','new_order','[Wacù salvaspazio per valigie e bagagli. Sottovuoto portatile] New order : #268 - GDJFOAJSK',1,'2018-12-08 17:58:31'),(1954,'brunoottaviani.pg@gmail.com','new_order','[Wacù salvaspazio per valigie e bagagli. Sottovuoto portatile] New order : #268 - GDJFOAJSK',1,'2018-12-08 17:58:31'),(1955,'michele.goretti@wacu.it','new_order','[Wacù salvaspazio per valigie e bagagli. Sottovuoto portatile] New order : #268 - GDJFOAJSK',1,'2018-12-08 17:58:31'),(1956,'Alessia.deruggiero@gmail.com','payment','[Wacù salvaspazio per valigie e bagagli. Sottovuoto portatile] Pagamento accettato',1,'2018-12-08 17:58:37'),(1957,'Alessia.deruggiero@gmail.com','order_conf','[Wacù salvaspazio per valigie e bagagli. Sottovuoto portatile] Conferma ordine',1,'2018-12-08 17:58:41'),(1958,'info@wacu.it','new_order','[Wacù salvaspazio per valigie e bagagli. Sottovuoto portatile] New order : #269 - GAUZPEBKO',1,'2018-12-09 11:38:07'),(1959,'emanuelelana.pg@gmail.com','new_order','[Wacù salvaspazio per valigie e bagagli. Sottovuoto portatile] New order : #269 - GAUZPEBKO',1,'2018-12-09 11:38:07'),(1960,'brunoottaviani.pg@gmail.com','new_order','[Wacù salvaspazio per valigie e bagagli. Sottovuoto portatile] New order : #269 - GAUZPEBKO',1,'2018-12-09 11:38:07'),(1961,'michele.goretti@wacu.it','new_order','[Wacù salvaspazio per valigie e bagagli. Sottovuoto portatile] New order : #269 - GAUZPEBKO',1,'2018-12-09 11:38:08'),(1962,'cristiana.guastavino@gmail.com','payment','[Wacù salvaspazio per valigie e bagagli. Sottovuoto portatile] Pagamento accettato',1,'2018-12-09 11:38:15'),(1963,'cristiana.guastavino@gmail.com','order_conf','[Wacù salvaspazio per valigie e bagagli. Sottovuoto portatile] Conferma ordine',1,'2018-12-09 11:38:20'),(1964,'stepist64@gmail.com','account','[Wacù salvaspazio per valigie e bagagli. Sottovuoto portatile] Benvenuto!',1,'2018-12-09 23:56:29'),(1965,'info@wacu.it','new_order','[Wacù salvaspazio per valigie e bagagli. Sottovuoto portatile] New order : #270 - DWFDFBDUD',1,'2018-12-09 23:57:49'),(1966,'emanuelelana.pg@gmail.com','new_order','[Wacù salvaspazio per valigie e bagagli. Sottovuoto portatile] New order : #270 - DWFDFBDUD',1,'2018-12-09 23:57:49'),(1967,'brunoottaviani.pg@gmail.com','new_order','[Wacù salvaspazio per valigie e bagagli. Sottovuoto portatile] New order : #270 - DWFDFBDUD',1,'2018-12-09 23:57:50'),(1968,'michele.goretti@wacu.it','new_order','[Wacù salvaspazio per valigie e bagagli. Sottovuoto portatile] New order : #270 - DWFDFBDUD',1,'2018-12-09 23:57:50'),(1969,'stepist64@gmail.com','payment','[Wacù salvaspazio per valigie e bagagli. Sottovuoto portatile] Pagamento accettato',1,'2018-12-09 23:57:55'),(1970,'stepist64@gmail.com','order_conf','[Wacù salvaspazio per valigie e bagagli. Sottovuoto portatile] Conferma ordine',1,'2018-12-09 23:57:59'),(1971,'info@wacu.it','new_order','[Wacù salvaspazio per valigie e bagagli. Sottovuoto portatile] New order : #271 - NOSYJQSLD',1,'2018-12-10 10:23:38'),(1972,'emanuelelana.pg@gmail.com','new_order','[Wacù salvaspazio per valigie e bagagli. Sottovuoto portatile] New order : #271 - NOSYJQSLD',1,'2018-12-10 10:23:38'),(1973,'brunoottaviani.pg@gmail.com','new_order','[Wacù salvaspazio per valigie e bagagli. Sottovuoto portatile] New order : #271 - NOSYJQSLD',1,'2018-12-10 10:23:38'),(1974,'michele.goretti@wacu.it','new_order','[Wacù salvaspazio per valigie e bagagli. Sottovuoto portatile] New order : #271 - NOSYJQSLD',1,'2018-12-10 10:23:38'),(1975,'daniele.pietrobelli@gmail.com','payment','[Wacù salvaspazio per valigie e bagagli. Sottovuoto portatile] Pagamento accettato',1,'2018-12-10 10:23:46'),(1976,'daniele.pietrobelli@gmail.com','order_conf','[Wacù salvaspazio per valigie e bagagli. Sottovuoto portatile] Conferma ordine',1,'2018-12-10 10:23:52'),(1977,'info@wacu.it','new_order','[Wacù salvaspazio per valigie e bagagli. Sottovuoto portatile] New order : #272 - TSLBPNMQL',1,'2018-12-10 13:44:39'),(1978,'emanuelelana.pg@gmail.com','new_order','[Wacù salvaspazio per valigie e bagagli. Sottovuoto portatile] New order : #272 - TSLBPNMQL',1,'2018-12-10 13:44:39'),(1979,'brunoottaviani.pg@gmail.com','new_order','[Wacù salvaspazio per valigie e bagagli. Sottovuoto portatile] New order : #272 - TSLBPNMQL',1,'2018-12-10 13:44:39'),(1980,'michele.goretti@wacu.it','new_order','[Wacù salvaspazio per valigie e bagagli. Sottovuoto portatile] New order : #272 - TSLBPNMQL',1,'2018-12-10 13:44:39'),(1981,'guidinet@hotmail.com','payment','[Wacù salvaspazio per valigie e bagagli. Sottovuoto portatile] Pagamento accettato',1,'2018-12-10 13:44:44'),(1982,'guidinet@hotmail.com','order_conf','[Wacù salvaspazio per valigie e bagagli. Sottovuoto portatile] Conferma ordine',1,'2018-12-10 13:44:48'),(1983,'laura@fattoriacreativa.it','newsletter_conf','[Wacù salvaspazio per valigie e bagagli. Sottovuoto portatile] Conferma newsletter',1,'2018-12-10 17:41:47'),(1984,'Federico.giuseppe.pisanu@gmail.com','account','[Wacù salvaspazio per valigie e bagagli. Sottovuoto portatile] Benvenuto!',1,'2018-12-10 21:00:46'),(1985,'info@wacu.it','new_order','[Wacù salvaspazio per valigie e bagagli. Sottovuoto portatile] New order : #273 - GNWYDXAZG',1,'2018-12-10 21:01:54'),(1986,'emanuelelana.pg@gmail.com','new_order','[Wacù salvaspazio per valigie e bagagli. Sottovuoto portatile] New order : #273 - GNWYDXAZG',1,'2018-12-10 21:01:54'),(1987,'brunoottaviani.pg@gmail.com','new_order','[Wacù salvaspazio per valigie e bagagli. Sottovuoto portatile] New order : #273 - GNWYDXAZG',1,'2018-12-10 21:01:54'),(1988,'michele.goretti@wacu.it','new_order','[Wacù salvaspazio per valigie e bagagli. Sottovuoto portatile] New order : #273 - GNWYDXAZG',1,'2018-12-10 21:01:54'),(1989,'Federico.giuseppe.pisanu@gmail.com','payment','[Wacù salvaspazio per valigie e bagagli. Sottovuoto portatile] Pagamento accettato',1,'2018-12-10 21:02:05'),(1990,'Federico.giuseppe.pisanu@gmail.com','order_conf','[Wacù salvaspazio per valigie e bagagli. Sottovuoto portatile] Conferma ordine',1,'2018-12-10 21:02:11'),(1991,'info@wacu.it','new_order','[Wacù salvaspazio per valigie e bagagli. Sottovuoto portatile] New order : #274 - EWQBIQOOY',1,'2018-12-10 21:49:40'),(1992,'emanuelelana.pg@gmail.com','new_order','[Wacù salvaspazio per valigie e bagagli. Sottovuoto portatile] New order : #274 - EWQBIQOOY',1,'2018-12-10 21:49:40'),(1993,'brunoottaviani.pg@gmail.com','new_order','[Wacù salvaspazio per valigie e bagagli. Sottovuoto portatile] New order : #274 - EWQBIQOOY',1,'2018-12-10 21:49:40'),(1994,'michele.goretti@wacu.it','new_order','[Wacù salvaspazio per valigie e bagagli. Sottovuoto portatile] New order : #274 - EWQBIQOOY',1,'2018-12-10 21:49:40'),(1995,'viola.cecera@yahoo.it','payment','[Wacù salvaspazio per valigie e bagagli. Sottovuoto portatile] Pagamento accettato',1,'2018-12-10 21:49:46'),(1996,'viola.cecera@yahoo.it','order_conf','[Wacù salvaspazio per valigie e bagagli. Sottovuoto portatile] Conferma ordine',1,'2018-12-10 21:49:50'),(1997,'info@wacu.it','new_order','[Wacù salvaspazio per valigie e bagagli. Sottovuoto portatile] New order : #275 - STNMFLVEG',1,'2018-12-10 23:02:58'),(1998,'emanuelelana.pg@gmail.com','new_order','[Wacù salvaspazio per valigie e bagagli. Sottovuoto portatile] New order : #275 - STNMFLVEG',1,'2018-12-10 23:02:58'),(1999,'brunoottaviani.pg@gmail.com','new_order','[Wacù salvaspazio per valigie e bagagli. Sottovuoto portatile] New order : #275 - STNMFLVEG',1,'2018-12-10 23:02:58'),(2000,'michele.goretti@wacu.it','new_order','[Wacù salvaspazio per valigie e bagagli. Sottovuoto portatile] New order : #275 - STNMFLVEG',1,'2018-12-10 23:02:58'),(2001,'oliva.gianluca93@gmail.com','payment','[Wacù salvaspazio per valigie e bagagli. Sottovuoto portatile] Pagamento accettato',1,'2018-12-10 23:03:05'),(2002,'oliva.gianluca93@gmail.com','order_conf','[Wacù salvaspazio per valigie e bagagli. Sottovuoto portatile] Conferma ordine',1,'2018-12-10 23:03:09'),(2003,'info@wacu.it','new_order','[Wacù salvaspazio per valigie e bagagli. Sottovuoto portatile] New order : #276 - JKWYJTEDE',1,'2018-12-11 00:10:37'),(2004,'emanuelelana.pg@gmail.com','new_order','[Wacù salvaspazio per valigie e bagagli. Sottovuoto portatile] New order : #276 - JKWYJTEDE',1,'2018-12-11 00:10:37'),(2005,'brunoottaviani.pg@gmail.com','new_order','[Wacù salvaspazio per valigie e bagagli. Sottovuoto portatile] New order : #276 - JKWYJTEDE',1,'2018-12-11 00:10:38'),(2006,'michele.goretti@wacu.it','new_order','[Wacù salvaspazio per valigie e bagagli. Sottovuoto portatile] New order : #276 - JKWYJTEDE',1,'2018-12-11 00:10:38'),(2007,'blackfoot@libero.it','payment','[Wacù salvaspazio per valigie e bagagli. Sottovuoto portatile] Pagamento accettato',1,'2018-12-11 00:10:43'),(2008,'blackfoot@libero.it','order_conf','[Wacù salvaspazio per valigie e bagagli. Sottovuoto portatile] Conferma ordine',1,'2018-12-11 00:10:46'),(2009,'Rosaba1953@libero.it','newsletter_verif','[Wacù salvaspazio per valigie e bagagli. Sottovuoto portatile] Verifica email',1,'2018-12-11 06:45:16'),(2010,'Rosaba1953@libero.it','newsletter_conf','[Wacù salvaspazio per valigie e bagagli. Sottovuoto portatile] Conferma newsletter',1,'2018-12-11 07:04:20'),(2011,'info@wacu.it','new_order','[Wacù salvaspazio per valigie e bagagli. Sottovuoto portatile] New order : #277 - JLGNAEPEX',1,'2018-12-11 07:10:48'),(2012,'emanuelelana.pg@gmail.com','new_order','[Wacù salvaspazio per valigie e bagagli. Sottovuoto portatile] New order : #277 - JLGNAEPEX',1,'2018-12-11 07:10:48'),(2013,'brunoottaviani.pg@gmail.com','new_order','[Wacù salvaspazio per valigie e bagagli. Sottovuoto portatile] New order : #277 - JLGNAEPEX',1,'2018-12-11 07:10:48'),(2014,'michele.goretti@wacu.it','new_order','[Wacù salvaspazio per valigie e bagagli. Sottovuoto portatile] New order : #277 - JLGNAEPEX',1,'2018-12-11 07:10:48'),(2015,'info@wacu.it','new_order','[Wacù salvaspazio per valigie e bagagli. Sottovuoto portatile] New order : #278 - RSCQEGJOX',1,'2018-12-11 07:10:49'),(2016,'emanuelelana.pg@gmail.com','new_order','[Wacù salvaspazio per valigie e bagagli. Sottovuoto portatile] New order : #278 - RSCQEGJOX',1,'2018-12-11 07:10:49'),(2017,'brunoottaviani.pg@gmail.com','new_order','[Wacù salvaspazio per valigie e bagagli. Sottovuoto portatile] New order : #278 - RSCQEGJOX',1,'2018-12-11 07:10:49'),(2018,'michele.goretti@wacu.it','new_order','[Wacù salvaspazio per valigie e bagagli. Sottovuoto portatile] New order : #278 - RSCQEGJOX',1,'2018-12-11 07:10:49'),(2019,'rosaba1953@libero.it','payment','[Wacù salvaspazio per valigie e bagagli. Sottovuoto portatile] Pagamento accettato',1,'2018-12-11 07:10:55'),(2020,'rosaba1953@libero.it','payment','[Wacù salvaspazio per valigie e bagagli. Sottovuoto portatile] Pagamento accettato',1,'2018-12-11 07:10:55'),(2021,'rosaba1953@libero.it','order_conf','[Wacù salvaspazio per valigie e bagagli. Sottovuoto portatile] Conferma ordine',1,'2018-12-11 07:10:59'),(2022,'rosaba1953@libero.it','order_conf','[Wacù salvaspazio per valigie e bagagli. Sottovuoto portatile] Conferma ordine',1,'2018-12-11 07:11:00'),(2023,'info@wacu.it','new_order','[Wacù salvaspazio per valigie e bagagli. Sottovuoto portatile] New order : #279 - WWQFKCJFN',1,'2018-12-11 11:29:06'),(2024,'emanuelelana.pg@gmail.com','new_order','[Wacù salvaspazio per valigie e bagagli. Sottovuoto portatile] New order : #279 - WWQFKCJFN',1,'2018-12-11 11:29:06'),(2025,'brunoottaviani.pg@gmail.com','new_order','[Wacù salvaspazio per valigie e bagagli. Sottovuoto portatile] New order : #279 - WWQFKCJFN',1,'2018-12-11 11:29:06'),(2026,'michele.goretti@wacu.it','new_order','[Wacù salvaspazio per valigie e bagagli. Sottovuoto portatile] New order : #279 - WWQFKCJFN',1,'2018-12-11 11:29:06'),(2027,'grova.mariagrazia@hotmail.it','bankwire','[Wacù salvaspazio per valigie e bagagli. Sottovuoto portatile] In attesa di pagamento con bonifico bancario',1,'2018-12-11 11:29:07'),(2028,'grova.mariagrazia@hotmail.it','order_conf','[Wacù salvaspazio per valigie e bagagli. Sottovuoto portatile] Conferma ordine',1,'2018-12-11 11:29:07'),(2029,'amethista69@gmail.com','account','[Wacù salvaspazio per valigie e bagagli. Sottovuoto portatile] Benvenuto!',1,'2018-12-11 12:12:12'),(2030,'info@wacu.it','new_order','[Wacù salvaspazio per valigie e bagagli. Sottovuoto portatile] New order : #280 - EYSCLHKES',1,'2018-12-11 12:13:47'),(2031,'emanuelelana.pg@gmail.com','new_order','[Wacù salvaspazio per valigie e bagagli. Sottovuoto portatile] New order : #280 - EYSCLHKES',1,'2018-12-11 12:13:47'),(2032,'brunoottaviani.pg@gmail.com','new_order','[Wacù salvaspazio per valigie e bagagli. Sottovuoto portatile] New order : #280 - EYSCLHKES',1,'2018-12-11 12:13:47'),(2033,'michele.goretti@wacu.it','new_order','[Wacù salvaspazio per valigie e bagagli. Sottovuoto portatile] New order : #280 - EYSCLHKES',1,'2018-12-11 12:13:47'),(2034,'amethista69@gmail.com','payment','[Wacù salvaspazio per valigie e bagagli. Sottovuoto portatile] Pagamento accettato',1,'2018-12-11 12:13:53'),(2035,'amethista69@gmail.com','order_conf','[Wacù salvaspazio per valigie e bagagli. Sottovuoto portatile] Conferma ordine',1,'2018-12-11 12:13:58'),(2036,'Elisa@arcobalenotre.it','newsletter_verif','[Wacù salvaspazio per valigie e bagagli. Sottovuoto portatile] Verifica email',1,'2018-12-11 12:41:16'),(2037,'federica.bogi@gmail.com','newsletter_verif','[Wacù salvaspazio per valigie e bagagli. Sottovuoto portatile] Verifica email',1,'2018-12-11 16:26:42'),(2038,'federica.bogi@gmail.com','newsletter_conf','[Wacù salvaspazio per valigie e bagagli. Sottovuoto portatile] Conferma newsletter',1,'2018-12-11 16:26:59'),(2039,'Ele.libertylove@hotmail.it','newsletter_verif','[Wacù salvaspazio per valigie e bagagli. Sottovuoto portatile] Verifica email',1,'2018-12-11 18:51:48'),(2040,'Ele.libertylove@hotmail.it','newsletter_conf','[Wacù salvaspazio per valigie e bagagli. Sottovuoto portatile] Conferma newsletter',1,'2018-12-11 18:52:14'),(2041,'francescab107@gmail.com','account','[Wacù salvaspazio per valigie e bagagli. Sottovuoto portatile] Benvenuto!',1,'2018-12-11 19:19:10'),(2042,'info@wacu.it','new_order','[Wacù salvaspazio per valigie e bagagli. Sottovuoto portatile] New order : #281 - IRRWJRNCZ',1,'2018-12-11 19:22:09'),(2043,'emanuelelana.pg@gmail.com','new_order','[Wacù salvaspazio per valigie e bagagli. Sottovuoto portatile] New order : #281 - IRRWJRNCZ',1,'2018-12-11 19:22:09'),(2044,'brunoottaviani.pg@gmail.com','new_order','[Wacù salvaspazio per valigie e bagagli. Sottovuoto portatile] New order : #281 - IRRWJRNCZ',1,'2018-12-11 19:22:09'),(2045,'michele.goretti@wacu.it','new_order','[Wacù salvaspazio per valigie e bagagli. Sottovuoto portatile] New order : #281 - IRRWJRNCZ',1,'2018-12-11 19:22:09'),(2046,'francescab107@gmail.com','payment','[Wacù salvaspazio per valigie e bagagli. Sottovuoto portatile] Pagamento accettato',1,'2018-12-11 19:22:15'),(2047,'francescab107@gmail.com','order_conf','[Wacù salvaspazio per valigie e bagagli. Sottovuoto portatile] Conferma ordine',1,'2018-12-11 19:22:20'),(2048,'gbarrella47@tiscali.it','newsletter_conf','[Wacù salvaspazio per valigie e bagagli. Sottovuoto portatile] Conferma newsletter',1,'2018-12-11 19:44:54'),(2049,'gbarrella47@tiscali.it','account','[Wacù salvaspazio per valigie e bagagli. Sottovuoto portatile] Benvenuto!',1,'2018-12-11 19:44:54'),(2050,'info@wacu.it','new_order','[Wacù salvaspazio per valigie e bagagli. Sottovuoto portatile] New order : #282 - RSRKJBEWN',1,'2018-12-11 19:46:39'),(2051,'emanuelelana.pg@gmail.com','new_order','[Wacù salvaspazio per valigie e bagagli. Sottovuoto portatile] New order : #282 - RSRKJBEWN',1,'2018-12-11 19:46:39'),(2052,'brunoottaviani.pg@gmail.com','new_order','[Wacù salvaspazio per valigie e bagagli. Sottovuoto portatile] New order : #282 - RSRKJBEWN',1,'2018-12-11 19:46:39'),(2053,'michele.goretti@wacu.it','new_order','[Wacù salvaspazio per valigie e bagagli. Sottovuoto portatile] New order : #282 - RSRKJBEWN',1,'2018-12-11 19:46:39'),(2054,'gbarrella47@tiscali.it','payment','[Wacù salvaspazio per valigie e bagagli. Sottovuoto portatile] Pagamento accettato',1,'2018-12-11 19:46:46'),(2055,'gbarrella47@tiscali.it','order_conf','[Wacù salvaspazio per valigie e bagagli. Sottovuoto portatile] Conferma ordine',1,'2018-12-11 19:46:50'),(2056,'albertof11@yahoo.it','account','[Wacù salvaspazio per valigie e bagagli. Sottovuoto portatile] Benvenuto!',1,'2018-12-11 19:54:34'),(2057,'info@wacu.it','new_order','[Wacù salvaspazio per valigie e bagagli. Sottovuoto portatile] New order : #283 - XKVVHMUOM',1,'2018-12-11 20:00:16'),(2058,'emanuelelana.pg@gmail.com','new_order','[Wacù salvaspazio per valigie e bagagli. Sottovuoto portatile] New order : #283 - XKVVHMUOM',1,'2018-12-11 20:00:16'),(2059,'brunoottaviani.pg@gmail.com','new_order','[Wacù salvaspazio per valigie e bagagli. Sottovuoto portatile] New order : #283 - XKVVHMUOM',1,'2018-12-11 20:00:16'),(2060,'michele.goretti@wacu.it','new_order','[Wacù salvaspazio per valigie e bagagli. Sottovuoto portatile] New order : #283 - XKVVHMUOM',1,'2018-12-11 20:00:16'),(2061,'albertof11@yahoo.it','payment','[Wacù salvaspazio per valigie e bagagli. Sottovuoto portatile] Pagamento accettato',1,'2018-12-11 20:00:24'),(2062,'albertof11@yahoo.it','order_conf','[Wacù salvaspazio per valigie e bagagli. Sottovuoto portatile] Conferma ordine',1,'2018-12-11 20:00:29'),(2063,'federicamauri@msn.com','newsletter_conf','[Wacù salvaspazio per valigie e bagagli. Sottovuoto portatile] Conferma newsletter',1,'2018-12-11 20:01:19'),(2064,'federicamauri@msn.com','account','[Wacù salvaspazio per valigie e bagagli. Sottovuoto portatile] Benvenuto!',1,'2018-12-11 20:01:19'),(2065,'claudiamortigliengo@gmail.com','account','[Wacù salvaspazio per valigie e bagagli. Sottovuoto portatile] Benvenuto!',1,'2018-12-11 21:09:50'),(2066,'info@wacu.it','new_order','[Wacù salvaspazio per valigie e bagagli. Sottovuoto portatile] New order : #284 - QDKXLUKJQ',1,'2018-12-11 21:11:15'),(2067,'emanuelelana.pg@gmail.com','new_order','[Wacù salvaspazio per valigie e bagagli. Sottovuoto portatile] New order : #284 - QDKXLUKJQ',1,'2018-12-11 21:11:15'),(2068,'brunoottaviani.pg@gmail.com','new_order','[Wacù salvaspazio per valigie e bagagli. Sottovuoto portatile] New order : #284 - QDKXLUKJQ',1,'2018-12-11 21:11:15'),(2069,'michele.goretti@wacu.it','new_order','[Wacù salvaspazio per valigie e bagagli. Sottovuoto portatile] New order : #284 - QDKXLUKJQ',1,'2018-12-11 21:11:15'),(2070,'claudiamortigliengo@gmail.com','payment','[Wacù salvaspazio per valigie e bagagli. Sottovuoto portatile] Pagamento accettato',1,'2018-12-11 21:11:24'),(2071,'claudiamortigliengo@gmail.com','order_conf','[Wacù salvaspazio per valigie e bagagli. Sottovuoto portatile] Conferma ordine',1,'2018-12-11 21:11:29'),(2072,'fedi71@yahoo.it','newsletter_verif','[Wacù salvaspazio per valigie e bagagli. Sottovuoto portatile] Verifica email',1,'2018-12-11 23:09:06'),(2073,'fedi71@yahoo.it','newsletter_conf','[Wacù salvaspazio per valigie e bagagli. Sottovuoto portatile] Conferma newsletter',1,'2018-12-11 23:09:56'),(2074,'fedi71@yahoo.it','newsletter_conf','[Wacù salvaspazio per valigie e bagagli. Sottovuoto portatile] Conferma newsletter',1,'2018-12-11 23:11:19'),(2075,'fedi71@yahoo.it','account','[Wacù salvaspazio per valigie e bagagli. Sottovuoto portatile] Benvenuto!',1,'2018-12-11 23:11:19'),(2076,'info@wacu.it','new_order','[Wacù salvaspazio per valigie e bagagli. Sottovuoto portatile] New order : #285 - RHAZAZMKA',1,'2018-12-11 23:45:51'),(2077,'emanuelelana.pg@gmail.com','new_order','[Wacù salvaspazio per valigie e bagagli. Sottovuoto portatile] New order : #285 - RHAZAZMKA',1,'2018-12-11 23:45:51'),(2078,'brunoottaviani.pg@gmail.com','new_order','[Wacù salvaspazio per valigie e bagagli. Sottovuoto portatile] New order : #285 - RHAZAZMKA',1,'2018-12-11 23:45:52'),(2079,'michele.goretti@wacu.it','new_order','[Wacù salvaspazio per valigie e bagagli. Sottovuoto portatile] New order : #285 - RHAZAZMKA',1,'2018-12-11 23:45:52'),(2080,'fedi71@yahoo.it','payment','[Wacù salvaspazio per valigie e bagagli. Sottovuoto portatile] Pagamento accettato',1,'2018-12-11 23:45:59'),(2081,'fedi71@yahoo.it','order_conf','[Wacù salvaspazio per valigie e bagagli. Sottovuoto portatile] Conferma ordine',1,'2018-12-11 23:46:05'),(2082,'silvia.cardone73@gmail.com','newsletter_verif','[Wacù salvaspazio per valigie e bagagli. Sottovuoto portatile] Verifica email',1,'2018-12-12 03:10:41'),(2083,'silvia.cardone73@gmail.com','newsletter_conf','[Wacù salvaspazio per valigie e bagagli. Sottovuoto portatile] Conferma newsletter',1,'2018-12-12 03:11:04'),(2084,'info@wacu.it','new_order','[Wacù salvaspazio per valigie e bagagli. Sottovuoto portatile] New order : #286 - NRSEVMNSU',1,'2018-12-12 03:45:20'),(2085,'emanuelelana.pg@gmail.com','new_order','[Wacù salvaspazio per valigie e bagagli. Sottovuoto portatile] New order : #286 - NRSEVMNSU',1,'2018-12-12 03:45:20'),(2086,'brunoottaviani.pg@gmail.com','new_order','[Wacù salvaspazio per valigie e bagagli. Sottovuoto portatile] New order : #286 - NRSEVMNSU',1,'2018-12-12 03:45:20'),(2087,'michele.goretti@wacu.it','new_order','[Wacù salvaspazio per valigie e bagagli. Sottovuoto portatile] New order : #286 - NRSEVMNSU',1,'2018-12-12 03:45:20'),(2088,'alessandrocostanzino87@gmail.com','payment','[Wacù salvaspazio per valigie e bagagli. Sottovuoto portatile] Pagamento accettato',1,'2018-12-12 03:45:25'),(2089,'alessandrocostanzino87@gmail.com','order_conf','[Wacù salvaspazio per valigie e bagagli. Sottovuoto portatile] Conferma ordine',1,'2018-12-12 03:45:29'),(2090,'sonia.cangu@gmail.com','account','[Wacù salvaspazio per valigie e bagagli. Sottovuoto portatile] Benvenuto!',1,'2018-12-12 09:26:35'),(2091,'info@wacu.it','new_order','[Wacù salvaspazio per valigie e bagagli. Sottovuoto portatile] New order : #287 - AUTKDFXKN',1,'2018-12-12 09:27:29'),(2092,'emanuelelana.pg@gmail.com','new_order','[Wacù salvaspazio per valigie e bagagli. Sottovuoto portatile] New order : #287 - AUTKDFXKN',1,'2018-12-12 09:27:29'),(2093,'brunoottaviani.pg@gmail.com','new_order','[Wacù salvaspazio per valigie e bagagli. Sottovuoto portatile] New order : #287 - AUTKDFXKN',1,'2018-12-12 09:27:29'),(2094,'michele.goretti@wacu.it','new_order','[Wacù salvaspazio per valigie e bagagli. Sottovuoto portatile] New order : #287 - AUTKDFXKN',1,'2018-12-12 09:27:29'),(2095,'sonia.cangu@gmail.com','bankwire','[Wacù salvaspazio per valigie e bagagli. Sottovuoto portatile] In attesa di pagamento con bonifico bancario',1,'2018-12-12 09:27:30'),(2096,'sonia.cangu@gmail.com','order_conf','[Wacù salvaspazio per valigie e bagagli. Sottovuoto portatile] Conferma ordine',1,'2018-12-12 09:27:30'),(2097,'silvycolombo214@gmail.com','account','[Wacù salvaspazio per valigie e bagagli. Sottovuoto portatile] Benvenuto!',1,'2018-12-12 09:30:46'),(2098,'rosaba1953@libero.it','password_query','[Wacù salvaspazio per valigie e bagagli. Sottovuoto portatile] Conferma password query',1,'2018-12-12 10:22:07'),(2099,'rosaba1953@libero.it','password_query','[Wacù salvaspazio per valigie e bagagli. Sottovuoto portatile] Conferma password query',1,'2018-12-12 10:24:10'),(2100,'rosaba1953@libero.it','password','[Wacù salvaspazio per valigie e bagagli. Sottovuoto portatile] La tua nuova password',1,'2018-12-12 10:24:39'),(2101,'sonia.cangu@gmail.com','order_canceled','[Wacù salvaspazio per valigie e bagagli. Sottovuoto portatile] Annullato',1,'2018-12-12 10:25:36'),(2102,'sonia.cangu@gmail.com','order_changed','[Wacù salvaspazio per valigie e bagagli. Sottovuoto portatile] Your order has been changed',1,'2018-12-12 10:26:05'),(2103,'adell_2007@mail.ru','newsletter_conf','[Wacù salvaspazio per valigie e bagagli. Sottovuoto portatile] Conferma newsletter',1,'2018-12-12 11:41:16'),(2104,'adell_2007@mail.ru','account','[Wacù salvaspazio per valigie e bagagli. Sottovuoto portatile] Benvenuto!',1,'2018-12-12 11:41:17'),(2105,'info@wacu.it','new_order','[Wacù salvaspazio per valigie e bagagli. Sottovuoto portatile] New order : #288 - QNGWGFCFH',1,'2018-12-12 11:58:30'),(2106,'emanuelelana.pg@gmail.com','new_order','[Wacù salvaspazio per valigie e bagagli. Sottovuoto portatile] New order : #288 - QNGWGFCFH',1,'2018-12-12 11:58:30'),(2107,'brunoottaviani.pg@gmail.com','new_order','[Wacù salvaspazio per valigie e bagagli. Sottovuoto portatile] New order : #288 - QNGWGFCFH',1,'2018-12-12 11:58:30'),(2108,'michele.goretti@wacu.it','new_order','[Wacù salvaspazio per valigie e bagagli. Sottovuoto portatile] New order : #288 - QNGWGFCFH',1,'2018-12-12 11:58:30'),(2109,'adell_2007@mail.ru','payment','[Wacù salvaspazio per valigie e bagagli. Sottovuoto portatile] Pagamento accettato',1,'2018-12-12 11:58:35'),(2110,'adell_2007@mail.ru','order_conf','[Wacù salvaspazio per valigie e bagagli. Sottovuoto portatile] Conferma ordine',1,'2018-12-12 11:58:39'),(2111,'info@wacu.it','new_order','[Wacù salvaspazio per valigie e bagagli. Sottovuoto portatile] New order : #289 - KNMIOFYNP',1,'2018-12-12 12:47:08'),(2112,'emanuelelana.pg@gmail.com','new_order','[Wacù salvaspazio per valigie e bagagli. Sottovuoto portatile] New order : #289 - KNMIOFYNP',1,'2018-12-12 12:47:08'),(2113,'brunoottaviani.pg@gmail.com','new_order','[Wacù salvaspazio per valigie e bagagli. Sottovuoto portatile] New order : #289 - KNMIOFYNP',1,'2018-12-12 12:47:09'),(2114,'michele.goretti@wacu.it','new_order','[Wacù salvaspazio per valigie e bagagli. Sottovuoto portatile] New order : #289 - KNMIOFYNP',1,'2018-12-12 12:47:09'),(2115,'robertarapetti64@gmail.com','payment','[Wacù salvaspazio per valigie e bagagli. Sottovuoto portatile] Pagamento accettato',1,'2018-12-12 12:47:14'),(2116,'robertarapetti64@gmail.com','order_conf','[Wacù salvaspazio per valigie e bagagli. Sottovuoto portatile] Conferma ordine',1,'2018-12-12 12:47:18'),(2117,'info@wacu.it','new_order','[Wacù salvaspazio per valigie e bagagli. Sottovuoto portatile] New order : #290 - GILZNQSNQ',1,'2018-12-12 14:19:42'),(2118,'emanuelelana.pg@gmail.com','new_order','[Wacù salvaspazio per valigie e bagagli. Sottovuoto portatile] New order : #290 - GILZNQSNQ',1,'2018-12-12 14:19:42'),(2119,'brunoottaviani.pg@gmail.com','new_order','[Wacù salvaspazio per valigie e bagagli. Sottovuoto portatile] New order : #290 - GILZNQSNQ',1,'2018-12-12 14:19:42'),(2120,'michele.goretti@wacu.it','new_order','[Wacù salvaspazio per valigie e bagagli. Sottovuoto portatile] New order : #290 - GILZNQSNQ',1,'2018-12-12 14:19:42'),(2121,'alessandracosta061100@gmail.com','bankwire','[Wacù salvaspazio per valigie e bagagli. Sottovuoto portatile] In attesa di pagamento con bonifico bancario',1,'2018-12-12 14:19:44'),(2122,'alessandracosta061100@gmail.com','order_conf','[Wacù salvaspazio per valigie e bagagli. Sottovuoto portatile] Conferma ordine',1,'2018-12-12 14:19:44'),(2123,'info@wacu.it','new_order','[Wacù salvaspazio per valigie e bagagli. Sottovuoto portatile] New order : #291 - AZBXPZKKL',1,'2018-12-12 14:40:16'),(2124,'emanuelelana.pg@gmail.com','new_order','[Wacù salvaspazio per valigie e bagagli. Sottovuoto portatile] New order : #291 - AZBXPZKKL',1,'2018-12-12 14:40:16'),(2125,'brunoottaviani.pg@gmail.com','new_order','[Wacù salvaspazio per valigie e bagagli. Sottovuoto portatile] New order : #291 - AZBXPZKKL',1,'2018-12-12 14:40:16'),(2126,'michele.goretti@wacu.it','new_order','[Wacù salvaspazio per valigie e bagagli. Sottovuoto portatile] New order : #291 - AZBXPZKKL',1,'2018-12-12 14:40:16'),(2127,'mvarriale11@gmail.com','payment','[Wacù salvaspazio per valigie e bagagli. Sottovuoto portatile] Pagamento accettato',1,'2018-12-12 14:40:21'),(2128,'mvarriale11@gmail.com','order_conf','[Wacù salvaspazio per valigie e bagagli. Sottovuoto portatile] Conferma ordine',1,'2018-12-12 14:40:25'),(2129,'info@wacu.it','new_order','[Wacù salvaspazio per valigie e bagagli. Sottovuoto portatile] New order : #292 - EHSQCPFGH',1,'2018-12-12 15:26:44'),(2130,'emanuelelana.pg@gmail.com','new_order','[Wacù salvaspazio per valigie e bagagli. Sottovuoto portatile] New order : #292 - EHSQCPFGH',1,'2018-12-12 15:26:44'),(2131,'brunoottaviani.pg@gmail.com','new_order','[Wacù salvaspazio per valigie e bagagli. Sottovuoto portatile] New order : #292 - EHSQCPFGH',1,'2018-12-12 15:26:44'),(2132,'michele.goretti@wacu.it','new_order','[Wacù salvaspazio per valigie e bagagli. Sottovuoto portatile] New order : #292 - EHSQCPFGH',1,'2018-12-12 15:26:44'),(2133,'quarantinim@gmail.com','payment','[Wacù salvaspazio per valigie e bagagli. Sottovuoto portatile] Pagamento accettato',1,'2018-12-12 15:26:50'),(2134,'quarantinim@gmail.com','order_conf','[Wacù salvaspazio per valigie e bagagli. Sottovuoto portatile] Conferma ordine',1,'2018-12-12 15:26:54'),(2135,'info@wacu.it','new_order','[Wacù salvaspazio per valigie e bagagli. Sottovuoto portatile] New order : #293 - LZOROZZFM',1,'2018-12-12 16:20:55'),(2136,'emanuelelana.pg@gmail.com','new_order','[Wacù salvaspazio per valigie e bagagli. Sottovuoto portatile] New order : #293 - LZOROZZFM',1,'2018-12-12 16:20:56'),(2137,'brunoottaviani.pg@gmail.com','new_order','[Wacù salvaspazio per valigie e bagagli. Sottovuoto portatile] New order : #293 - LZOROZZFM',1,'2018-12-12 16:20:56'),(2138,'michele.goretti@wacu.it','new_order','[Wacù salvaspazio per valigie e bagagli. Sottovuoto portatile] New order : #293 - LZOROZZFM',1,'2018-12-12 16:20:56'),(2139,'federicamauri@msn.com','payment','[Wacù salvaspazio per valigie e bagagli. Sottovuoto portatile] Pagamento accettato',1,'2018-12-12 16:21:02'),(2140,'federicamauri@msn.com','order_conf','[Wacù salvaspazio per valigie e bagagli. Sottovuoto portatile] Conferma ordine',1,'2018-12-12 16:21:06'),(2141,'grova.mariagrazia@hotmail.it','account','[Wacù salvaspazio per valigie e bagagli. Sottovuoto portatile] Benvenuto!',1,'2018-12-12 21:35:10'),(2142,'Grillacricri@alice.it','newsletter_verif','[Wacù salvaspazio per valigie e bagagli. Sottovuoto portatile] Verifica email',1,'2018-12-12 21:38:55'),(2143,'bderiu@tiscali.it','password_query','[Wacù salvaspazio per valigie e bagagli. Sottovuoto portatile] Conferma password query',1,'2018-12-12 21:47:28'),(2144,'massimo.occhino@yahoo.it','account','[Wacù salvaspazio per valigie e bagagli. Sottovuoto portatile] Benvenuto!',1,'2018-12-13 08:13:36'),(2145,'info@wacu.it','new_order','[Wacù salvaspazio per valigie e bagagli. Sottovuoto portatile] New order : #294 - ZABWWQCSB',1,'2018-12-13 10:19:30'),(2146,'emanuelelana.pg@gmail.com','new_order','[Wacù salvaspazio per valigie e bagagli. Sottovuoto portatile] New order : #294 - ZABWWQCSB',1,'2018-12-13 10:19:30'),(2147,'brunoottaviani.pg@gmail.com','new_order','[Wacù salvaspazio per valigie e bagagli. Sottovuoto portatile] New order : #294 - ZABWWQCSB',1,'2018-12-13 10:19:32'),(2148,'michele.goretti@wacu.it','new_order','[Wacù salvaspazio per valigie e bagagli. Sottovuoto portatile] New order : #294 - ZABWWQCSB',1,'2018-12-13 10:19:32'),(2149,'massimo.occhino@yahoo.it','payment','[Wacù salvaspazio per valigie e bagagli. Sottovuoto portatile] Pagamento accettato',1,'2018-12-13 10:19:39'),(2150,'massimo.occhino@yahoo.it','order_conf','[Wacù salvaspazio per valigie e bagagli. Sottovuoto portatile] Conferma ordine',1,'2018-12-13 10:19:43'),(2151,'alessandracosta061100@gmail.com','payment','[Wacù salvaspazio per valigie e bagagli. Sottovuoto portatile] Pagamento accettato',1,'2018-12-13 10:20:37'),(2152,'alessandracosta061100@gmail.com','payment','[Wacù salvaspazio per valigie e bagagli. Sottovuoto portatile] Pagamento accettato',1,'2018-12-13 10:21:11'),(2153,'r.casaretti@gmail.com','newsletter_conf','[Wacù salvaspazio per valigie e bagagli. Sottovuoto portatile] Conferma newsletter',1,'2018-12-13 12:56:14'),(2154,'r.casaretti@gmail.com','account','[Wacù salvaspazio per valigie e bagagli. Sottovuoto portatile] Benvenuto!',1,'2018-12-13 12:56:14'),(2155,'info@wacu.it','new_order','[Wacù salvaspazio per valigie e bagagli. Sottovuoto portatile] New order : #295 - ZGHLGWPRH',1,'2018-12-13 13:00:32'),(2156,'emanuelelana.pg@gmail.com','new_order','[Wacù salvaspazio per valigie e bagagli. Sottovuoto portatile] New order : #295 - ZGHLGWPRH',1,'2018-12-13 13:00:32'),(2157,'brunoottaviani.pg@gmail.com','new_order','[Wacù salvaspazio per valigie e bagagli. Sottovuoto portatile] New order : #295 - ZGHLGWPRH',1,'2018-12-13 13:00:32'),(2158,'michele.goretti@wacu.it','new_order','[Wacù salvaspazio per valigie e bagagli. Sottovuoto portatile] New order : #295 - ZGHLGWPRH',1,'2018-12-13 13:00:32'),(2159,'r.casaretti@gmail.com','payment','[Wacù salvaspazio per valigie e bagagli. Sottovuoto portatile] Pagamento accettato',1,'2018-12-13 13:00:40'),(2160,'r.casaretti@gmail.com','order_conf','[Wacù salvaspazio per valigie e bagagli. Sottovuoto portatile] Conferma ordine',1,'2018-12-13 13:00:45'),(2161,'info@wacu.it','new_order','[Wacù salvaspazio per valigie e bagagli. Sottovuoto portatile] New order : #296 - CHXNFMEGK',1,'2018-12-13 17:35:29'),(2162,'emanuelelana.pg@gmail.com','new_order','[Wacù salvaspazio per valigie e bagagli. Sottovuoto portatile] New order : #296 - CHXNFMEGK',1,'2018-12-13 17:35:29'),(2163,'brunoottaviani.pg@gmail.com','new_order','[Wacù salvaspazio per valigie e bagagli. Sottovuoto portatile] New order : #296 - CHXNFMEGK',1,'2018-12-13 17:35:30'),(2164,'michele.goretti@wacu.it','new_order','[Wacù salvaspazio per valigie e bagagli. Sottovuoto portatile] New order : #296 - CHXNFMEGK',1,'2018-12-13 17:35:30'),(2165,'gabrielegalbato@icloud.com','payment','[Wacù salvaspazio per valigie e bagagli. Sottovuoto portatile] Pagamento accettato',1,'2018-12-13 17:35:35'),(2166,'gabrielegalbato@icloud.com','order_conf','[Wacù salvaspazio per valigie e bagagli. Sottovuoto portatile] Conferma ordine',1,'2018-12-13 17:35:39'),(2167,'info@wacu.it','new_order','[Wacù salvaspazio per valigie e bagagli. Sottovuoto portatile] New order : #297 - IUMDNDHEG',1,'2018-12-13 17:51:09'),(2168,'emanuelelana.pg@gmail.com','new_order','[Wacù salvaspazio per valigie e bagagli. Sottovuoto portatile] New order : #297 - IUMDNDHEG',1,'2018-12-13 17:51:09'),(2169,'brunoottaviani.pg@gmail.com','new_order','[Wacù salvaspazio per valigie e bagagli. Sottovuoto portatile] New order : #297 - IUMDNDHEG',1,'2018-12-13 17:51:09'),(2170,'michele.goretti@wacu.it','new_order','[Wacù salvaspazio per valigie e bagagli. Sottovuoto portatile] New order : #297 - IUMDNDHEG',1,'2018-12-13 17:51:09'),(2171,'mazzaenrica@gmail.com','payment','[Wacù salvaspazio per valigie e bagagli. Sottovuoto portatile] Pagamento accettato',1,'2018-12-13 17:51:15'),(2172,'mazzaenrica@gmail.com','order_conf','[Wacù salvaspazio per valigie e bagagli. Sottovuoto portatile] Conferma ordine',1,'2018-12-13 17:51:20'),(2173,'venicandrea@gmail.com','account','[Wacù salvaspazio per valigie e bagagli. Sottovuoto portatile] Benvenuto!',1,'2018-12-13 23:35:59'),(2174,'info@wacu.it','new_order','[Wacù salvaspazio per valigie e bagagli. Sottovuoto portatile] New order : #298 - QLVOSNIPL',1,'2018-12-13 23:47:23'),(2175,'emanuelelana.pg@gmail.com','new_order','[Wacù salvaspazio per valigie e bagagli. Sottovuoto portatile] New order : #298 - QLVOSNIPL',1,'2018-12-13 23:47:24'),(2176,'brunoottaviani.pg@gmail.com','new_order','[Wacù salvaspazio per valigie e bagagli. Sottovuoto portatile] New order : #298 - QLVOSNIPL',1,'2018-12-13 23:47:24'),(2177,'michele.goretti@wacu.it','new_order','[Wacù salvaspazio per valigie e bagagli. Sottovuoto portatile] New order : #298 - QLVOSNIPL',1,'2018-12-13 23:47:24'),(2178,'venicandrea@gmail.com','payment','[Wacù salvaspazio per valigie e bagagli. Sottovuoto portatile] Pagamento accettato',1,'2018-12-13 23:47:29'),(2179,'venicandrea@gmail.com','order_conf','[Wacù salvaspazio per valigie e bagagli. Sottovuoto portatile] Conferma ordine',1,'2018-12-13 23:47:33'),(2180,'manuelapintus@hotmail.it','newsletter_verif','[Wacù salvaspazio per valigie e bagagli. Sottovuoto portatile] Verifica email',1,'2018-12-14 09:53:16'),(2181,'manuelapintus@hotmail.it','newsletter_conf','[Wacù salvaspazio per valigie e bagagli. Sottovuoto portatile] Conferma newsletter',1,'2018-12-14 09:54:55'),(2182,'manuelapintus@hotmail.it','newsletter_conf','[Wacù salvaspazio per valigie e bagagli. Sottovuoto portatile] Conferma newsletter',1,'2018-12-14 10:26:40'),(2183,'manuelapintus@hotmail.it','account','[Wacù salvaspazio per valigie e bagagli. Sottovuoto portatile] Benvenuto!',1,'2018-12-14 10:26:41'),(2184,'info@wacu.it','new_order','[Wacù salvaspazio per valigie e bagagli. Sottovuoto portatile] New order : #299 - WJCAGYZMS',1,'2018-12-14 10:41:20'),(2185,'emanuelelana.pg@gmail.com','new_order','[Wacù salvaspazio per valigie e bagagli. Sottovuoto portatile] New order : #299 - WJCAGYZMS',1,'2018-12-14 10:41:21'),(2186,'brunoottaviani.pg@gmail.com','new_order','[Wacù salvaspazio per valigie e bagagli. Sottovuoto portatile] New order : #299 - WJCAGYZMS',1,'2018-12-14 10:41:21'),(2187,'michele.goretti@wacu.it','new_order','[Wacù salvaspazio per valigie e bagagli. Sottovuoto portatile] New order : #299 - WJCAGYZMS',1,'2018-12-14 10:41:21'),(2188,'manuelapintus@hotmail.it','bankwire','[Wacù salvaspazio per valigie e bagagli. Sottovuoto portatile] In attesa di pagamento con bonifico bancario',1,'2018-12-14 10:41:23'),(2189,'manuelapintus@hotmail.it','order_conf','[Wacù salvaspazio per valigie e bagagli. Sottovuoto portatile] Conferma ordine',1,'2018-12-14 10:41:23'),(2190,'Martydm@hotmail.it','newsletter_verif','[Wacù salvaspazio per valigie e bagagli. Sottovuoto portatile] Verifica email',1,'2018-12-14 11:50:43'),(2191,'manuelapintus@hotmail.it','payment','[Wacù salvaspazio per valigie e bagagli. Sottovuoto portatile] Pagamento accettato',1,'2018-12-14 12:09:43'),(2192,'manuelapintus@hotmail.it','bankwire','[Wacù salvaspazio per valigie e bagagli. Sottovuoto portatile] In attesa di pagamento con bonifico bancario',1,'2018-12-14 12:09:57'),(2193,'grova.mariagrazia@hotmail.it','payment','[Wacù salvaspazio per valigie e bagagli. Sottovuoto portatile] Pagamento accettato',1,'2018-12-14 12:10:48'),(2194,'grova.mariagrazia@hotmail.it','payment','[Wacù salvaspazio per valigie e bagagli. Sottovuoto portatile] Pagamento accettato',1,'2018-12-14 12:10:54'),(2195,'info@wacu.it','new_order','[Wacù salvaspazio per valigie e bagagli. Sottovuoto portatile] New order : #300 - NUPCTHNMU',1,'2018-12-14 13:10:12'),(2196,'emanuelelana.pg@gmail.com','new_order','[Wacù salvaspazio per valigie e bagagli. Sottovuoto portatile] New order : #300 - NUPCTHNMU',1,'2018-12-14 13:10:12'),(2197,'brunoottaviani.pg@gmail.com','new_order','[Wacù salvaspazio per valigie e bagagli. Sottovuoto portatile] New order : #300 - NUPCTHNMU',1,'2018-12-14 13:10:12'),(2198,'michele.goretti@wacu.it','new_order','[Wacù salvaspazio per valigie e bagagli. Sottovuoto portatile] New order : #300 - NUPCTHNMU',1,'2018-12-14 13:10:12'),(2199,'barbara.gregori1@gmail.com','payment','[Wacù salvaspazio per valigie e bagagli. Sottovuoto portatile] Pagamento accettato',1,'2018-12-14 13:10:17'),(2200,'barbara.gregori1@gmail.com','order_conf','[Wacù salvaspazio per valigie e bagagli. Sottovuoto portatile] Conferma ordine',1,'2018-12-14 13:10:21'),(2201,'info@wacu.it','new_order','[Wacù salvaspazio per valigie e bagagli. Sottovuoto portatile] New order : #301 - BDPQYLFVD',1,'2018-12-14 14:19:33'),(2202,'emanuelelana.pg@gmail.com','new_order','[Wacù salvaspazio per valigie e bagagli. Sottovuoto portatile] New order : #301 - BDPQYLFVD',1,'2018-12-14 14:19:33'),(2203,'brunoottaviani.pg@gmail.com','new_order','[Wacù salvaspazio per valigie e bagagli. Sottovuoto portatile] New order : #301 - BDPQYLFVD',1,'2018-12-14 14:19:33'),(2204,'michele.goretti@wacu.it','new_order','[Wacù salvaspazio per valigie e bagagli. Sottovuoto portatile] New order : #301 - BDPQYLFVD',1,'2018-12-14 14:19:33'),(2205,'rbonadies2@gmail.com','bankwire','[Wacù salvaspazio per valigie e bagagli. Sottovuoto portatile] In attesa di pagamento con bonifico bancario',1,'2018-12-14 14:19:35'),(2206,'rbonadies2@gmail.com','order_conf','[Wacù salvaspazio per valigie e bagagli. Sottovuoto portatile] Conferma ordine',1,'2018-12-14 14:19:35'),(2207,'info@wacu.it','new_order','[Wacù salvaspazio per valigie e bagagli. Sottovuoto portatile] New order : #302 - RYMAQFFTI',1,'2018-12-14 14:27:37'),(2208,'emanuelelana.pg@gmail.com','new_order','[Wacù salvaspazio per valigie e bagagli. Sottovuoto portatile] New order : #302 - RYMAQFFTI',1,'2018-12-14 14:27:37'),(2209,'brunoottaviani.pg@gmail.com','new_order','[Wacù salvaspazio per valigie e bagagli. Sottovuoto portatile] New order : #302 - RYMAQFFTI',1,'2018-12-14 14:27:37'),(2210,'michele.goretti@wacu.it','new_order','[Wacù salvaspazio per valigie e bagagli. Sottovuoto portatile] New order : #302 - RYMAQFFTI',1,'2018-12-14 14:27:37'),(2211,'ale95_alessio@hotmail.it','payment','[Wacù salvaspazio per valigie e bagagli. Sottovuoto portatile] Pagamento accettato',1,'2018-12-14 14:27:43'),(2212,'ale95_alessio@hotmail.it','order_conf','[Wacù salvaspazio per valigie e bagagli. Sottovuoto portatile] Conferma ordine',1,'2018-12-14 14:27:47'),(2213,'fefe41099@gmail.com','account','[Wacù salvaspazio per valigie e bagagli. Sottovuoto portatile] Benvenuto!',1,'2018-12-14 18:36:31'),(2214,'info@wacu.it','new_order','[Wacù salvaspazio per valigie e bagagli. Sottovuoto portatile] New order : #303 - UOTWWTEFP',1,'2018-12-14 18:39:00'),(2215,'emanuelelana.pg@gmail.com','new_order','[Wacù salvaspazio per valigie e bagagli. Sottovuoto portatile] New order : #303 - UOTWWTEFP',1,'2018-12-14 18:39:00'),(2216,'brunoottaviani.pg@gmail.com','new_order','[Wacù salvaspazio per valigie e bagagli. Sottovuoto portatile] New order : #303 - UOTWWTEFP',1,'2018-12-14 18:39:01'),(2217,'michele.goretti@wacu.it','new_order','[Wacù salvaspazio per valigie e bagagli. Sottovuoto portatile] New order : #303 - UOTWWTEFP',1,'2018-12-14 18:39:01'),(2218,'fefe41099@gmail.com','payment','[Wacù salvaspazio per valigie e bagagli. Sottovuoto portatile] Pagamento accettato',1,'2018-12-14 18:39:07'),(2219,'fefe41099@gmail.com','order_conf','[Wacù salvaspazio per valigie e bagagli. Sottovuoto portatile] Conferma ordine',1,'2018-12-14 18:39:11'),(2220,'maracattaneo@alice.it','newsletter_verif','[Wacù salvaspazio per valigie e bagagli. Sottovuoto portatile] Verifica email',1,'2018-12-14 20:29:13'),(2221,'aurelia.anello@libero.it','newsletter_verif','[Wacù salvaspazio per valigie e bagagli. Sottovuoto portatile] Verifica email',1,'2018-12-15 07:56:35'),(2222,'info@wacu.it','new_order','[Wacù salvaspazio per valigie e bagagli. Sottovuoto portatile] New order : #304 - XNYSCJVPL',1,'2018-12-15 10:11:12'),(2223,'emanuelelana.pg@gmail.com','new_order','[Wacù salvaspazio per valigie e bagagli. Sottovuoto portatile] New order : #304 - XNYSCJVPL',1,'2018-12-15 10:11:12'),(2224,'brunoottaviani.pg@gmail.com','new_order','[Wacù salvaspazio per valigie e bagagli. Sottovuoto portatile] New order : #304 - XNYSCJVPL',1,'2018-12-15 10:11:12'),(2225,'michele.goretti@wacu.it','new_order','[Wacù salvaspazio per valigie e bagagli. Sottovuoto portatile] New order : #304 - XNYSCJVPL',1,'2018-12-15 10:11:12'),(2226,'veronica.raucci@gmail.com','bankwire','[Wacù salvaspazio per valigie e bagagli. Sottovuoto portatile] In attesa di pagamento con bonifico bancario',1,'2018-12-15 10:11:13'),(2227,'veronica.raucci@gmail.com','order_conf','[Wacù salvaspazio per valigie e bagagli. Sottovuoto portatile] Conferma ordine',1,'2018-12-15 10:11:13'),(2228,'info@wacu.it','new_order','[Wacù salvaspazio per valigie e bagagli. Sottovuoto portatile] New order : #305 - GCFBOQBJG',1,'2018-12-15 10:11:41'),(2229,'emanuelelana.pg@gmail.com','new_order','[Wacù salvaspazio per valigie e bagagli. Sottovuoto portatile] New order : #305 - GCFBOQBJG',1,'2018-12-15 10:11:41'),(2230,'brunoottaviani.pg@gmail.com','new_order','[Wacù salvaspazio per valigie e bagagli. Sottovuoto portatile] New order : #305 - GCFBOQBJG',1,'2018-12-15 10:11:41'),(2231,'michele.goretti@wacu.it','new_order','[Wacù salvaspazio per valigie e bagagli. Sottovuoto portatile] New order : #305 - GCFBOQBJG',1,'2018-12-15 10:11:41'),(2232,'michele.guzzo1@gmail.com','payment','[Wacù salvaspazio per valigie e bagagli. Sottovuoto portatile] Pagamento accettato',1,'2018-12-15 10:11:46'),(2233,'michele.guzzo1@gmail.com','order_conf','[Wacù salvaspazio per valigie e bagagli. Sottovuoto portatile] Conferma ordine',1,'2018-12-15 10:11:50'),(2234,'nicolegreppi@hotmail.it','account','[Wacù salvaspazio per valigie e bagagli. Sottovuoto portatile] Benvenuto!',1,'2018-12-15 10:27:11'),(2235,'info@wacu.it','new_order','[Wacù salvaspazio per valigie e bagagli. Sottovuoto portatile] New order : #306 - MEPNTCCWK',1,'2018-12-15 11:15:25'),(2236,'emanuelelana.pg@gmail.com','new_order','[Wacù salvaspazio per valigie e bagagli. Sottovuoto portatile] New order : #306 - MEPNTCCWK',1,'2018-12-15 11:15:25'),(2237,'brunoottaviani.pg@gmail.com','new_order','[Wacù salvaspazio per valigie e bagagli. Sottovuoto portatile] New order : #306 - MEPNTCCWK',1,'2018-12-15 11:15:25'),(2238,'michele.goretti@wacu.it','new_order','[Wacù salvaspazio per valigie e bagagli. Sottovuoto portatile] New order : #306 - MEPNTCCWK',1,'2018-12-15 11:15:26'),(2239,'s.fresch95@gmail.com','payment','[Wacù salvaspazio per valigie e bagagli. Sottovuoto portatile] Pagamento accettato',1,'2018-12-15 11:15:31'),(2240,'s.fresch95@gmail.com','order_conf','[Wacù salvaspazio per valigie e bagagli. Sottovuoto portatile] Conferma ordine',1,'2018-12-15 11:15:35'),(2241,'info@wacu.it','new_order','[Wacù salvaspazio per valigie e bagagli. Sottovuoto portatile] New order : #307 - IPFFJXMXQ',1,'2018-12-15 12:10:37'),(2242,'emanuelelana.pg@gmail.com','new_order','[Wacù salvaspazio per valigie e bagagli. Sottovuoto portatile] New order : #307 - IPFFJXMXQ',1,'2018-12-15 12:10:37'),(2243,'brunoottaviani.pg@gmail.com','new_order','[Wacù salvaspazio per valigie e bagagli. Sottovuoto portatile] New order : #307 - IPFFJXMXQ',1,'2018-12-15 12:10:37'),(2244,'michele.goretti@wacu.it','new_order','[Wacù salvaspazio per valigie e bagagli. Sottovuoto portatile] New order : #307 - IPFFJXMXQ',1,'2018-12-15 12:10:37'),(2245,'mondino.anto@gmail.com','payment','[Wacù salvaspazio per valigie e bagagli. Sottovuoto portatile] Pagamento accettato',1,'2018-12-15 12:10:42'),(2246,'mondino.anto@gmail.com','order_conf','[Wacù salvaspazio per valigie e bagagli. Sottovuoto portatile] Conferma ordine',1,'2018-12-15 12:10:45'),(2247,'denise.biasiol@gmail.com','newsletter_conf','[Wacù salvaspazio per valigie e bagagli. Sottovuoto portatile] Conferma newsletter',1,'2018-12-15 14:29:56'),(2248,'info@wacu.it','new_order','[Wacù salvaspazio per valigie e bagagli. Sottovuoto portatile] New order : #308 - HFQQCUKMK',1,'2018-12-15 14:30:40'),(2249,'emanuelelana.pg@gmail.com','new_order','[Wacù salvaspazio per valigie e bagagli. Sottovuoto portatile] New order : #308 - HFQQCUKMK',1,'2018-12-15 14:30:40'),(2250,'brunoottaviani.pg@gmail.com','new_order','[Wacù salvaspazio per valigie e bagagli. Sottovuoto portatile] New order : #308 - HFQQCUKMK',1,'2018-12-15 14:30:40'),(2251,'michele.goretti@wacu.it','new_order','[Wacù salvaspazio per valigie e bagagli. Sottovuoto portatile] New order : #308 - HFQQCUKMK',1,'2018-12-15 14:30:40'),(2252,'denise.biasiol@gmail.com','payment','[Wacù salvaspazio per valigie e bagagli. Sottovuoto portatile] Pagamento accettato',1,'2018-12-15 14:30:46'),(2253,'denise.biasiol@gmail.com','order_conf','[Wacù salvaspazio per valigie e bagagli. Sottovuoto portatile] Conferma ordine',1,'2018-12-15 14:30:50'),(2254,'info@wacu.it','new_order','[Wacù salvaspazio per valigie e bagagli. Sottovuoto portatile] New order : #309 - AFBOQGLAK',1,'2018-12-15 15:58:58'),(2255,'emanuelelana.pg@gmail.com','new_order','[Wacù salvaspazio per valigie e bagagli. Sottovuoto portatile] New order : #309 - AFBOQGLAK',1,'2018-12-15 15:58:58'),(2256,'brunoottaviani.pg@gmail.com','new_order','[Wacù salvaspazio per valigie e bagagli. Sottovuoto portatile] New order : #309 - AFBOQGLAK',1,'2018-12-15 15:58:58'),(2257,'michele.goretti@wacu.it','new_order','[Wacù salvaspazio per valigie e bagagli. Sottovuoto portatile] New order : #309 - AFBOQGLAK',1,'2018-12-15 15:58:58'),(2258,'liabedocchi@libero.it','payment','[Wacù salvaspazio per valigie e bagagli. Sottovuoto portatile] Pagamento accettato',1,'2018-12-15 15:59:04'),(2259,'liabedocchi@libero.it','order_conf','[Wacù salvaspazio per valigie e bagagli. Sottovuoto portatile] Conferma ordine',1,'2018-12-15 15:59:08'),(2260,'rosalbade@hotmail.com','newsletter_verif','[Wacù salvaspazio per valigie e bagagli. Sottovuoto portatile] Verifica email',1,'2018-12-15 16:48:31'),(2261,'info@wacu.it','new_order','[Wacù salvaspazio per valigie e bagagli. Sottovuoto portatile] New order : #310 - MHLJAUQFY',1,'2018-12-15 17:53:31'),(2262,'emanuelelana.pg@gmail.com','new_order','[Wacù salvaspazio per valigie e bagagli. Sottovuoto portatile] New order : #310 - MHLJAUQFY',1,'2018-12-15 17:53:31'),(2263,'brunoottaviani.pg@gmail.com','new_order','[Wacù salvaspazio per valigie e bagagli. Sottovuoto portatile] New order : #310 - MHLJAUQFY',1,'2018-12-15 17:53:31'),(2264,'michele.goretti@wacu.it','new_order','[Wacù salvaspazio per valigie e bagagli. Sottovuoto portatile] New order : #310 - MHLJAUQFY',1,'2018-12-15 17:53:31'),(2265,'idapicchioni@gmail.com','payment','[Wacù salvaspazio per valigie e bagagli. Sottovuoto portatile] Pagamento accettato',1,'2018-12-15 17:53:37'),(2266,'idapicchioni@gmail.com','order_conf','[Wacù salvaspazio per valigie e bagagli. Sottovuoto portatile] Conferma ordine',1,'2018-12-15 17:53:40'),(2267,'info@wacu.it','new_order','[Wacù salvaspazio per valigie e bagagli. Sottovuoto portatile] New order : #311 - JHVYBYQZJ',1,'2018-12-15 18:24:23'),(2268,'emanuelelana.pg@gmail.com','new_order','[Wacù salvaspazio per valigie e bagagli. Sottovuoto portatile] New order : #311 - JHVYBYQZJ',1,'2018-12-15 18:24:24'),(2269,'brunoottaviani.pg@gmail.com','new_order','[Wacù salvaspazio per valigie e bagagli. Sottovuoto portatile] New order : #311 - JHVYBYQZJ',1,'2018-12-15 18:24:24'),(2270,'michele.goretti@wacu.it','new_order','[Wacù salvaspazio per valigie e bagagli. Sottovuoto portatile] New order : #311 - JHVYBYQZJ',1,'2018-12-15 18:24:24'),(2271,'mirtas78@gmail.com','payment','[Wacù salvaspazio per valigie e bagagli. Sottovuoto portatile] Pagamento accettato',1,'2018-12-15 18:24:30'),(2272,'mirtas78@gmail.com','order_conf','[Wacù salvaspazio per valigie e bagagli. Sottovuoto portatile] Conferma ordine',1,'2018-12-15 18:24:34'),(2273,'fully64@gmail.com','password_query','[Wacù salvaspazio per valigie e bagagli. Sottovuoto portatile] Conferma password query',1,'2018-12-15 21:24:37'),(2274,'fully64@gmail.com','password','[Wacù salvaspazio per valigie e bagagli. Sottovuoto portatile] La tua nuova password',1,'2018-12-15 21:25:00'),(2275,'info@wacu.it','new_order','[Wacù salvaspazio per valigie e bagagli. Sottovuoto portatile] New order : #312 - DMMZQSQOU',1,'2018-12-15 21:28:23'),(2276,'emanuelelana.pg@gmail.com','new_order','[Wacù salvaspazio per valigie e bagagli. Sottovuoto portatile] New order : #312 - DMMZQSQOU',1,'2018-12-15 21:28:23'),(2277,'brunoottaviani.pg@gmail.com','new_order','[Wacù salvaspazio per valigie e bagagli. Sottovuoto portatile] New order : #312 - DMMZQSQOU',1,'2018-12-15 21:28:23'),(2278,'michele.goretti@wacu.it','new_order','[Wacù salvaspazio per valigie e bagagli. Sottovuoto portatile] New order : #312 - DMMZQSQOU',1,'2018-12-15 21:28:23'),(2279,'fully64@gmail.com','payment','[Wacù salvaspazio per valigie e bagagli. Sottovuoto portatile] Pagamento accettato',1,'2018-12-15 21:28:29'),(2280,'fully64@gmail.com','order_conf','[Wacù salvaspazio per valigie e bagagli. Sottovuoto portatile] Conferma ordine',1,'2018-12-15 21:28:33'),(2281,'info@wacu.it','new_order','[Wacù salvaspazio per valigie e bagagli. Sottovuoto portatile] New order : #313 - DPIHUWJQE',1,'2018-12-15 21:45:47'),(2282,'emanuelelana.pg@gmail.com','new_order','[Wacù salvaspazio per valigie e bagagli. Sottovuoto portatile] New order : #313 - DPIHUWJQE',1,'2018-12-15 21:45:47'),(2283,'brunoottaviani.pg@gmail.com','new_order','[Wacù salvaspazio per valigie e bagagli. Sottovuoto portatile] New order : #313 - DPIHUWJQE',1,'2018-12-15 21:45:48'),(2284,'michele.goretti@wacu.it','new_order','[Wacù salvaspazio per valigie e bagagli. Sottovuoto portatile] New order : #313 - DPIHUWJQE',1,'2018-12-15 21:45:48'),(2285,'marcopegaso@gmail.com','payment','[Wacù salvaspazio per valigie e bagagli. Sottovuoto portatile] Pagamento accettato',1,'2018-12-15 21:45:53'),(2286,'marcopegaso@gmail.com','order_conf','[Wacù salvaspazio per valigie e bagagli. Sottovuoto portatile] Conferma ordine',1,'2018-12-15 21:45:56'),(2287,'info@wacu.it','new_order','[Wacù salvaspazio per valigie e bagagli. Sottovuoto portatile] New order : #314 - RGJOMLNFZ',1,'2018-12-16 12:16:54'),(2288,'emanuelelana.pg@gmail.com','new_order','[Wacù salvaspazio per valigie e bagagli. Sottovuoto portatile] New order : #314 - RGJOMLNFZ',1,'2018-12-16 12:16:54'),(2289,'brunoottaviani.pg@gmail.com','new_order','[Wacù salvaspazio per valigie e bagagli. Sottovuoto portatile] New order : #314 - RGJOMLNFZ',1,'2018-12-16 12:16:54'),(2290,'michele.goretti@wacu.it','new_order','[Wacù salvaspazio per valigie e bagagli. Sottovuoto portatile] New order : #314 - RGJOMLNFZ',1,'2018-12-16 12:16:54'),(2291,'alessiacerreta@hotmail.it','payment','[Wacù salvaspazio per valigie e bagagli. Sottovuoto portatile] Pagamento accettato',1,'2018-12-16 12:17:00'),(2292,'alessiacerreta@hotmail.it','order_conf','[Wacù salvaspazio per valigie e bagagli. Sottovuoto portatile] Conferma ordine',1,'2018-12-16 12:17:05'),(2293,'info@wacu.it','new_order','[Wacù salvaspazio per valigie e bagagli. Sottovuoto portatile] New order : #315 - CCBYLUSHG',1,'2018-12-16 15:49:10'),(2294,'emanuelelana.pg@gmail.com','new_order','[Wacù salvaspazio per valigie e bagagli. Sottovuoto portatile] New order : #315 - CCBYLUSHG',1,'2018-12-16 15:49:10'),(2295,'brunoottaviani.pg@gmail.com','new_order','[Wacù salvaspazio per valigie e bagagli. Sottovuoto portatile] New order : #315 - CCBYLUSHG',1,'2018-12-16 15:49:10'),(2296,'michele.goretti@wacu.it','new_order','[Wacù salvaspazio per valigie e bagagli. Sottovuoto portatile] New order : #315 - CCBYLUSHG',1,'2018-12-16 15:49:10'),(2297,'acamporaale@gmail.com','payment','[Wacù salvaspazio per valigie e bagagli. Sottovuoto portatile] Pagamento accettato',1,'2018-12-16 15:49:15'),(2298,'acamporaale@gmail.com','order_conf','[Wacù salvaspazio per valigie e bagagli. Sottovuoto portatile] Conferma ordine',1,'2018-12-16 15:49:19'),(2299,'info@wacu.it','new_order','[Wacù salvaspazio per valigie e bagagli. Sottovuoto portatile] New order : #316 - DLOLOHSEQ',1,'2018-12-16 15:55:25'),(2300,'emanuelelana.pg@gmail.com','new_order','[Wacù salvaspazio per valigie e bagagli. Sottovuoto portatile] New order : #316 - DLOLOHSEQ',1,'2018-12-16 15:55:26'),(2301,'brunoottaviani.pg@gmail.com','new_order','[Wacù salvaspazio per valigie e bagagli. Sottovuoto portatile] New order : #316 - DLOLOHSEQ',1,'2018-12-16 15:55:26'),(2302,'michele.goretti@wacu.it','new_order','[Wacù salvaspazio per valigie e bagagli. Sottovuoto portatile] New order : #316 - DLOLOHSEQ',1,'2018-12-16 15:55:26'),(2303,'giaduzfre@gmail.com','payment','[Wacù salvaspazio per valigie e bagagli. Sottovuoto portatile] Pagamento accettato',1,'2018-12-16 15:55:31'),(2304,'giaduzfre@gmail.com','order_conf','[Wacù salvaspazio per valigie e bagagli. Sottovuoto portatile] Conferma ordine',1,'2018-12-16 15:55:34'),(2305,'giaduzfre@gmail.com','newsletter_conf','[Wacù salvaspazio per valigie e bagagli. Sottovuoto portatile] Conferma newsletter',1,'2018-12-16 15:58:54'),(2306,'giaduzfre@gmail.com','account','[Wacù salvaspazio per valigie e bagagli. Sottovuoto portatile] Benvenuto!',1,'2018-12-16 15:58:55');

#
# Structure for table "_WCprTUAmailalert_customer_oos"
#

CREATE TABLE `_WCprTUAmailalert_customer_oos` (
  `id_customer` int(10) unsigned NOT NULL,
  `customer_email` varchar(128) NOT NULL,
  `id_product` int(10) unsigned NOT NULL,
  `id_product_attribute` int(10) unsigned NOT NULL,
  `id_shop` int(10) unsigned NOT NULL,
  `id_lang` int(10) unsigned NOT NULL,
  PRIMARY KEY (`id_customer`,`customer_email`,`id_product`,`id_product_attribute`,`id_shop`)
) ENGINE=InnoDB DEFAULT CHARSET=utf8;

#
# Data for table "_WCprTUAmailalert_customer_oos"
#


#
# Structure for table "_WCprTUAmanufacturer"
#

CREATE TABLE `_WCprTUAmanufacturer` (
  `id_manufacturer` int(10) unsigned NOT NULL AUTO_INCREMENT,
  `name` varchar(64) NOT NULL,
  `date_add` datetime NOT NULL,
  `date_upd` datetime NOT NULL,
  `active` tinyint(1) NOT NULL DEFAULT '0',
  PRIMARY KEY (`id_manufacturer`)
) ENGINE=InnoDB AUTO_INCREMENT=3 DEFAULT CHARSET=utf8;

#
# Data for table "_WCprTUAmanufacturer"
#

INSERT INTO `_WCprTUAmanufacturer` VALUES (2,'Vacuum S.a.s.','2018-03-16 18:46:08','2018-03-16 18:46:08',1);

#
# Structure for table "_WCprTUAmanufacturer_lang"
#

CREATE TABLE `_WCprTUAmanufacturer_lang` (
  `id_manufacturer` int(10) unsigned NOT NULL,
  `id_lang` int(10) unsigned NOT NULL,
  `description` text,
  `short_description` text,
  `meta_title` varchar(128) DEFAULT NULL,
  `meta_keywords` varchar(255) DEFAULT NULL,
  `meta_description` varchar(255) DEFAULT NULL,
  PRIMARY KEY (`id_manufacturer`,`id_lang`)
) ENGINE=InnoDB DEFAULT CHARSET=utf8;

#
# Data for table "_WCprTUAmanufacturer_lang"
#

INSERT INTO `_WCprTUAmanufacturer_lang` VALUES (2,1,'','<p><span style=\"color:#666666;font-family:comomedium, Helvetica, Arial, sans-serif;font-size:16px;font-style:normal;font-weight:400;letter-spacing:normal;text-align:center;text-indent:0px;text-transform:none;white-space:normal;word-spacing:0px;background-color:#ffffff;float:none;\">Vacuum S.a.s - Via Sandro Penna, 116 - </span><span style=\"color:#666666;font-family:comomedium, Helvetica, Arial, sans-serif;font-size:16px;font-style:normal;font-weight:400;letter-spacing:normal;text-align:center;text-indent:0px;text-transform:none;white-space:normal;word-spacing:0px;background-color:#ffffff;float:none;\">06132 - Perugia - <span style=\"color:#ffffff;font-family:comomedium, Helvetica, Arial, sans-serif;font-size:12.8px;font-style:normal;font-weight:400;letter-spacing:1px;text-align:right;text-indent:0px;text-transform:none;white-space:normal;word-spacing:0px;background-color:#339ed4;float:none;\">P.iva 03400050542</span><br /></span></p>','Vacuum S.a.s - Wacù aspiratore sottovuoto','sottovuoto,aspiratore sottovuoto','Vacuum S.a.s - Wacù aspiratore sottovuoto portatile. Il più piccolo salvaspazio da viaggio del mondo'),(2,2,'','<p><span style=\"color:#666666;font-family:comomedium, Helvetica, Arial, sans-serif;font-size:16px;font-style:normal;font-weight:400;letter-spacing:normal;text-align:center;text-indent:0px;text-transform:none;white-space:normal;word-spacing:0px;background-color:#ffffff;float:none;\">Vacuum S.a.s - Via Sandro Penna, 116 - </span><span style=\"color:#666666;font-family:comomedium, Helvetica, Arial, sans-serif;font-size:16px;font-style:normal;font-weight:400;letter-spacing:normal;text-align:center;text-indent:0px;text-transform:none;white-space:normal;word-spacing:0px;background-color:#ffffff;float:none;\">06132 - Perugia - <span style=\"color:#ffffff;font-family:comomedium, Helvetica, Arial, sans-serif;font-size:12.8px;font-style:normal;font-weight:400;letter-spacing:1px;text-align:right;text-indent:0px;text-transform:none;white-space:normal;word-spacing:0px;background-color:#339ed4;float:none;\">P.iva 03400050542</span><br /></span></p>','Vacuum S.a.s - Wacù aspiratore sottovuoto','sottovuoto,aspiratore sottovuoto','Vacuum S.a.s - Wacù aspiratore sottovuoto portatile. Il più piccolo salvaspazio da viaggio del mondo'),(2,3,'','<p><span style=\"color:#666666;font-family:comomedium, Helvetica, Arial, sans-serif;font-size:16px;font-style:normal;font-weight:400;letter-spacing:normal;text-align:center;text-indent:0px;text-transform:none;white-space:normal;word-spacing:0px;background-color:#ffffff;float:none;\">Vacuum S.a.s - Via Sandro Penna, 116 - </span><span style=\"color:#666666;font-family:comomedium, Helvetica, Arial, sans-serif;font-size:16px;font-style:normal;font-weight:400;letter-spacing:normal;text-align:center;text-indent:0px;text-transform:none;white-space:normal;word-spacing:0px;background-color:#ffffff;float:none;\">06132 - Perugia - <span style=\"color:#ffffff;font-family:comomedium, Helvetica, Arial, sans-serif;font-size:12.8px;font-style:normal;font-weight:400;letter-spacing:1px;text-align:right;text-indent:0px;text-transform:none;white-space:normal;word-spacing:0px;background-color:#339ed4;float:none;\">P.iva 03400050542</span><br /></span></p>','Vacuum S.a.s - Wacù aspiratore sottovuoto','sottovuoto,aspiratore sottovuoto','Vacuum S.a.s - Wacù aspiratore sottovuoto portatile. Il più piccolo salvaspazio da viaggio del mondo'),(2,4,'','<p><span style=\"color:#666666;font-family:comomedium, Helvetica, Arial, sans-serif;font-size:16px;font-style:normal;font-weight:400;letter-spacing:normal;text-align:center;text-indent:0px;text-transform:none;white-space:normal;word-spacing:0px;background-color:#ffffff;float:none;\">Vacuum S.a.s - Via Sandro Penna, 116 - </span><span style=\"color:#666666;font-family:comomedium, Helvetica, Arial, sans-serif;font-size:16px;font-style:normal;font-weight:400;letter-spacing:normal;text-align:center;text-indent:0px;text-transform:none;white-space:normal;word-spacing:0px;background-color:#ffffff;float:none;\">06132 - Perugia - <span style=\"color:#ffffff;font-family:comomedium, Helvetica, Arial, sans-serif;font-size:12.8px;font-style:normal;font-weight:400;letter-spacing:1px;text-align:right;text-indent:0px;text-transform:none;white-space:normal;word-spacing:0px;background-color:#339ed4;float:none;\">P.iva 03400050542</span><br /></span></p>','Vacuum S.a.s - Wacù aspiratore sottovuoto','sottovuoto,aspiratore sottovuoto','Vacuum S.a.s - Wacù aspiratore sottovuoto portatile. Il più piccolo salvaspazio da viaggio del mondo'),(2,5,'','<p><span style=\"color:#666666;font-family:comomedium, Helvetica, Arial, sans-serif;font-size:16px;font-style:normal;font-weight:400;letter-spacing:normal;text-align:center;text-indent:0px;text-transform:none;white-space:normal;word-spacing:0px;background-color:#ffffff;float:none;\">Vacuum S.a.s - Via Sandro Penna, 116 - </span><span style=\"color:#666666;font-family:comomedium, Helvetica, Arial, sans-serif;font-size:16px;font-style:normal;font-weight:400;letter-spacing:normal;text-align:center;text-indent:0px;text-transform:none;white-space:normal;word-spacing:0px;background-color:#ffffff;float:none;\">06132 - Perugia - <span style=\"color:#ffffff;font-family:comomedium, Helvetica, Arial, sans-serif;font-size:12.8px;font-style:normal;font-weight:400;letter-spacing:1px;text-align:right;text-indent:0px;text-transform:none;white-space:normal;word-spacing:0px;background-color:#339ed4;float:none;\">P.iva 03400050542</span><br /></span></p>','Vacuum S.a.s - Wacù aspiratore sottovuoto','sottovuoto,aspiratore sottovuoto','Vacuum S.a.s - Wacù aspiratore sottovuoto portatile. Il più piccolo salvaspazio da viaggio del mondo'),(2,6,'','<p><span style=\"color:#666666;font-family:comomedium, Helvetica, Arial, sans-serif;font-size:16px;font-style:normal;font-weight:400;letter-spacing:normal;text-align:center;text-indent:0px;text-transform:none;white-space:normal;word-spacing:0px;background-color:#ffffff;float:none;\">Vacuum S.a.s - Via Sandro Penna, 116 - </span><span style=\"color:#666666;font-family:comomedium, Helvetica, Arial, sans-serif;font-size:16px;font-style:normal;font-weight:400;letter-spacing:normal;text-align:center;text-indent:0px;text-transform:none;white-space:normal;word-spacing:0px;background-color:#ffffff;float:none;\">06132 - Perugia - <span style=\"color:#ffffff;font-family:comomedium, Helvetica, Arial, sans-serif;font-size:12.8px;font-style:normal;font-weight:400;letter-spacing:1px;text-align:right;text-indent:0px;text-transform:none;white-space:normal;word-spacing:0px;background-color:#339ed4;float:none;\">P.iva 03400050542</span><br /></span></p>','Vacuum S.a.s - Wacù aspiratore sottovuoto','sottovuoto,aspiratore sottovuoto','Vacuum S.a.s - Wacù aspiratore sottovuoto portatile. Il più piccolo salvaspazio da viaggio del mondo'),(2,7,'','<p><span style=\"color:#666666;font-family:comomedium, Helvetica, Arial, sans-serif;font-size:16px;font-style:normal;font-weight:400;letter-spacing:normal;text-align:center;text-indent:0px;text-transform:none;white-space:normal;word-spacing:0px;background-color:#ffffff;float:none;\">Vacuum S.a.s - Via Sandro Penna, 116 - </span><span style=\"color:#666666;font-family:comomedium, Helvetica, Arial, sans-serif;font-size:16px;font-style:normal;font-weight:400;letter-spacing:normal;text-align:center;text-indent:0px;text-transform:none;white-space:normal;word-spacing:0px;background-color:#ffffff;float:none;\">06132 - Perugia - <span style=\"color:#ffffff;font-family:comomedium, Helvetica, Arial, sans-serif;font-size:12.8px;font-style:normal;font-weight:400;letter-spacing:1px;text-align:right;text-indent:0px;text-transform:none;white-space:normal;word-spacing:0px;background-color:#339ed4;float:none;\">P.iva 03400050542</span><br /></span></p>','Vacuum S.a.s - Wacù aspiratore sottovuoto','sottovuoto,aspiratore sottovuoto','Vacuum S.a.s - Wacù aspiratore sottovuoto portatile. Il più piccolo salvaspazio da viaggio del mondo'),(2,8,'','<p><span style=\"color:#666666;font-family:comomedium, Helvetica, Arial, sans-serif;font-size:16px;font-style:normal;font-weight:400;letter-spacing:normal;text-align:center;text-indent:0px;text-transform:none;white-space:normal;word-spacing:0px;background-color:#ffffff;float:none;\">Vacuum S.a.s - Via Sandro Penna, 116 - </span><span style=\"color:#666666;font-family:comomedium, Helvetica, Arial, sans-serif;font-size:16px;font-style:normal;font-weight:400;letter-spacing:normal;text-align:center;text-indent:0px;text-transform:none;white-space:normal;word-spacing:0px;background-color:#ffffff;float:none;\">06132 - Perugia - <span style=\"color:#ffffff;font-family:comomedium, Helvetica, Arial, sans-serif;font-size:12.8px;font-style:normal;font-weight:400;letter-spacing:1px;text-align:right;text-indent:0px;text-transform:none;white-space:normal;word-spacing:0px;background-color:#339ed4;float:none;\">P.iva 03400050542</span><br /></span></p>','Vacuum S.a.s - Wacù aspiratore sottovuoto','sottovuoto,aspiratore sottovuoto','Vacuum S.a.s - Wacù aspiratore sottovuoto portatile. Il più piccolo salvaspazio da viaggio del mondo');

#
# Structure for table "_WCprTUAmanufacturer_shop"
#

CREATE TABLE `_WCprTUAmanufacturer_shop` (
  `id_manufacturer` int(11) unsigned NOT NULL,
  `id_shop` int(11) unsigned NOT NULL,
  PRIMARY KEY (`id_manufacturer`,`id_shop`),
  KEY `id_shop` (`id_shop`)
) ENGINE=InnoDB DEFAULT CHARSET=utf8;

#
# Data for table "_WCprTUAmanufacturer_shop"
#

INSERT INTO `_WCprTUAmanufacturer_shop` VALUES (2,1);

#
# Structure for table "_WCprTUAmemcached_servers"
#

CREATE TABLE `_WCprTUAmemcached_servers` (
  `id_memcached_server` int(11) unsigned NOT NULL AUTO_INCREMENT,
  `ip` varchar(254) NOT NULL,
  `port` int(11) unsigned NOT NULL,
  `weight` int(11) unsigned NOT NULL,
  PRIMARY KEY (`id_memcached_server`)
) ENGINE=InnoDB DEFAULT CHARSET=utf8;

#
# Data for table "_WCprTUAmemcached_servers"
#


#
# Structure for table "_WCprTUAmessage"
#

CREATE TABLE `_WCprTUAmessage` (
  `id_message` int(10) unsigned NOT NULL AUTO_INCREMENT,
  `id_cart` int(10) unsigned DEFAULT NULL,
  `id_customer` int(10) unsigned NOT NULL,
  `id_employee` int(10) unsigned DEFAULT NULL,
  `id_order` int(10) unsigned NOT NULL,
  `message` text NOT NULL,
  `private` tinyint(1) unsigned NOT NULL DEFAULT '1',
  `date_add` datetime NOT NULL,
  PRIMARY KEY (`id_message`),
  KEY `message_order` (`id_order`),
  KEY `id_cart` (`id_cart`),
  KEY `id_customer` (`id_customer`),
  KEY `id_employee` (`id_employee`)
) ENGINE=InnoDB AUTO_INCREMENT=301 DEFAULT CHARSET=utf8;

#
# Data for table "_WCprTUAmessage"
#

INSERT INTO `_WCprTUAmessage` VALUES (1,35,0,0,11,'No entregar de sábado y domingo\nGracias Rita Martini',0,'2018-04-09 16:53:41'),(2,35,6,0,11,'Payment accepted.',1,'2018-04-09 16:58:37'),(3,79,10,0,33,'Payment accepted.',1,'2018-04-20 20:02:26'),(4,70,8,0,36,'Acquisto di Prova - Test Fattoria Creativa',0,'2018-05-04 16:22:19'),(5,117,12,0,37,'Payment accepted.',1,'2018-05-12 11:53:44'),(6,154,14,0,44,'Payment accepted.',1,'2018-05-27 17:25:07'),(7,157,2,0,46,'Prova per Nexi e spedizione',0,'2018-05-28 10:03:46'),(8,158,2,0,47,'Prova Nexi con orario a 2 cifre e carta Visa',0,'2018-05-28 10:04:54'),(9,159,2,0,48,'Prova NEXI con orario a due cifre e carta MasterCard',0,'2018-05-28 16:03:27'),(10,160,2,0,49,'Prova Nexi con Visa da browser pulito',0,'2018-05-28 16:11:59'),(11,161,2,0,50,'Prova Nexi con carta Mastercard',0,'2018-05-28 16:13:33'),(12,181,15,0,51,'Payment accepted.',1,'2018-06-02 16:12:53'),(13,187,2,0,52,'PROVA CON CARTA VISA DA NEXI CON WACU SENZA ACCENTO',0,'2018-06-04 16:44:17'),(14,189,2,0,53,'Prova Visa prima delle 10',0,'2018-06-05 09:04:52'),(15,190,2,0,54,'Prova con Mastercard prima delle 10',0,'2018-06-05 09:06:14'),(16,199,2,0,55,'ACQUISTO DI PROVA PER NEXI CON VISA',0,'2018-06-13 11:03:10'),(17,200,2,0,56,'PROVA PAGAMENTO NEXI CON VISA E CHARSET ISO-8859-1',0,'2018-06-13 11:22:28'),(18,201,2,0,57,'ULTIMO TENTATIVO NEXI CON VISA E CHARSET ISO8859-1',0,'2018-06-13 11:39:10'),(19,228,18,0,62,'I am not sure if I chose the right nation. The address is located in Netherlands. Just in case I did it wrong, thanks.',0,'2018-06-22 00:37:28'),(20,228,18,0,62,'Payment accepted.',1,'2018-06-22 00:42:07'),(21,259,21,0,63,'consegna presso ditta Eurografica snc',0,'2018-07-09 16:32:52'),(22,259,21,0,63,'Payment accepted.',1,'2018-07-09 16:33:49'),(23,264,22,0,64,'Payment accepted.',1,'2018-07-10 12:57:03'),(24,267,23,0,65,'Payment accepted.',1,'2018-07-10 22:14:16'),(25,271,23,0,66,'Payment accepted.',1,'2018-07-11 09:34:28'),(26,265,24,0,0,'VI PREGO DI SPEDIRE IL PIù PRESTO POSSIBILE. GRAZIE',0,'2018-07-11 18:26:13'),(27,281,26,0,67,'Payment accepted.',1,'2018-07-12 01:41:36'),(28,288,27,0,68,'Citofonare Aimone/Ossola/Marmello',0,'2018-07-12 16:31:12'),(29,288,27,0,68,'Payment accepted.',1,'2018-07-12 16:35:22'),(30,280,24,0,0,'Orari apertura ufficio: 8.30-12.30 15.00-19.30. Non é possibile lasciare a terzi il pacco. Solo al. Nominativo indicato. ',0,'2018-07-13 00:02:16'),(31,292,0,0,69,'Orario negozio ',0,'2018-07-13 08:08:53'),(32,292,28,0,69,'Payment accepted.',1,'2018-07-13 08:10:33'),(33,293,29,0,70,'citofono Avv. Picozza Mapelli, scala A 4° piano interno 10',0,'2018-07-14 14:28:34'),(34,293,29,0,70,'Payment accepted.',1,'2018-07-14 14:28:58'),(35,295,30,0,71,'Orario di ufficio 8.30-12.30 15.30-19.30',0,'2018-07-14 16:41:16'),(36,295,30,0,71,'Payment accepted.',1,'2018-07-14 16:42:23'),(37,302,31,0,72,'Payment accepted.',1,'2018-07-15 13:14:40'),(38,303,32,0,73,'Payment accepted.',1,'2018-07-15 19:51:22'),(39,305,33,0,74,'Payment accepted.',1,'2018-07-16 07:00:09'),(40,289,35,0,75,'Payment accepted.',1,'2018-07-17 12:57:07'),(41,321,36,0,76,'Payment accepted.',1,'2018-07-17 18:40:33'),(42,323,38,0,77,'Payment accepted.',1,'2018-07-18 10:52:51'),(43,325,39,0,78,'Payment accepted.',1,'2018-07-18 11:47:47'),(44,333,41,0,79,'Payment accepted.',1,'2018-07-18 22:58:50'),(45,337,43,0,80,'consegna dal lunedì al venerdì',0,'2018-07-19 10:44:40'),(46,337,43,0,80,'Payment accepted.',1,'2018-07-19 11:06:08'),(47,340,44,0,81,'Payment accepted.',1,'2018-07-19 16:58:27'),(48,345,0,0,82,'CONSEGNA PRESSO UFFICO COMM. CHIUSO SABATO E DOMENICA.\nGRAZIE',0,'2018-07-20 14:09:33'),(49,347,0,0,83,'Consegna presso\nSTARBENE SENZA GLUTINE \nVia Vignolese 870/A\n41125 Modena',0,'2018-07-20 17:05:10'),(50,347,47,0,83,'Payment accepted.',1,'2018-07-20 17:28:47'),(51,356,52,0,85,'Payment accepted.',1,'2018-07-21 21:06:22'),(52,357,0,0,86,'CONSEGNA ORARI NEGOZIO (9-13 e 17-19)',0,'2018-07-22 16:39:27'),(53,357,53,0,86,'Payment accepted.',1,'2018-07-22 16:49:59'),(54,359,54,0,88,'Payment accepted.',1,'2018-07-22 18:09:46'),(55,364,56,0,90,'Payment accepted.',1,'2018-07-23 11:58:57'),(56,362,58,0,91,'Payment accepted.',1,'2018-07-23 15:14:20'),(57,369,59,0,92,'Consegnare al portiere',0,'2018-07-23 16:20:59'),(58,369,59,0,92,'Payment accepted.',1,'2018-07-23 16:21:41'),(59,373,60,0,93,'Payment accepted.',1,'2018-07-24 07:19:28'),(60,385,61,0,96,'Payment accepted.',1,'2018-07-25 07:22:21'),(61,405,65,0,97,'Suonare eventualmente ad entrambi i citofoni. Grazie.',0,'2018-07-27 18:02:55'),(62,405,65,0,97,'Payment accepted.',1,'2018-07-27 18:10:33'),(63,414,66,0,98,'Payment accepted.',1,'2018-07-28 22:18:35'),(64,415,67,0,99,'Payment accepted.',1,'2018-07-29 10:38:37'),(65,420,69,0,100,'Payment accepted.',1,'2018-07-29 19:47:29'),(66,424,70,0,101,'Payment accepted.',1,'2018-07-30 13:35:43'),(67,425,71,0,102,'Payment accepted.',1,'2018-07-30 18:48:04'),(68,387,62,0,103,'Payment accepted.',1,'2018-07-31 15:27:22'),(69,430,72,0,104,'Payment accepted.',1,'2018-07-31 18:31:00'),(70,431,73,0,105,'Payment accepted.',1,'2018-07-31 18:50:12'),(71,437,74,0,106,'Payment accepted.',1,'2018-08-01 14:02:45'),(72,446,75,0,107,'Payment accepted.',1,'2018-08-01 21:07:35'),(73,440,76,0,108,'Payment accepted.',1,'2018-08-02 00:50:44'),(74,443,77,0,109,'Payment accepted.',1,'2018-08-02 11:44:15'),(75,463,78,0,110,'Payment accepted.',1,'2018-08-02 23:46:28'),(76,465,79,0,111,'Payment accepted.',1,'2018-08-03 07:15:19'),(77,478,0,0,112,'Si prega di consegnare entro le ore 11. Grazie\n',0,'2018-08-04 17:54:55'),(78,478,81,0,112,'Payment accepted.',1,'2018-08-04 18:22:20'),(79,480,82,0,113,'In caso di assenza consegnare Bar Milù via Tenivelli 19 Moncalieri',0,'2018-08-04 19:59:52'),(80,480,82,0,113,'Payment accepted.',1,'2018-08-04 20:01:15'),(81,471,0,0,114,'R-Store 10/14 - 16/20',0,'2018-08-05 00:54:30'),(82,471,83,0,114,'Payment accepted.',1,'2018-08-05 00:56:25'),(83,455,84,0,115,'Payment accepted.',1,'2018-08-05 11:02:03'),(84,490,87,0,0,'Il mercoledì non c\'è nessuno per ritirare e si può lasciare il pacco presso Gelateria India Bella ',0,'2018-08-05 18:10:06'),(85,494,88,0,116,'Payment accepted.',1,'2018-08-06 13:15:25'),(86,498,89,0,117,'Payment accepted.',1,'2018-08-06 13:17:11'),(87,453,90,0,118,'Payment accepted.',1,'2018-08-06 13:33:21'),(88,502,91,0,119,'Payment accepted.',1,'2018-08-06 19:04:43'),(89,518,0,0,122,'Consegna negli orari di negozio 9,00 /12,30---- 15,30 /19,00',0,'2018-08-08 09:22:22'),(90,518,94,0,122,'Payment accepted.',1,'2018-08-08 09:26:09'),(91,519,0,0,123,'Vi prego di farmelo arrivare entro il 14 agosto. Grazie.',0,'2018-08-08 09:30:55'),(92,519,95,0,123,'Payment accepted.',1,'2018-08-08 09:35:12'),(93,522,97,0,124,'Payment accepted.',1,'2018-08-08 12:51:06'),(94,521,98,0,125,'Payment accepted.',1,'2018-08-08 18:15:50'),(95,527,99,0,126,'Payment accepted.',1,'2018-08-08 20:50:47'),(96,529,99,0,127,'Payment accepted.',1,'2018-08-08 23:49:40'),(97,532,100,0,128,'Payment accepted.',1,'2018-08-09 05:40:02'),(98,536,101,0,129,'Payment accepted.',1,'2018-08-09 16:42:52'),(99,537,102,0,130,'Payment accepted.',1,'2018-08-09 18:22:33'),(100,548,104,0,131,'Payment accepted.',1,'2018-08-10 11:15:51'),(101,552,78,0,132,'Payment accepted.',1,'2018-08-10 16:57:46'),(102,566,0,0,133,'Se possibile consegnare lunedì  20 agosto 2018',0,'2018-08-12 07:40:15'),(103,566,106,0,133,'Payment accepted.',1,'2018-08-12 08:07:32'),(104,570,108,0,134,'Payment accepted.',1,'2018-08-12 11:49:03'),(105,574,111,0,135,'Payment accepted.',1,'2018-08-12 21:11:05'),(106,582,115,0,136,'Payment accepted.',1,'2018-08-13 22:11:30'),(107,589,117,0,137,'Payment accepted.',1,'2018-08-14 10:52:21'),(108,592,118,0,138,'Payment accepted.',1,'2018-08-15 09:50:00'),(109,590,119,0,139,'Payment accepted.',1,'2018-08-15 16:20:37'),(110,593,120,0,140,'Payment accepted.',1,'2018-08-16 07:27:44'),(111,596,96,0,141,'Payment accepted.',1,'2018-08-16 13:53:50'),(112,604,122,0,142,'Payment accepted.',1,'2018-08-17 09:21:24'),(113,606,123,0,143,'Payment accepted.',1,'2018-08-17 12:37:23'),(114,613,126,0,145,'Payment accepted.',1,'2018-08-17 17:36:00'),(115,626,129,0,146,'Payment accepted.',1,'2018-08-18 11:28:07'),(116,627,130,0,147,'Payment accepted.',1,'2018-08-18 12:19:27'),(117,628,0,0,149,'Consegna possibilmente entro ore 14,00',0,'2018-08-18 13:21:38'),(118,628,131,0,148,'Payment accepted.',1,'2018-08-18 14:07:44'),(119,628,131,0,149,'Payment accepted.',1,'2018-08-18 14:07:44'),(120,625,133,0,150,'Payment accepted.',1,'2018-08-19 11:34:30'),(121,641,134,0,151,'Payment accepted.',1,'2018-08-19 17:03:00'),(122,571,109,0,152,'PayPal response:TIMESTAMP -> 2018-08-19T18:13:00ZL_ERRORCODE0 -> 10411L_SHORTMESSAGE0 -> This Express Checkout session has expired.L_LONGMESSAGE0 -> This Express Checkout session has expired.  Token value is no longer valid.L_SEVERITYCODE0 -> Error',1,'2018-08-19 20:13:00'),(123,658,138,0,154,'Payment accepted.',1,'2018-08-21 10:00:18'),(124,659,139,0,155,'Payment accepted.',1,'2018-08-21 11:39:09'),(125,639,135,0,156,'Payment accepted.',1,'2018-08-21 14:49:54'),(126,612,140,0,157,'Payment accepted.',1,'2018-08-21 15:18:32'),(127,663,141,0,158,'Payment accepted.',1,'2018-08-21 20:00:04'),(128,630,142,0,159,'Payment accepted.',1,'2018-08-21 22:28:14'),(129,667,0,0,0,'In mia assenza mia o dei miei familiari  consegnare al portiere dello stabile',0,'2018-08-22 07:55:41'),(130,669,143,0,160,'In assenza mia o dei miei familiari consegnare al portiere',0,'2018-08-22 08:06:58'),(131,669,143,0,160,'Payment accepted.',1,'2018-08-22 08:07:42'),(132,675,146,0,161,'Payment accepted.',1,'2018-08-22 20:48:12'),(133,678,147,0,162,'Payment accepted.',1,'2018-08-22 22:19:29'),(134,683,2,0,163,'Prova per coupon sconto influencer Melissa',0,'2018-08-23 11:27:14'),(135,680,148,0,164,'Payment accepted.',1,'2018-08-23 11:49:18'),(136,686,149,0,165,'Payment accepted.',1,'2018-08-23 15:35:29'),(137,687,150,0,166,'Payment accepted.',1,'2018-08-23 16:23:11'),(138,689,151,0,167,'Payment accepted.',1,'2018-08-23 16:58:51'),(139,691,152,0,168,'Payment accepted.',1,'2018-08-23 20:58:46'),(140,655,154,0,169,'\n',0,'2018-08-24 10:09:55'),(141,655,154,0,169,'Payment accepted.',1,'2018-08-24 10:10:55'),(142,648,137,0,170,'Payment accepted.',1,'2018-08-25 08:17:43'),(143,712,158,0,171,'Payment accepted.',1,'2018-08-25 12:07:33'),(144,714,159,0,172,'Payment accepted.',1,'2018-08-25 13:54:44'),(145,722,162,0,0,'Cortesemente chiamare prima della consegna. ',0,'2018-08-26 09:35:44'),(146,723,163,0,173,'Payment accepted.',1,'2018-08-26 11:44:32'),(147,673,145,0,174,'Payment accepted.',1,'2018-08-26 15:17:30'),(148,729,164,0,175,'Payment accepted.',1,'2018-08-26 16:11:56'),(149,733,166,0,176,'Payment accepted.',1,'2018-08-27 13:05:44'),(150,737,169,0,177,'Payment accepted.',1,'2018-08-28 15:47:24'),(151,738,171,0,179,'Payment accepted.',1,'2018-08-28 20:50:57'),(152,740,172,0,180,'Payment accepted.',1,'2018-08-28 22:47:58'),(153,741,173,0,181,'Payment accepted.',1,'2018-08-29 08:12:20'),(154,746,0,0,0,'consegna tra le 07 e le 13',0,'2018-08-29 16:05:36'),(155,758,176,0,182,'Payment accepted.',1,'2018-08-30 20:37:47'),(156,771,177,0,183,'Payment accepted.',1,'2018-09-03 15:14:39'),(157,777,178,0,184,'Payment accepted.',1,'2018-09-05 12:27:42'),(158,791,180,0,0,'Scala L int 9',0,'2018-09-09 10:11:24'),(159,800,181,0,185,'Payment accepted.',1,'2018-09-12 02:44:59'),(160,811,182,0,187,'Payment accepted.',1,'2018-09-21 21:02:32'),(161,818,183,0,188,'Payment accepted.',1,'2018-09-26 15:50:14'),(162,826,184,0,189,'Payment accepted.',1,'2018-09-28 01:33:22'),(163,816,187,0,190,'Payment accepted.',1,'2018-10-05 01:56:20'),(164,842,188,0,191,'Suonare anche a ortodossi e tommasi',0,'2018-10-05 20:12:01'),(165,842,188,0,191,'Payment accepted.',1,'2018-10-05 20:17:09'),(166,855,189,0,192,'PayPal response:TIMESTAMP -> 2018-10-10T16:50:52ZL_ERRORCODE0 -> 10422L_SHORTMESSAGE0 -> Customer must choose new funding sources.L_LONGMESSAGE0 -> The customer must return to PayPal to select new funding sources.L_SEVERITYCODE0 -> Error',1,'2018-10-10 18:50:52'),(167,865,192,0,193,'Payment accepted.',1,'2018-10-14 03:27:43'),(168,866,193,0,194,'Payment accepted.',1,'2018-10-14 11:32:52'),(169,875,0,0,195,'In consegna, Chiamare al nr rilasciato',0,'2018-10-18 08:27:04'),(170,875,194,0,195,'Payment accepted.',1,'2018-10-18 08:28:52'),(171,882,196,0,196,'Payment accepted.',1,'2018-10-22 14:38:51'),(172,890,197,0,197,'Payment accepted.',1,'2018-10-25 08:42:44'),(173,903,199,0,199,'Payment accepted.',1,'2018-10-30 14:08:11'),(174,927,0,0,200,'Ora della consegna dalle 6 alle 14',0,'2018-11-08 16:47:44'),(175,927,201,0,200,'Payment accepted.',1,'2018-11-09 17:38:27'),(176,945,202,0,201,'Payment accepted.',1,'2018-11-21 17:55:24'),(177,953,203,0,202,'Payment accepted.',1,'2018-11-23 17:13:49'),(178,956,204,0,203,'Payment accepted.',1,'2018-11-23 17:50:46'),(179,947,205,0,204,'Payment accepted.',1,'2018-11-23 19:20:42'),(180,961,206,0,205,'Payment accepted.',1,'2018-11-23 20:06:23'),(181,963,207,0,206,'Payment accepted.',1,'2018-11-23 20:16:24'),(182,964,208,0,207,'Payment accepted.',1,'2018-11-23 21:05:17'),(183,967,210,0,209,'Payment accepted.',1,'2018-11-23 22:31:54'),(184,973,211,0,210,'Payment accepted.',1,'2018-11-24 08:02:36'),(185,975,212,0,211,'Payment accepted.',1,'2018-11-24 09:26:55'),(186,981,213,0,212,'Payment accepted.',1,'2018-11-24 12:16:51'),(187,980,214,0,213,'Payment accepted.',1,'2018-11-24 12:20:22'),(188,983,215,0,214,'Payment accepted.',1,'2018-11-24 12:22:39'),(189,990,218,0,0,'ufficio 9-12 14-16',0,'2018-11-24 15:49:08'),(190,993,221,0,215,'Payment accepted.',1,'2018-11-24 17:30:09'),(191,995,222,0,216,'Payment accepted.',1,'2018-11-24 18:19:36'),(192,996,224,0,238,'Salve la fatturazione dovrebbe essere effettuata per la società:\nMa vie est ma Srls \nVia Tacito 14 Aversa CE 81031\nP.IVA 04131710610',0,'2018-11-24 19:05:02'),(193,1000,225,0,217,'Payment accepted.',1,'2018-11-24 21:35:28'),(194,1002,226,0,218,'Payment accepted.',1,'2018-11-24 21:47:56'),(195,1003,227,0,0,'Per favore, trasmettere il num. cellulare (320-0455104) al corriere x accordi sulla consegna. Grazie.',0,'2018-11-25 02:33:39'),(196,1007,229,0,219,'PER LA CONSEGNA SUONARE CAMPANELLO ROTA - RIVA ',0,'2018-11-25 12:44:33'),(197,1007,229,0,219,'Payment accepted.',1,'2018-11-25 12:46:23'),(198,1011,231,0,220,'Payment accepted.',1,'2018-11-25 14:27:38'),(199,1014,232,0,221,'Payment accepted.',1,'2018-11-25 14:51:52'),(200,971,233,0,222,'Payment accepted.',1,'2018-11-25 16:43:55'),(201,1026,234,0,223,'Payment accepted.',1,'2018-11-25 19:11:40'),(202,1030,235,0,224,'Payment accepted.',1,'2018-11-25 20:55:12'),(203,309,30,0,225,'Payment accepted.',1,'2018-11-25 23:13:23'),(204,1033,0,0,226,'sul citofono è scritto Cinti/Pomante',0,'2018-11-25 23:20:14'),(205,1033,237,0,226,'Payment accepted.',1,'2018-11-25 23:37:47'),(206,1035,238,0,227,'Payment accepted.',1,'2018-11-25 23:52:11'),(207,1036,0,0,228,'consegnare durante  orario di ufficio 9:13-14:18, grazie ',0,'2018-11-26 00:11:06'),(208,1036,239,0,228,'Payment accepted.',1,'2018-11-26 00:15:53'),(209,1017,240,0,229,'di prega si consegnare al portiere per la ditta C.G.T. srl ',0,'2018-11-26 01:46:37'),(210,1017,240,0,229,'Payment accepted.',1,'2018-11-26 01:48:31'),(211,944,242,0,231,'Payment accepted.',1,'2018-11-26 12:02:27'),(212,1043,226,0,232,'Payment accepted.',1,'2018-11-26 12:44:10'),(213,1039,243,0,233,'Payment accepted.',1,'2018-11-26 13:37:03'),(214,1051,245,0,235,'Consegnare in fascia oraria 9:00-13:00 da lunedì a venerdì ',0,'2018-11-26 20:41:28'),(215,1050,247,0,237,'Payment accepted.',1,'2018-11-26 22:37:18'),(216,996,224,0,238,'Payment accepted.',1,'2018-11-26 23:59:53'),(217,1010,230,0,239,'Payment accepted.',1,'2018-12-01 22:50:30'),(218,1078,250,0,240,'Payment accepted.',1,'2018-12-02 09:23:37'),(219,1087,251,0,241,'Payment accepted.',1,'2018-12-02 19:27:30'),(220,1073,253,0,242,'Payment accepted.',1,'2018-12-02 22:40:58'),(221,1093,254,0,243,'Payment accepted.',1,'2018-12-03 03:51:09'),(222,1097,255,0,244,'Payment accepted.',1,'2018-12-03 10:58:44'),(223,1102,256,0,245,'Payment accepted.',1,'2018-12-03 12:53:00'),(224,1103,257,0,0,'Sui termini di servizio c’e Scritto che la spedizione è gratuita , ma invece la fate pagare ? Allora cosa accetto ? ',0,'2018-12-03 14:24:31'),(225,1105,258,0,246,'Payment accepted.',1,'2018-12-03 15:13:00'),(226,1112,260,0,248,'Se non presenti in casa al momento del tentativo di consegna, per favore chiamare al n. di cellulare. grazie',0,'2018-12-03 17:21:42'),(227,1112,260,0,248,'Payment accepted.',1,'2018-12-03 17:25:48'),(228,1114,261,0,249,'Payment accepted.',1,'2018-12-03 19:32:04'),(229,1116,262,0,250,'Payment accepted.',1,'2018-12-03 21:30:30'),(230,1118,263,0,251,'Payment accepted.',1,'2018-12-04 09:08:41'),(231,1122,264,0,252,'Payment accepted.',1,'2018-12-04 10:04:45'),(232,1129,265,0,253,'Payment accepted.',1,'2018-12-04 15:28:28'),(233,1129,265,0,254,'Payment accepted.',1,'2018-12-04 15:28:29'),(234,1142,270,0,257,'Payment accepted.',1,'2018-12-05 10:55:14'),(235,1084,271,0,258,'Payment accepted.',1,'2018-12-05 12:17:12'),(236,1143,272,0,259,'Payment accepted.',1,'2018-12-05 13:12:30'),(237,1145,273,0,260,'Payment accepted.',1,'2018-12-05 13:34:31'),(238,1157,274,0,0,'Salve de fosse possibile spedire da lunedì in poi grazie',0,'2018-12-06 11:16:32'),(239,1159,275,0,261,'Payment accepted.',1,'2018-12-06 17:10:37'),(240,1168,276,0,262,'Payment accepted.',1,'2018-12-06 20:30:21'),(242,1172,278,0,263,'Payment accepted.',1,'2018-12-07 09:12:45'),(243,1173,279,0,264,'Payment accepted.',1,'2018-12-07 09:22:48'),(244,1161,280,0,265,'Payment accepted.',1,'2018-12-07 14:35:13'),(245,1147,0,0,266,'Il punto di consegna si trova posteriore all’entrata del Ristorante Al Mulino (Via Olivetta 15).',0,'2018-12-08 09:17:10'),(246,1147,282,0,266,'Payment accepted.',1,'2018-12-08 09:19:41'),(247,1184,283,0,267,'Payment accepted.',1,'2018-12-08 15:13:55'),(248,1115,284,0,268,'Payment accepted.',1,'2018-12-08 17:58:31'),(249,1193,286,0,269,'Payment accepted.',1,'2018-12-09 11:38:07'),(250,1194,0,0,0,'Citofonare a Big Bus Tours ',0,'2018-12-09 13:29:19'),(251,1196,288,0,0,'Se la Gelateria non fosse aperta consegnare a negozio NewAge di parrucchiere affianco',0,'2018-12-09 16:18:36'),(252,1202,289,0,270,'Payment accepted.',1,'2018-12-09 23:57:49'),(253,1205,290,0,271,'Payment accepted.',1,'2018-12-10 10:23:38'),(254,1207,0,0,272,'Consegnare portiere o Clara Sernesi',0,'2018-12-10 12:17:53'),(255,1207,291,0,272,'Payment accepted.',1,'2018-12-10 13:44:38'),(256,1210,293,0,273,'Payment accepted.',1,'2018-12-10 21:01:53'),(257,1212,294,0,274,'Citofonare a Big Bus Tours',0,'2018-12-10 21:47:38'),(258,1212,294,0,274,'Payment accepted.',1,'2018-12-10 21:49:40'),(259,1214,295,0,275,'Payment accepted.',1,'2018-12-10 23:02:58'),(260,1215,296,0,276,'Payment accepted.',1,'2018-12-11 00:10:37'),(261,1219,297,0,277,'Payment accepted.',1,'2018-12-11 07:10:48'),(262,1219,297,0,278,'Payment accepted.',1,'2018-12-11 07:10:48'),(263,1227,299,0,280,'Payment accepted.',1,'2018-12-11 12:13:46'),(264,1235,300,0,281,'Payment accepted.',1,'2018-12-11 19:22:09'),(265,1236,301,0,282,'Payment accepted.',1,'2018-12-11 19:46:38'),(266,1231,302,0,283,'Payment accepted.',1,'2018-12-11 20:00:05'),(267,1243,304,0,284,'Payment accepted.',1,'2018-12-11 21:11:14'),(268,1247,305,0,285,'Payment accepted.',1,'2018-12-11 23:45:51'),(269,1138,269,0,286,'Payment accepted.',1,'2018-12-12 03:45:19'),(270,1265,308,0,288,'Lasciare alla segreteria del negozio “Baisi”',0,'2018-12-12 11:44:23'),(271,1265,308,0,288,'Payment accepted.',1,'2018-12-12 11:58:29'),(272,1268,309,0,289,'Payment accepted.',1,'2018-12-12 12:47:05'),(273,1269,310,0,291,'Payment accepted.',1,'2018-12-12 14:40:15'),(274,1274,313,0,292,'Payment accepted.',1,'2018-12-12 15:26:43'),(275,1239,303,0,293,'Payment accepted.',1,'2018-12-12 16:20:55'),(276,1289,315,0,294,'Payment accepted.',1,'2018-12-13 10:19:30'),(277,1293,316,0,295,'Payment accepted.',1,'2018-12-13 13:00:31'),(278,1294,317,0,296,'In caso di assenza al mio domicilio, gentilmente consegnare alla vicina (prima casa a sinistra, signora Pasqua).',0,'2018-12-13 17:33:35'),(279,1294,317,0,296,'Payment accepted.',1,'2018-12-13 17:35:29'),(280,1299,318,0,297,'Payment accepted.',1,'2018-12-13 17:51:09'),(281,1304,319,0,298,'Payment accepted.',1,'2018-12-13 23:47:23'),(282,1310,320,0,299,'consegnare gentilmente presso il Blue Caffe\'',0,'2018-12-14 10:40:44'),(283,1315,321,0,300,'Payment accepted.',1,'2018-12-14 13:10:12'),(284,1319,323,0,302,'Payment accepted.',1,'2018-12-14 14:27:37'),(285,1321,324,0,303,'Payment accepted.',1,'2018-12-14 18:39:00'),(286,1330,327,0,305,'Payment accepted.',1,'2018-12-15 10:11:40'),(287,1333,329,0,306,'Payment accepted.',1,'2018-12-15 11:15:25'),(288,1335,330,0,307,'Payment accepted.',1,'2018-12-15 12:10:36'),(289,1200,331,0,308,'Payment accepted.',1,'2018-12-15 14:30:40'),(290,1336,332,0,309,'Payment accepted.',1,'2018-12-15 15:58:57'),(291,1338,0,0,0,'Citofonare studio di Architettura D2U',0,'2018-12-15 16:52:21'),(292,1340,333,0,310,'Payment accepted.',1,'2018-12-15 17:53:31'),(293,1342,334,0,311,'Payment accepted.',1,'2018-12-15 18:24:23'),(294,1343,34,0,312,'Payment accepted.',1,'2018-12-15 21:28:23'),(295,438,74,0,313,'Payment accepted.',1,'2018-12-15 21:45:47'),(296,1349,335,0,314,'Payment accepted.',1,'2018-12-16 12:16:53'),(297,1353,0,0,315,'Consegna presso \"PANIFICIO ZAPPIA\" ',0,'2018-12-16 15:47:46'),(298,1353,336,0,315,'Payment accepted.',1,'2018-12-16 15:49:10'),(299,1354,337,0,316,'Payment accepted.',1,'2018-12-16 15:55:25'),(300,1357,0,0,0,'Cannito Giuseppe presso kermes salotti',0,'2018-12-16 18:30:48');

#
# Structure for table "_WCprTUAmessage_readed"
#

CREATE TABLE `_WCprTUAmessage_readed` (
  `id_message` int(10) unsigned NOT NULL,
  `id_employee` int(10) unsigned NOT NULL,
  `date_add` datetime NOT NULL,
  PRIMARY KEY (`id_message`,`id_employee`)
) ENGINE=InnoDB DEFAULT CHARSET=utf8;

#
# Data for table "_WCprTUAmessage_readed"
#


#
# Structure for table "_WCprTUAmeta"
#

CREATE TABLE `_WCprTUAmeta` (
  `id_meta` int(10) unsigned NOT NULL AUTO_INCREMENT,
  `page` varchar(64) NOT NULL,
  `configurable` tinyint(1) unsigned NOT NULL DEFAULT '1',
  PRIMARY KEY (`id_meta`),
  UNIQUE KEY `page` (`page`)
) ENGINE=InnoDB AUTO_INCREMENT=41 DEFAULT CHARSET=utf8;

#
# Data for table "_WCprTUAmeta"
#

INSERT INTO `_WCprTUAmeta` VALUES (1,'pagenotfound',1),(2,'best-sales',1),(3,'contact',1),(4,'index',1),(5,'manufacturer',1),(6,'new-products',1),(7,'password',1),(8,'prices-drop',1),(9,'sitemap',1),(10,'supplier',1),(11,'address',1),(12,'addresses',1),(13,'authentication',1),(14,'cart',1),(15,'discount',1),(16,'history',1),(17,'identity',1),(18,'my-account',1),(19,'order-follow',1),(20,'order-slip',1),(21,'order',1),(22,'search',1),(23,'stores',1),(24,'order-opc',1),(25,'guest-tracking',1),(26,'order-confirmation',1),(27,'product',0),(28,'category',0),(29,'cms',0),(30,'module-cheque-payment',0),(31,'module-cheque-validation',0),(32,'module-bankwire-validation',0),(33,'module-bankwire-payment',0),(34,'module-cashondelivery-validation',0),(35,'products-comparison',1),(36,'module-blocknewsletter-verification',1),(37,'module-leoblog-blog',1),(38,'module-leoblog-category',1),(39,'module-leoblog-list',1),(40,'module-mailalerts-account',1);

#
# Structure for table "_WCprTUAmeta_lang"
#

CREATE TABLE `_WCprTUAmeta_lang` (
  `id_meta` int(10) unsigned NOT NULL,
  `id_shop` int(11) unsigned NOT NULL DEFAULT '1',
  `id_lang` int(10) unsigned NOT NULL,
  `title` varchar(128) DEFAULT NULL,
  `description` varchar(255) DEFAULT NULL,
  `keywords` varchar(255) DEFAULT NULL,
  `url_rewrite` varchar(254) NOT NULL,
  PRIMARY KEY (`id_meta`,`id_shop`,`id_lang`),
  KEY `id_shop` (`id_shop`),
  KEY `id_lang` (`id_lang`)
) ENGINE=InnoDB DEFAULT CHARSET=utf8;

#
# Data for table "_WCprTUAmeta_lang"
#

INSERT INTO `_WCprTUAmeta_lang` VALUES (1,1,1,'errore 404','Impossibile trovare la pagina','errore, 404, non trovato','pagina-non-trovata'),(1,1,2,'errore 404','Impossibile trovare la pagina','errore, 404, non trovato','pagina-non-trovata'),(1,1,3,'errore 404','Impossibile trovare la pagina','errore, 404, non trovato','pagina-non-trovata'),(1,1,4,'errore 404','Impossibile trovare la pagina','errore, 404, non trovato','pagina-non-trovata'),(1,1,5,'errore 404','Impossibile trovare la pagina','errore, 404, non trovato','pagina-non-trovata'),(1,1,6,'errore 404','Impossibile trovare la pagina','errore, 404, non trovato','pagina-non-trovata'),(1,1,7,'errore 404','Impossibile trovare la pagina','errore, 404, non trovato','pagina-non-trovata'),(1,1,8,'errore 404','Impossibile trovare la pagina','errore, 404, non trovato','pagina-non-trovata'),(2,1,1,'Più venduti','I nostri prodotti più venduti','best sellers, più venduti, migliori prodotti','piu-venduti'),(2,1,2,'Più venduti','I nostri prodotti più venduti','best sellers, più venduti, migliori prodotti','piu-venduti'),(2,1,3,'Più venduti','I nostri prodotti più venduti','best sellers, più venduti, migliori prodotti','piu-venduti'),(2,1,4,'Più venduti','I nostri prodotti più venduti','best sellers, più venduti, migliori prodotti','piu-venduti'),(2,1,5,'Più venduti','I nostri prodotti più venduti','best sellers, più venduti, migliori prodotti','piu-venduti'),(2,1,6,'Più venduti','I nostri prodotti più venduti','best sellers, più venduti, migliori prodotti','piu-venduti'),(2,1,7,'Più venduti','I nostri prodotti più venduti','best sellers, più venduti, migliori prodotti','piu-venduti'),(2,1,8,'Più venduti','I nostri prodotti più venduti','best sellers, più venduti, migliori prodotti','piu-venduti'),(3,1,1,'Contatti -  Wacù, il sottovuoto per i tuoi bagagli','Si può usare il nostro modulo per contattarci','','contatti-wacu'),(3,1,2,'Contacts','Use our form','contatto, modulo, e-mail','contacts-wacu'),(3,1,3,'Contattaci','Si può usare il nostro modulo per contattarci','contatto, modulo, e-mail','contattaci'),(3,1,4,'Contattaci','Si può usare il nostro modulo per contattarci','contatto, modulo, e-mail','contattaci'),(3,1,5,'Contattaci','Si può usare il nostro modulo per contattarci','contatto, modulo, e-mail','contattaci'),(3,1,6,'Contatti','Si può usare il nostro modulo per contattarci','contatto, modulo, e-mail','contatti-wacu'),(3,1,7,'Contatti','Si può usare il nostro modulo per contattarci','contatto, modulo, e-mail','contatti-wacu'),(3,1,8,'Contatti','Si può usare il nostro modulo per contattarci','contatto, modulo, e-mail','contatti-wacu'),(4,1,1,'Wacu - Official Online Shop | Salvaspazio per valigie e bagagli','I tuoi bagagli in sottovuoto per un viaggio in pieno comfort. Scopri subito l\'aspiratore sottovuoto più piccolo al mondo.','wacu,wacù,Sottovuoto portatile,Salvaspazio per valigie,Salvaspazio per bagagli',''),(4,1,2,'Wacù - Official Online Shop | Luggage space saver','The smallest space saver onthe market','Portable vacuum sealer,wacù,wacu,space saver,portable space saver,smallest space saver,luggage space saver',''),(4,1,3,'','Negozio creato usando PrestaShop','negozio, prestashop',''),(4,1,4,'','Negozio creato usando PrestaShop','negozio, prestashop',''),(4,1,5,'','Negozio creato usando PrestaShop','negozio, prestashop',''),(4,1,6,'','Negozio creato usando PrestaShop','negozio, prestashop',''),(4,1,7,'','Negozio creato usando PrestaShop','negozio, prestashop',''),(4,1,8,'','Negozio creato usando PrestaShop','negozio, prestashop',''),(5,1,1,'Produttori','Elenco produttori','produttore','produttori'),(5,1,2,'Produttori','Elenco produttori','produttore','produttori'),(5,1,3,'Produttori','Elenco produttori','produttore','produttori'),(5,1,4,'Produttori','Elenco produttori','produttore','produttori'),(5,1,5,'Produttori','Elenco produttori','produttore','produttori'),(5,1,6,'Produttori','Elenco produttori','produttore','produttori'),(5,1,7,'Produttori','Elenco produttori','produttore','produttori'),(5,1,8,'Produttori','Elenco produttori','produttore','produttori'),(6,1,1,'Nuovi prodotti','I nostri nuovi prodotti, gli ultimi arrivi','nuovi, prodotti, ultimi arrivi','nuovi-prodotti'),(6,1,2,'Nuovi prodotti','I nostri nuovi prodotti, gli ultimi arrivi','nuovi, prodotti, ultimi arrivi','nuovi-prodotti'),(6,1,3,'Nuovi prodotti','I nostri nuovi prodotti, gli ultimi arrivi','nuovi, prodotti, ultimi arrivi','nuovi-prodotti'),(6,1,4,'Nuovi prodotti','I nostri nuovi prodotti, gli ultimi arrivi','nuovi, prodotti, ultimi arrivi','nuovi-prodotti'),(6,1,5,'Nuovi prodotti','I nostri nuovi prodotti, gli ultimi arrivi','nuovi, prodotti, ultimi arrivi','nuovi-prodotti'),(6,1,6,'Nuovi prodotti','I nostri nuovi prodotti, gli ultimi arrivi','nuovi, prodotti, ultimi arrivi','nuovi-prodotti'),(6,1,7,'Nuovi prodotti','I nostri nuovi prodotti, gli ultimi arrivi','nuovi, prodotti, ultimi arrivi','nuovi-prodotti'),(6,1,8,'Nuovi prodotti','I nostri nuovi prodotti, gli ultimi arrivi','nuovi, prodotti, ultimi arrivi','nuovi-prodotti'),(7,1,1,'Password dimenticata','Inserisci l\'indirizzo e-mail che usi per accedere, per ricevere un\'e-mail con una nuova password','dimenticato, password, e-mail, nuovo, reset','recupero-password'),(7,1,2,'Password dimenticata','Inserisci l\'indirizzo e-mail che usi per accedere, per ricevere un\'e-mail con una nuova password','dimenticato, password, e-mail, nuovo, reset','recupero-password'),(7,1,3,'Password dimenticata','Inserisci l\'indirizzo e-mail che usi per accedere, per ricevere un\'e-mail con una nuova password','dimenticato, password, e-mail, nuovo, reset','recupero-password'),(7,1,4,'Password dimenticata','Inserisci l\'indirizzo e-mail che usi per accedere, per ricevere un\'e-mail con una nuova password','dimenticato, password, e-mail, nuovo, reset','recupero-password'),(7,1,5,'Password dimenticata','Inserisci l\'indirizzo e-mail che usi per accedere, per ricevere un\'e-mail con una nuova password','dimenticato, password, e-mail, nuovo, reset','recupero-password'),(7,1,6,'Password dimenticata','Inserisci l\'indirizzo e-mail che usi per accedere, per ricevere un\'e-mail con una nuova password','dimenticato, password, e-mail, nuovo, reset','recupero-password'),(7,1,7,'Password dimenticata','Inserisci l\'indirizzo e-mail che usi per accedere, per ricevere un\'e-mail con una nuova password','dimenticato, password, e-mail, nuovo, reset','recupero-password'),(7,1,8,'Password dimenticata','Inserisci l\'indirizzo e-mail che usi per accedere, per ricevere un\'e-mail con una nuova password','dimenticato, password, e-mail, nuovo, reset','recupero-password'),(8,1,1,'Offerte','I nostri prodotti in offerta','speciali, riduzione prezzi','offerte'),(8,1,2,'Offerte','I nostri prodotti in offerta','speciali, riduzione prezzi','offerte'),(8,1,3,'Offerte','I nostri prodotti in offerta','speciali, riduzione prezzi','offerte'),(8,1,4,'Offerte','I nostri prodotti in offerta','speciali, riduzione prezzi','offerte'),(8,1,5,'Offerte','I nostri prodotti in offerta','speciali, riduzione prezzi','offerte'),(8,1,6,'Offerte','I nostri prodotti in offerta','speciali, riduzione prezzi','offerte'),(8,1,7,'Offerte','I nostri prodotti in offerta','speciali, riduzione prezzi','offerte'),(8,1,8,'Offerte','I nostri prodotti in offerta','speciali, riduzione prezzi','offerte'),(9,1,1,'Mappa del sito','Vi siete persi? Qui potete trovate quello che state cercando','sitemap','mappa-del-sito'),(9,1,2,'Mappa del sito','Vi siete persi? Qui potete trovate quello che state cercando','sitemap','mappa-del-sito'),(9,1,3,'Mappa del sito','Vi siete persi? Qui potete trovate quello che state cercando','sitemap','mappa-del-sito'),(9,1,4,'Mappa del sito','Vi siete persi? Qui potete trovate quello che state cercando','sitemap','mappa-del-sito'),(9,1,5,'Mappa del sito','Vi siete persi? Qui potete trovate quello che state cercando','sitemap','mappa-del-sito'),(9,1,6,'Mappa del sito','Vi siete persi? Qui potete trovate quello che state cercando','sitemap','mappa-del-sito'),(9,1,7,'Mappa del sito','Vi siete persi? Qui potete trovate quello che state cercando','sitemap','mappa-del-sito'),(9,1,8,'Mappa del sito','Vi siete persi? Qui potete trovate quello che state cercando','sitemap','mappa-del-sito'),(10,1,1,'Fornitori','Elenco dei fornitori','fornitore','fornitori'),(10,1,2,'Fornitori','Elenco dei fornitori','fornitore','fornitori'),(10,1,3,'Fornitori','Elenco dei fornitori','fornitore','fornitori'),(10,1,4,'Fornitori','Elenco dei fornitori','fornitore','fornitori'),(10,1,5,'Fornitori','Elenco dei fornitori','fornitore','fornitori'),(10,1,6,'Fornitori','Elenco dei fornitori','fornitore','fornitori'),(10,1,7,'Fornitori','Elenco dei fornitori','fornitore','fornitori'),(10,1,8,'Fornitori','Elenco dei fornitori','fornitore','fornitori'),(11,1,1,'Indirizzo','','','indirizzo'),(11,1,2,'Indirizzo','','','indirizzo'),(11,1,3,'Indirizzo','','','indirizzo'),(11,1,4,'Indirizzo','','','indirizzo'),(11,1,5,'Indirizzo','','','indirizzo'),(11,1,6,'Indirizzo','','','indirizzo'),(11,1,7,'Indirizzo','','','indirizzo'),(11,1,8,'Indirizzo','','','indirizzo'),(12,1,1,'Indirizzi','','','indirizzi'),(12,1,2,'Indirizzi','','','indirizzi'),(12,1,3,'Indirizzi','','','indirizzi'),(12,1,4,'Indirizzi','','','indirizzi'),(12,1,5,'Indirizzi','','','indirizzi'),(12,1,6,'Indirizzi','','','indirizzi'),(12,1,7,'Indirizzi','','','indirizzi'),(12,1,8,'Indirizzi','','','indirizzi'),(13,1,1,'Accesso','','','login'),(13,1,2,'Accesso','','','login'),(13,1,3,'Accesso','','','login'),(13,1,4,'Accesso','','','login'),(13,1,5,'Accesso','','','login'),(13,1,6,'Accesso','','','login'),(13,1,7,'Accesso','','','login'),(13,1,8,'Accesso','','','login'),(14,1,1,'Carrello - Wacù, Aspiratore sottovuoto','','','carrello'),(14,1,2,'Cart - Wacù portable vacuum sealer for luggage','','','carrello'),(14,1,3,'Carrello','','','carrello'),(14,1,4,'Carrello','','','carrello'),(14,1,5,'Carrello','','','carrello'),(14,1,6,'Carrello','','','carrello'),(14,1,7,'Carrello','','','carrello'),(14,1,8,'Carrello','','','carrello'),(15,1,1,'Buoni sconto','','','buoni-sconto'),(15,1,2,'Buoni sconto','','','buoni-sconto'),(15,1,3,'Buoni sconto','','','buoni-sconto'),(15,1,4,'Buoni sconto','','','buoni-sconto'),(15,1,5,'Buoni sconto','','','buoni-sconto'),(15,1,6,'Buoni sconto','','','buoni-sconto'),(15,1,7,'Buoni sconto','','','buoni-sconto'),(15,1,8,'Buoni sconto','','','buoni-sconto'),(16,1,1,'Cronologia ordini','','','cronologia-ordini'),(16,1,2,'Cronologia ordini','','','cronologia-ordini'),(16,1,3,'Cronologia ordini','','','cronologia-ordini'),(16,1,4,'Cronologia ordini','','','cronologia-ordini'),(16,1,5,'Cronologia ordini','','','cronologia-ordini'),(16,1,6,'Cronologia ordini','','','cronologia-ordini'),(16,1,7,'Cronologia ordini','','','cronologia-ordini'),(16,1,8,'Cronologia ordini','','','cronologia-ordini'),(17,1,1,'Dati personali','','','dati-personali'),(17,1,2,'Dati personali','','','dati-personali'),(17,1,3,'Dati personali','','','dati-personali'),(17,1,4,'Dati personali','','','dati-personali'),(17,1,5,'Dati personali','','','dati-personali'),(17,1,6,'Dati personali','','','dati-personali'),(17,1,7,'Dati personali','','','dati-personali'),(17,1,8,'Dati personali','','','dati-personali'),(18,1,1,'Il mio account','','','account'),(18,1,2,'Il mio account','','','account'),(18,1,3,'Il mio account','','','account'),(18,1,4,'Il mio account','','','account'),(18,1,5,'Il mio account','','','account'),(18,1,6,'Il mio account','','','account'),(18,1,7,'Il mio account','','','account'),(18,1,8,'Il mio account','','','account'),(19,1,1,'Segui l\'ordine','','','segui-ordine'),(19,1,2,'Segui l\'ordine','','','segui-ordine'),(19,1,3,'Segui l\'ordine','','','segui-ordine'),(19,1,4,'Segui l\'ordine','','','segui-ordine'),(19,1,5,'Segui l\'ordine','','','segui-ordine'),(19,1,6,'Segui l\'ordine','','','segui-ordine'),(19,1,7,'Segui l\'ordine','','','segui-ordine'),(19,1,8,'Segui l\'ordine','','','segui-ordine'),(20,1,1,'Buono d\'ordine','','','buono-ordine'),(20,1,2,'Buono d\'ordine','','','buono-ordine'),(20,1,3,'Buono d\'ordine','','','buono-ordine'),(20,1,4,'Buono d\'ordine','','','buono-ordine'),(20,1,5,'Buono d\'ordine','','','buono-ordine'),(20,1,6,'Buono d\'ordine','','','buono-ordine'),(20,1,7,'Buono d\'ordine','','','buono-ordine'),(20,1,8,'Buono d\'ordine','','','buono-ordine'),(21,1,1,'Ordine','','','ordine'),(21,1,2,'Ordine','','','ordine'),(21,1,3,'Ordine','','','ordine'),(21,1,4,'Ordine','','','ordine'),(21,1,5,'Ordine','','','ordine'),(21,1,6,'Ordine','','','ordine'),(21,1,7,'Ordine','','','ordine'),(21,1,8,'Ordine','','','ordine'),(22,1,1,'Ricerca','','','ricerca'),(22,1,2,'Ricerca','','','ricerca'),(22,1,3,'Ricerca','','','ricerca'),(22,1,4,'Ricerca','','','ricerca'),(22,1,5,'Ricerca','','','ricerca'),(22,1,6,'Ricerca','','','ricerca'),(22,1,7,'Ricerca','','','ricerca'),(22,1,8,'Ricerca','','','ricerca'),(23,1,1,'Negozi','','','negozi'),(23,1,2,'Negozi','','','negozi'),(23,1,3,'Negozi','','','negozi'),(23,1,4,'Negozi','','','negozi'),(23,1,5,'Negozi','','','negozi'),(23,1,6,'Negozi','','','negozi'),(23,1,7,'Negozi','','','negozi'),(23,1,8,'Negozi','','','negozi'),(24,1,1,'Ordine','','','ordine-rapido'),(24,1,2,'Ordine','','','ordine-rapido'),(24,1,3,'Ordine','','','ordine-rapido'),(24,1,4,'Ordine','','','ordine-rapido'),(24,1,5,'Ordine','','','ordine-rapido'),(24,1,6,'Ordine','','','ordine-rapido'),(24,1,7,'Ordine','','','ordine-rapido'),(24,1,8,'Ordine','','','ordine-rapido'),(25,1,1,'Wacù Tracciamento ospite','','','tracciatura-ospite'),(25,1,2,'Wacù Guest Tracking','','','tracciatura-ospite'),(25,1,3,'Tracciatura ospite','','','tracciatura-ospite'),(25,1,4,'Tracciatura ospite','','','tracciatura-ospite'),(25,1,5,'Tracciatura ospite','','','tracciatura-ospite'),(25,1,6,'Tracciatura ospite','','','tracciatura-ospite'),(25,1,7,'Tracciatura ospite','','','tracciatura-ospite'),(25,1,8,'Tracciatura ospite','','','tracciatura-ospite'),(26,1,1,'Conferma dell\'ordine','','','conferma-ordine'),(26,1,2,'Conferma dell\'ordine','','','conferma-ordine'),(26,1,3,'Conferma dell\'ordine','','','conferma-ordine'),(26,1,4,'Conferma dell\'ordine','','','conferma-ordine'),(26,1,5,'Conferma dell\'ordine','','','conferma-ordine'),(26,1,6,'Conferma dell\'ordine','','','conferma-ordine'),(26,1,7,'Conferma dell\'ordine','','','conferma-ordine'),(26,1,8,'Conferma dell\'ordine','','','conferma-ordine'),(27,0,1,NULL,NULL,NULL,''),(27,0,2,NULL,NULL,NULL,''),(27,0,3,NULL,NULL,NULL,''),(27,0,4,NULL,NULL,NULL,''),(27,0,5,NULL,NULL,NULL,''),(27,0,6,NULL,NULL,NULL,''),(27,0,7,NULL,NULL,NULL,''),(27,0,8,NULL,NULL,NULL,''),(28,0,1,NULL,NULL,NULL,''),(28,0,2,NULL,NULL,NULL,''),(28,0,3,NULL,NULL,NULL,''),(28,0,4,NULL,NULL,NULL,''),(28,0,5,NULL,NULL,NULL,''),(28,0,6,NULL,NULL,NULL,''),(28,0,7,NULL,NULL,NULL,''),(28,0,8,NULL,NULL,NULL,''),(29,0,1,NULL,NULL,NULL,''),(29,0,2,NULL,NULL,NULL,''),(29,0,3,NULL,NULL,NULL,''),(29,0,4,NULL,NULL,NULL,''),(29,0,5,NULL,NULL,NULL,''),(29,0,6,NULL,NULL,NULL,''),(29,0,7,NULL,NULL,NULL,''),(29,0,8,NULL,NULL,NULL,''),(30,0,1,NULL,NULL,NULL,''),(30,0,2,NULL,NULL,NULL,''),(30,0,3,NULL,NULL,NULL,''),(30,0,4,NULL,NULL,NULL,''),(30,0,5,NULL,NULL,NULL,''),(30,0,6,NULL,NULL,NULL,''),(30,0,7,NULL,NULL,NULL,''),(30,0,8,NULL,NULL,NULL,''),(31,0,1,NULL,NULL,NULL,''),(31,0,2,NULL,NULL,NULL,''),(31,0,3,NULL,NULL,NULL,''),(31,0,4,NULL,NULL,NULL,''),(31,0,5,NULL,NULL,NULL,''),(31,0,6,NULL,NULL,NULL,''),(31,0,7,NULL,NULL,NULL,''),(31,0,8,NULL,NULL,NULL,''),(32,0,1,NULL,NULL,NULL,''),(32,0,2,NULL,NULL,NULL,''),(32,0,3,NULL,NULL,NULL,''),(32,0,4,NULL,NULL,NULL,''),(32,0,5,NULL,NULL,NULL,''),(32,0,6,NULL,NULL,NULL,''),(32,0,7,NULL,NULL,NULL,''),(32,0,8,NULL,NULL,NULL,''),(33,0,1,NULL,NULL,NULL,''),(33,0,2,NULL,NULL,NULL,''),(33,0,3,NULL,NULL,NULL,''),(33,0,4,NULL,NULL,NULL,''),(33,0,5,NULL,NULL,NULL,''),(33,0,6,NULL,NULL,NULL,''),(33,0,7,NULL,NULL,NULL,''),(33,0,8,NULL,NULL,NULL,''),(34,0,1,NULL,NULL,NULL,''),(34,0,2,NULL,NULL,NULL,''),(34,0,3,NULL,NULL,NULL,''),(34,0,4,NULL,NULL,NULL,''),(34,0,5,NULL,NULL,NULL,''),(34,0,6,NULL,NULL,NULL,''),(34,0,7,NULL,NULL,NULL,''),(34,0,8,NULL,NULL,NULL,''),(35,1,1,'Confronto prodotti','','','confronto-prodotti'),(35,1,2,'Confronto prodotti','','','confronto-prodotti'),(35,1,3,'Confronto prodotti','','','confronto-prodotti'),(35,1,4,'Confronto prodotti','','','confronto-prodotti'),(35,1,5,'Confronto prodotti','','','confronto-prodotti'),(35,1,6,'Confronto prodotti','','','confronto-prodotti'),(35,1,7,'Confronto prodotti','','','confronto-prodotti'),(35,1,8,'Confronto prodotti','','','confronto-prodotti'),(36,1,1,'','','',''),(36,1,2,'','','',''),(36,1,3,'','','',''),(36,1,4,'','','',''),(36,1,5,'','','',''),(36,1,6,'','','',''),(36,1,7,'','','',''),(36,1,8,'','','',''),(37,1,1,'','','',''),(37,1,2,'','','',''),(37,1,3,'','','',''),(37,1,4,'','','',''),(37,1,5,'','','',''),(37,1,6,'','','',''),(37,1,7,'','','',''),(37,1,8,'','','',''),(38,1,1,'','','',''),(38,1,2,'','','',''),(38,1,3,'','','',''),(38,1,4,'','','',''),(38,1,5,'','','',''),(38,1,6,'','','',''),(38,1,7,'','','',''),(38,1,8,'','','',''),(39,1,1,'','','',''),(39,1,2,'','','',''),(39,1,3,'','','',''),(39,1,4,'','','',''),(39,1,5,'','','',''),(39,1,6,'','','',''),(39,1,7,'','','',''),(39,1,8,'','','',''),(40,1,1,'','','',''),(40,1,2,'','','',''),(40,1,3,'','','',''),(40,1,4,'','','',''),(40,1,5,'','','',''),(40,1,6,'','','',''),(40,1,7,'','','',''),(40,1,8,'','','','');

#
# Structure for table "_WCprTUAmodule"
#

CREATE TABLE `_WCprTUAmodule` (
  `id_module` int(10) unsigned NOT NULL AUTO_INCREMENT,
  `name` varchar(64) NOT NULL,
  `active` tinyint(1) unsigned NOT NULL DEFAULT '0',
  `version` varchar(8) NOT NULL,
  PRIMARY KEY (`id_module`),
  KEY `name` (`name`)
) ENGINE=InnoDB AUTO_INCREMENT=91 DEFAULT CHARSET=utf8;

#
# Data for table "_WCprTUAmodule"
#

INSERT INTO `_WCprTUAmodule` VALUES (1,'socialsharing',1,'1.4.3'),(2,'blockbanner',1,'1.4.1'),(3,'bankwire',1,'1.1.2'),(4,'blockbestsellers',1,'1.8.1'),(5,'blockcart',1,'1.6.2'),(6,'blocksocial',1,'1.2.2'),(7,'blockcategories',1,'2.9.4'),(8,'blockcurrencies',1,'0.4.1'),(9,'blockfacebook',1,'1.4.1'),(10,'blocklanguages',1,'1.5.1'),(11,'blocklayered',1,'2.2.1'),(12,'blockcms',1,'2.1.2'),(13,'blockcmsinfo',1,'1.6.1'),(14,'blockcontact',1,'1.4.1'),(15,'blockcontactinfos',1,'1.2.1'),(16,'blockmanufacturer',1,'1.4.1'),(17,'blockmyaccount',1,'1.4.1'),(18,'blockmyaccountfooter',1,'1.6.1'),(19,'blocknewproducts',1,'1.10.1'),(20,'blocknewsletter',1,'2.4.0'),(21,'blockpaymentlogo',1,'0.4.1'),(22,'blocksearch',1,'1.7.1'),(23,'blockspecials',1,'1.3.1'),(24,'blockstore',1,'1.3.1'),(25,'blocksupplier',1,'1.2.1'),(26,'blocktags',1,'1.3.1'),(27,'blocktopmenu',1,'2.2.4'),(28,'blockuserinfo',1,'0.4.1'),(29,'blockviewed',1,'1.3.1'),(30,'cheque',1,'2.7.2'),(31,'dashactivity',1,'1.0.0'),(32,'dashtrends',1,'1.0.0'),(33,'dashgoals',1,'1.0.0'),(34,'dashproducts',1,'1.0.0'),(35,'graphnvd3',1,'1.5.1'),(36,'gridhtml',1,'1.3.1'),(37,'homeslider',1,'1.6.1'),(38,'homefeatured',1,'1.8.1'),(39,'productpaymentlogos',1,'1.4.1'),(40,'pagesnotfound',1,'1.5.1'),(41,'sekeywords',1,'1.4.1'),(42,'statsbestcategories',1,'1.5.1'),(43,'statsbestcustomers',1,'1.5.1'),(44,'statsbestproducts',1,'1.5.1'),(45,'statsbestsuppliers',1,'1.4.1'),(46,'statsbestvouchers',1,'1.5.1'),(47,'statscarrier',1,'1.4.1'),(48,'statscatalog',1,'1.4.0'),(49,'statscheckup',1,'1.5.0'),(50,'statsdata',1,'1.6.2'),(51,'statsequipment',1,'1.3.1'),(52,'statsforecast',1,'1.4.1'),(53,'statslive',1,'1.3.1'),(54,'statsnewsletter',1,'1.4.2'),(55,'statsorigin',1,'1.4.1'),(56,'statspersonalinfos',1,'1.4.1'),(57,'statsproduct',1,'1.5.0'),(58,'statsregistrations',1,'1.4.1'),(59,'statssales',1,'1.3.1'),(60,'statssearch',1,'1.4.1'),(61,'statsstock',1,'1.6.0'),(62,'statsvisits',1,'1.6.1'),(63,'themeconfigurator',1,'2.1.3'),(64,'leotempcp',1,'3.0.0'),(65,'blockgrouptop',1,'1.3.1'),(66,'leobootstrapmenu',1,'3.0.0'),(67,'leoslideshow',1,'1.0.0'),(68,'appagebuilder',1,'1.0.0'),(69,'leoblog',1,'2.0.1'),(70,'sendtoafriend',1,'1.9.0'),(71,'productscategory',1,'1.8.1'),(72,'paypal',1,'3.11.6'),(73,'geotargetingpro',1,'5.2.4'),(74,'gadwords',1,'1.3.10'),(75,'uecookie',1,'1.7.5'),(76,'gadwordsfree',1,'1.3.6'),(77,'fbtrackingpixel',1,'1.0.0'),(79,'facebookconversionpixel',1,'1.5.3'),(80,'mailalerts',1,'3.7.0'),(81,'blockpermanentlinks',1,'0.3.1'),(82,'phgoogletagmanager',1,'2.2.24'),(83,'autolanguagecurrency',1,'2.5.7'),(84,'nexixpay',1,'3.1.0'),(85,'cmscontact',1,'1.0.0'),(86,'hotjar',1,'1.0'),(87,'artfreegdpr',1,'1.0.7'),(88,'gdprpro',1,'2.1.4'),(90,'mailchimpintegration',1,'1.1.4');

#
# Structure for table "_WCprTUAmodule_access"
#

CREATE TABLE `_WCprTUAmodule_access` (
  `id_profile` int(10) unsigned NOT NULL,
  `id_module` int(10) unsigned NOT NULL,
  `view` tinyint(1) NOT NULL DEFAULT '0',
  `configure` tinyint(1) NOT NULL DEFAULT '0',
  `uninstall` tinyint(1) NOT NULL DEFAULT '0',
  PRIMARY KEY (`id_profile`,`id_module`)
) ENGINE=InnoDB DEFAULT CHARSET=utf8;

#
# Data for table "_WCprTUAmodule_access"
#

INSERT INTO `_WCprTUAmodule_access` VALUES (1,1,1,0,0),(1,2,1,0,0),(1,3,1,0,0),(1,4,1,0,0),(1,5,1,0,0),(1,6,1,0,0),(1,7,1,0,0),(1,8,1,0,0),(1,9,1,0,0),(1,10,1,0,0),(1,11,1,0,0),(1,12,1,0,0),(1,13,1,0,0),(1,14,1,0,0),(1,15,1,0,0),(1,16,1,0,0),(1,17,1,0,0),(1,18,1,0,0),(1,19,1,0,0),(1,20,1,0,0),(1,21,1,0,0),(1,22,1,0,0),(1,23,1,0,0),(1,24,1,0,0),(1,25,1,0,0),(1,26,1,0,0),(1,27,1,0,0),(1,28,1,0,0),(1,29,1,0,0),(1,30,1,0,0),(1,31,1,0,0),(1,32,1,0,0),(1,33,1,0,0),(1,34,1,0,0),(1,35,1,0,0),(1,36,1,0,0),(1,37,1,0,0),(1,38,1,0,0),(1,39,1,0,0),(1,40,1,0,0),(1,41,1,0,0),(1,42,1,0,0),(1,43,1,0,0),(1,44,1,0,0),(1,45,1,0,0),(1,46,1,0,0),(1,47,1,0,0),(1,48,1,0,0),(1,49,1,0,0),(1,50,1,0,0),(1,51,1,0,0),(1,52,1,0,0),(1,53,1,0,0),(1,54,1,0,0),(1,55,1,0,0),(1,56,1,0,0),(1,57,1,0,0),(1,58,1,0,0),(1,59,1,0,0),(1,60,1,0,0),(1,61,1,0,0),(1,62,1,0,0),(1,63,1,0,0),(1,64,1,0,0),(1,65,1,0,0),(1,66,1,0,0),(1,67,1,0,0),(1,68,1,0,0),(1,69,1,0,0),(1,70,1,0,0),(1,71,1,0,0),(1,72,1,0,0),(1,73,1,0,0),(1,74,1,0,0),(1,75,1,0,0),(1,76,1,0,0),(1,77,1,0,0),(1,79,1,0,0),(1,80,1,0,0),(1,81,1,0,0),(1,82,1,0,0),(1,83,1,0,0),(1,84,1,0,0),(1,85,1,0,0),(1,86,1,0,0),(1,87,1,0,0),(1,88,1,0,0),(1,90,1,0,0),(2,1,1,1,1),(2,2,1,1,1),(2,3,1,1,1),(2,4,1,1,1),(2,5,1,1,1),(2,6,1,1,1),(2,7,1,1,1),(2,8,1,1,1),(2,9,1,1,1),(2,10,1,1,1),(2,11,1,1,1),(2,12,1,1,1),(2,13,1,1,1),(2,14,1,1,1),(2,15,1,1,1),(2,16,1,1,1),(2,17,1,1,1),(2,18,1,1,1),(2,19,1,1,1),(2,20,1,1,1),(2,21,1,1,1),(2,22,1,1,1),(2,23,1,1,1),(2,24,1,1,1),(2,25,1,1,1),(2,26,1,1,1),(2,27,1,1,1),(2,28,1,1,1),(2,29,1,1,1),(2,30,1,1,1),(2,31,1,1,1),(2,32,1,1,1),(2,33,1,1,1),(2,34,1,1,1),(2,35,1,1,1),(2,36,1,1,1),(2,37,1,1,1),(2,38,1,1,1),(2,39,1,1,1),(2,40,1,1,1),(2,41,1,1,1),(2,42,1,1,1),(2,43,1,1,1),(2,44,1,1,1),(2,45,1,1,1),(2,46,1,1,1),(2,47,1,1,1),(2,48,1,1,1),(2,49,1,1,1),(2,50,1,1,1),(2,51,1,1,1),(2,52,1,1,1),(2,53,1,1,1),(2,54,1,1,1),(2,55,1,1,1),(2,56,1,1,1),(2,57,1,1,1),(2,58,1,1,1),(2,59,1,1,1),(2,60,1,1,1),(2,61,1,1,1),(2,62,1,1,1),(2,63,1,1,1),(2,64,1,1,1),(2,65,1,1,1),(2,66,1,1,1),(2,67,1,1,1),(2,68,1,1,1),(2,69,1,1,1),(2,70,1,1,1),(2,71,1,1,1),(2,72,1,1,1),(2,73,1,1,1),(2,74,1,1,1),(2,75,1,1,1),(2,76,1,1,1),(2,77,1,1,1),(2,79,1,1,1),(2,80,1,1,1),(2,81,1,1,1),(2,82,1,1,1),(2,83,1,1,1),(2,84,1,1,1),(2,85,1,1,1),(2,86,1,1,1),(2,87,1,1,1),(2,88,1,1,1),(2,90,1,1,1),(3,1,1,0,0),(3,2,1,0,0),(3,3,1,0,0),(3,4,1,0,0),(3,5,1,0,0),(3,6,1,0,0),(3,7,1,0,0),(3,8,1,0,0),(3,9,1,0,0),(3,10,1,0,0),(3,11,1,0,0),(3,12,1,0,0),(3,13,1,0,0),(3,14,1,0,0),(3,15,1,0,0),(3,16,1,0,0),(3,17,1,0,0),(3,18,1,0,0),(3,19,1,0,0),(3,20,1,0,0),(3,21,1,0,0),(3,22,1,0,0),(3,23,1,0,0),(3,24,1,0,0),(3,25,1,0,0),(3,26,1,0,0),(3,27,1,0,0),(3,28,1,0,0),(3,29,1,0,0),(3,30,1,0,0),(3,31,1,0,0),(3,32,1,0,0),(3,33,1,0,0),(3,34,1,0,0),(3,35,1,0,0),(3,36,1,0,0),(3,37,1,0,0),(3,38,1,0,0),(3,39,1,0,0),(3,40,1,0,0),(3,41,1,0,0),(3,42,1,0,0),(3,43,1,0,0),(3,44,1,0,0),(3,45,1,0,0),(3,46,1,0,0),(3,47,1,0,0),(3,48,1,0,0),(3,49,1,0,0),(3,50,1,0,0),(3,51,1,0,0),(3,52,1,0,0),(3,53,1,0,0),(3,54,1,0,0),(3,55,1,0,0),(3,56,1,0,0),(3,57,1,0,0),(3,58,1,0,0),(3,59,1,0,0),(3,60,1,0,0),(3,61,1,0,0),(3,62,1,0,0),(3,63,1,0,0),(3,64,1,0,0),(3,65,1,0,0),(3,66,1,0,0),(3,67,1,0,0),(3,68,1,0,0),(3,69,1,0,0),(3,70,1,0,0),(3,71,1,0,0),(3,72,1,0,0),(3,73,1,0,0),(3,74,1,0,0),(3,75,1,0,0),(3,76,1,0,0),(3,77,1,0,0),(3,79,1,0,0),(3,80,1,0,0),(3,81,1,0,0),(3,82,1,0,0),(3,83,1,0,0),(3,84,1,0,0),(3,85,1,0,0),(3,86,1,0,0),(3,87,1,0,0),(3,88,1,0,0),(3,90,1,0,0),(4,1,1,1,1),(4,2,1,1,1),(4,3,1,1,1),(4,4,1,1,1),(4,5,1,1,1),(4,6,1,1,1),(4,7,1,1,1),(4,8,1,1,1),(4,9,1,1,1),(4,10,1,1,1),(4,11,1,1,1),(4,12,1,1,1),(4,13,1,1,1),(4,14,1,1,1),(4,15,1,1,1),(4,16,1,1,1),(4,17,1,1,1),(4,18,1,1,1),(4,19,1,1,1),(4,20,1,1,1),(4,21,1,1,1),(4,22,1,1,1),(4,23,1,1,1),(4,24,1,1,1),(4,25,1,1,1),(4,26,1,1,1),(4,27,1,1,1),(4,28,1,1,1),(4,29,1,1,1),(4,30,1,1,1),(4,31,1,1,1),(4,32,1,1,1),(4,33,1,1,1),(4,34,1,1,1),(4,35,1,1,1),(4,36,1,1,1),(4,37,1,1,1),(4,38,1,1,1),(4,39,1,1,1),(4,40,1,1,1),(4,41,1,1,1),(4,42,1,1,1),(4,43,1,1,1),(4,44,1,1,1),(4,45,1,1,1),(4,46,1,1,1),(4,47,1,1,1),(4,48,1,1,1),(4,49,1,1,1),(4,50,1,1,1),(4,51,1,1,1),(4,52,1,1,1),(4,53,1,1,1),(4,54,1,1,1),(4,55,1,1,1),(4,56,1,1,1),(4,57,1,1,1),(4,58,1,1,1),(4,59,1,1,1),(4,60,1,1,1),(4,61,1,1,1),(4,62,1,1,1),(4,63,1,1,1),(4,64,1,1,1),(4,65,1,1,1),(4,66,1,1,1),(4,67,1,1,1),(4,68,1,1,1),(4,69,1,1,1),(4,70,1,1,1),(4,71,1,1,1),(4,72,1,1,1),(4,73,1,1,1),(4,74,1,1,1),(4,75,1,1,1),(4,76,1,1,1),(4,77,1,1,1),(4,79,1,1,1),(4,80,1,1,1),(4,81,1,1,1),(4,82,1,1,1),(4,83,1,1,1),(4,84,1,1,1),(4,85,1,1,1),(4,86,1,1,1),(4,87,1,1,1),(4,88,1,1,1),(4,90,1,1,1);

#
# Structure for table "_WCprTUAmodule_country"
#

CREATE TABLE `_WCprTUAmodule_country` (
  `id_module` int(10) unsigned NOT NULL,
  `id_shop` int(11) unsigned NOT NULL DEFAULT '1',
  `id_country` int(10) unsigned NOT NULL,
  PRIMARY KEY (`id_module`,`id_shop`,`id_country`)
) ENGINE=InnoDB DEFAULT CHARSET=utf8;

#
# Data for table "_WCprTUAmodule_country"
#

INSERT INTO `_WCprTUAmodule_country` VALUES (3,1,1),(3,1,2),(3,1,3),(3,1,4),(3,1,5),(3,1,6),(3,1,7),(3,1,8),(3,1,9),(3,1,10),(3,1,11),(3,1,12),(3,1,13),(3,1,14),(3,1,15),(3,1,16),(3,1,17),(3,1,18),(3,1,19),(3,1,20),(3,1,21),(3,1,22),(3,1,23),(3,1,24),(3,1,25),(3,1,26),(3,1,27),(3,1,28),(3,1,29),(3,1,30),(3,1,31),(3,1,32),(3,1,33),(3,1,34),(3,1,35),(3,1,36),(3,1,37),(3,1,38),(3,1,39),(3,1,40),(3,1,41),(3,1,42),(3,1,43),(3,1,44),(3,1,45),(3,1,46),(3,1,47),(3,1,48),(3,1,49),(3,1,50),(3,1,51),(3,1,52),(3,1,53),(3,1,54),(3,1,55),(3,1,56),(3,1,57),(3,1,58),(3,1,59),(3,1,60),(3,1,61),(3,1,62),(3,1,63),(3,1,64),(3,1,65),(3,1,66),(3,1,67),(3,1,68),(3,1,69),(3,1,70),(3,1,71),(3,1,72),(3,1,73),(3,1,74),(3,1,75),(3,1,76),(3,1,77),(3,1,78),(3,1,79),(3,1,80),(3,1,81),(3,1,82),(3,1,83),(3,1,84),(3,1,85),(3,1,86),(3,1,87),(3,1,88),(3,1,89),(3,1,90),(3,1,91),(3,1,92),(3,1,93),(3,1,94),(3,1,95),(3,1,96),(3,1,97),(3,1,98),(3,1,99),(3,1,100),(3,1,101),(3,1,102),(3,1,103),(3,1,104),(3,1,105),(3,1,106),(3,1,107),(3,1,108),(3,1,109),(3,1,110),(3,1,111),(3,1,112),(3,1,113),(3,1,114),(3,1,115),(3,1,116),(3,1,117),(3,1,118),(3,1,119),(3,1,120),(3,1,121),(3,1,122),(3,1,123),(3,1,124),(3,1,125),(3,1,126),(3,1,127),(3,1,128),(3,1,129),(3,1,130),(3,1,131),(3,1,132),(3,1,133),(3,1,134),(3,1,135),(3,1,136),(3,1,137),(3,1,138),(3,1,139),(3,1,140),(3,1,141),(3,1,142),(3,1,143),(3,1,144),(3,1,145),(3,1,146),(3,1,147),(3,1,148),(3,1,149),(3,1,150),(3,1,151),(3,1,152),(3,1,153),(3,1,154),(3,1,155),(3,1,156),(3,1,157),(3,1,158),(3,1,159),(3,1,160),(3,1,161),(3,1,162),(3,1,163),(3,1,164),(3,1,165),(3,1,166),(3,1,167),(3,1,168),(3,1,169),(3,1,170),(3,1,171),(3,1,172),(3,1,173),(3,1,174),(3,1,175),(3,1,176),(3,1,177),(3,1,178),(3,1,179),(3,1,180),(3,1,181),(3,1,182),(3,1,183),(3,1,184),(3,1,185),(3,1,186),(3,1,187),(3,1,188),(3,1,189),(3,1,190),(3,1,191),(3,1,192),(3,1,193),(3,1,194),(3,1,195),(3,1,196),(3,1,197),(3,1,198),(3,1,199),(3,1,200),(3,1,201),(3,1,202),(3,1,203),(3,1,204),(3,1,205),(3,1,206),(3,1,207),(3,1,208),(3,1,209),(3,1,210),(3,1,211),(3,1,212),(3,1,213),(3,1,214),(3,1,215),(3,1,216),(3,1,217),(3,1,218),(3,1,219),(3,1,220),(3,1,221),(3,1,222),(3,1,223),(3,1,224),(3,1,225),(3,1,226),(3,1,227),(3,1,228),(3,1,229),(3,1,230),(3,1,231),(3,1,232),(3,1,233),(3,1,234),(3,1,235),(3,1,236),(3,1,237),(3,1,238),(3,1,239),(3,1,240),(3,1,241),(3,1,242),(3,1,243),(3,1,244),(30,1,1),(30,1,2),(30,1,3),(30,1,4),(30,1,5),(30,1,6),(30,1,7),(30,1,8),(30,1,9),(30,1,10),(30,1,11),(30,1,12),(30,1,13),(30,1,14),(30,1,15),(30,1,16),(30,1,17),(30,1,18),(30,1,19),(30,1,20),(30,1,21),(30,1,22),(30,1,23),(30,1,24),(30,1,25),(30,1,26),(30,1,27),(30,1,28),(30,1,29),(30,1,30),(30,1,31),(30,1,32),(30,1,33),(30,1,34),(30,1,35),(30,1,36),(30,1,37),(30,1,38),(30,1,39),(30,1,40),(30,1,41),(30,1,42),(30,1,43),(30,1,44),(30,1,45),(30,1,46),(30,1,47),(30,1,48),(30,1,49),(30,1,50),(30,1,51),(30,1,52),(30,1,53),(30,1,54),(30,1,55),(30,1,56),(30,1,57),(30,1,58),(30,1,59),(30,1,60),(30,1,61),(30,1,62),(30,1,63),(30,1,64),(30,1,65),(30,1,66),(30,1,67),(30,1,68),(30,1,69),(30,1,70),(30,1,71),(30,1,72),(30,1,73),(30,1,74),(30,1,75),(30,1,76),(30,1,77),(30,1,78),(30,1,79),(30,1,80),(30,1,81),(30,1,82),(30,1,83),(30,1,84),(30,1,85),(30,1,86),(30,1,87),(30,1,88),(30,1,89),(30,1,90),(30,1,91),(30,1,92),(30,1,93),(30,1,94),(30,1,95),(30,1,96),(30,1,97),(30,1,98),(30,1,99),(30,1,100),(30,1,101),(30,1,102),(30,1,103),(30,1,104),(30,1,105),(30,1,106),(30,1,107),(30,1,108),(30,1,109),(30,1,110),(30,1,111),(30,1,112),(30,1,113),(30,1,114),(30,1,115),(30,1,116),(30,1,117),(30,1,118),(30,1,119),(30,1,120),(30,1,121),(30,1,122),(30,1,123),(30,1,124),(30,1,125),(30,1,126),(30,1,127),(30,1,128),(30,1,129),(30,1,130),(30,1,131),(30,1,132),(30,1,133),(30,1,134),(30,1,135),(30,1,136),(30,1,137),(30,1,138),(30,1,139),(30,1,140),(30,1,141),(30,1,142),(30,1,143),(30,1,144),(30,1,145),(30,1,146),(30,1,147),(30,1,148),(30,1,149),(30,1,150),(30,1,151),(30,1,152),(30,1,153),(30,1,154),(30,1,155),(30,1,156),(30,1,157),(30,1,158),(30,1,159),(30,1,160),(30,1,161),(30,1,162),(30,1,163),(30,1,164),(30,1,165),(30,1,166),(30,1,167),(30,1,168),(30,1,169),(30,1,170),(30,1,171),(30,1,172),(30,1,173),(30,1,174),(30,1,175),(30,1,176),(30,1,177),(30,1,178),(30,1,179),(30,1,180),(30,1,181),(30,1,182),(30,1,183),(30,1,184),(30,1,185),(30,1,186),(30,1,187),(30,1,188),(30,1,189),(30,1,190),(30,1,191),(30,1,192),(30,1,193),(30,1,194),(30,1,195),(30,1,196),(30,1,197),(30,1,198),(30,1,199),(30,1,200),(30,1,201),(30,1,202),(30,1,203),(30,1,204),(30,1,205),(30,1,206),(30,1,207),(30,1,208),(30,1,209),(30,1,210),(30,1,211),(30,1,212),(30,1,213),(30,1,214),(30,1,215),(30,1,216),(30,1,217),(30,1,218),(30,1,219),(30,1,220),(30,1,221),(30,1,222),(30,1,223),(30,1,224),(30,1,225),(30,1,226),(30,1,227),(30,1,228),(30,1,229),(30,1,230),(30,1,231),(30,1,232),(30,1,233),(30,1,234),(30,1,235),(30,1,236),(30,1,237),(30,1,238),(30,1,239),(30,1,240),(30,1,241),(30,1,242),(30,1,243),(30,1,244),(72,1,1),(72,1,2),(72,1,3),(72,1,4),(72,1,5),(72,1,6),(72,1,7),(72,1,8),(72,1,9),(72,1,10),(72,1,11),(72,1,12),(72,1,13),(72,1,14),(72,1,15),(72,1,16),(72,1,17),(72,1,18),(72,1,19),(72,1,20),(72,1,21),(72,1,22),(72,1,23),(72,1,24),(72,1,25),(72,1,26),(72,1,27),(72,1,28),(72,1,29),(72,1,30),(72,1,31),(72,1,32),(72,1,33),(72,1,34),(72,1,35),(72,1,36),(72,1,37),(72,1,38),(72,1,39),(72,1,40),(72,1,41),(72,1,42),(72,1,43),(72,1,44),(72,1,45),(72,1,46),(72,1,47),(72,1,48),(72,1,49),(72,1,50),(72,1,51),(72,1,52),(72,1,53),(72,1,54),(72,1,55),(72,1,56),(72,1,57),(72,1,58),(72,1,59),(72,1,60),(72,1,61),(72,1,62),(72,1,63),(72,1,64),(72,1,65),(72,1,66),(72,1,67),(72,1,68),(72,1,69),(72,1,70),(72,1,71),(72,1,72),(72,1,73),(72,1,74),(72,1,75),(72,1,76),(72,1,77),(72,1,78),(72,1,79),(72,1,80),(72,1,81),(72,1,82),(72,1,83),(72,1,84),(72,1,85),(72,1,86),(72,1,87),(72,1,88),(72,1,89),(72,1,90),(72,1,91),(72,1,92),(72,1,93),(72,1,94),(72,1,95),(72,1,96),(72,1,97),(72,1,98),(72,1,99),(72,1,100),(72,1,101),(72,1,102),(72,1,103),(72,1,104),(72,1,105),(72,1,106),(72,1,107),(72,1,108),(72,1,109),(72,1,110),(72,1,111),(72,1,112),(72,1,113),(72,1,114),(72,1,115),(72,1,116),(72,1,117),(72,1,118),(72,1,119),(72,1,120),(72,1,121),(72,1,122),(72,1,123),(72,1,124),(72,1,125),(72,1,126),(72,1,127),(72,1,128),(72,1,129),(72,1,130),(72,1,131),(72,1,132),(72,1,133),(72,1,134),(72,1,135),(72,1,136),(72,1,137),(72,1,138),(72,1,139),(72,1,140),(72,1,141),(72,1,142),(72,1,143),(72,1,144),(72,1,145),(72,1,146),(72,1,147),(72,1,148),(72,1,149),(72,1,150),(72,1,151),(72,1,152),(72,1,153),(72,1,154),(72,1,155),(72,1,156),(72,1,157),(72,1,158),(72,1,159),(72,1,160),(72,1,161),(72,1,162),(72,1,163),(72,1,164),(72,1,165),(72,1,166),(72,1,167),(72,1,168),(72,1,169),(72,1,170),(72,1,171),(72,1,172),(72,1,173),(72,1,174),(72,1,175),(72,1,176),(72,1,177),(72,1,178),(72,1,179),(72,1,180),(72,1,181),(72,1,182),(72,1,183),(72,1,184),(72,1,185),(72,1,186),(72,1,187),(72,1,188),(72,1,189),(72,1,190),(72,1,191),(72,1,192),(72,1,193),(72,1,194),(72,1,195),(72,1,196),(72,1,197),(72,1,198),(72,1,199),(72,1,200),(72,1,201),(72,1,202),(72,1,203),(72,1,204),(72,1,205),(72,1,206),(72,1,207),(72,1,208),(72,1,209),(72,1,210),(72,1,211),(72,1,212),(72,1,213),(72,1,214),(72,1,215),(72,1,216),(72,1,217),(72,1,218),(72,1,219),(72,1,220),(72,1,221),(72,1,222),(72,1,223),(72,1,224),(72,1,225),(72,1,226),(72,1,227),(72,1,228),(72,1,229),(72,1,230),(72,1,231),(72,1,232),(72,1,233),(72,1,234),(72,1,235),(72,1,236),(72,1,237),(72,1,238),(72,1,239),(72,1,240),(72,1,241),(72,1,242),(72,1,243),(72,1,244),(84,1,1),(84,1,2),(84,1,3),(84,1,4),(84,1,5),(84,1,6),(84,1,7),(84,1,8),(84,1,9),(84,1,10),(84,1,11),(84,1,12),(84,1,13),(84,1,14),(84,1,15),(84,1,16),(84,1,17),(84,1,18),(84,1,19),(84,1,20),(84,1,21),(84,1,22),(84,1,23),(84,1,24),(84,1,25),(84,1,26),(84,1,27),(84,1,28),(84,1,29),(84,1,30),(84,1,31),(84,1,32),(84,1,33),(84,1,34),(84,1,35),(84,1,36),(84,1,37),(84,1,38),(84,1,39),(84,1,40),(84,1,41),(84,1,42),(84,1,43),(84,1,44),(84,1,45),(84,1,46),(84,1,47),(84,1,48),(84,1,49),(84,1,50),(84,1,51),(84,1,52),(84,1,53),(84,1,54),(84,1,55),(84,1,56),(84,1,57),(84,1,58),(84,1,59),(84,1,60),(84,1,61),(84,1,62),(84,1,63),(84,1,64),(84,1,65),(84,1,66),(84,1,67),(84,1,68),(84,1,69),(84,1,70),(84,1,71),(84,1,72),(84,1,73),(84,1,74),(84,1,75),(84,1,76),(84,1,77),(84,1,78),(84,1,79),(84,1,80),(84,1,81),(84,1,82),(84,1,83),(84,1,84),(84,1,85),(84,1,86),(84,1,87),(84,1,88),(84,1,89),(84,1,90),(84,1,91),(84,1,92),(84,1,93),(84,1,94),(84,1,95),(84,1,96),(84,1,97),(84,1,98),(84,1,99),(84,1,100),(84,1,101),(84,1,102),(84,1,103),(84,1,104),(84,1,105),(84,1,106),(84,1,107),(84,1,108),(84,1,109),(84,1,110),(84,1,111),(84,1,112),(84,1,113),(84,1,114),(84,1,115),(84,1,116),(84,1,117),(84,1,118),(84,1,119),(84,1,120),(84,1,121),(84,1,122),(84,1,123),(84,1,124),(84,1,125),(84,1,126),(84,1,127),(84,1,128),(84,1,129),(84,1,130),(84,1,131),(84,1,132),(84,1,133),(84,1,134),(84,1,135),(84,1,136),(84,1,137),(84,1,138),(84,1,139),(84,1,140),(84,1,141),(84,1,142),(84,1,143),(84,1,144),(84,1,145),(84,1,146),(84,1,147),(84,1,148),(84,1,149),(84,1,150),(84,1,151),(84,1,152),(84,1,153),(84,1,154),(84,1,155),(84,1,156),(84,1,157),(84,1,158),(84,1,159),(84,1,160),(84,1,161),(84,1,162),(84,1,163),(84,1,164),(84,1,165),(84,1,166),(84,1,167),(84,1,168),(84,1,169),(84,1,170),(84,1,171),(84,1,172),(84,1,173),(84,1,174),(84,1,175),(84,1,176),(84,1,177),(84,1,178),(84,1,179),(84,1,180),(84,1,181),(84,1,182),(84,1,183),(84,1,184),(84,1,185),(84,1,186),(84,1,187),(84,1,188),(84,1,189),(84,1,190),(84,1,191),(84,1,192),(84,1,193),(84,1,194),(84,1,195),(84,1,196),(84,1,197),(84,1,198),(84,1,199),(84,1,200),(84,1,201),(84,1,202),(84,1,203),(84,1,204),(84,1,205),(84,1,206),(84,1,207),(84,1,208),(84,1,209),(84,1,210),(84,1,211),(84,1,212),(84,1,213),(84,1,214),(84,1,215),(84,1,216),(84,1,217),(84,1,218),(84,1,219),(84,1,220),(84,1,221),(84,1,222),(84,1,223),(84,1,224),(84,1,225),(84,1,226),(84,1,227),(84,1,228),(84,1,229),(84,1,230),(84,1,231),(84,1,232),(84,1,233),(84,1,234),(84,1,235),(84,1,236),(84,1,237),(84,1,238),(84,1,239),(84,1,240),(84,1,241),(84,1,242),(84,1,243),(84,1,244);

#
# Structure for table "_WCprTUAmodule_currency"
#

CREATE TABLE `_WCprTUAmodule_currency` (
  `id_module` int(10) unsigned NOT NULL,
  `id_shop` int(11) unsigned NOT NULL DEFAULT '1',
  `id_currency` int(11) NOT NULL,
  PRIMARY KEY (`id_module`,`id_shop`,`id_currency`),
  KEY `id_module` (`id_module`)
) ENGINE=InnoDB DEFAULT CHARSET=utf8;

#
# Data for table "_WCprTUAmodule_currency"
#

INSERT INTO `_WCprTUAmodule_currency` VALUES (3,1,1),(3,1,5),(30,1,1),(30,1,5),(72,1,-2),(72,1,5),(84,1,1),(84,1,2),(84,1,3),(84,1,4),(84,1,5);

#
# Structure for table "_WCprTUAmodule_group"
#

CREATE TABLE `_WCprTUAmodule_group` (
  `id_module` int(10) unsigned NOT NULL,
  `id_shop` int(11) unsigned NOT NULL DEFAULT '1',
  `id_group` int(11) unsigned NOT NULL,
  PRIMARY KEY (`id_module`,`id_shop`,`id_group`)
) ENGINE=InnoDB DEFAULT CHARSET=utf8;

#
# Data for table "_WCprTUAmodule_group"
#

INSERT INTO `_WCprTUAmodule_group` VALUES (1,1,1),(1,1,2),(1,1,3),(2,1,1),(2,1,2),(2,1,3),(3,1,1),(3,1,2),(3,1,3),(4,1,1),(4,1,2),(4,1,3),(5,1,1),(5,1,2),(5,1,3),(6,1,1),(6,1,2),(6,1,3),(7,1,1),(7,1,2),(7,1,3),(8,1,1),(8,1,2),(8,1,3),(9,1,1),(9,1,2),(9,1,3),(10,1,1),(10,1,2),(10,1,3),(11,1,1),(11,1,2),(11,1,3),(12,1,1),(12,1,2),(12,1,3),(13,1,1),(13,1,2),(13,1,3),(14,1,1),(14,1,2),(14,1,3),(15,1,1),(15,1,2),(15,1,3),(16,1,1),(16,1,2),(16,1,3),(17,1,1),(17,1,2),(17,1,3),(18,1,1),(18,1,2),(18,1,3),(19,1,1),(19,1,2),(19,1,3),(20,1,1),(20,1,2),(20,1,3),(21,1,1),(21,1,2),(21,1,3),(22,1,1),(22,1,2),(22,1,3),(23,1,1),(23,1,2),(23,1,3),(24,1,1),(24,1,2),(24,1,3),(25,1,1),(25,1,2),(25,1,3),(26,1,1),(26,1,2),(26,1,3),(27,1,1),(27,1,2),(27,1,3),(28,1,1),(28,1,2),(28,1,3),(29,1,1),(29,1,2),(29,1,3),(30,1,1),(30,1,2),(30,1,3),(31,1,1),(31,1,2),(31,1,3),(32,1,1),(32,1,2),(32,1,3),(33,1,1),(33,1,2),(33,1,3),(34,1,1),(34,1,2),(34,1,3),(35,1,1),(35,1,2),(35,1,3),(36,1,1),(36,1,2),(36,1,3),(37,1,1),(37,1,2),(37,1,3),(38,1,1),(38,1,2),(38,1,3),(39,1,1),(39,1,2),(39,1,3),(40,1,1),(40,1,2),(40,1,3),(41,1,1),(41,1,2),(41,1,3),(42,1,1),(42,1,2),(42,1,3),(43,1,1),(43,1,2),(43,1,3),(44,1,1),(44,1,2),(44,1,3),(45,1,1),(45,1,2),(45,1,3),(46,1,1),(46,1,2),(46,1,3),(47,1,1),(47,1,2),(47,1,3),(48,1,1),(48,1,2),(48,1,3),(49,1,1),(49,1,2),(49,1,3),(50,1,1),(50,1,2),(50,1,3),(51,1,1),(51,1,2),(51,1,3),(52,1,1),(52,1,2),(52,1,3),(53,1,1),(53,1,2),(53,1,3),(54,1,1),(54,1,2),(54,1,3),(55,1,1),(55,1,2),(55,1,3),(56,1,1),(56,1,2),(56,1,3),(57,1,1),(57,1,2),(57,1,3),(58,1,1),(58,1,2),(58,1,3),(59,1,1),(59,1,2),(59,1,3),(60,1,1),(60,1,2),(60,1,3),(61,1,1),(61,1,2),(61,1,3),(62,1,1),(62,1,2),(62,1,3),(63,1,1),(63,1,2),(63,1,3),(64,1,1),(64,1,2),(64,1,3),(65,1,1),(65,1,2),(65,1,3),(66,1,1),(66,1,2),(66,1,3),(67,1,1),(67,1,2),(67,1,3),(68,1,1),(68,1,2),(68,1,3),(69,1,1),(69,1,2),(69,1,3),(70,1,1),(70,1,2),(70,1,3),(71,1,1),(71,1,2),(71,1,3),(72,1,1),(72,1,2),(72,1,3),(73,1,1),(73,1,2),(73,1,3),(74,1,1),(74,1,2),(74,1,3),(75,1,1),(75,1,2),(75,1,3),(76,1,1),(76,1,2),(76,1,3),(77,1,1),(77,1,2),(77,1,3),(79,1,1),(79,1,2),(79,1,3),(80,1,1),(80,1,2),(80,1,3),(81,1,1),(81,1,2),(81,1,3),(82,1,1),(82,1,2),(82,1,3),(83,1,1),(83,1,2),(83,1,3),(84,1,1),(84,1,2),(84,1,3),(85,1,1),(85,1,2),(85,1,3),(86,1,1),(86,1,2),(86,1,3),(87,1,1),(87,1,2),(87,1,3),(88,1,1),(88,1,2),(88,1,3),(90,1,1),(90,1,2),(90,1,3);

#
# Structure for table "_WCprTUAmodule_preference"
#

CREATE TABLE `_WCprTUAmodule_preference` (
  `id_module_preference` int(11) NOT NULL AUTO_INCREMENT,
  `id_employee` int(11) NOT NULL,
  `module` varchar(255) NOT NULL,
  `interest` tinyint(1) DEFAULT NULL,
  `favorite` tinyint(1) DEFAULT NULL,
  PRIMARY KEY (`id_module_preference`),
  UNIQUE KEY `employee_module` (`id_employee`,`module`)
) ENGINE=InnoDB AUTO_INCREMENT=2 DEFAULT CHARSET=utf8;

#
# Data for table "_WCprTUAmodule_preference"
#

INSERT INTO `_WCprTUAmodule_preference` VALUES (1,5,'geotargetingpro',NULL,1);

#
# Structure for table "_WCprTUAmodule_shop"
#

CREATE TABLE `_WCprTUAmodule_shop` (
  `id_module` int(11) unsigned NOT NULL,
  `id_shop` int(11) unsigned NOT NULL,
  `enable_device` tinyint(1) NOT NULL DEFAULT '7',
  PRIMARY KEY (`id_module`,`id_shop`),
  KEY `id_shop` (`id_shop`)
) ENGINE=InnoDB DEFAULT CHARSET=utf8;

#
# Data for table "_WCprTUAmodule_shop"
#

INSERT INTO `_WCprTUAmodule_shop` VALUES (1,1,7),(3,1,7),(4,1,7),(5,1,7),(6,1,7),(7,1,7),(8,1,7),(10,1,7),(11,1,7),(12,1,7),(14,1,7),(16,1,7),(17,1,7),(18,1,7),(19,1,7),(20,1,7),(21,1,7),(22,1,7),(23,1,7),(24,1,7),(25,1,7),(26,1,7),(28,1,7),(29,1,7),(31,1,7),(32,1,7),(33,1,7),(34,1,7),(35,1,7),(36,1,7),(37,1,3),(38,1,7),(40,1,7),(41,1,7),(42,1,7),(43,1,7),(44,1,7),(45,1,7),(46,1,7),(47,1,7),(48,1,7),(49,1,7),(50,1,7),(51,1,7),(52,1,7),(53,1,7),(54,1,7),(55,1,7),(56,1,7),(57,1,7),(58,1,7),(59,1,7),(60,1,7),(61,1,7),(62,1,7),(63,1,7),(64,1,7),(65,1,7),(66,1,7),(67,1,7),(68,1,7),(69,1,7),(70,1,7),(71,1,7),(72,1,7),(73,1,7),(74,1,7),(76,1,7),(77,1,7),(79,1,7),(80,1,7),(82,1,7),(83,1,7),(85,1,7),(86,1,7),(88,1,7),(90,1,7);

#
# Structure for table "_WCprTUAmodules_perfs"
#

CREATE TABLE `_WCprTUAmodules_perfs` (
  `id_modules_perfs` int(11) unsigned NOT NULL AUTO_INCREMENT,
  `session` int(11) unsigned NOT NULL,
  `module` varchar(62) NOT NULL,
  `method` varchar(126) NOT NULL,
  `time_start` double unsigned NOT NULL,
  `time_end` double unsigned NOT NULL,
  `memory_start` int(10) unsigned NOT NULL,
  `memory_end` int(10) unsigned NOT NULL,
  PRIMARY KEY (`id_modules_perfs`),
  KEY `session` (`session`)
) ENGINE=InnoDB DEFAULT CHARSET=utf8;

#
# Data for table "_WCprTUAmodules_perfs"
#


#
# Structure for table "_WCprTUAnewsletter"
#

CREATE TABLE `_WCprTUAnewsletter` (
  `id` int(6) NOT NULL AUTO_INCREMENT,
  `id_shop` int(10) unsigned NOT NULL DEFAULT '1',
  `id_shop_group` int(10) unsigned NOT NULL DEFAULT '1',
  `email` varchar(255) NOT NULL,
  `newsletter_date_add` datetime DEFAULT NULL,
  `ip_registration_newsletter` varchar(15) NOT NULL,
  `http_referer` varchar(255) DEFAULT NULL,
  `active` tinyint(1) NOT NULL DEFAULT '0',
  PRIMARY KEY (`id`)
) ENGINE=InnoDB AUTO_INCREMENT=83 DEFAULT CHARSET=utf8;

#
# Data for table "_WCprTUAnewsletter"
#

INSERT INTO `_WCprTUAnewsletter` VALUES (2,1,1,'staff@rgbmultimedia.com','2018-04-06 08:53:20','188.15.42.106',NULL,0),(4,1,1,'bazzo.ebasta@gmail.com','2018-04-09 08:25:41','188.15.42.106','',0),(5,1,1,'justyourlife00@gmail.com','2018-04-13 02:13:55','202.39.238.48',NULL,1),(9,1,1,'dipierrobarbara@libero.it','2018-04-25 07:36:30','93.45.80.166',NULL,1),(10,1,1,'psheehan4@gmail.com','2018-05-02 18:48:32','110.140.218.166',NULL,0),(11,1,1,'filippo.magro@gmail.com','2018-05-14 02:34:20','62.18.185.238',NULL,1),(12,1,1,'pomeranialivonia@libero.it','2018-05-15 01:08:58','151.82.125.45',NULL,1),(13,1,1,'Antonella966@tiscali.it','2018-05-28 00:10:30','5.90.107.174',NULL,0),(14,1,1,'carlacolombani@libero.it','2018-06-09 06:10:38','87.21.201.191',NULL,0),(15,1,1,'eri-kappa@live.it','2018-06-18 08:30:37','151.60.147.32',NULL,1),(16,1,1,'Hallil@mac.com','2018-07-05 00:19:12','23.241.57.238',NULL,1),(17,1,1,'mfit@hotmail.it','2018-07-14 04:39:32','79.17.3.61',NULL,0),(18,1,1,'chiaracavone@gmail.com','2018-07-15 00:16:03','95.245.36.245',NULL,1),(19,1,1,'violasergio40@gmail.com','2018-07-15 02:31:10','79.56.191.59',NULL,1),(20,1,1,'chongmai_lf@libero.it','2018-07-15 07:14:55','151.36.61.31',NULL,0),(21,1,1,'viola.malara94@gmail.com','2018-07-15 13:00:08','151.25.146.92',NULL,1),(22,1,1,'michelacagnoli@libero.it','2018-07-15 23:09:56','151.38.72.107',NULL,0),(23,1,1,'ubbi66@yahoo.it','2018-07-16 00:47:12','5.90.163.8',NULL,1),(24,1,1,'carolinafantini85@gmail.com','2018-07-16 19:58:40','91.253.202.136',NULL,1),(25,1,1,'bertonpietro@gmail.com','2018-07-18 11:47:02','93.56.166.48',NULL,0),(26,1,1,'giorgiopafundi@gmail.com','2018-07-19 02:21:26','91.252.48.34',NULL,0),(28,1,1,'enrico.rispoli@gmail.com','2018-07-20 23:05:40','94.161.47.151',NULL,0),(30,1,1,'drsfabio@msn.com','2018-07-25 04:00:58','78.134.54.73',NULL,1),(32,1,1,'valentina.massano@gmail.com','2018-07-29 01:57:14','188.152.114.16',NULL,1),(36,1,1,'gianluca.bartolacelli@yahoo.it','2018-08-06 02:55:42','213.174.161.181',NULL,0),(37,1,1,'robertoda58@gmail.com','2018-08-06 07:46:38','151.70.234.157',NULL,1),(38,1,1,'Giadam_92@hotmail.it','2018-08-06 11:00:04','79.18.184.10',NULL,0),(40,1,1,'maurizio131061@gmail.com','2018-08-07 16:10:18','79.12.78.14',NULL,1),(42,1,1,'mavit@libero.it','2018-08-08 20:28:52','93.34.89.243',NULL,1),(44,1,1,'Studiofiorelli@ineind.it','2018-08-11 22:55:03','151.29.48.148',NULL,0),(45,1,1,'lorenabarchetti@gmail.com','2018-08-12 03:06:32','94.33.54.14',NULL,1),(46,1,1,'gianluca@progettotricot.it','2018-08-12 22:21:59','202.176.142.57',NULL,0),(47,1,1,'Susi.pizzamiglio@gmail.com','2018-08-19 01:15:26','2.36.104.220',NULL,1),(48,1,1,'V.puricelli@hotmail.it','2018-08-21 02:36:38','5.90.135.119',NULL,0),(50,1,1,'pedra2@libero.it','2018-08-21 06:00:39','2.44.0.106',NULL,1),(52,1,1,'Soniapalla@gmail.com','2018-08-23 20:29:51','93.32.173.6',NULL,0),(53,1,1,'adrianocesarefilippini@gmail.com','2018-08-24 10:20:01','85.61.15.237',NULL,1),(57,1,1,'sappynet@gmail.com','2018-10-18 00:14:28','31.159.134.173',NULL,1),(59,1,1,'pippodoc26@gmail.com','2018-10-18 13:06:03','87.4.232.149',NULL,1),(62,1,1,'Piccolasole@live.it','2018-11-25 01:32:04','93.40.195.175',NULL,0),(64,1,1,'laura82domenici@gmail.com','2018-12-01 00:39:29','93.44.186.189',NULL,1),(65,1,1,'Effecci75@gmail.com','2018-12-02 06:59:27','91.252.147.211',NULL,0),(67,1,1,'fran2758@gmail.com','2018-12-03 16:03:43','151.61.162.115',NULL,1),(68,1,1,'elisamargani87@gmail.com','2018-12-04 05:37:43','5.170.220.226',NULL,1),(70,1,1,'asse@libero.it','2018-12-07 00:48:22','79.35.46.207',NULL,0),(71,1,1,'Gicieffe@libero.it','2018-12-07 09:08:12','5.90.73.26',NULL,0),(72,1,1,'Rosaba1953@libero.it','2018-12-10 21:45:05','93.33.173.55',NULL,1),(73,1,1,'Elisa@arcobalenotre.it','2018-12-11 03:41:03','79.59.245.105',NULL,0),(74,1,1,'federica.bogi@gmail.com','2018-12-11 07:26:42','151.40.99.201',NULL,1),(75,1,1,'Ele.libertylove@hotmail.it','2018-12-11 09:51:48','80.116.11.31',NULL,1),(77,1,1,'silvia.cardone73@gmail.com','2018-12-11 18:10:41','158.148.176.189',NULL,1),(78,1,1,'Grillacricri@alice.it','2018-12-12 12:38:55','79.21.223.201',NULL,0),(80,1,1,'Martydm@hotmail.it','2018-12-14 02:50:43','93.65.230.58',NULL,0),(81,1,1,'aurelia.anello@libero.it','2018-12-14 22:56:34','5.94.104.197',NULL,0),(82,1,1,'rosalbade@hotmail.com','2018-12-15 07:48:31','188.152.135.7',NULL,0);

#
# Structure for table "_WCprTUAoperating_system"
#

CREATE TABLE `_WCprTUAoperating_system` (
  `id_operating_system` int(10) unsigned NOT NULL AUTO_INCREMENT,
  `name` varchar(64) DEFAULT NULL,
  PRIMARY KEY (`id_operating_system`)
) ENGINE=InnoDB AUTO_INCREMENT=8 DEFAULT CHARSET=utf8;

#
# Data for table "_WCprTUAoperating_system"
#

INSERT INTO `_WCprTUAoperating_system` VALUES (1,'Windows XP'),(2,'Windows Vista'),(3,'Windows 7'),(4,'Windows 8'),(5,'MacOsX'),(6,'Linux'),(7,'Android');

#
# Structure for table "_WCprTUAorder_carrier"
#

CREATE TABLE `_WCprTUAorder_carrier` (
  `id_order_carrier` int(11) NOT NULL AUTO_INCREMENT,
  `id_order` int(11) unsigned NOT NULL,
  `id_carrier` int(11) unsigned NOT NULL,
  `id_order_invoice` int(11) unsigned DEFAULT NULL,
  `weight` decimal(20,6) DEFAULT NULL,
  `shipping_cost_tax_excl` decimal(20,6) DEFAULT NULL,
  `shipping_cost_tax_incl` decimal(20,6) DEFAULT NULL,
  `tracking_number` varchar(64) DEFAULT NULL,
  `date_add` datetime NOT NULL,
  PRIMARY KEY (`id_order_carrier`),
  KEY `id_order` (`id_order`),
  KEY `id_carrier` (`id_carrier`),
  KEY `id_order_invoice` (`id_order_invoice`)
) ENGINE=InnoDB AUTO_INCREMENT=317 DEFAULT CHARSET=utf8;

#
# Data for table "_WCprTUAorder_carrier"
#

INSERT INTO `_WCprTUAorder_carrier` VALUES (1,1,2,0,0.000000,2.000000,2.000000,'','2018-03-16 17:21:50'),(2,2,2,0,0.000000,2.000000,2.000000,'','2018-03-16 17:21:50'),(3,3,2,0,0.000000,2.000000,2.000000,'','2018-03-16 17:21:50'),(4,4,2,0,0.000000,2.000000,2.000000,'','2018-03-16 17:21:50'),(5,5,2,0,0.000000,2.000000,2.000000,'','2018-03-16 17:21:50'),(6,6,4,0,0.000000,9.900000,12.080000,'','2018-03-22 16:44:38'),(7,7,5,0,0.000000,4.900000,5.980000,'','2018-04-06 18:08:02'),(8,8,6,0,0.000000,4.900000,5.980000,'','2018-04-09 12:22:18'),(9,9,6,0,0.000000,4.900000,5.980000,'','2018-04-09 13:02:25'),(10,10,6,0,0.000000,4.900000,5.980000,'','2018-04-09 16:26:57'),(11,11,6,1,0.000000,9.900000,12.080000,'','2018-04-09 16:58:37'),(12,12,6,0,0.000000,4.900000,5.980000,'','2018-04-09 17:04:56'),(13,13,6,2,0.000000,4.900000,5.980000,'','2018-04-09 17:26:25'),(14,14,6,3,0.000000,4.900000,5.980000,'','2018-04-10 17:59:34'),(15,15,6,4,0.000000,4.900000,5.980000,'','2018-04-10 21:11:23'),(16,16,6,5,0.000000,4.900000,5.980000,'','2018-04-10 22:02:44'),(17,17,6,6,0.000000,4.900000,5.980000,'','2018-04-10 22:30:58'),(18,18,6,7,0.000000,4.900000,5.980000,'','2018-04-10 22:40:51'),(19,19,6,8,0.000000,4.900000,5.980000,'','2018-04-10 22:53:07'),(20,20,6,9,0.000000,4.900000,5.980000,'','2018-04-10 23:03:05'),(21,21,6,10,0.000000,4.900000,5.980000,'','2018-04-10 23:06:27'),(22,22,6,11,0.000000,4.900000,5.980000,'','2018-04-10 23:18:36'),(23,23,6,12,0.000000,4.900000,5.980000,'','2018-04-10 23:27:44'),(24,24,7,13,0.000000,4.900000,5.980000,'','2018-04-12 15:02:48'),(25,25,7,14,0.000000,4.900000,5.980000,'','2018-04-12 15:19:22'),(26,26,7,15,0.000000,4.900000,5.980000,'','2018-04-12 15:24:05'),(27,27,7,16,0.000000,4.900000,5.980000,'','2018-04-12 15:58:21'),(28,28,7,17,0.000000,4.900000,5.980000,'','2018-04-12 16:13:14'),(29,29,7,18,0.000000,4.900000,5.980000,'','2018-04-12 16:18:09'),(30,30,7,19,0.000000,4.900000,5.980000,'','2018-04-12 16:53:52'),(31,31,8,20,0.000000,4.900000,5.980000,'','2018-04-17 08:42:07'),(32,32,8,0,0.000000,4.900000,5.980000,'','2018-04-19 10:45:28'),(33,33,8,21,0.000000,4.900000,5.980000,'','2018-04-20 20:02:26'),(34,34,10,22,0.000000,4.900000,5.980000,'','2018-05-02 11:01:11'),(35,35,10,23,0.000000,16.310000,16.310000,'','2018-05-02 11:32:11'),(36,36,10,0,0.000000,4.900000,5.980000,'','2018-05-04 16:22:33'),(37,37,11,24,0.000000,8.110000,8.110000,'','2018-05-12 11:53:44'),(38,38,11,25,0.000000,16.310000,16.310000,'','2018-05-15 17:31:53'),(39,39,11,26,0.000000,16.310000,16.310000,'','2018-05-24 17:34:07'),(40,40,11,27,0.000000,16.310000,16.310000,'','2018-05-24 17:52:31'),(41,41,11,28,0.000000,16.310000,16.310000,'','2018-05-25 09:59:35'),(42,42,11,29,0.000000,16.310000,16.310000,'','2018-05-25 15:27:30'),(43,43,11,30,0.000000,16.310000,16.310000,'','2018-05-25 15:29:09'),(44,44,11,31,0.000000,0.000000,0.000000,'','2018-05-27 17:25:07'),(45,45,13,32,0.000000,4.900000,4.900000,'','2018-05-28 09:58:56'),(46,46,13,0,0.000000,4.900000,4.900000,'','2018-05-28 10:04:11'),(47,47,13,33,0.000000,4.900000,4.900000,'','2018-05-28 16:01:13'),(48,48,13,34,0.000000,4.900000,4.900000,'','2018-05-28 16:03:54'),(49,49,13,35,0.000000,4.900000,4.900000,'','2018-05-28 16:12:42'),(50,50,13,36,0.000000,4.900000,4.900000,'','2018-05-28 16:13:58'),(51,51,13,37,0.000000,4.900000,4.900000,'','2018-06-02 16:12:53'),(52,52,13,38,0.000000,4.900000,4.900000,'','2018-06-04 16:45:03'),(53,53,13,39,0.000000,4.900000,4.900000,'','2018-06-05 09:05:33'),(54,54,13,40,0.000000,4.900000,4.900000,'','2018-06-05 09:06:45'),(55,55,13,41,0.000000,4.900000,4.900000,'','2018-06-13 11:10:59'),(56,56,13,42,0.000000,4.900000,4.900000,'','2018-06-13 11:25:25'),(57,57,13,43,0.000000,4.900000,4.900000,'','2018-06-13 11:40:16'),(58,58,13,44,0.000000,4.900000,4.900000,'','2018-06-13 12:42:24'),(59,59,13,45,0.000000,4.900000,4.900000,'','2018-06-13 12:45:32'),(60,60,13,46,0.000000,4.900000,4.900000,'','2018-06-13 12:47:25'),(61,61,13,47,0.000000,4.900000,4.900000,'','2018-06-13 12:53:40'),(62,62,13,48,0.000000,9.900000,9.900000,'','2018-06-22 00:42:07'),(63,63,13,49,0.000000,4.900000,4.900000,'','2018-07-09 16:33:49'),(64,64,13,50,0.000000,4.900000,4.900000,'','2018-07-10 12:57:03'),(65,65,13,51,0.000000,4.900000,4.900000,'','2018-07-10 22:14:16'),(66,66,13,52,0.000000,4.900000,4.900000,'','2018-07-11 09:34:28'),(67,67,13,53,0.000000,4.900000,4.900000,'','2018-07-12 01:41:36'),(68,68,13,54,0.000000,4.900000,4.900000,'','2018-07-12 16:35:22'),(69,69,13,55,0.000000,4.900000,4.900000,'','2018-07-13 08:10:33'),(70,70,13,56,0.000000,4.900000,4.900000,'','2018-07-14 14:28:58'),(71,71,13,57,0.000000,4.900000,4.900000,'','2018-07-14 16:42:23'),(72,72,13,58,0.000000,4.900000,4.900000,'','2018-07-15 13:14:40'),(73,73,13,59,0.000000,4.900000,4.900000,'','2018-07-15 19:51:22'),(74,74,13,60,0.000000,19.900000,19.900000,'','2018-07-16 07:00:09'),(75,75,13,61,0.000000,4.900000,4.900000,'','2018-07-17 12:57:07'),(76,76,13,62,0.000000,4.900000,4.900000,'','2018-07-17 18:40:33'),(77,77,13,63,0.000000,4.900000,4.900000,'','2018-07-18 10:52:51'),(78,78,13,64,0.000000,4.900000,4.900000,'','2018-07-18 11:47:47'),(79,79,13,65,0.000000,4.900000,4.900000,'','2018-07-18 22:58:50'),(80,80,13,66,0.000000,4.900000,4.900000,'','2018-07-19 11:06:08'),(81,81,13,67,0.000000,4.900000,4.900000,'','2018-07-19 16:58:27'),(82,82,13,72,0.000000,4.900000,4.900000,'','2018-07-20 14:19:41'),(83,83,13,68,0.000000,4.900000,4.900000,'','2018-07-20 17:28:47'),(84,84,13,0,0.000000,4.900000,4.900000,'','2018-07-21 09:30:20'),(85,85,13,69,0.000000,4.900000,4.900000,'','2018-07-21 21:06:22'),(86,86,13,70,0.000000,4.900000,4.900000,'','2018-07-22 16:49:59'),(87,87,13,77,0.000000,4.900000,4.900000,'','2018-07-22 17:07:20'),(88,88,13,71,0.000000,4.900000,4.900000,'','2018-07-22 18:09:46'),(89,89,13,76,0.000000,4.900000,4.900000,'','2018-07-23 08:07:44'),(90,90,13,73,0.000000,4.900000,4.900000,'','2018-07-23 11:58:57'),(91,91,13,74,0.000000,4.900000,4.900000,'','2018-07-23 15:14:20'),(92,92,13,75,0.000000,4.900000,4.900000,'','2018-07-23 16:21:41'),(93,93,13,78,0.000000,4.900000,4.900000,'','2018-07-24 07:19:28'),(94,94,13,79,0.000000,4.900000,4.900000,'','2018-07-24 11:29:00'),(95,95,13,80,0.000000,4.900000,4.900000,'','2018-07-24 11:33:32'),(96,96,13,81,0.000000,4.900000,4.900000,'','2018-07-25 07:22:21'),(97,97,13,82,0.000000,4.900000,4.900000,'','2018-07-27 18:10:33'),(98,98,13,83,0.000000,4.900000,4.900000,'','2018-07-28 22:18:35'),(99,99,13,84,0.000000,4.900000,4.900000,'','2018-07-29 10:38:37'),(100,100,13,85,0.000000,4.900000,4.900000,'','2018-07-29 19:47:29'),(101,101,13,86,0.000000,4.900000,4.900000,'','2018-07-30 13:35:43'),(102,102,13,87,0.000000,4.900000,4.900000,'','2018-07-30 18:48:04'),(103,103,13,88,0.000000,4.900000,4.900000,'','2018-07-31 15:27:22'),(104,104,13,89,0.000000,4.900000,4.900000,'','2018-07-31 18:31:00'),(105,105,13,90,0.000000,4.900000,4.900000,'','2018-07-31 18:50:12'),(106,106,13,91,0.000000,4.900000,4.900000,'','2018-08-01 14:02:45'),(107,107,13,92,0.000000,4.900000,4.900000,'','2018-08-01 21:07:35'),(108,108,13,93,0.000000,4.900000,4.900000,'','2018-08-02 00:50:44'),(109,109,13,94,0.000000,4.900000,4.900000,'','2018-08-02 11:44:15'),(110,110,13,95,0.000000,4.900000,4.900000,'','2018-08-02 23:46:28'),(111,111,13,96,0.000000,4.900000,4.900000,'','2018-08-03 07:15:19'),(112,112,13,97,0.000000,4.900000,4.900000,'','2018-08-04 18:22:20'),(113,113,13,98,0.000000,4.900000,4.900000,'','2018-08-04 20:01:15'),(114,114,13,99,0.000000,4.900000,4.900000,'','2018-08-05 00:56:25'),(115,115,13,100,0.000000,4.900000,4.900000,'','2018-08-05 11:02:03'),(116,116,13,101,0.000000,4.900000,4.900000,'','2018-08-06 13:15:25'),(117,117,13,102,0.000000,4.900000,4.900000,'','2018-08-06 13:17:11'),(118,118,13,103,0.000000,4.900000,4.900000,'','2018-08-06 13:33:21'),(119,119,13,104,0.000000,4.900000,4.900000,'','2018-08-06 19:04:43'),(120,120,13,105,0.000000,4.900000,4.900000,'','2018-08-06 20:24:42'),(121,121,13,109,0.000000,4.900000,4.900000,'','2018-08-07 19:35:23'),(122,122,13,106,0.000000,4.900000,4.900000,'','2018-08-08 09:26:09'),(123,123,13,107,0.000000,4.900000,4.900000,'','2018-08-08 09:35:12'),(124,124,13,108,0.000000,4.900000,4.900000,'','2018-08-08 12:51:06'),(125,125,13,110,0.000000,4.900000,4.900000,'','2018-08-08 18:15:50'),(126,126,13,111,0.000000,4.900000,4.900000,'','2018-08-08 20:50:47'),(127,127,13,112,0.000000,4.900000,4.900000,'','2018-08-08 23:49:40'),(128,128,13,113,0.000000,4.900000,4.900000,'','2018-08-09 05:40:02'),(129,129,13,114,0.000000,4.900000,4.900000,'','2018-08-09 16:42:52'),(130,130,13,115,0.000000,4.900000,4.900000,'','2018-08-09 18:22:33'),(131,131,13,116,0.000000,4.900000,4.900000,'','2018-08-10 11:15:51'),(132,132,13,117,0.000000,4.900000,4.900000,'','2018-08-10 16:57:46'),(133,133,13,118,0.000000,4.900000,4.900000,'','2018-08-12 08:07:32'),(134,134,13,119,0.000000,4.900000,4.900000,'','2018-08-12 11:49:03'),(135,135,13,120,0.000000,4.900000,4.900000,'','2018-08-12 21:11:05'),(136,136,13,121,0.000000,4.900000,4.900000,'','2018-08-13 22:11:30'),(137,137,13,122,0.000000,4.900000,4.900000,'','2018-08-14 10:52:21'),(138,138,13,123,0.000000,4.900000,4.900000,'','2018-08-15 09:50:00'),(139,139,13,124,0.000000,4.900000,4.900000,'','2018-08-15 16:20:37'),(140,140,13,125,0.000000,4.900000,4.900000,'','2018-08-16 07:27:44'),(141,141,13,126,0.000000,4.900000,4.900000,'','2018-08-16 13:53:50'),(142,142,13,127,0.000000,4.900000,4.900000,'','2018-08-17 09:21:24'),(143,143,13,128,0.000000,4.900000,4.900000,'','2018-08-17 12:37:23'),(144,144,13,136,0.000000,4.900000,4.900000,'','2018-08-17 15:02:08'),(145,145,13,129,0.000000,4.900000,4.900000,'','2018-08-17 17:36:00'),(146,146,13,130,0.000000,4.900000,4.900000,'','2018-08-18 11:28:07'),(147,147,13,131,0.000000,4.900000,4.900000,'','2018-08-18 12:19:27'),(148,148,13,132,0.000000,4.900000,4.900000,'','2018-08-18 14:07:44'),(149,149,13,133,0.000000,4.900000,4.900000,'','2018-08-18 14:07:44'),(150,150,13,134,0.000000,4.900000,4.900000,'','2018-08-19 11:34:30'),(151,151,13,135,0.000000,4.900000,4.900000,'','2018-08-19 17:03:00'),(152,152,13,0,0.000000,4.900000,4.900000,'','2018-08-19 20:13:00'),(153,153,13,0,0.000000,4.900000,4.900000,'','2018-08-19 20:49:55'),(154,154,13,137,0.000000,4.900000,4.900000,'','2018-08-21 10:00:18'),(155,155,13,138,0.000000,4.900000,4.900000,'','2018-08-21 11:39:09'),(156,156,13,139,0.000000,4.900000,4.900000,'','2018-08-21 14:49:54'),(157,157,13,140,0.000000,4.900000,4.900000,'','2018-08-21 15:18:32'),(158,158,13,141,0.000000,4.900000,4.900000,'','2018-08-21 20:00:04'),(159,159,13,142,0.000000,4.900000,4.900000,'','2018-08-21 22:28:14'),(160,160,13,143,0.000000,4.900000,4.900000,'','2018-08-22 08:07:42'),(161,161,13,144,0.000000,4.900000,4.900000,'','2018-08-22 20:48:12'),(162,162,13,145,0.000000,4.900000,4.900000,'','2018-08-22 22:19:29'),(163,163,13,147,0.000000,4.900000,4.900000,'','2018-08-23 11:27:29'),(164,164,13,146,0.000000,4.900000,4.900000,'','2018-08-23 11:49:18'),(165,165,13,148,0.000000,4.900000,4.900000,'','2018-08-23 15:35:29'),(166,166,13,149,0.000000,4.900000,4.900000,'','2018-08-23 16:23:11'),(167,167,13,150,0.000000,4.900000,4.900000,'','2018-08-23 16:58:51'),(168,168,13,151,0.000000,4.900000,4.900000,'','2018-08-23 20:58:46'),(169,169,13,152,0.000000,4.900000,4.900000,'','2018-08-24 10:10:55'),(170,170,13,153,0.000000,4.900000,4.900000,'','2018-08-25 08:17:43'),(171,171,13,154,0.000000,4.900000,4.900000,'','2018-08-25 12:07:33'),(172,172,13,155,0.000000,4.900000,4.900000,'','2018-08-25 13:54:44'),(173,173,13,156,0.000000,4.900000,4.900000,'','2018-08-26 11:44:32'),(174,174,13,157,0.000000,4.900000,4.900000,'','2018-08-26 15:17:30'),(175,175,13,158,0.000000,4.900000,4.900000,'','2018-08-26 16:11:56'),(176,176,13,159,0.000000,4.900000,4.900000,'','2018-08-27 13:05:44'),(177,177,13,160,0.000000,4.900000,4.900000,'','2018-08-28 15:47:24'),(178,178,13,0,0.000000,4.900000,4.900000,'','2018-08-28 17:38:40'),(179,179,13,161,0.000000,4.900000,4.900000,'','2018-08-28 20:50:57'),(180,180,13,162,0.000000,4.900000,4.900000,'','2018-08-28 22:47:58'),(181,181,13,163,0.000000,4.900000,4.900000,'','2018-08-29 08:12:20'),(182,182,13,164,0.000000,4.900000,4.900000,'','2018-08-30 20:37:47'),(183,183,13,165,0.000000,4.900000,4.900000,'','2018-09-03 15:14:39'),(184,184,13,166,0.000000,4.900000,4.900000,'','2018-09-05 12:27:42'),(185,185,13,167,0.000000,4.900000,4.900000,'','2018-09-12 02:44:59'),(186,186,13,0,0.000000,4.900000,4.900000,'','2018-09-13 13:45:15'),(187,187,13,168,0.000000,4.900000,4.900000,'','2018-09-21 21:02:32'),(188,188,13,169,0.000000,4.900000,4.900000,'','2018-09-26 15:50:14'),(189,189,13,170,0.000000,4.900000,4.900000,'','2018-09-28 01:33:22'),(190,190,13,171,0.000000,4.900000,4.900000,'','2018-10-05 01:56:20'),(191,191,13,172,0.000000,4.900000,4.900000,'','2018-10-05 20:17:09'),(192,192,13,0,0.000000,4.900000,4.900000,'','2018-10-10 18:50:52'),(193,193,13,173,0.000000,4.900000,4.900000,'','2018-10-14 03:27:43'),(194,194,13,174,0.000000,4.900000,4.900000,'','2018-10-14 11:32:52'),(195,195,13,175,0.000000,4.900000,4.900000,'','2018-10-18 08:28:52'),(196,196,13,176,0.000000,4.900000,4.900000,'','2018-10-22 14:38:51'),(197,197,13,177,0.000000,4.900000,4.900000,'','2018-10-25 08:42:44'),(198,198,13,0,0.000000,4.900000,4.900000,'','2018-10-28 20:27:45'),(199,199,13,178,0.000000,4.900000,4.900000,'','2018-10-30 14:08:11'),(200,200,13,179,0.000000,4.900000,4.900000,'','2018-11-09 17:38:27'),(201,201,13,180,0.000000,4.900000,4.900000,'','2018-11-21 17:55:24'),(202,202,13,181,0.000000,4.900000,4.900000,'','2018-11-23 17:13:49'),(203,203,13,182,0.000000,4.900000,4.900000,'','2018-11-23 17:50:46'),(204,204,13,183,0.000000,4.900000,4.900000,'','2018-11-23 19:20:42'),(205,205,13,184,0.000000,4.900000,4.900000,'','2018-11-23 20:06:23'),(206,206,13,185,0.000000,4.900000,4.900000,'','2018-11-23 20:16:24'),(207,207,13,186,0.000000,4.900000,4.900000,'','2018-11-23 21:05:17'),(208,208,13,0,0.000000,4.900000,4.900000,'','2018-11-23 21:17:01'),(209,209,13,187,0.000000,4.900000,4.900000,'','2018-11-23 22:31:54'),(210,210,13,188,0.000000,4.900000,4.900000,'','2018-11-24 08:02:36'),(211,211,13,189,0.000000,4.900000,4.900000,'','2018-11-24 09:26:55'),(212,212,13,190,0.000000,4.900000,4.900000,'','2018-11-24 12:16:51'),(213,213,13,191,0.000000,4.900000,4.900000,'','2018-11-24 12:20:22'),(214,214,13,192,0.000000,4.900000,4.900000,'','2018-11-24 12:22:39'),(215,215,13,193,0.000000,4.900000,4.900000,'','2018-11-24 17:30:09'),(216,216,13,194,0.000000,4.900000,4.900000,'','2018-11-24 18:19:36'),(217,217,13,195,0.000000,4.900000,4.900000,'','2018-11-24 21:35:28'),(218,218,13,196,0.000000,4.900000,4.900000,'','2018-11-24 21:47:56'),(219,219,13,197,0.000000,4.900000,4.900000,'','2018-11-25 12:46:23'),(220,220,13,198,0.000000,4.900000,4.900000,'','2018-11-25 14:27:38'),(221,221,13,199,0.000000,4.900000,4.900000,'','2018-11-25 14:51:52'),(222,222,13,200,0.000000,4.900000,4.900000,'','2018-11-25 16:43:55'),(223,223,13,201,0.000000,4.900000,4.900000,'','2018-11-25 19:11:40'),(224,224,13,202,0.000000,4.900000,4.900000,'','2018-11-25 20:55:12'),(225,225,13,203,0.000000,4.900000,4.900000,'','2018-11-25 23:13:23'),(226,226,13,204,0.000000,4.900000,4.900000,'','2018-11-25 23:37:47'),(227,227,13,205,0.000000,4.900000,4.900000,'','2018-11-25 23:52:11'),(228,228,13,206,0.000000,4.900000,4.900000,'','2018-11-26 00:15:53'),(229,229,13,207,0.000000,4.900000,4.900000,'','2018-11-26 01:48:31'),(230,230,13,0,0.000000,4.900000,4.900000,'','2018-11-26 09:29:24'),(231,231,13,208,0.000000,4.900000,4.900000,'','2018-11-26 12:02:27'),(232,232,13,209,0.000000,4.900000,4.900000,'','2018-11-26 12:44:10'),(233,233,13,210,0.000000,4.900000,4.900000,'','2018-11-26 13:37:03'),(234,234,13,0,0.000000,4.900000,4.900000,'','2018-11-26 19:43:27'),(235,235,13,0,0.000000,4.900000,4.900000,'','2018-11-26 20:52:29'),(236,236,13,0,0.000000,4.900000,4.900000,'','2018-11-26 21:06:11'),(237,237,13,211,0.000000,4.900000,4.900000,'','2018-11-26 22:37:18'),(238,238,13,212,0.000000,4.900000,4.900000,'','2018-11-26 23:59:53'),(239,239,13,213,0.000000,4.900000,4.900000,'','2018-12-01 22:50:30'),(240,240,13,214,0.000000,4.900000,4.900000,'','2018-12-02 09:23:37'),(241,241,13,215,0.000000,4.900000,4.900000,'','2018-12-02 19:27:30'),(242,242,13,216,0.000000,4.900000,4.900000,'','2018-12-02 22:40:58'),(243,243,13,217,0.000000,4.900000,4.900000,'','2018-12-03 03:51:09'),(244,244,13,218,0.000000,4.900000,4.900000,'','2018-12-03 10:58:44'),(245,245,13,219,0.000000,4.900000,4.900000,'','2018-12-03 12:53:00'),(246,246,13,220,0.000000,4.900000,4.900000,'','2018-12-03 15:13:00'),(247,247,13,0,0.000000,4.900000,4.900000,'','2018-12-03 16:15:32'),(248,248,13,221,0.000000,4.900000,4.900000,'','2018-12-03 17:25:48'),(249,249,13,222,0.000000,4.900000,4.900000,'','2018-12-03 19:32:04'),(250,250,13,223,0.000000,4.900000,4.900000,'','2018-12-03 21:30:30'),(251,251,13,224,0.000000,4.900000,4.900000,'','2018-12-04 09:08:40'),(252,252,13,225,0.000000,4.900000,4.900000,'','2018-12-04 10:04:45'),(253,253,13,226,0.000000,4.900000,4.900000,'','2018-12-04 15:28:28'),(254,254,13,227,0.000000,4.900000,4.900000,'','2018-12-04 15:28:29'),(255,255,13,229,0.000000,4.900000,4.900000,'','2018-12-04 17:24:12'),(256,256,13,0,0.000000,4.900000,4.900000,'','2018-12-05 02:22:21'),(257,257,13,228,0.000000,4.900000,4.900000,'','2018-12-05 10:55:14'),(258,258,13,230,0.000000,4.900000,4.900000,'','2018-12-05 12:17:12'),(259,259,13,231,0.000000,4.900000,4.900000,'','2018-12-05 13:12:30'),(260,260,13,232,0.000000,4.900000,4.900000,'','2018-12-05 13:34:31'),(261,261,13,233,0.000000,4.900000,4.900000,'','2018-12-06 17:10:37'),(262,262,13,234,0.000000,4.900000,4.900000,'','2018-12-06 20:30:21'),(263,263,13,235,0.000000,4.900000,4.900000,'','2018-12-07 09:12:45'),(264,264,13,236,0.000000,4.900000,4.900000,'','2018-12-07 09:22:48'),(265,265,13,237,0.000000,4.900000,4.900000,'','2018-12-07 14:35:13'),(266,266,13,238,0.000000,4.900000,4.900000,'','2018-12-08 09:19:41'),(267,267,13,239,0.000000,4.900000,4.900000,'','2018-12-08 15:13:55'),(268,268,13,240,0.000000,4.900000,4.900000,'','2018-12-08 17:58:31'),(269,269,13,241,0.000000,4.900000,4.900000,'','2018-12-09 11:38:06'),(270,270,13,242,0.000000,4.900000,4.900000,'','2018-12-09 23:57:49'),(271,271,13,243,0.000000,4.900000,4.900000,'','2018-12-10 10:23:38'),(272,272,13,244,0.000000,4.900000,4.900000,'','2018-12-10 13:44:38'),(273,273,13,245,0.000000,4.900000,4.900000,'','2018-12-10 21:01:53'),(274,274,13,246,0.000000,4.900000,4.900000,'','2018-12-10 21:49:40'),(275,275,13,247,0.000000,4.900000,4.900000,'','2018-12-10 23:02:58'),(276,276,13,248,0.000000,4.900000,4.900000,'','2018-12-11 00:10:37'),(277,277,13,249,0.000000,4.900000,4.900000,'','2018-12-11 07:10:48'),(278,278,13,250,0.000000,4.900000,4.900000,'','2018-12-11 07:10:48'),(279,279,13,270,0.000000,4.900000,4.900000,'','2018-12-11 11:29:05'),(280,280,13,251,0.000000,4.900000,4.900000,'','2018-12-11 12:13:46'),(281,281,13,252,0.000000,4.900000,4.900000,'','2018-12-11 19:22:09'),(282,282,13,253,0.000000,4.900000,4.900000,'','2018-12-11 19:46:38'),(283,283,13,254,0.000000,4.900000,4.900000,'','2018-12-11 20:00:05'),(284,284,13,255,0.000000,4.900000,4.900000,'','2018-12-11 21:11:14'),(285,285,13,256,0.000000,4.900000,4.900000,'','2018-12-11 23:45:51'),(286,286,13,257,0.000000,4.900000,4.900000,'','2018-12-12 03:45:19'),(287,287,13,0,0.000000,4.900000,4.900000,'','2018-12-12 09:27:28'),(288,288,13,258,0.000000,4.900000,4.900000,'','2018-12-12 11:58:29'),(289,289,13,259,0.000000,4.900000,4.900000,'','2018-12-12 12:47:05'),(290,290,13,264,0.000000,4.900000,4.900000,'','2018-12-12 14:19:42'),(291,291,13,260,0.000000,4.900000,4.900000,'','2018-12-12 14:40:15'),(292,292,13,261,0.000000,4.900000,4.900000,'','2018-12-12 15:26:43'),(293,293,13,262,0.000000,4.900000,4.900000,'','2018-12-12 16:20:55'),(294,294,13,263,0.000000,4.900000,4.900000,'','2018-12-13 10:19:30'),(295,295,13,265,0.000000,4.900000,4.900000,'','2018-12-13 13:00:31'),(296,296,13,266,0.000000,4.900000,4.900000,'','2018-12-13 17:35:29'),(297,297,13,267,0.000000,4.900000,4.900000,'','2018-12-13 17:51:09'),(298,298,13,268,0.000000,4.900000,4.900000,'','2018-12-13 23:47:23'),(299,299,13,269,0.000000,4.900000,4.900000,'','2018-12-14 10:41:20'),(300,300,13,271,0.000000,4.900000,4.900000,'','2018-12-14 13:10:12'),(301,301,13,0,0.000000,4.900000,4.900000,'','2018-12-14 14:19:33'),(302,302,13,272,0.000000,4.900000,4.900000,'','2018-12-14 14:27:37'),(303,303,13,273,0.000000,4.900000,4.900000,'','2018-12-14 18:39:00'),(304,304,13,0,0.000000,4.900000,4.900000,'','2018-12-15 10:11:01'),(305,305,13,274,0.000000,4.900000,4.900000,'','2018-12-15 10:11:40'),(306,306,13,275,0.000000,4.900000,4.900000,'','2018-12-15 11:15:25'),(307,307,13,276,0.000000,4.900000,4.900000,'','2018-12-15 12:10:36'),(308,308,13,277,0.000000,4.900000,4.900000,'','2018-12-15 14:30:40'),(309,309,13,278,0.000000,4.900000,4.900000,'','2018-12-15 15:58:57'),(310,310,13,279,0.000000,4.900000,4.900000,'','2018-12-15 17:53:31'),(311,311,13,280,0.000000,4.900000,4.900000,'','2018-12-15 18:24:23'),(312,312,13,281,0.000000,4.900000,4.900000,'','2018-12-15 21:28:23'),(313,313,13,282,0.000000,4.900000,4.900000,'','2018-12-15 21:45:47'),(314,314,13,283,0.000000,4.900000,4.900000,'','2018-12-16 12:16:53'),(315,315,13,284,0.000000,4.900000,4.900000,'','2018-12-16 15:49:10'),(316,316,13,285,0.000000,4.900000,4.900000,'','2018-12-16 15:55:25');

#
# Structure for table "_WCprTUAorder_cart_rule"
#

