INSERT INTO `_WCprTUAappagebuilder_lang` VALUES (140,6,'[ApRow form_id=\"form_6728528286080059\" class=\"row\" bg_config=\"boxed\" bg_type=\"normal\" bg_repeat=\"no-repeat\" parallax_speed=\"0.1\" parallax_axis=\"both\" parallax_strength=\"0.5\" parallax_rid=\"0.5\" parallax_hoffsets=\"0.1\" parallax_voffsets=\"0.1\" animation=\"none\" animation_delay=\"2\" specific_type=\"index\" controller_pages=\"\" controller_id=\"\"][ApColumn form_id=\"form_9254533029770500\" lg=\"12\" md=\"12\" sm=\"12\" xs=\"12\" sp=\"12\" specific_type=\"\" controller_pages=\"\" controller_id=\"\"][ApSlideShow form_id=\"form_3310032171516057\" slideshow_group=\"30\"][/ApSlideShow][/ApColumn][/ApRow]'),(140,7,'[ApRow form_id=\"form_6728528286080059\" class=\"row\" bg_config=\"boxed\" bg_type=\"normal\" bg_repeat=\"no-repeat\" parallax_speed=\"0.1\" parallax_axis=\"both\" parallax_strength=\"0.5\" parallax_rid=\"0.5\" parallax_hoffsets=\"0.1\" parallax_voffsets=\"0.1\" animation=\"none\" animation_delay=\"2\" specific_type=\"index\" controller_pages=\"\" controller_id=\"\"][ApColumn form_id=\"form_9254533029770500\" lg=\"12\" md=\"12\" sm=\"12\" xs=\"12\" sp=\"12\" specific_type=\"\" controller_pages=\"\" controller_id=\"\"][ApSlideShow form_id=\"form_3310032171516057\" slideshow_group=\"30\"][/ApSlideShow][/ApColumn][/ApRow]'),(140,8,'[ApRow form_id=\"form_6728528286080059\" class=\"row\" bg_config=\"boxed\" bg_type=\"normal\" bg_repeat=\"no-repeat\" parallax_speed=\"0.1\" parallax_axis=\"both\" parallax_strength=\"0.5\" parallax_rid=\"0.5\" parallax_hoffsets=\"0.1\" parallax_voffsets=\"0.1\" animation=\"none\" animation_delay=\"2\" specific_type=\"index\" controller_pages=\"\" controller_id=\"\"][ApColumn form_id=\"form_9254533029770500\" lg=\"12\" md=\"12\" sm=\"12\" xs=\"12\" sp=\"12\" specific_type=\"\" controller_pages=\"\" controller_id=\"\"][ApSlideShow form_id=\"form_3310032171516057\" slideshow_group=\"30\"][/ApSlideShow][/ApColumn][/ApRow]'),(141,1,''),(141,2,''),(141,3,''),(141,4,''),(141,5,''),(141,6,''),(141,7,''),(141,8,''),(142,1,'[ApRow form_id=\"form_5662284480901547\" container=\"container\" class=\"row top-img-home\" bg_config=\"boxed\" bg_type=\"normal\" bg_repeat=\"no-repeat\" parallax_speed=\"0.1\" parallax_axis=\"both\" parallax_strength=\"0.5\" parallax_rid=\"0.5\" parallax_hoffsets=\"0.1\" parallax_voffsets=\"0.1\" animation=\"none\" animation_delay=\"2\" specific_type=\"all\" controller_pages=\"\" controller_id=\"\"][ApColumn form_id=\"form_9303432896256905\" class=\"img-home-left\" lg=\"6\" md=\"6\" sm=\"6\" xs=\"6\" sp=\"12\" animation=\"none\" animation_delay=\"2\" specific_type=\"all\" controller_pages=\"\" controller_id=\"\"][ApImage form_id=\"form_31497406753675295\" animation=\"bounceIn\" animation_delay=\"0.5\" alt=\"The Hottest Summer 2018 con Wacù aspiratore sottovuoto portatile\" css_class=\"effect\" is_open=\"0\" width=\"auto\" height=\"auto\" title=\"Wacù aspiratore sottovuoto portatile\" image=\"the-hottest-summer-2018-wacu.jpg \" url=\"https://www.realtime.it/magazine/thehottest\"][/ApImage][/ApColumn][ApColumn form_id=\"form_5975046119417202\" class=\"img-home-right\" lg=\"6\" md=\"6\" sm=\"6\" xs=\"6\" sp=\"12\" animation=\"none\" animation_delay=\"2\" specific_type=\"all\" controller_pages=\"\" controller_id=\"\"][ApHtml form_id=\"form_44907307886115475\" title=\"Wacù salvaspazio per valigie\" content_html=\"<div>_APENTER_<h1 dir=_APQUOT_ltr_APQUOT_ style=_APQUOT_text-align: center;_APQUOT_><span>The Hottest Summer _APAMP_ Wacù</span></h1>_APENTER_<div dir=_APQUOT_ltr_APQUOT_><span></span></div>_APENTER_<div dir=_APQUOT_ltr_APQUOT_><span><strong>Wacù</strong> è diventato <b>il miglior compagno di viaggio</b> dei concorrenti di <b><a href=_APQUOT_https://www.realtime.it/magazine/thehottest_APQUOT_ target=_APQUOT__blank_APQUOT_>The Hottest Summer</a></b>, il contest più caldo dell’estate firmato <b>Real Time</b>. Segui  sul canale le avventure degli influencer sull’isola di Malta e <i>scopri come sono riusciti a far stare tutti i loro outfit in valigia</i>. </span></div>_APENTER_<div dir=_APQUOT_ltr_APQUOT_><span>Nel corso del mese di luglio @leonardodecarli, @claelly, @andreamelchiorre1, @fede_greg, @clarissamarchese, @astolwho, @ma.pina, @bionditudo, @mattia_marciano, @rickygissss, @stefanolaudoni, @valentinavignali e @vittoriadeganello esploreranno l’isola raccontando in anteprima i nuovi trend nel mondo della moda, della musica, del food_APAMP_beverage e della tecnologia.</span></div>_APENTER_</div>_APENTER_<p></p>\"][/ApHtml][/ApColumn][/ApRow][ApRow form_id=\"form_20553479479510678\" class=\"row home-title\" bg_config=\"boxed\" bg_type=\"normal\" bg_repeat=\"no-repeat\" parallax_speed=\"0.1\" parallax_axis=\"both\" parallax_strength=\"0.5\" parallax_rid=\"0.5\" parallax_hoffsets=\"0.1\" parallax_voffsets=\"0.1\" animation=\"none\" animation_delay=\"2\" specific_type=\"all\" controller_pages=\"\" controller_id=\"\"][ApColumn form_id=\"form_2364144135833146\" lg=\"6\" md=\"6\" sm=\"12\" xs=\"12\" sp=\"12\" animation=\"none\" animation_delay=\"2\" specific_type=\"all\" controller_pages=\"\" controller_id=\"\"][ApProductList form_id=\"form_5856686317600985\" value_by_categories=\"1\" categorybox=\"13\" category_type=\"all\" product_type=\"all\" order_way=\"asc\" order_by=\"id_product\" columns=\"2\" nb_products=\"2\" profile=\"plist1463389311\" use_showmore=\"1\" title=\"Aspiratore sottovuoto Wacù\"][/ApProductList][/ApColumn][ApColumn form_id=\"form_7585527682120389\" lg=\"6\" md=\"6\" sm=\"12\" xs=\"12\" sp=\"12\" animation=\"none\" animation_delay=\"2\" specific_type=\"all\" controller_pages=\"\" controller_id=\"\"][ApImage form_id=\"form_33054046554159265\" animation=\"none\" animation_delay=\"0.5\" alt=\"Wacù Space-saving Portable Vacuum Device\" css_class=\"effect home-img1\" is_open=\"0\" width=\"100%\" height=\"auto\" title=\"Wacù macchina sottovuoto\" image=\"macchina-sottovuoto-wacu.jpg   \" url=\"http://wacu.it/index.php?id_category=13_APAMP_controller=category_APAMP_id_lang=1_APAMP_n=6\"][/ApImage][/ApColumn][/ApRow][ApRow form_id=\"form_24350969798626705\" class=\"row bg-home-center\" bg_config=\"boxed\" bg_type=\"parallax\" bg_color=\"#ffffff\" bg_position=\"center\" bg_repeat=\"no-repeat\" parallax_speed=\"0.1\" parallax_axis=\"both\" parallax_strength=\"0.5\" parallax_rid=\"0.5\" parallax_hoffsets=\"0.1\" parallax_voffsets=\"0.1\" animation=\"none\" animation_delay=\"2\" specific_type=\"all\" controller_pages=\"\" controller_id=\"\"][ApColumn form_id=\"form_6192538906510964\" class=\"img-banner\" lg=\"12\" md=\"12\" sm=\"12\" xs=\"12\" sp=\"12\" animation=\"none\" animation_delay=\"2\" specific_type=\"all\" controller_pages=\"\" controller_id=\"\"][ApHtml form_id=\"form_2492259576773434\" title=\"Più spazio con Wacù\" content_html=\"<h1 class=_APQUOT_title_APQUOT_ style=_APQUOT_text-align: center;_APQUOT_>50% di spazio in più</h1>_APENTER_<p class=_APQUOT_p-text_APQUOT_>Grazie a <strong><a href=_APQUOT_index.php?id_product=8_APAMP_controller=product_APAMP_id_lang=1_APQUOT_>Wacù</a> </strong>potrai mettere in valigia il doppio dei bagagli.</p>_APENTER_<ul>_APENTER_<li>A parità di peso, potrai portare più capi e ridurre il numero di valigie.</li>_APENTER_<li>Potrai tornare con lo stesso ingombro e senza scomode buste da portare a mano.</li>_APENTER_<li>Potrai separare lo sporco dal pulito per la felicità della tua compagna che non deve lavare tutto...</li>_APENTER_<li>Riuscirai a trovare spazio per i tuoi souvenirs.</li>_APENTER_</ul>\"][/ApHtml][/ApColumn][/ApRow][ApRow form_id=\"form_6092450886051939\" class=\"row home-title\" bg_config=\"boxed\" bg_type=\"normal\" bg_repeat=\"no-repeat\" parallax_speed=\"0.1\" parallax_axis=\"both\" parallax_strength=\"0.5\" parallax_rid=\"0.5\" parallax_hoffsets=\"0.1\" parallax_voffsets=\"0.1\" animation=\"none\" animation_delay=\"2\" specific_type=\"all\" controller_pages=\"\" controller_id=\"\"][ApColumn form_id=\"form_7167521977897375\" md=\"12\" lg=\"12\" specific_type=\"\" controller_pages=\"\" controller_id=\"\"][ApVideo form_id=\"form_8357665440184345\" content_html=\"<div class=_APQUOT_embed-responsive_APQUOT_><iframe width=_APQUOT_90%_APQUOT_ height=_APQUOT_315_APQUOT_ src=_APQUOT_https://www.youtube.com/embed/yD4F1LW49yI?rel=0_APAMP_amp;showinfo=0_APQUOT_ frameborder=_APQUOT_0_APQUOT_ allow=_APQUOT_autoplay; encrypted-media_APQUOT_ allowfullscreen></iframe></div>\" align=\"center\" title=\"Wacù, più spazio in valigia\"][/ApVideo][/ApColumn][ApColumn form_id=\"form_6176720210758024\" lg=\"6\" md=\"6\" sm=\"12\" xs=\"12\" sp=\"12\" animation=\"none\" animation_delay=\"2\" specific_type=\"all\" controller_pages=\"\" controller_id=\"\"][ApImage form_id=\"form_21110280347517685\" animation=\"none\" animation_delay=\"0.5\" alt=\"Standard Vacuum Bags Wacù\" css_class=\"home-img2 effect\" is_open=\"0\" width=\"100%\" height=\"auto\" title=\"Buste sottovuoto universali Wacù\" image=\"buste-sottovuoto-universali-wacu.jpg   \" url=\"http://wacu.it/index.php?id_category=13_APAMP_controller=category_APAMP_id_lang=1_APAMP_n=6\"][/ApImage][/ApColumn][ApColumn form_id=\"form_6393332450261115\" lg=\"6\" md=\"6\" sm=\"12\" xs=\"12\" sp=\"12\" animation=\"none\" animation_delay=\"2\" specific_type=\"all\" controller_pages=\"\" controller_id=\"\"][ApProductList form_id=\"form_7805868283613143\" value_by_categories=\"1\" categorybox=\"13\" category_type=\"all\" product_type=\"all\" order_way=\"desc\" order_by=\"date_add\" columns=\"2\" nb_products=\"2\" profile=\"plist1463389311\" use_showmore=\"1\" title=\"Buste Sottovuoto ed accessori\"][/ApProductList][/ApColumn][/ApRow][ApRow form_id=\"form_2436797497554808\" class=\"row home-title\" bg_config=\"boxed\" bg_type=\"normal\" bg_repeat=\"no-repeat\" parallax_speed=\"0.1\" parallax_axis=\"both\" parallax_strength=\"0.5\" parallax_rid=\"0.5\" parallax_hoffsets=\"0.1\" parallax_voffsets=\"0.1\" animation=\"none\" animation_delay=\"2\" specific_type=\"all\" controller_pages=\"\" controller_id=\"\"][ApColumn form_id=\"form_1466149116\" lg=\"12\" md=\"12\" sm=\"12\" xs=\"12\" sp=\"12\" animation=\"none\" animation_delay=\"2\" specific_type=\"all\" controller_pages=\"\" controller_id=\"\"][/ApColumn][/ApRow]'),(142,2,'[ApRow form_id=\"form_5662284480901547\" container=\"container\" class=\"row top-img-home\" bg_config=\"boxed\" bg_type=\"normal\" bg_repeat=\"no-repeat\" parallax_speed=\"0.1\" parallax_axis=\"both\" parallax_strength=\"0.5\" parallax_rid=\"0.5\" parallax_hoffsets=\"0.1\" parallax_voffsets=\"0.1\" animation=\"none\" animation_delay=\"2\" specific_type=\"all\" controller_pages=\"\" controller_id=\"\"][ApColumn form_id=\"form_9303432896256905\" class=\"img-home-left\" lg=\"6\" md=\"6\" sm=\"6\" xs=\"6\" sp=\"12\" animation=\"none\" animation_delay=\"2\" specific_type=\"all\" controller_pages=\"\" controller_id=\"\"][ApImage form_id=\"form_31497406753675295\" animation=\"bounceIn\" animation_delay=\"0.5\" alt=\"The Hottest Summer 2018 con Wacù aspiratore sottovuoto portatile\" css_class=\"effect\" is_open=\"0\" width=\"auto\" height=\"auto\" title=\"Wacù aspiratore sottovuoto portatile\" image=\"aspiratore-sottovuoto-wacu.jpg  \" url=\"https://www.wacu.it/en/13-wacu-portable-space-saver\"][/ApImage][/ApColumn][ApColumn form_id=\"form_5975046119417202\" class=\"img-home-right\" lg=\"6\" md=\"6\" sm=\"6\" xs=\"6\" sp=\"12\" animation=\"none\" animation_delay=\"2\" specific_type=\"all\" controller_pages=\"\" controller_id=\"\"][ApHtml form_id=\"form_44907307886115475\" title=\"Wacù space saver for luggage\" content_html=\"<h3 class=_APQUOT_title_APQUOT_>Vacuum packed suitcase</h3>_APENTER_<h1 class=_APQUOT_title_APQUOT_>Wacù®</h1>_APENTER_<h2>All the space you need, in the palm of your hand</h2>_APENTER_<p><br />All it takes is one touch to turn around how you travel and live your life.</p>_APENTER_<p>One touch that’ll make the time wasted on packing a distant memory, giving you all the space you’ve ever dreamt of. Protect what means the world to you, and take it with you everywhere. <br />Welcome to your new travel companion: <strong>Wacù®</strong>, a practical, portable vacuum device designed to make every trip a pleasure.</p>_APENTER_<h3></h3>\"][/ApHtml][/ApColumn][/ApRow][ApRow form_id=\"form_20553479479510678\" class=\"row home-title\" bg_config=\"boxed\" bg_type=\"normal\" bg_repeat=\"no-repeat\" parallax_speed=\"0.1\" parallax_axis=\"both\" parallax_strength=\"0.5\" parallax_rid=\"0.5\" parallax_hoffsets=\"0.1\" parallax_voffsets=\"0.1\" animation=\"none\" animation_delay=\"2\" specific_type=\"all\" controller_pages=\"\" controller_id=\"\"][ApColumn form_id=\"form_2364144135833146\" lg=\"6\" md=\"6\" sm=\"12\" xs=\"12\" sp=\"12\" animation=\"none\" animation_delay=\"2\" specific_type=\"all\" controller_pages=\"\" controller_id=\"\"][ApProductList form_id=\"form_5856686317600985\" value_by_categories=\"1\" categorybox=\"13\" category_type=\"all\" product_type=\"all\" order_way=\"asc\" order_by=\"id_product\" columns=\"2\" nb_products=\"2\" profile=\"plist1463389311\" use_showmore=\"1\" title=\"Space saver for luggage\"][/ApProductList][/ApColumn][ApColumn form_id=\"form_7585527682120389\" lg=\"6\" md=\"6\" sm=\"12\" xs=\"12\" sp=\"12\" animation=\"none\" animation_delay=\"2\" specific_type=\"all\" controller_pages=\"\" controller_id=\"\"][ApImage form_id=\"form_33054046554159265\" animation=\"none\" animation_delay=\"0.5\" alt=\"Wacù Space-saving Portable Vacuum Device\" css_class=\"effect home-img1\" is_open=\"0\" width=\"100%\" height=\"auto\" title=\"Wacù Space-saving Portable Vacuum Device\" image=\"macchina-sottovuoto-wacu.jpg\" url=\"#\"][/ApImage][/ApColumn][/ApRow][ApRow form_id=\"form_24350969798626705\" class=\"row bg-home-center\" bg_config=\"boxed\" bg_type=\"parallax\" bg_color=\"#ffffff\" bg_position=\"center\" bg_repeat=\"no-repeat\" parallax_speed=\"0.1\" parallax_axis=\"both\" parallax_strength=\"0.5\" parallax_rid=\"0.5\" parallax_hoffsets=\"0.1\" parallax_voffsets=\"0.1\" animation=\"none\" animation_delay=\"2\" specific_type=\"all\" controller_pages=\"\" controller_id=\"\"][ApColumn form_id=\"form_6192538906510964\" class=\"img-banner\" lg=\"12\" md=\"12\" sm=\"12\" xs=\"12\" sp=\"12\" animation=\"none\" animation_delay=\"2\" specific_type=\"all\" controller_pages=\"\" controller_id=\"\"][ApHtml form_id=\"form_2492259576773434\" title=\"More space with Wacù\" content_html=\"<h3 style=_APQUOT_text-align: center;_APQUOT_></h3>_APENTER_<h1 style=_APQUOT_text-align: center;_APQUOT_>Gain 50% more space</h1>_APENTER_<h3 style=_APQUOT_text-align: center;_APQUOT_>THE SMALLEST SPACE SAVER ON THE MARKET</h3>_APENTER_<p></p>_APENTER_<p style=_APQUOT_text-align: center;_APQUOT_><a href=_APQUOT_https://wacu.it/index.php?id_product=8_APAMP_controller=product_APQUOT_ class=_APQUOT_btn btn-default_APQUOT_>BUY NOW</a></p>\"][/ApHtml][/ApColumn][/ApRow][ApRow form_id=\"form_6092450886051939\" class=\"row home-title\" bg_config=\"boxed\" bg_type=\"normal\" bg_repeat=\"no-repeat\" parallax_speed=\"0.1\" parallax_axis=\"both\" parallax_strength=\"0.5\" parallax_rid=\"0.5\" parallax_hoffsets=\"0.1\" parallax_voffsets=\"0.1\" animation=\"none\" animation_delay=\"2\" specific_type=\"all\" controller_pages=\"\" controller_id=\"\"][ApColumn form_id=\"form_7167521977897375\" md=\"12\" lg=\"12\" specific_type=\"\" controller_pages=\"\" controller_id=\"\"][ApVideo form_id=\"form_8357665440184345\" content_html=\"<div class=_APQUOT_embed-responsive_APQUOT_><iframe width=_APQUOT_90%_APQUOT_ height=_APQUOT_315_APQUOT_ src=_APQUOT_https://www.youtube.com/embed/yD4F1LW49yI?rel=0_APAMP_amp;showinfo=0_APQUOT_ frameborder=_APQUOT_0_APQUOT_ allow=_APQUOT_autoplay; encrypted-media_APQUOT_ allowfullscreen></iframe></div>\" align=\"center\" title=\"Wacù, more space in your luggage\"][/ApVideo][/ApColumn][ApColumn form_id=\"form_6176720210758024\" lg=\"6\" md=\"6\" sm=\"12\" xs=\"12\" sp=\"12\" animation=\"none\" animation_delay=\"2\" specific_type=\"all\" controller_pages=\"\" controller_id=\"\"][ApImage form_id=\"form_21110280347517685\" animation=\"none\" animation_delay=\"0.5\" alt=\"Standard Vacuum Bags Wacù\" css_class=\"home-img2 effect\" is_open=\"0\" width=\"100%\" height=\"auto\" title=\"Standard Vacuum Bags Wacù\" image=\"standard-vacuum-bags-wacu.jpg \" url=\"https://www.wacu.it/13-aspiratore-sottovuoto-wacu\"][/ApImage][/ApColumn][ApColumn form_id=\"form_6393332450261115\" lg=\"6\" md=\"6\" sm=\"12\" xs=\"12\" sp=\"12\" animation=\"none\" animation_delay=\"2\" specific_type=\"all\" controller_pages=\"\" controller_id=\"\"][ApProductList form_id=\"form_7805868283613143\" value_by_categories=\"1\" categorybox=\"13\" category_type=\"all\" product_type=\"all\" order_way=\"desc\" order_by=\"date_add\" columns=\"2\" nb_products=\"2\" profile=\"plist1463389311\" use_showmore=\"1\" title=\"Vacuum bags and accessories\"][/ApProductList][/ApColumn][/ApRow][ApRow form_id=\"form_2436797497554808\" class=\"row home-title\" bg_config=\"boxed\" bg_type=\"normal\" bg_repeat=\"no-repeat\" parallax_speed=\"0.1\" parallax_axis=\"both\" parallax_strength=\"0.5\" parallax_rid=\"0.5\" parallax_hoffsets=\"0.1\" parallax_voffsets=\"0.1\" animation=\"none\" animation_delay=\"2\" specific_type=\"all\" controller_pages=\"\" controller_id=\"\"][ApColumn form_id=\"form_1466149116\" lg=\"12\" md=\"12\" sm=\"12\" xs=\"12\" sp=\"12\" animation=\"none\" animation_delay=\"2\" specific_type=\"all\" controller_pages=\"\" controller_id=\"\"][/ApColumn][/ApRow]'),(142,3,'[ApRow form_id=\"form_5662284480901547\" container=\"container\" class=\"row top-img-home\" bg_config=\"boxed\" bg_type=\"normal\" bg_repeat=\"no-repeat\" parallax_speed=\"0.1\" parallax_axis=\"both\" parallax_strength=\"0.5\" parallax_rid=\"0.5\" parallax_hoffsets=\"0.1\" parallax_voffsets=\"0.1\" animation=\"none\" animation_delay=\"2\" specific_type=\"all\" controller_pages=\"\" controller_id=\"\"][ApColumn form_id=\"form_9303432896256905\" class=\"img-home-left\" lg=\"6\" md=\"6\" sm=\"6\" xs=\"6\" sp=\"12\" animation=\"none\" animation_delay=\"2\" specific_type=\"all\" controller_pages=\"\" controller_id=\"\"][ApImage form_id=\"form_31497406753675295\" animation=\"bounceIn\" animation_delay=\"0.5\" alt=\"The Hottest Summer 2018 con Wacù aspiratore sottovuoto portatile\" css_class=\"effect\" is_open=\"0\" width=\"auto\" height=\"auto\" title=\"Wacù aspiratore sottovuoto portatile\" image=\"img-home5.jpg     \" url=\"#\"][/ApImage][/ApColumn][ApColumn form_id=\"form_5975046119417202\" class=\"img-home-right\" lg=\"6\" md=\"6\" sm=\"6\" xs=\"6\" sp=\"12\" animation=\"none\" animation_delay=\"2\" specific_type=\"all\" controller_pages=\"\" controller_id=\"\"][ApHtml form_id=\"form_44907307886115475\" title=\"Wacù salvaspazio per valigie\" content_html=\"<h4 class=_APQUOT_title_APQUOT_>Acerca JKA</h4>_APENTER_<p class=_APQUOT_p-text_APQUOT_>Lorem Ipsum Khaled es una clave importante para el éxito. Ellos clave es que cada llave, la llave para abrir todas las puertas. Ellos tratarán de cerrar la puerta a que, simplemente abrirlo. Pongámoslo de esta manera, me tomó veinticinco ...</p>_APENTER_<p><a href=_APQUOT_#_APQUOT_ class=_APQUOT_btn button_APQUOT_>Lee mas</a></p>\"][/ApHtml][/ApColumn][/ApRow][ApRow form_id=\"form_20553479479510678\" class=\"row home-title\" bg_config=\"boxed\" bg_type=\"normal\" bg_repeat=\"no-repeat\" parallax_speed=\"0.1\" parallax_axis=\"both\" parallax_strength=\"0.5\" parallax_rid=\"0.5\" parallax_hoffsets=\"0.1\" parallax_voffsets=\"0.1\" animation=\"none\" animation_delay=\"2\" specific_type=\"all\" controller_pages=\"\" controller_id=\"\"][ApColumn form_id=\"form_2364144135833146\" lg=\"6\" md=\"6\" sm=\"12\" xs=\"12\" sp=\"12\" animation=\"none\" animation_delay=\"2\" specific_type=\"all\" controller_pages=\"\" controller_id=\"\"][ApProductList form_id=\"form_5856686317600985\" value_by_categories=\"1\" categorybox=\"13\" category_type=\"all\" product_type=\"all\" order_way=\"asc\" order_by=\"id_product\" columns=\"2\" nb_products=\"2\" profile=\"plist1463389311\" use_showmore=\"1\" title=\"Para mujeres\"][/ApProductList][/ApColumn][ApColumn form_id=\"form_7585527682120389\" lg=\"6\" md=\"6\" sm=\"12\" xs=\"12\" sp=\"12\" animation=\"none\" animation_delay=\"2\" specific_type=\"all\" controller_pages=\"\" controller_id=\"\"][ApImage form_id=\"form_33054046554159265\" animation=\"none\" animation_delay=\"0.5\" alt=\"Wacù Space-saving Portable Vacuum Device\" css_class=\"effect home-img1\" is_open=\"0\" width=\"100%\" height=\"auto\" title=\"Wacù macchina sottovuoto\" image=\"home-banner1.jpg    \" url=\"http://prestashop.com \"][/ApImage][/ApColumn][/ApRow][ApRow form_id=\"form_24350969798626705\" class=\"row bg-home-center\" bg_config=\"boxed\" bg_type=\"parallax\" bg_color=\"#ffffff\" bg_position=\"center\" bg_repeat=\"no-repeat\" parallax_speed=\"0.1\" parallax_axis=\"both\" parallax_strength=\"0.5\" parallax_rid=\"0.5\" parallax_hoffsets=\"0.1\" parallax_voffsets=\"0.1\" animation=\"none\" animation_delay=\"2\" specific_type=\"all\" controller_pages=\"\" controller_id=\"\"][ApColumn form_id=\"form_6192538906510964\" class=\"img-banner\" lg=\"12\" md=\"12\" sm=\"12\" xs=\"12\" sp=\"12\" animation=\"none\" animation_delay=\"2\" specific_type=\"all\" controller_pages=\"\" controller_id=\"\"][ApHtml form_id=\"form_2492259576773434\" title=\"Più spazio con Wacù\" content_html=\"<h4 class=_APQUOT_title_APQUOT_>¿Dónde va a parar?</h4>_APENTER_<p class=_APQUOT_p-text_APQUOT_>Nuestro innovador tejido merino se ajusta a tu pie como <br /> ningún otro zapato, así que hay nunca ningún roce y <br /> pellizcos.</p>\"][/ApHtml][/ApColumn][/ApRow][ApRow form_id=\"form_6092450886051939\" class=\"row home-title\" bg_config=\"boxed\" bg_type=\"normal\" bg_repeat=\"no-repeat\" parallax_speed=\"0.1\" parallax_axis=\"both\" parallax_strength=\"0.5\" parallax_rid=\"0.5\" parallax_hoffsets=\"0.1\" parallax_voffsets=\"0.1\" animation=\"none\" animation_delay=\"2\" specific_type=\"all\" controller_pages=\"\" controller_id=\"\"][ApColumn form_id=\"form_7167521977897375\" md=\"12\" lg=\"12\" specific_type=\"\" controller_pages=\"\" controller_id=\"\"][ApVideo form_id=\"form_8357665440184345\" content_html=\"<div class=_APQUOT_embed-responsive_APQUOT_><iframe width=_APQUOT_90%_APQUOT_ height=_APQUOT_315_APQUOT_ src=_APQUOT_https://www.youtube.com/embed/yD4F1LW49yI?rel=0_APAMP_amp;showinfo=0_APQUOT_ frameborder=_APQUOT_0_APQUOT_ allow=_APQUOT_autoplay; encrypted-media_APQUOT_ allowfullscreen></iframe></div>\" align=\"center\" title=\"Wacù, più spazio in valigia\"][/ApVideo][/ApColumn][ApColumn form_id=\"form_6176720210758024\" lg=\"6\" md=\"6\" sm=\"12\" xs=\"12\" sp=\"12\" animation=\"none\" animation_delay=\"2\" specific_type=\"all\" controller_pages=\"\" controller_id=\"\"][ApImage form_id=\"form_21110280347517685\" animation=\"none\" animation_delay=\"0.5\" alt=\"Standard Vacuum Bags Wacù\" css_class=\"home-img2 effect\" is_open=\"0\" width=\"100%\" height=\"auto\" title=\"Buste sottovuoto universali Wacù\" image=\"home-banner2.jpg    \" url=\"http://prestashop.com \"][/ApImage][/ApColumn][ApColumn form_id=\"form_6393332450261115\" lg=\"6\" md=\"6\" sm=\"12\" xs=\"12\" sp=\"12\" animation=\"none\" animation_delay=\"2\" specific_type=\"all\" controller_pages=\"\" controller_id=\"\"][ApProductList form_id=\"form_7805868283613143\" value_by_categories=\"1\" categorybox=\"13\" category_type=\"all\" product_type=\"all\" order_way=\"desc\" order_by=\"date_add\" columns=\"2\" nb_products=\"2\" profile=\"plist1463389311\" use_showmore=\"1\" title=\"Para los hombres\"][/ApProductList][/ApColumn][/ApRow][ApRow form_id=\"form_2436797497554808\" class=\"row home-title\" bg_config=\"boxed\" bg_type=\"normal\" bg_repeat=\"no-repeat\" parallax_speed=\"0.1\" parallax_axis=\"both\" parallax_strength=\"0.5\" parallax_rid=\"0.5\" parallax_hoffsets=\"0.1\" parallax_voffsets=\"0.1\" animation=\"none\" animation_delay=\"2\" specific_type=\"all\" controller_pages=\"\" controller_id=\"\"][ApColumn form_id=\"form_1466149116\" lg=\"12\" md=\"12\" sm=\"12\" xs=\"12\" sp=\"12\" animation=\"none\" animation_delay=\"2\" specific_type=\"all\" controller_pages=\"\" controller_id=\"\"][/ApColumn][/ApRow]'),(142,4,'[ApRow form_id=\"form_5662284480901547\" container=\"container\" class=\"row top-img-home\" bg_config=\"boxed\" bg_type=\"normal\" bg_repeat=\"no-repeat\" parallax_speed=\"0.1\" parallax_axis=\"both\" parallax_strength=\"0.5\" parallax_rid=\"0.5\" parallax_hoffsets=\"0.1\" parallax_voffsets=\"0.1\" animation=\"none\" animation_delay=\"2\" specific_type=\"all\" controller_pages=\"\" controller_id=\"\"][ApColumn form_id=\"form_9303432896256905\" class=\"img-home-left\" lg=\"6\" md=\"6\" sm=\"6\" xs=\"6\" sp=\"12\" animation=\"none\" animation_delay=\"2\" specific_type=\"all\" controller_pages=\"\" controller_id=\"\"][ApImage form_id=\"form_31497406753675295\" animation=\"bounceIn\" animation_delay=\"0.5\" alt=\"The Hottest Summer 2018 con Wacù aspiratore sottovuoto portatile\" css_class=\"effect\" is_open=\"0\" width=\"auto\" height=\"auto\" title=\"Wacù aspiratore sottovuoto portatile\" image=\"img-home5.jpg     \" url=\"#\"][/ApImage][/ApColumn][ApColumn form_id=\"form_5975046119417202\" class=\"img-home-right\" lg=\"6\" md=\"6\" sm=\"6\" xs=\"6\" sp=\"12\" animation=\"none\" animation_delay=\"2\" specific_type=\"all\" controller_pages=\"\" controller_id=\"\"][ApHtml form_id=\"form_44907307886115475\" title=\"Wacù salvaspazio per valigie\" content_html=\"<h4 class=_APQUOT_title_APQUOT_>Etwa JKA</h4>_APENTER_<p class=_APQUOT_p-text_APQUOT_>Lorem Ipsum Khaled ist ein wichtiger Schlüssel zum Erfolg. Der Schlüssel ist es, jeden Schlüssel zu haben, den Schlüssel jede Tür zu öffnen. Sie werden versuchen, die Tür auf Sie zu schließen, nur um es zu öffnen. Sagen wir es so, es hat mich fünfundzwanzig ...</p>_APENTER_<p><a href=_APQUOT_#_APQUOT_ class=_APQUOT_btn button_APQUOT_>Weiterlesen</a></p>\"][/ApHtml][/ApColumn][/ApRow][ApRow form_id=\"form_20553479479510678\" class=\"row home-title\" bg_config=\"boxed\" bg_type=\"normal\" bg_repeat=\"no-repeat\" parallax_speed=\"0.1\" parallax_axis=\"both\" parallax_strength=\"0.5\" parallax_rid=\"0.5\" parallax_hoffsets=\"0.1\" parallax_voffsets=\"0.1\" animation=\"none\" animation_delay=\"2\" specific_type=\"all\" controller_pages=\"\" controller_id=\"\"][ApColumn form_id=\"form_2364144135833146\" lg=\"6\" md=\"6\" sm=\"12\" xs=\"12\" sp=\"12\" animation=\"none\" animation_delay=\"2\" specific_type=\"all\" controller_pages=\"\" controller_id=\"\"][ApProductList form_id=\"form_5856686317600985\" value_by_categories=\"1\" categorybox=\"13\" category_type=\"all\" product_type=\"all\" order_way=\"asc\" order_by=\"id_product\" columns=\"2\" nb_products=\"2\" profile=\"plist1463389311\" use_showmore=\"1\" title=\"Für Frauen\"][/ApProductList][/ApColumn][ApColumn form_id=\"form_7585527682120389\" lg=\"6\" md=\"6\" sm=\"12\" xs=\"12\" sp=\"12\" animation=\"none\" animation_delay=\"2\" specific_type=\"all\" controller_pages=\"\" controller_id=\"\"][ApImage form_id=\"form_33054046554159265\" animation=\"none\" animation_delay=\"0.5\" alt=\"Wacù Space-saving Portable Vacuum Device\" css_class=\"effect home-img1\" is_open=\"0\" width=\"100%\" height=\"auto\" title=\"Wacù macchina sottovuoto\" image=\"home-banner1.jpg    \" url=\"http://prestashop.com \"][/ApImage][/ApColumn][/ApRow][ApRow form_id=\"form_24350969798626705\" class=\"row bg-home-center\" bg_config=\"boxed\" bg_type=\"parallax\" bg_color=\"#ffffff\" bg_position=\"center\" bg_repeat=\"no-repeat\" parallax_speed=\"0.1\" parallax_axis=\"both\" parallax_strength=\"0.5\" parallax_rid=\"0.5\" parallax_hoffsets=\"0.1\" parallax_voffsets=\"0.1\" animation=\"none\" animation_delay=\"2\" specific_type=\"all\" controller_pages=\"\" controller_id=\"\"][ApColumn form_id=\"form_6192538906510964\" class=\"img-banner\" lg=\"12\" md=\"12\" sm=\"12\" xs=\"12\" sp=\"12\" animation=\"none\" animation_delay=\"2\" specific_type=\"all\" controller_pages=\"\" controller_id=\"\"][ApHtml form_id=\"form_2492259576773434\" title=\"Più spazio con Wacù\" content_html=\"<h4 class=_APQUOT_title_APQUOT_>Wo werden Sie wandern?</h4>_APENTER_<p class=_APQUOT_p-text_APQUOT_>Unsere innovativen Merino Stoff passt sich an den Fuß wie <br />kein anderer Schuh, so dass es nie ein Reiben und <br /> Kneifen.</p>\"][/ApHtml][/ApColumn][/ApRow][ApRow form_id=\"form_6092450886051939\" class=\"row home-title\" bg_config=\"boxed\" bg_type=\"normal\" bg_repeat=\"no-repeat\" parallax_speed=\"0.1\" parallax_axis=\"both\" parallax_strength=\"0.5\" parallax_rid=\"0.5\" parallax_hoffsets=\"0.1\" parallax_voffsets=\"0.1\" animation=\"none\" animation_delay=\"2\" specific_type=\"all\" controller_pages=\"\" controller_id=\"\"][ApColumn form_id=\"form_7167521977897375\" md=\"12\" lg=\"12\" specific_type=\"\" controller_pages=\"\" controller_id=\"\"][ApVideo form_id=\"form_8357665440184345\" content_html=\"<div class=_APQUOT_embed-responsive_APQUOT_><iframe width=_APQUOT_90%_APQUOT_ height=_APQUOT_315_APQUOT_ src=_APQUOT_https://www.youtube.com/embed/yD4F1LW49yI?rel=0_APAMP_amp;showinfo=0_APQUOT_ frameborder=_APQUOT_0_APQUOT_ allow=_APQUOT_autoplay; encrypted-media_APQUOT_ allowfullscreen></iframe></div>\" align=\"center\" title=\"Wacù, più spazio in valigia\"][/ApVideo][/ApColumn][ApColumn form_id=\"form_6176720210758024\" lg=\"6\" md=\"6\" sm=\"12\" xs=\"12\" sp=\"12\" animation=\"none\" animation_delay=\"2\" specific_type=\"all\" controller_pages=\"\" controller_id=\"\"][ApImage form_id=\"form_21110280347517685\" animation=\"none\" animation_delay=\"0.5\" alt=\"Standard Vacuum Bags Wacù\" css_class=\"home-img2 effect\" is_open=\"0\" width=\"100%\" height=\"auto\" title=\"Buste sottovuoto universali Wacù\" image=\"home-banner2.jpg    \" url=\"http://prestashop.com \"][/ApImage][/ApColumn][ApColumn form_id=\"form_6393332450261115\" lg=\"6\" md=\"6\" sm=\"12\" xs=\"12\" sp=\"12\" animation=\"none\" animation_delay=\"2\" specific_type=\"all\" controller_pages=\"\" controller_id=\"\"][ApProductList form_id=\"form_7805868283613143\" value_by_categories=\"1\" categorybox=\"13\" category_type=\"all\" product_type=\"all\" order_way=\"desc\" order_by=\"date_add\" columns=\"2\" nb_products=\"2\" profile=\"plist1463389311\" use_showmore=\"1\" title=\"Für Männer\"][/ApProductList][/ApColumn][/ApRow][ApRow form_id=\"form_2436797497554808\" class=\"row home-title\" bg_config=\"boxed\" bg_type=\"normal\" bg_repeat=\"no-repeat\" parallax_speed=\"0.1\" parallax_axis=\"both\" parallax_strength=\"0.5\" parallax_rid=\"0.5\" parallax_hoffsets=\"0.1\" parallax_voffsets=\"0.1\" animation=\"none\" animation_delay=\"2\" specific_type=\"all\" controller_pages=\"\" controller_id=\"\"][ApColumn form_id=\"form_1466149116\" lg=\"12\" md=\"12\" sm=\"12\" xs=\"12\" sp=\"12\" animation=\"none\" animation_delay=\"2\" specific_type=\"all\" controller_pages=\"\" controller_id=\"\"][/ApColumn][/ApRow]'),(142,5,'[ApRow form_id=\"form_5662284480901547\" container=\"container\" class=\"row top-img-home\" bg_config=\"boxed\" bg_type=\"normal\" bg_repeat=\"no-repeat\" parallax_speed=\"0.1\" parallax_axis=\"both\" parallax_strength=\"0.5\" parallax_rid=\"0.5\" parallax_hoffsets=\"0.1\" parallax_voffsets=\"0.1\" animation=\"none\" animation_delay=\"2\" specific_type=\"all\" controller_pages=\"\" controller_id=\"\"][ApColumn form_id=\"form_9303432896256905\" class=\"img-home-left\" lg=\"6\" md=\"6\" sm=\"6\" xs=\"6\" sp=\"12\" animation=\"none\" animation_delay=\"2\" specific_type=\"all\" controller_pages=\"\" controller_id=\"\"][ApImage form_id=\"form_31497406753675295\" animation=\"bounceIn\" animation_delay=\"0.5\" alt=\"The Hottest Summer 2018 con Wacù aspiratore sottovuoto portatile\" css_class=\"effect\" is_open=\"0\" width=\"auto\" height=\"auto\" title=\"Wacù aspiratore sottovuoto portatile\" image=\"img-home5.jpg     \" url=\"#\"][/ApImage][/ApColumn][ApColumn form_id=\"form_5975046119417202\" class=\"img-home-right\" lg=\"6\" md=\"6\" sm=\"6\" xs=\"6\" sp=\"12\" animation=\"none\" animation_delay=\"2\" specific_type=\"all\" controller_pages=\"\" controller_id=\"\"][ApHtml form_id=\"form_44907307886115475\" title=\"Wacù salvaspazio per valigie\" content_html=\"<h4 class=_APQUOT_title_APQUOT_>A propos JKA</h4>_APENTER_<p class=_APQUOT_p-text_APQUOT_>Lorem Ipsum Khaled est une clé majeure du succès. La clé est d_APAPOST_avoir toutes les clés, la clé pour ouvrir toutes les portes. Ils vont essayer de fermer la porte sur vous, juste l_APAPOST_ouvrir. Mettez cette façon, il m_APAPOST_a fallu vingt-cinq ...</p>_APENTER_<p><a href=_APQUOT_#_APQUOT_ class=_APQUOT_btn button_APQUOT_>Lire plus</a></p>\"][/ApHtml][/ApColumn][/ApRow][ApRow form_id=\"form_20553479479510678\" class=\"row home-title\" bg_config=\"boxed\" bg_type=\"normal\" bg_repeat=\"no-repeat\" parallax_speed=\"0.1\" parallax_axis=\"both\" parallax_strength=\"0.5\" parallax_rid=\"0.5\" parallax_hoffsets=\"0.1\" parallax_voffsets=\"0.1\" animation=\"none\" animation_delay=\"2\" specific_type=\"all\" controller_pages=\"\" controller_id=\"\"][ApColumn form_id=\"form_2364144135833146\" lg=\"6\" md=\"6\" sm=\"12\" xs=\"12\" sp=\"12\" animation=\"none\" animation_delay=\"2\" specific_type=\"all\" controller_pages=\"\" controller_id=\"\"][ApProductList form_id=\"form_5856686317600985\" value_by_categories=\"1\" categorybox=\"13\" category_type=\"all\" product_type=\"all\" order_way=\"asc\" order_by=\"id_product\" columns=\"2\" nb_products=\"2\" profile=\"plist1463389311\" use_showmore=\"1\" title=\"Pour femme\"][/ApProductList][/ApColumn][ApColumn form_id=\"form_7585527682120389\" lg=\"6\" md=\"6\" sm=\"12\" xs=\"12\" sp=\"12\" animation=\"none\" animation_delay=\"2\" specific_type=\"all\" controller_pages=\"\" controller_id=\"\"][ApImage form_id=\"form_33054046554159265\" animation=\"none\" animation_delay=\"0.5\" alt=\"Wacù Space-saving Portable Vacuum Device\" css_class=\"effect home-img1\" is_open=\"0\" width=\"100%\" height=\"auto\" title=\"Wacù macchina sottovuoto\" image=\"home-banner1.jpg    \" url=\"http://prestashop.com \"][/ApImage][/ApColumn][/ApRow][ApRow form_id=\"form_24350969798626705\" class=\"row bg-home-center\" bg_config=\"boxed\" bg_type=\"parallax\" bg_color=\"#ffffff\" bg_position=\"center\" bg_repeat=\"no-repeat\" parallax_speed=\"0.1\" parallax_axis=\"both\" parallax_strength=\"0.5\" parallax_rid=\"0.5\" parallax_hoffsets=\"0.1\" parallax_voffsets=\"0.1\" animation=\"none\" animation_delay=\"2\" specific_type=\"all\" controller_pages=\"\" controller_id=\"\"][ApColumn form_id=\"form_6192538906510964\" class=\"img-banner\" lg=\"12\" md=\"12\" sm=\"12\" xs=\"12\" sp=\"12\" animation=\"none\" animation_delay=\"2\" specific_type=\"all\" controller_pages=\"\" controller_id=\"\"][ApHtml form_id=\"form_2492259576773434\" title=\"Più spazio con Wacù\" content_html=\"<h4 class=_APQUOT_title_APQUOT_>Où allez-vous déplacer?</h4>_APENTER_<p class=_APQUOT_p-text_APQUOT_>Notre tissu mérinos innovant est conforme à votre pied comme <br />aucune autre chaussure, donc il n_APAPOST_y a jamais eu de frottement et <br /> pincement.</p>\"][/ApHtml][/ApColumn][/ApRow][ApRow form_id=\"form_6092450886051939\" class=\"row home-title\" bg_config=\"boxed\" bg_type=\"normal\" bg_repeat=\"no-repeat\" parallax_speed=\"0.1\" parallax_axis=\"both\" parallax_strength=\"0.5\" parallax_rid=\"0.5\" parallax_hoffsets=\"0.1\" parallax_voffsets=\"0.1\" animation=\"none\" animation_delay=\"2\" specific_type=\"all\" controller_pages=\"\" controller_id=\"\"][ApColumn form_id=\"form_7167521977897375\" md=\"12\" lg=\"12\" specific_type=\"\" controller_pages=\"\" controller_id=\"\"][ApVideo form_id=\"form_8357665440184345\" content_html=\"<div class=_APQUOT_embed-responsive_APQUOT_><iframe width=_APQUOT_90%_APQUOT_ height=_APQUOT_315_APQUOT_ src=_APQUOT_https://www.youtube.com/embed/yD4F1LW49yI?rel=0_APAMP_amp;showinfo=0_APQUOT_ frameborder=_APQUOT_0_APQUOT_ allow=_APQUOT_autoplay; encrypted-media_APQUOT_ allowfullscreen></iframe></div>\" align=\"center\" title=\"Wacù, più spazio in valigia\"][/ApVideo][/ApColumn][ApColumn form_id=\"form_6176720210758024\" lg=\"6\" md=\"6\" sm=\"12\" xs=\"12\" sp=\"12\" animation=\"none\" animation_delay=\"2\" specific_type=\"all\" controller_pages=\"\" controller_id=\"\"][ApImage form_id=\"form_21110280347517685\" animation=\"none\" animation_delay=\"0.5\" alt=\"Standard Vacuum Bags Wacù\" css_class=\"home-img2 effect\" is_open=\"0\" width=\"100%\" height=\"auto\" title=\"Buste sottovuoto universali Wacù\" image=\"home-banner2.jpg    \" url=\"http://prestashop.com \"][/ApImage][/ApColumn][ApColumn form_id=\"form_6393332450261115\" lg=\"6\" md=\"6\" sm=\"12\" xs=\"12\" sp=\"12\" animation=\"none\" animation_delay=\"2\" specific_type=\"all\" controller_pages=\"\" controller_id=\"\"][ApProductList form_id=\"form_7805868283613143\" value_by_categories=\"1\" categorybox=\"13\" category_type=\"all\" product_type=\"all\" order_way=\"desc\" order_by=\"date_add\" columns=\"2\" nb_products=\"2\" profile=\"plist1463389311\" use_showmore=\"1\" title=\"Pour hommes\"][/ApProductList][/ApColumn][/ApRow][ApRow form_id=\"form_2436797497554808\" class=\"row home-title\" bg_config=\"boxed\" bg_type=\"normal\" bg_repeat=\"no-repeat\" parallax_speed=\"0.1\" parallax_axis=\"both\" parallax_strength=\"0.5\" parallax_rid=\"0.5\" parallax_hoffsets=\"0.1\" parallax_voffsets=\"0.1\" animation=\"none\" animation_delay=\"2\" specific_type=\"all\" controller_pages=\"\" controller_id=\"\"][ApColumn form_id=\"form_1466149116\" lg=\"12\" md=\"12\" sm=\"12\" xs=\"12\" sp=\"12\" animation=\"none\" animation_delay=\"2\" specific_type=\"all\" controller_pages=\"\" controller_id=\"\"][/ApColumn][/ApRow]'),(142,6,'[ApRow form_id=\"form_5662284480901547\" container=\"container\" class=\"row top-img-home\" bg_config=\"boxed\" bg_type=\"normal\" bg_repeat=\"no-repeat\" parallax_speed=\"0.1\" parallax_axis=\"both\" parallax_strength=\"0.5\" parallax_rid=\"0.5\" parallax_hoffsets=\"0.1\" parallax_voffsets=\"0.1\" animation=\"none\" animation_delay=\"2\" specific_type=\"all\" controller_pages=\"\" controller_id=\"\"][ApColumn form_id=\"form_9303432896256905\" class=\"img-home-left\" lg=\"6\" md=\"6\" sm=\"6\" xs=\"6\" sp=\"12\" animation=\"none\" animation_delay=\"2\" specific_type=\"all\" controller_pages=\"\" controller_id=\"\"][ApImage form_id=\"form_31497406753675295\" animation=\"bounceIn\" animation_delay=\"0.5\" alt=\"The Hottest Summer 2018 con Wacù aspiratore sottovuoto portatile\" css_class=\"effect\" is_open=\"0\" width=\"auto\" height=\"auto\" title=\"Wacù aspiratore sottovuoto portatile\" image=\"aspiratore-sottovuoto-wacu.jpg    \" url=\"#\"][/ApImage][/ApColumn][ApColumn form_id=\"form_5975046119417202\" class=\"img-home-right\" lg=\"6\" md=\"6\" sm=\"6\" xs=\"6\" sp=\"12\" animation=\"none\" animation_delay=\"2\" specific_type=\"all\" controller_pages=\"\" controller_id=\"\"][ApHtml form_id=\"form_44907307886115475\" title=\"Wacù salvaspazio per valigie\" content_html=\"<h1 class=_APQUOT_home_APQUOT_>Wacù<sup>®</sup></h1>_APENTER_<h3>Tutto il tuo spazio, nel palmo di una mano</h3>_APENTER_<p>I tuoi bagagli in sottovuoto per un viaggio in pieno comfort.<br />Scopri subito l_APAPOST_aspiratore sottovuoto più piccolo al mondo.</p>_APENTER_<p>Un singolo tocco può rivoluzionare il tuo modo di vivere e viaggiare. Può farti dimenticare le ore perse a trovare un <strong>ordine ai vestiti da portare in valigia</strong>, regalarti tutto lo spazio che hai sempre sognato.<br />Può proteggere il tuo mondo, mentre lo porti con te, grazie alle <strong><a href=_APQUOT_http://46.37.13.47/plesk-site-preview/wacu.it/46.37.13.47/buste-sottovuoto-bagagli.html_APQUOT_ title=_APQUOT_Acquista subito i nostri sacchetti universali per sottovuoto_APQUOT_>buste salvaspazio personalizzate.</a></strong><br /><strong>Wacù<sup>®</sup></strong> è il tuo nuovo compagno di viaggio: <strong>un piccolo e pratico generatore di sottovuoto</strong>, un aspiratore portatile in grado di rendere ogni tuo viaggio un puro momento di piacere.</p>_APENTER_<h4>I tuoi bagagli Sottovuoto, a casa ed in viaggio</h4>_APENTER_<p><a href=_APQUOT_#_APQUOT_>Scopri</a></p>\"][/ApHtml][/ApColumn][/ApRow][ApRow form_id=\"form_20553479479510678\" class=\"row home-title\" bg_config=\"boxed\" bg_type=\"normal\" bg_repeat=\"no-repeat\" parallax_speed=\"0.1\" parallax_axis=\"both\" parallax_strength=\"0.5\" parallax_rid=\"0.5\" parallax_hoffsets=\"0.1\" parallax_voffsets=\"0.1\" animation=\"none\" animation_delay=\"2\" specific_type=\"all\" controller_pages=\"\" controller_id=\"\"][ApColumn form_id=\"form_2364144135833146\" lg=\"6\" md=\"6\" sm=\"12\" xs=\"12\" sp=\"12\" animation=\"none\" animation_delay=\"2\" specific_type=\"all\" controller_pages=\"\" controller_id=\"\"][ApProductList form_id=\"form_5856686317600985\" value_by_categories=\"1\" categorybox=\"13\" category_type=\"all\" product_type=\"all\" order_way=\"asc\" order_by=\"id_product\" columns=\"2\" nb_products=\"2\" profile=\"plist1463389311\" use_showmore=\"1\" title=\"Aspiratore sottovuoto Wacù\"][/ApProductList][/ApColumn][ApColumn form_id=\"form_7585527682120389\" lg=\"6\" md=\"6\" sm=\"12\" xs=\"12\" sp=\"12\" animation=\"none\" animation_delay=\"2\" specific_type=\"all\" controller_pages=\"\" controller_id=\"\"][ApImage form_id=\"form_33054046554159265\" animation=\"none\" animation_delay=\"0.5\" alt=\"Wacù Space-saving Portable Vacuum Device\" css_class=\"effect home-img1\" is_open=\"0\" width=\"100%\" height=\"auto\" title=\"Wacù macchina sottovuoto\" image=\"macchina-sottovuoto-wacu.jpg   \" url=\"#shop\"][/ApImage][/ApColumn][/ApRow][ApRow form_id=\"form_24350969798626705\" class=\"row bg-home-center\" bg_config=\"boxed\" bg_type=\"parallax\" bg_color=\"#ffffff\" bg_position=\"center\" bg_repeat=\"no-repeat\" parallax_speed=\"0.1\" parallax_axis=\"both\" parallax_strength=\"0.5\" parallax_rid=\"0.5\" parallax_hoffsets=\"0.1\" parallax_voffsets=\"0.1\" animation=\"none\" animation_delay=\"2\" specific_type=\"all\" controller_pages=\"\" controller_id=\"\"][ApColumn form_id=\"form_6192538906510964\" class=\"img-banner\" lg=\"12\" md=\"12\" sm=\"12\" xs=\"12\" sp=\"12\" animation=\"none\" animation_delay=\"2\" specific_type=\"all\" controller_pages=\"\" controller_id=\"\"][ApHtml form_id=\"form_2492259576773434\" title=\"Più spazio con Wacù\" content_html=\"<h1 class=_APQUOT_title_APQUOT_>50% di spazio in più</h1>_APENTER_<p class=_APQUOT_p-text_APQUOT_>Grazie a Wacù potrai mettere in valigia il doppio dei bagagli.</p>_APENTER_<ul>_APENTER_<li>A parità di peso, potrai portare più capi e ridurre il numero di valigie.</li>_APENTER_<li>Potrai tornare con lo stesso ingombro e senza scomode buste da portare a mano.</li>_APENTER_<li>Potrai separare lo sporco dal pulito per la felicità della tua compagna che non deve lavare tutto...</li>_APENTER_<li>Riuscirai a trovare spazio per i tuoi souvenirs.</li>_APENTER_</ul>\"][/ApHtml][/ApColumn][/ApRow][ApRow form_id=\"form_6092450886051939\" class=\"row home-title\" bg_config=\"boxed\" bg_type=\"normal\" bg_repeat=\"no-repeat\" parallax_speed=\"0.1\" parallax_axis=\"both\" parallax_strength=\"0.5\" parallax_rid=\"0.5\" parallax_hoffsets=\"0.1\" parallax_voffsets=\"0.1\" animation=\"none\" animation_delay=\"2\" specific_type=\"all\" controller_pages=\"\" controller_id=\"\"][ApColumn form_id=\"form_7167521977897375\" md=\"12\" lg=\"12\" specific_type=\"\" controller_pages=\"\" controller_id=\"\"][ApVideo form_id=\"form_8357665440184345\" content_html=\"<div class=_APQUOT_embed-responsive_APQUOT_><iframe width=_APQUOT_90%_APQUOT_ height=_APQUOT_315_APQUOT_ src=_APQUOT_https://www.youtube.com/embed/yD4F1LW49yI?rel=0_APAMP_amp;showinfo=0_APQUOT_ frameborder=_APQUOT_0_APQUOT_ allow=_APQUOT_autoplay; encrypted-media_APQUOT_ allowfullscreen></iframe></div>\" align=\"center\" title=\"Wacù, più spazio in valigia\"][/ApVideo][/ApColumn][ApColumn form_id=\"form_6176720210758024\" lg=\"6\" md=\"6\" sm=\"12\" xs=\"12\" sp=\"12\" animation=\"none\" animation_delay=\"2\" specific_type=\"all\" controller_pages=\"\" controller_id=\"\"][ApImage form_id=\"form_21110280347517685\" animation=\"none\" animation_delay=\"0.5\" alt=\"Standard Vacuum Bags Wacù\" css_class=\"home-img2 effect\" is_open=\"0\" width=\"100%\" height=\"auto\" title=\"Buste sottovuoto universali Wacù\" image=\"buste-sottovuoto-universali-wacu.jpg   \" url=\"#bus\"][/ApImage][/ApColumn][ApColumn form_id=\"form_6393332450261115\" lg=\"6\" md=\"6\" sm=\"12\" xs=\"12\" sp=\"12\" animation=\"none\" animation_delay=\"2\" specific_type=\"all\" controller_pages=\"\" controller_id=\"\"][ApProductList form_id=\"form_7805868283613143\" value_by_categories=\"1\" categorybox=\"13\" category_type=\"all\" product_type=\"all\" order_way=\"desc\" order_by=\"date_add\" columns=\"2\" nb_products=\"2\" profile=\"plist1463389311\" use_showmore=\"1\" title=\"Buste Sottovuoto\"][/ApProductList][/ApColumn][/ApRow][ApRow form_id=\"form_2436797497554808\" class=\"row home-title\" bg_config=\"boxed\" bg_type=\"normal\" bg_repeat=\"no-repeat\" parallax_speed=\"0.1\" parallax_axis=\"both\" parallax_strength=\"0.5\" parallax_rid=\"0.5\" parallax_hoffsets=\"0.1\" parallax_voffsets=\"0.1\" animation=\"none\" animation_delay=\"2\" specific_type=\"all\" controller_pages=\"\" controller_id=\"\"][ApColumn form_id=\"form_1466149116\" lg=\"12\" md=\"12\" sm=\"12\" xs=\"12\" sp=\"12\" animation=\"none\" animation_delay=\"2\" specific_type=\"all\" controller_pages=\"\" controller_id=\"\"][/ApColumn][/ApRow]'),(142,7,'[ApRow form_id=\"form_5662284480901547\" container=\"container\" class=\"row top-img-home\" bg_config=\"boxed\" bg_type=\"normal\" bg_repeat=\"no-repeat\" parallax_speed=\"0.1\" parallax_axis=\"both\" parallax_strength=\"0.5\" parallax_rid=\"0.5\" parallax_hoffsets=\"0.1\" parallax_voffsets=\"0.1\" animation=\"none\" animation_delay=\"2\" specific_type=\"all\" controller_pages=\"\" controller_id=\"\"][ApColumn form_id=\"form_9303432896256905\" class=\"img-home-left\" lg=\"6\" md=\"6\" sm=\"6\" xs=\"6\" sp=\"12\" animation=\"none\" animation_delay=\"2\" specific_type=\"all\" controller_pages=\"\" controller_id=\"\"][ApImage form_id=\"form_31497406753675295\" animation=\"bounceIn\" animation_delay=\"0.5\" alt=\"The Hottest Summer 2018 con Wacù aspiratore sottovuoto portatile\" css_class=\"effect\" is_open=\"0\" width=\"auto\" height=\"auto\" title=\"Wacù aspiratore sottovuoto portatile\" image=\"aspiratore-sottovuoto-wacu.jpg    \" url=\"#\"][/ApImage][/ApColumn][ApColumn form_id=\"form_5975046119417202\" class=\"img-home-right\" lg=\"6\" md=\"6\" sm=\"6\" xs=\"6\" sp=\"12\" animation=\"none\" animation_delay=\"2\" specific_type=\"all\" controller_pages=\"\" controller_id=\"\"][ApHtml form_id=\"form_44907307886115475\" title=\"Wacù salvaspazio per valigie\" content_html=\"<h1 class=_APQUOT_home_APQUOT_>Wacù<sup>®</sup></h1>_APENTER_<h3>Tutto il tuo spazio, nel palmo di una mano</h3>_APENTER_<p>I tuoi bagagli in sottovuoto per un viaggio in pieno comfort.<br />Scopri subito l_APAPOST_aspiratore sottovuoto più piccolo al mondo.</p>_APENTER_<p>Un singolo tocco può rivoluzionare il tuo modo di vivere e viaggiare. Può farti dimenticare le ore perse a trovare un <strong>ordine ai vestiti da portare in valigia</strong>, regalarti tutto lo spazio che hai sempre sognato.<br />Può proteggere il tuo mondo, mentre lo porti con te, grazie alle <strong><a href=_APQUOT_http://46.37.13.47/plesk-site-preview/wacu.it/46.37.13.47/buste-sottovuoto-bagagli.html_APQUOT_ title=_APQUOT_Acquista subito i nostri sacchetti universali per sottovuoto_APQUOT_>buste salvaspazio personalizzate.</a></strong><br /><strong>Wacù<sup>®</sup></strong> è il tuo nuovo compagno di viaggio: <strong>un piccolo e pratico generatore di sottovuoto</strong>, un aspiratore portatile in grado di rendere ogni tuo viaggio un puro momento di piacere.</p>_APENTER_<h4>I tuoi bagagli Sottovuoto, a casa ed in viaggio</h4>_APENTER_<p><a href=_APQUOT_#_APQUOT_>Scopri</a></p>\"][/ApHtml][/ApColumn][/ApRow][ApRow form_id=\"form_20553479479510678\" class=\"row home-title\" bg_config=\"boxed\" bg_type=\"normal\" bg_repeat=\"no-repeat\" parallax_speed=\"0.1\" parallax_axis=\"both\" parallax_strength=\"0.5\" parallax_rid=\"0.5\" parallax_hoffsets=\"0.1\" parallax_voffsets=\"0.1\" animation=\"none\" animation_delay=\"2\" specific_type=\"all\" controller_pages=\"\" controller_id=\"\"][ApColumn form_id=\"form_2364144135833146\" lg=\"6\" md=\"6\" sm=\"12\" xs=\"12\" sp=\"12\" animation=\"none\" animation_delay=\"2\" specific_type=\"all\" controller_pages=\"\" controller_id=\"\"][ApProductList form_id=\"form_5856686317600985\" value_by_categories=\"1\" categorybox=\"13\" category_type=\"all\" product_type=\"all\" order_way=\"asc\" order_by=\"id_product\" columns=\"2\" nb_products=\"2\" profile=\"plist1463389311\" use_showmore=\"1\" title=\"Aspiratore sottovuoto Wacù\"][/ApProductList][/ApColumn][ApColumn form_id=\"form_7585527682120389\" lg=\"6\" md=\"6\" sm=\"12\" xs=\"12\" sp=\"12\" animation=\"none\" animation_delay=\"2\" specific_type=\"all\" controller_pages=\"\" controller_id=\"\"][ApImage form_id=\"form_33054046554159265\" animation=\"none\" animation_delay=\"0.5\" alt=\"Wacù Space-saving Portable Vacuum Device\" css_class=\"effect home-img1\" is_open=\"0\" width=\"100%\" height=\"auto\" title=\"Wacù macchina sottovuoto\" image=\"macchina-sottovuoto-wacu.jpg   \" url=\"#shop\"][/ApImage][/ApColumn][/ApRow][ApRow form_id=\"form_24350969798626705\" class=\"row bg-home-center\" bg_config=\"boxed\" bg_type=\"parallax\" bg_color=\"#ffffff\" bg_position=\"center\" bg_repeat=\"no-repeat\" parallax_speed=\"0.1\" parallax_axis=\"both\" parallax_strength=\"0.5\" parallax_rid=\"0.5\" parallax_hoffsets=\"0.1\" parallax_voffsets=\"0.1\" animation=\"none\" animation_delay=\"2\" specific_type=\"all\" controller_pages=\"\" controller_id=\"\"][ApColumn form_id=\"form_6192538906510964\" class=\"img-banner\" lg=\"12\" md=\"12\" sm=\"12\" xs=\"12\" sp=\"12\" animation=\"none\" animation_delay=\"2\" specific_type=\"all\" controller_pages=\"\" controller_id=\"\"][ApHtml form_id=\"form_2492259576773434\" title=\"Più spazio con Wacù\" content_html=\"<h1 class=_APQUOT_title_APQUOT_>50% di spazio in più</h1>_APENTER_<p class=_APQUOT_p-text_APQUOT_>Grazie a Wacù potrai mettere in valigia il doppio dei bagagli.</p>_APENTER_<ul>_APENTER_<li>A parità di peso, potrai portare più capi e ridurre il numero di valigie.</li>_APENTER_<li>Potrai tornare con lo stesso ingombro e senza scomode buste da portare a mano.</li>_APENTER_<li>Potrai separare lo sporco dal pulito per la felicità della tua compagna che non deve lavare tutto...</li>_APENTER_<li>Riuscirai a trovare spazio per i tuoi souvenirs.</li>_APENTER_</ul>\"][/ApHtml][/ApColumn][/ApRow][ApRow form_id=\"form_6092450886051939\" class=\"row home-title\" bg_config=\"boxed\" bg_type=\"normal\" bg_repeat=\"no-repeat\" parallax_speed=\"0.1\" parallax_axis=\"both\" parallax_strength=\"0.5\" parallax_rid=\"0.5\" parallax_hoffsets=\"0.1\" parallax_voffsets=\"0.1\" animation=\"none\" animation_delay=\"2\" specific_type=\"all\" controller_pages=\"\" controller_id=\"\"][ApColumn form_id=\"form_7167521977897375\" md=\"12\" lg=\"12\" specific_type=\"\" controller_pages=\"\" controller_id=\"\"][ApVideo form_id=\"form_8357665440184345\" content_html=\"<div class=_APQUOT_embed-responsive_APQUOT_><iframe width=_APQUOT_90%_APQUOT_ height=_APQUOT_315_APQUOT_ src=_APQUOT_https://www.youtube.com/embed/yD4F1LW49yI?rel=0_APAMP_amp;showinfo=0_APQUOT_ frameborder=_APQUOT_0_APQUOT_ allow=_APQUOT_autoplay; encrypted-media_APQUOT_ allowfullscreen></iframe></div>\" align=\"center\" title=\"Wacù, più spazio in valigia\"][/ApVideo][/ApColumn][ApColumn form_id=\"form_6176720210758024\" lg=\"6\" md=\"6\" sm=\"12\" xs=\"12\" sp=\"12\" animation=\"none\" animation_delay=\"2\" specific_type=\"all\" controller_pages=\"\" controller_id=\"\"][ApImage form_id=\"form_21110280347517685\" animation=\"none\" animation_delay=\"0.5\" alt=\"Standard Vacuum Bags Wacù\" css_class=\"home-img2 effect\" is_open=\"0\" width=\"100%\" height=\"auto\" title=\"Buste sottovuoto universali Wacù\" image=\"buste-sottovuoto-universali-wacu.jpg   \" url=\"#bus\"][/ApImage][/ApColumn][ApColumn form_id=\"form_6393332450261115\" lg=\"6\" md=\"6\" sm=\"12\" xs=\"12\" sp=\"12\" animation=\"none\" animation_delay=\"2\" specific_type=\"all\" controller_pages=\"\" controller_id=\"\"][ApProductList form_id=\"form_7805868283613143\" value_by_categories=\"1\" categorybox=\"13\" category_type=\"all\" product_type=\"all\" order_way=\"desc\" order_by=\"date_add\" columns=\"2\" nb_products=\"2\" profile=\"plist1463389311\" use_showmore=\"1\" title=\"Buste Sottovuoto\"][/ApProductList][/ApColumn][/ApRow][ApRow form_id=\"form_2436797497554808\" class=\"row home-title\" bg_config=\"boxed\" bg_type=\"normal\" bg_repeat=\"no-repeat\" parallax_speed=\"0.1\" parallax_axis=\"both\" parallax_strength=\"0.5\" parallax_rid=\"0.5\" parallax_hoffsets=\"0.1\" parallax_voffsets=\"0.1\" animation=\"none\" animation_delay=\"2\" specific_type=\"all\" controller_pages=\"\" controller_id=\"\"][ApColumn form_id=\"form_1466149116\" lg=\"12\" md=\"12\" sm=\"12\" xs=\"12\" sp=\"12\" animation=\"none\" animation_delay=\"2\" specific_type=\"all\" controller_pages=\"\" controller_id=\"\"][/ApColumn][/ApRow]'),(142,8,'[ApRow form_id=\"form_5662284480901547\" container=\"container\" class=\"row top-img-home\" bg_config=\"boxed\" bg_type=\"normal\" bg_repeat=\"no-repeat\" parallax_speed=\"0.1\" parallax_axis=\"both\" parallax_strength=\"0.5\" parallax_rid=\"0.5\" parallax_hoffsets=\"0.1\" parallax_voffsets=\"0.1\" animation=\"none\" animation_delay=\"2\" specific_type=\"all\" controller_pages=\"\" controller_id=\"\"][ApColumn form_id=\"form_9303432896256905\" class=\"img-home-left\" lg=\"6\" md=\"6\" sm=\"6\" xs=\"6\" sp=\"12\" animation=\"none\" animation_delay=\"2\" specific_type=\"all\" controller_pages=\"\" controller_id=\"\"][ApImage form_id=\"form_31497406753675295\" animation=\"bounceIn\" animation_delay=\"0.5\" alt=\"The Hottest Summer 2018 con Wacù aspiratore sottovuoto portatile\" css_class=\"effect\" is_open=\"0\" width=\"auto\" height=\"auto\" title=\"Wacù aspiratore sottovuoto portatile\" image=\"aspiratore-sottovuoto-wacu.jpg    \" url=\"#\"][/ApImage][/ApColumn][ApColumn form_id=\"form_5975046119417202\" class=\"img-home-right\" lg=\"6\" md=\"6\" sm=\"6\" xs=\"6\" sp=\"12\" animation=\"none\" animation_delay=\"2\" specific_type=\"all\" controller_pages=\"\" controller_id=\"\"][ApHtml form_id=\"form_44907307886115475\" title=\"Wacù salvaspazio per valigie\" content_html=\"<h1 class=_APQUOT_home_APQUOT_>Wacù<sup>®</sup></h1>_APENTER_<h3>Tutto il tuo spazio, nel palmo di una mano</h3>_APENTER_<p>I tuoi bagagli in sottovuoto per un viaggio in pieno comfort.<br />Scopri subito l_APAPOST_aspiratore sottovuoto più piccolo al mondo.</p>_APENTER_<p>Un singolo tocco può rivoluzionare il tuo modo di vivere e viaggiare. Può farti dimenticare le ore perse a trovare un <strong>ordine ai vestiti da portare in valigia</strong>, regalarti tutto lo spazio che hai sempre sognato.<br />Può proteggere il tuo mondo, mentre lo porti con te, grazie alle <strong><a href=_APQUOT_http://46.37.13.47/plesk-site-preview/wacu.it/46.37.13.47/buste-sottovuoto-bagagli.html_APQUOT_ title=_APQUOT_Acquista subito i nostri sacchetti universali per sottovuoto_APQUOT_>buste salvaspazio personalizzate.</a></strong><br /><strong>Wacù<sup>®</sup></strong> è il tuo nuovo compagno di viaggio: <strong>un piccolo e pratico generatore di sottovuoto</strong>, un aspiratore portatile in grado di rendere ogni tuo viaggio un puro momento di piacere.</p>_APENTER_<h4>I tuoi bagagli Sottovuoto, a casa ed in viaggio</h4>_APENTER_<p><a href=_APQUOT_#_APQUOT_>Scopri</a></p>\"][/ApHtml][/ApColumn][/ApRow][ApRow form_id=\"form_20553479479510678\" class=\"row home-title\" bg_config=\"boxed\" bg_type=\"normal\" bg_repeat=\"no-repeat\" parallax_speed=\"0.1\" parallax_axis=\"both\" parallax_strength=\"0.5\" parallax_rid=\"0.5\" parallax_hoffsets=\"0.1\" parallax_voffsets=\"0.1\" animation=\"none\" animation_delay=\"2\" specific_type=\"all\" controller_pages=\"\" controller_id=\"\"][ApColumn form_id=\"form_2364144135833146\" lg=\"6\" md=\"6\" sm=\"12\" xs=\"12\" sp=\"12\" animation=\"none\" animation_delay=\"2\" specific_type=\"all\" controller_pages=\"\" controller_id=\"\"][ApProductList form_id=\"form_5856686317600985\" value_by_categories=\"1\" categorybox=\"13\" category_type=\"all\" product_type=\"all\" order_way=\"asc\" order_by=\"id_product\" columns=\"2\" nb_products=\"2\" profile=\"plist1463389311\" use_showmore=\"1\" title=\"Aspiratore sottovuoto Wacù\"][/ApProductList][/ApColumn][ApColumn form_id=\"form_7585527682120389\" lg=\"6\" md=\"6\" sm=\"12\" xs=\"12\" sp=\"12\" animation=\"none\" animation_delay=\"2\" specific_type=\"all\" controller_pages=\"\" controller_id=\"\"][ApImage form_id=\"form_33054046554159265\" animation=\"none\" animation_delay=\"0.5\" alt=\"Wacù Space-saving Portable Vacuum Device\" css_class=\"effect home-img1\" is_open=\"0\" width=\"100%\" height=\"auto\" title=\"Wacù macchina sottovuoto\" image=\"macchina-sottovuoto-wacu.jpg   \" url=\"#shop\"][/ApImage][/ApColumn][/ApRow][ApRow form_id=\"form_24350969798626705\" class=\"row bg-home-center\" bg_config=\"boxed\" bg_type=\"parallax\" bg_color=\"#ffffff\" bg_position=\"center\" bg_repeat=\"no-repeat\" parallax_speed=\"0.1\" parallax_axis=\"both\" parallax_strength=\"0.5\" parallax_rid=\"0.5\" parallax_hoffsets=\"0.1\" parallax_voffsets=\"0.1\" animation=\"none\" animation_delay=\"2\" specific_type=\"all\" controller_pages=\"\" controller_id=\"\"][ApColumn form_id=\"form_6192538906510964\" class=\"img-banner\" lg=\"12\" md=\"12\" sm=\"12\" xs=\"12\" sp=\"12\" animation=\"none\" animation_delay=\"2\" specific_type=\"all\" controller_pages=\"\" controller_id=\"\"][ApHtml form_id=\"form_2492259576773434\" title=\"Più spazio con Wacù\" content_html=\"<h1 class=_APQUOT_title_APQUOT_>50% di spazio in più</h1>_APENTER_<p class=_APQUOT_p-text_APQUOT_>Grazie a Wacù potrai mettere in valigia il doppio dei bagagli.</p>_APENTER_<ul>_APENTER_<li>A parità di peso, potrai portare più capi e ridurre il numero di valigie.</li>_APENTER_<li>Potrai tornare con lo stesso ingombro e senza scomode buste da portare a mano.</li>_APENTER_<li>Potrai separare lo sporco dal pulito per la felicità della tua compagna che non deve lavare tutto...</li>_APENTER_<li>Riuscirai a trovare spazio per i tuoi souvenirs.</li>_APENTER_</ul>\"][/ApHtml][/ApColumn][/ApRow][ApRow form_id=\"form_6092450886051939\" class=\"row home-title\" bg_config=\"boxed\" bg_type=\"normal\" bg_repeat=\"no-repeat\" parallax_speed=\"0.1\" parallax_axis=\"both\" parallax_strength=\"0.5\" parallax_rid=\"0.5\" parallax_hoffsets=\"0.1\" parallax_voffsets=\"0.1\" animation=\"none\" animation_delay=\"2\" specific_type=\"all\" controller_pages=\"\" controller_id=\"\"][ApColumn form_id=\"form_7167521977897375\" md=\"12\" lg=\"12\" specific_type=\"\" controller_pages=\"\" controller_id=\"\"][ApVideo form_id=\"form_8357665440184345\" content_html=\"<div class=_APQUOT_embed-responsive_APQUOT_><iframe width=_APQUOT_90%_APQUOT_ height=_APQUOT_315_APQUOT_ src=_APQUOT_https://www.youtube.com/embed/yD4F1LW49yI?rel=0_APAMP_amp;showinfo=0_APQUOT_ frameborder=_APQUOT_0_APQUOT_ allow=_APQUOT_autoplay; encrypted-media_APQUOT_ allowfullscreen></iframe></div>\" align=\"center\" title=\"Wacù, più spazio in valigia\"][/ApVideo][/ApColumn][ApColumn form_id=\"form_6176720210758024\" lg=\"6\" md=\"6\" sm=\"12\" xs=\"12\" sp=\"12\" animation=\"none\" animation_delay=\"2\" specific_type=\"all\" controller_pages=\"\" controller_id=\"\"][ApImage form_id=\"form_21110280347517685\" animation=\"none\" animation_delay=\"0.5\" alt=\"Standard Vacuum Bags Wacù\" css_class=\"home-img2 effect\" is_open=\"0\" width=\"100%\" height=\"auto\" title=\"Buste sottovuoto universali Wacù\" image=\"buste-sottovuoto-universali-wacu.jpg   \" url=\"#bus\"][/ApImage][/ApColumn][ApColumn form_id=\"form_6393332450261115\" lg=\"6\" md=\"6\" sm=\"12\" xs=\"12\" sp=\"12\" animation=\"none\" animation_delay=\"2\" specific_type=\"all\" controller_pages=\"\" controller_id=\"\"][ApProductList form_id=\"form_7805868283613143\" value_by_categories=\"1\" categorybox=\"13\" category_type=\"all\" product_type=\"all\" order_way=\"desc\" order_by=\"date_add\" columns=\"2\" nb_products=\"2\" profile=\"plist1463389311\" use_showmore=\"1\" title=\"Buste Sottovuoto\"][/ApProductList][/ApColumn][/ApRow][ApRow form_id=\"form_2436797497554808\" class=\"row home-title\" bg_config=\"boxed\" bg_type=\"normal\" bg_repeat=\"no-repeat\" parallax_speed=\"0.1\" parallax_axis=\"both\" parallax_strength=\"0.5\" parallax_rid=\"0.5\" parallax_hoffsets=\"0.1\" parallax_voffsets=\"0.1\" animation=\"none\" animation_delay=\"2\" specific_type=\"all\" controller_pages=\"\" controller_id=\"\"][ApColumn form_id=\"form_1466149116\" lg=\"12\" md=\"12\" sm=\"12\" xs=\"12\" sp=\"12\" animation=\"none\" animation_delay=\"2\" specific_type=\"all\" controller_pages=\"\" controller_id=\"\"][/ApColumn][/ApRow]'),(143,1,''),(143,2,''),(143,3,''),(143,4,''),(143,5,''),(143,6,''),(143,7,''),(143,8,'');

#
# Structure for table "_WCprTUAappagebuilder_positions"
#

CREATE TABLE `_WCprTUAappagebuilder_positions` (
  `id_appagebuilder_positions` int(11) NOT NULL AUTO_INCREMENT,
  `name` varchar(255) NOT NULL,
  `position` varchar(255) NOT NULL,
  `position_key` varchar(255) NOT NULL,
  `params` text,
  PRIMARY KEY (`id_appagebuilder_positions`)
) ENGINE=InnoDB AUTO_INCREMENT=54 DEFAULT CHARSET=utf8;

#
# Data for table "_WCprTUAappagebuilder_positions"
#

INSERT INTO `_WCprTUAappagebuilder_positions` VALUES (40,'Header 1','header','position1462950997',''),(41,'Content 1','content','position1462965819',''),(42,'Footer 1','footer','position1462964063',''),(43,'Product 1','product','position1462942988',''),(44,'Header 2','header','position1465084173',''),(45,'Content 2','content','position1465065189',''),(46,'Header 3','header','position1465828714',''),(47,'Content 3','content','position1465835090',''),(48,'Footer 3','footer','position1465826774',''),(49,'Header 4','header','position1465967392',''),(50,'Content 4','content','position1465982004',''),(51,'Footer 4','footer','position1465980532',''),(52,'Header 5','header','position1466079996',''),(53,'Content 5','content','position1466071264','');

#
# Structure for table "_WCprTUAappagebuilder_positions_shop"
#

CREATE TABLE `_WCprTUAappagebuilder_positions_shop` (
  `id_appagebuilder_positions` int(11) NOT NULL AUTO_INCREMENT,
  `id_shop` int(10) unsigned NOT NULL,
  PRIMARY KEY (`id_appagebuilder_positions`,`id_shop`)
) ENGINE=InnoDB AUTO_INCREMENT=54 DEFAULT CHARSET=utf8;

#
# Data for table "_WCprTUAappagebuilder_positions_shop"
#

INSERT INTO `_WCprTUAappagebuilder_positions_shop` VALUES (40,1),(41,1),(42,1),(43,1),(44,1),(45,1),(46,1),(47,1),(48,1),(49,1),(50,1),(51,1),(52,1),(53,1);

#
# Structure for table "_WCprTUAappagebuilder_products"
#

CREATE TABLE `_WCprTUAappagebuilder_products` (
  `id_appagebuilder_products` int(11) NOT NULL AUTO_INCREMENT,
  `plist_key` varchar(255) DEFAULT NULL,
  `name` varchar(255) DEFAULT NULL,
  `class` varchar(255) DEFAULT NULL,
  `params` text,
  `type` tinyint(1) DEFAULT NULL,
  `active` tinyint(1) DEFAULT NULL,
  PRIMARY KEY (`id_appagebuilder_products`)
) ENGINE=InnoDB AUTO_INCREMENT=8 DEFAULT CHARSET=utf8;

#
# Data for table "_WCprTUAappagebuilder_products"
#

INSERT INTO `_WCprTUAappagebuilder_products` VALUES (6,'plist1463389311','Productlist-default','product-list-1463389311','{\"gridLeft\":{\"0\":{\"name\":\"image_container\"}},\"gridRight\":{\"0\":{\"name\":\"name\"},\"1\":{\"name\":\"code\",\"code\":\"<div class=_APQUOT_product-info_APQUOT_>\"},\"2\":{\"name\":\"price\"},\"3\":{\"name\":\"reviews\"},\"4\":{\"name\":\"description\"},\"5\":{\"name\":\"code\",\"code\":\"</div>\"},\"6\":{\"name\":\"functional_buttons\",\"element\":{\"0\":{\"name\":\"add_to_cart\"},\"1\":{\"name\":\"code\",\"code\":\"<div class=_APQUOT_Buttons_APQUOT_>\"},\"2\":{\"name\":\"quick_view\"},\"3\":{\"name\":\"compare\"},\"4\":{\"name\":\"wishlist\"},\"5\":{\"name\":\"code\",\"code\":\"</div>\"}}}}}',0,1),(7,'plist1465149067','Product item shop 2','plist-sidebar','{\"gridLeft\":{\"0\":{\"name\":\"image_container\"}},\"gridRight\":{\"0\":{\"name\":\"name\"},\"1\":{\"name\":\"price\"}}}',0,0);

#
# Structure for table "_WCprTUAappagebuilder_products_shop"
#

CREATE TABLE `_WCprTUAappagebuilder_products_shop` (
  `id_appagebuilder_products` int(11) NOT NULL AUTO_INCREMENT,
  `id_shop` int(10) unsigned NOT NULL,
  `active` tinyint(1) DEFAULT NULL,
  PRIMARY KEY (`id_appagebuilder_products`,`id_shop`)
) ENGINE=InnoDB AUTO_INCREMENT=8 DEFAULT CHARSET=utf8;

#
# Data for table "_WCprTUAappagebuilder_products_shop"
#

INSERT INTO `_WCprTUAappagebuilder_products_shop` VALUES (6,1,0),(7,1,1);

#
# Structure for table "_WCprTUAappagebuilder_profiles"
#

CREATE TABLE `_WCprTUAappagebuilder_profiles` (
  `id_appagebuilder_profiles` int(11) NOT NULL AUTO_INCREMENT,
  `name` varchar(255) DEFAULT NULL,
  `profile_key` varchar(255) DEFAULT NULL,
  `page` varchar(255) DEFAULT NULL,
  `params` text,
  `header` int(11) unsigned NOT NULL,
  `content` int(11) unsigned NOT NULL,
  `footer` int(11) unsigned NOT NULL,
  `product` int(11) unsigned NOT NULL,
  `active` tinyint(1) DEFAULT NULL,
  `group_box` varchar(255) DEFAULT NULL,
  PRIMARY KEY (`id_appagebuilder_profiles`)
) ENGINE=InnoDB AUTO_INCREMENT=16 DEFAULT CHARSET=utf8;

#
# Data for table "_WCprTUAappagebuilder_profiles"
#

INSERT INTO `_WCprTUAappagebuilder_profiles` VALUES (11,'home 1','profile1462961076','index','{\"displayTopColumn\":{\"index\":[]},\"fullwidth_index_hook\":{\"displayBanner\":0,\"displayNav\":0,\"displayTop\":\"1\",\"displayTopColumn\":\"1\",\"displayHome\":0,\"displayFooter\":0},\"fullwidth_other_hook\":{\"displayBanner\":0,\"displayNav\":0,\"displayTop\":\"1\",\"displayTopColumn\":0,\"displayHome\":0,\"displayFooter\":0},\"disable_cache_hook\":{\"displayBanner\":0,\"displayNav\":\"1\",\"displayTop\":\"1\",\"displayTopColumn\":0,\"displayHome\":0,\"displayFooter\":0}}',40,41,42,43,1,''),(12,'home 2','profile-1465055631','index','{\"displayTopColumn\":{\"index\":[]},\"fullwidth_index_hook\":{\"displayBanner\":0,\"displayNav\":0,\"displayTop\":0,\"displayTopColumn\":\"1\",\"displayHome\":0,\"displayFooter\":0},\"fullwidth_other_hook\":{\"displayBanner\":0,\"displayNav\":0,\"displayTop\":0,\"displayTopColumn\":0,\"displayHome\":0,\"displayFooter\":0},\"disable_cache_hook\":{\"displayBanner\":0,\"displayNav\":\"1\",\"displayTop\":\"1\",\"displayTopColumn\":0,\"displayHome\":0,\"displayFooter\":0}}',44,45,42,43,0,''),(13,'home 3','profile1465817962','index','{\"displayTopColumn\":{\"index\":[]},\"fullwidth_index_hook\":{\"displayBanner\":0,\"displayNav\":0,\"displayTop\":0,\"displayTopColumn\":0,\"displayHome\":0,\"displayFooter\":0},\"fullwidth_other_hook\":{\"displayBanner\":0,\"displayNav\":0,\"displayTop\":0,\"displayTopColumn\":0,\"displayHome\":0,\"displayFooter\":0},\"disable_cache_hook\":{\"displayBanner\":0,\"displayNav\":\"1\",\"displayTop\":\"1\",\"displayTopColumn\":0,\"displayHome\":0,\"displayFooter\":0}}',46,47,48,43,0,''),(14,'home 4','profile1465982753','index','{\"displayTopColumn\":{\"index\":[]},\"fullwidth_index_hook\":{\"displayBanner\":0,\"displayNav\":\"1\",\"displayTop\":0,\"displayTopColumn\":\"1\",\"displayHome\":0,\"displayFooter\":0},\"fullwidth_other_hook\":{\"displayBanner\":0,\"displayNav\":0,\"displayTop\":0,\"displayTopColumn\":0,\"displayHome\":0,\"displayFooter\":0},\"disable_cache_hook\":{\"displayBanner\":0,\"displayNav\":\"1\",\"displayTop\":\"1\",\"displayTopColumn\":0,\"displayHome\":0,\"displayFooter\":0}}',49,50,51,43,0,''),(15,'Wacù salvaspazio per valigie portatile','profile1466087774','index','{\"displayTopColumn\":{\"index\":[]},\"fullwidth_index_hook\":{\"displayBanner\":0,\"displayNav\":\"1\",\"displayTop\":\"1\",\"displayTopColumn\":\"1\",\"displayHome\":0,\"displayFooter\":0},\"fullwidth_other_hook\":{\"displayBanner\":0,\"displayNav\":\"1\",\"displayTop\":\"1\",\"displayTopColumn\":0,\"displayHome\":0,\"displayFooter\":0},\"disable_cache_hook\":{\"displayBanner\":0,\"displayNav\":\"1\",\"displayTop\":\"1\",\"displayTopColumn\":0,\"displayHome\":0,\"displayFooter\":0}}',52,53,51,43,0,'');

#
# Structure for table "_WCprTUAappagebuilder_profiles_lang"
#

CREATE TABLE `_WCprTUAappagebuilder_profiles_lang` (
  `id_appagebuilder_profiles` int(11) NOT NULL AUTO_INCREMENT,
  `id_lang` int(10) unsigned NOT NULL,
  `friendly_url` varchar(255) DEFAULT NULL,
  `meta_title` varchar(255) DEFAULT NULL,
  `meta_description` varchar(255) DEFAULT NULL,
  `meta_keywords` varchar(255) DEFAULT NULL,
  PRIMARY KEY (`id_appagebuilder_profiles`,`id_lang`)
) ENGINE=InnoDB AUTO_INCREMENT=16 DEFAULT CHARSET=utf8;

#
# Data for table "_WCprTUAappagebuilder_profiles_lang"
#

INSERT INTO `_WCprTUAappagebuilder_profiles_lang` VALUES (11,1,'','','',''),(11,2,'','','',''),(11,3,'','','',''),(11,4,'','','',''),(11,5,'','','',''),(11,6,'','','',''),(11,7,'','','',''),(11,8,'','','',''),(12,1,'','','',''),(12,2,'','','',''),(12,3,'','','',''),(12,4,'','','',''),(12,5,'','','',''),(12,6,'','','',''),(12,7,'','','',''),(12,8,'','','',''),(13,1,'','','',''),(13,2,'','','',''),(13,3,'','','',''),(13,4,'','','',''),(13,5,'','','',''),(13,6,'','','',''),(13,7,'','','',''),(13,8,'','','',''),(14,1,'','','',''),(14,2,'','','',''),(14,3,'','','',''),(14,4,'','','',''),(14,5,'','','',''),(14,6,'','','',''),(14,7,'','','',''),(14,8,'','','',''),(15,1,'wacu-salvaspazio-valigie-portatile','Wacù salvaspazio per valigie portatile','Wacù salvaspazio per valigie portatile',''),(15,2,'','','',''),(15,3,'','','',''),(15,4,'','','',''),(15,5,'','','',''),(15,6,'','','',''),(15,7,'','','',''),(15,8,'','','','');

#
# Structure for table "_WCprTUAappagebuilder_profiles_shop"
#

CREATE TABLE `_WCprTUAappagebuilder_profiles_shop` (
  `id_appagebuilder_profiles` int(11) NOT NULL AUTO_INCREMENT,
  `id_shop` int(10) unsigned NOT NULL,
  `active` tinyint(1) DEFAULT NULL,
  PRIMARY KEY (`id_appagebuilder_profiles`,`id_shop`)
) ENGINE=InnoDB AUTO_INCREMENT=16 DEFAULT CHARSET=utf8;

#
# Data for table "_WCprTUAappagebuilder_profiles_shop"
#

INSERT INTO `_WCprTUAappagebuilder_profiles_shop` VALUES (11,1,0),(12,1,0),(13,1,0),(14,1,0),(15,1,1);

#
# Structure for table "_WCprTUAappagebuilder_shop"
#

CREATE TABLE `_WCprTUAappagebuilder_shop` (
  `id_appagebuilder` int(11) NOT NULL AUTO_INCREMENT,
  `id_shop` int(10) unsigned NOT NULL,
  PRIMARY KEY (`id_appagebuilder`,`id_shop`)
) ENGINE=InnoDB AUTO_INCREMENT=144 DEFAULT CHARSET=utf8;

#
# Data for table "_WCprTUAappagebuilder_shop"
#

INSERT INTO `_WCprTUAappagebuilder_shop` VALUES (104,1),(105,1),(106,1),(107,1),(108,1),(109,1),(110,1),(111,1),(112,1),(113,1),(114,1),(115,1),(116,1),(117,1),(118,1),(119,1),(120,1),(121,1),(122,1),(123,1),(124,1),(125,1),(126,1),(127,1),(128,1),(129,1),(130,1),(131,1),(132,1),(133,1),(134,1),(135,1),(136,1),(137,1),(138,1),(139,1),(140,1),(141,1),(142,1),(143,1);

#
# Structure for table "_WCprTUAattachment"
#

CREATE TABLE `_WCprTUAattachment` (
  `id_attachment` int(10) unsigned NOT NULL AUTO_INCREMENT,
  `file` varchar(40) NOT NULL,
  `file_name` varchar(128) NOT NULL,
  `file_size` bigint(10) unsigned NOT NULL DEFAULT '0',
  `mime` varchar(128) NOT NULL,
  PRIMARY KEY (`id_attachment`)
) ENGINE=InnoDB DEFAULT CHARSET=utf8;

#
# Data for table "_WCprTUAattachment"
#


#
# Structure for table "_WCprTUAattachment_lang"
#

CREATE TABLE `_WCprTUAattachment_lang` (
  `id_attachment` int(10) unsigned NOT NULL AUTO_INCREMENT,
  `id_lang` int(10) unsigned NOT NULL,
  `name` varchar(32) DEFAULT NULL,
  `description` text,
  PRIMARY KEY (`id_attachment`,`id_lang`)
) ENGINE=InnoDB DEFAULT CHARSET=utf8;

#
# Data for table "_WCprTUAattachment_lang"
#


#
# Structure for table "_WCprTUAattribute"
#

CREATE TABLE `_WCprTUAattribute` (
  `id_attribute` int(10) unsigned NOT NULL AUTO_INCREMENT,
  `id_attribute_group` int(10) unsigned NOT NULL,
  `color` varchar(32) DEFAULT NULL,
  `position` int(10) unsigned NOT NULL DEFAULT '0',
  PRIMARY KEY (`id_attribute`),
  KEY `attribute_group` (`id_attribute_group`)
) ENGINE=InnoDB AUTO_INCREMENT=25 DEFAULT CHARSET=utf8;

#
# Data for table "_WCprTUAattribute"
#

INSERT INTO `_WCprTUAattribute` VALUES (1,1,'',0),(2,1,'',1),(3,1,'',2),(4,1,'',3),(5,3,'#AAB2BD',0),(6,3,'#CFC4A6',1),(7,3,'#f5f5dc',2),(8,3,'#ffffff',3),(9,3,'#faebd7',4),(10,3,'#E84C3D',5),(11,3,'#434A54',6),(12,3,'#C19A6B',7),(13,3,'#F39C11',8),(14,3,'#5D9CEC',9),(15,3,'#A0D468',10),(16,3,'#F1C40F',11),(17,3,'#964B00',12),(24,3,'#FCCACD',13);

#
# Structure for table "_WCprTUAattribute_group"
#

CREATE TABLE `_WCprTUAattribute_group` (
  `id_attribute_group` int(10) unsigned NOT NULL AUTO_INCREMENT,
  `is_color_group` tinyint(1) NOT NULL DEFAULT '0',
  `group_type` enum('select','radio','color') NOT NULL DEFAULT 'select',
  `position` int(10) unsigned NOT NULL DEFAULT '0',
  PRIMARY KEY (`id_attribute_group`)
) ENGINE=InnoDB AUTO_INCREMENT=4 DEFAULT CHARSET=utf8;

#
# Data for table "_WCprTUAattribute_group"
#

INSERT INTO `_WCprTUAattribute_group` VALUES (1,0,'select',0),(3,1,'color',1);

#
# Structure for table "_WCprTUAattribute_group_lang"
#

CREATE TABLE `_WCprTUAattribute_group_lang` (
  `id_attribute_group` int(10) unsigned NOT NULL,
  `id_lang` int(10) unsigned NOT NULL,
  `name` varchar(128) NOT NULL,
  `public_name` varchar(64) NOT NULL,
  PRIMARY KEY (`id_attribute_group`,`id_lang`)
) ENGINE=InnoDB DEFAULT CHARSET=utf8;

#
# Data for table "_WCprTUAattribute_group_lang"
#

INSERT INTO `_WCprTUAattribute_group_lang` VALUES (1,1,'Taglia','Taglia'),(1,2,'Size','Size'),(1,3,'Size','Size'),(1,4,'Size','Size'),(1,5,'Size','Size'),(1,6,'Size','Size'),(1,7,'Size','Size'),(1,8,'Size','Size'),(3,1,'Color','Color'),(3,2,'Color','Color'),(3,3,'Color','Color'),(3,4,'Color','Color'),(3,5,'Color','Color'),(3,6,'Color','Color'),(3,7,'Color','Color'),(3,8,'Color','Color');

#
# Structure for table "_WCprTUAattribute_group_shop"
#

CREATE TABLE `_WCprTUAattribute_group_shop` (
  `id_attribute_group` int(11) unsigned NOT NULL,
  `id_shop` int(11) unsigned NOT NULL,
  PRIMARY KEY (`id_attribute_group`,`id_shop`),
  KEY `id_shop` (`id_shop`)
) ENGINE=InnoDB DEFAULT CHARSET=utf8;

#
# Data for table "_WCprTUAattribute_group_shop"
#

INSERT INTO `_WCprTUAattribute_group_shop` VALUES (1,1),(3,1);

#
# Structure for table "_WCprTUAattribute_impact"
#

CREATE TABLE `_WCprTUAattribute_impact` (
  `id_attribute_impact` int(10) unsigned NOT NULL AUTO_INCREMENT,
  `id_product` int(11) unsigned NOT NULL,
  `id_attribute` int(11) unsigned NOT NULL,
  `weight` decimal(20,6) NOT NULL,
  `price` decimal(17,2) NOT NULL,
  PRIMARY KEY (`id_attribute_impact`),
  UNIQUE KEY `id_product` (`id_product`,`id_attribute`)
) ENGINE=InnoDB DEFAULT CHARSET=utf8;

#
# Data for table "_WCprTUAattribute_impact"
#


#
# Structure for table "_WCprTUAattribute_lang"
#

CREATE TABLE `_WCprTUAattribute_lang` (
  `id_attribute` int(10) unsigned NOT NULL,
  `id_lang` int(10) unsigned NOT NULL,
  `name` varchar(128) NOT NULL,
  PRIMARY KEY (`id_attribute`,`id_lang`),
  KEY `id_lang` (`id_lang`,`name`)
) ENGINE=InnoDB DEFAULT CHARSET=utf8;

#
# Data for table "_WCprTUAattribute_lang"
#

INSERT INTO `_WCprTUAattribute_lang` VALUES (1,1,'S - (60 x 40cm)'),(1,2,'S - (60 x 40cm)'),(1,3,'S'),(1,4,'S'),(1,5,'S'),(1,6,'S'),(1,7,'S'),(1,8,'S'),(2,1,'M - (80 x 60cm)'),(2,2,'M - (80 x 60cm)'),(2,3,'M'),(2,4,'M'),(2,5,'M'),(2,6,'M'),(2,7,'M'),(2,8,'M'),(3,1,'L - (90 x 70cm)'),(3,2,'L - (90 x 70cm)'),(3,3,'L'),(3,4,'L'),(3,5,'L'),(3,6,'L'),(3,7,'L'),(3,8,'L'),(4,1,'Taglia unica'),(4,2,'Taglia unica'),(4,3,'Taglia unica'),(4,4,'Taglia unica'),(4,5,'Taglia unica'),(4,6,'Taglia unica'),(4,7,'Taglia unica'),(4,8,'Taglia unica'),(5,1,'Grigio'),(5,2,'Grigio'),(5,3,'Grigio'),(5,4,'Grigio'),(5,5,'Grigio'),(5,6,'Grigio'),(5,7,'Grigio'),(5,8,'Grigio'),(6,1,'Talpa'),(6,2,'Talpa'),(6,3,'Talpa'),(6,4,'Talpa'),(6,5,'Talpa'),(6,6,'Talpa'),(6,7,'Talpa'),(6,8,'Talpa'),(7,1,'Beige'),(7,2,'Beige'),(7,3,'Beige'),(7,4,'Beige'),(7,5,'Beige'),(7,6,'Beige'),(7,7,'Beige'),(7,8,'Beige'),(8,1,'Bianco'),(8,2,'Bianco'),(8,3,'Bianco'),(8,4,'Bianco'),(8,5,'Bianco'),(8,6,'Bianco'),(8,7,'Bianco'),(8,8,'Bianco'),(9,1,'Avorio'),(9,2,'Avorio'),(9,3,'Avorio'),(9,4,'Avorio'),(9,5,'Avorio'),(9,6,'Avorio'),(9,7,'Avorio'),(9,8,'Avorio'),(10,1,'Rosso'),(10,2,'Rosso'),(10,3,'Rosso'),(10,4,'Rosso'),(10,5,'Rosso'),(10,6,'Rosso'),(10,7,'Rosso'),(10,8,'Rosso'),(11,1,'Nero'),(11,2,'Nero'),(11,3,'Nero'),(11,4,'Nero'),(11,5,'Nero'),(11,6,'Nero'),(11,7,'Nero'),(11,8,'Nero'),(12,1,'Cammello'),(12,2,'Cammello'),(12,3,'Cammello'),(12,4,'Cammello'),(12,5,'Cammello'),(12,6,'Cammello'),(12,7,'Cammello'),(12,8,'Cammello'),(13,1,'Arancione'),(13,2,'Arancione'),(13,3,'Arancione'),(13,4,'Arancione'),(13,5,'Arancione'),(13,6,'Arancione'),(13,7,'Arancione'),(13,8,'Arancione'),(14,1,'Blu'),(14,2,'Blu'),(14,3,'Blu'),(14,4,'Blu'),(14,5,'Blu'),(14,6,'Blu'),(14,7,'Blu'),(14,8,'Blu'),(15,1,'Verde'),(15,2,'Verde'),(15,3,'Verde'),(15,4,'Verde'),(15,5,'Verde'),(15,6,'Verde'),(15,7,'Verde'),(15,8,'Verde'),(16,1,'Giallo'),(16,2,'Giallo'),(16,3,'Giallo'),(16,4,'Giallo'),(16,5,'Giallo'),(16,6,'Giallo'),(16,7,'Giallo'),(16,8,'Giallo'),(17,1,'Marrone'),(17,2,'Marrone'),(17,3,'Marrone'),(17,4,'Marrone'),(17,5,'Marrone'),(17,6,'Marrone'),(17,7,'Marrone'),(17,8,'Marrone'),(24,1,'Rosa'),(24,2,'Rosa'),(24,3,'Rosa'),(24,4,'Rosa'),(24,5,'Rosa'),(24,6,'Rosa'),(24,7,'Rosa'),(24,8,'Rosa');

#
# Structure for table "_WCprTUAattribute_shop"
#

CREATE TABLE `_WCprTUAattribute_shop` (
  `id_attribute` int(11) unsigned NOT NULL,
  `id_shop` int(11) unsigned NOT NULL,
  PRIMARY KEY (`id_attribute`,`id_shop`),
  KEY `id_shop` (`id_shop`)
) ENGINE=InnoDB DEFAULT CHARSET=utf8;

#
# Data for table "_WCprTUAattribute_shop"
#

INSERT INTO `_WCprTUAattribute_shop` VALUES (1,1),(2,1),(3,1),(4,1),(5,1),(6,1),(7,1),(8,1),(9,1),(10,1),(11,1),(12,1),(13,1),(14,1),(15,1),(16,1),(17,1),(24,1);

#
# Structure for table "_WCprTUAautolanguagecurrency_configuration"
#

CREATE TABLE `_WCprTUAautolanguagecurrency_configuration` (
  `id_autolanguagecurrency_configuration` int(10) unsigned NOT NULL AUTO_INCREMENT,
  `countries` varchar(1000) DEFAULT NULL,
  `zones` varchar(150) DEFAULT NULL,
  `language` int(4) DEFAULT NULL,
  `currency` int(4) DEFAULT NULL,
  `hide_language_selector` varchar(150) DEFAULT NULL,
  `hide_currency_selector` varchar(150) DEFAULT NULL,
  `catalog_mode` tinyint(1) unsigned DEFAULT '0',
  `redirect_url` varchar(150) DEFAULT NULL,
  `redirect_shop` int(4) DEFAULT NULL,
  `position` int(5) DEFAULT '0',
  `active` tinyint(1) unsigned NOT NULL DEFAULT '0',
  `id_shop` tinyint(1) unsigned NOT NULL DEFAULT '0',
  `date_add` datetime DEFAULT NULL,
  `date_upd` datetime DEFAULT NULL,
  PRIMARY KEY (`id_autolanguagecurrency_configuration`),
  KEY `id_autolanguagecurrency_configuration` (`id_autolanguagecurrency_configuration`)
) ENGINE=InnoDB DEFAULT CHARSET=utf8;

#
# Data for table "_WCprTUAautolanguagecurrency_configuration"
#


#
# Structure for table "_WCprTUAbtmegamenu"
#

CREATE TABLE `_WCprTUAbtmegamenu` (
  `id_btmegamenu` int(11) NOT NULL AUTO_INCREMENT,
  `image` varchar(255) NOT NULL,
  `id_parent` int(11) NOT NULL,
  `is_group` tinyint(1) NOT NULL,
  `width` varchar(255) DEFAULT NULL,
  `submenu_width` varchar(255) DEFAULT NULL,
  `submenu_colum_width` varchar(255) DEFAULT NULL,
  `item` varchar(255) DEFAULT NULL,
  `colums` varchar(255) DEFAULT NULL,
  `type` varchar(255) NOT NULL,
  `is_content` tinyint(1) NOT NULL,
  `show_title` tinyint(1) NOT NULL,
  `level_depth` smallint(6) NOT NULL,
  `active` tinyint(1) NOT NULL,
  `position` int(11) NOT NULL,
  `submenu_content` text NOT NULL,
  `show_sub` tinyint(1) NOT NULL,
  `target` varchar(25) DEFAULT NULL,
  `privacy` smallint(6) DEFAULT NULL,
  `position_type` varchar(25) DEFAULT NULL,
  `menu_class` varchar(25) DEFAULT NULL,
  `content` text,
  `icon_class` varchar(255) DEFAULT NULL,
  `level` int(11) NOT NULL,
  `left` int(11) NOT NULL,
  `right` int(11) NOT NULL,
  `submenu_catids` text,
  `is_cattree` tinyint(1) DEFAULT '1',
  `date_add` datetime DEFAULT NULL,
  `date_upd` datetime DEFAULT NULL,
  `groupBox` varchar(255) DEFAULT 'all',
  PRIMARY KEY (`id_btmegamenu`)
) ENGINE=InnoDB AUTO_INCREMENT=169 DEFAULT CHARSET=utf8;

#
# Data for table "_WCprTUAbtmegamenu"
#

INSERT INTO `_WCprTUAbtmegamenu` VALUES (149,'',1,0,'','','','4','1','cms',0,1,1,1,1,'',0,'_self',0,'','','','',0,0,0,'',1,'2018-03-20 11:55:58','2018-04-11 12:22:39','1,2,3'),(152,'',1,0,'','','','','1','html',0,1,1,1,9,'',0,'_self',0,'','social','','',0,0,0,'',1,'2018-03-20 11:55:58','2018-03-26 16:52:31','1,2,3'),(153,'',1,0,'','','','6','1','cms',0,1,1,1,2,'',0,'_self',0,'','','','',0,0,0,'',1,'2018-03-26 17:00:42','2018-04-11 12:23:15','1,2,3'),(154,'',165,1,'','','','','1','url',0,1,2,1,0,'',0,'_self',0,'','','','',0,0,0,'',1,'2018-03-27 16:31:57','2018-05-10 18:46:37','1,2,3'),(155,'',1,0,'','','','9','1','cms',0,1,1,1,8,'',0,'_self',0,'','','','',0,0,0,'',1,'2018-03-27 16:33:21','2018-04-11 12:24:35','1,2,3'),(158,'',1,0,'','','','2','1','url',0,1,1,1,3,'',0,'_self',0,'','','','',0,0,0,'',1,'2018-04-06 11:55:18','2018-12-01 12:58:23','1,2,3'),(163,'',1,0,'','','','10','1','cms',0,1,1,1,6,'',0,'_self',0,'','','','',0,0,0,'',1,'2018-04-12 12:52:54','2018-04-12 12:53:18','1,2,3'),(164,'',165,1,'','','','11','1','cms',0,1,2,1,1,'',0,'_self',0,'','','','',0,0,0,'',1,'2018-04-13 18:33:59','2018-04-13 18:40:46','1,2,3'),(165,'',1,0,'','','','','1','url',0,1,1,1,4,'',0,'_self',0,'','','','',0,0,0,'',1,'2018-04-13 18:37:50','2018-04-13 18:37:50','1,2,3'),(166,'',1,0,'','','','','1','url',0,1,1,1,0,'',0,'_self',0,'','','','',0,0,0,'',1,'2018-04-23 18:31:44','2018-04-23 18:31:44','1,2,3'),(167,'',1,0,'','','','12','1','cms',0,1,1,1,5,'',0,'_self',0,'','','','',0,0,0,'',1,'2018-05-02 10:52:15','2018-05-02 10:52:15','1,2,3'),(168,'',1,0,'','','','13','1','cms',0,1,1,1,7,'',0,'_self',0,'','','','',0,0,0,'',1,'2018-09-03 11:07:23','2018-09-03 11:07:23','1,2,3');

#
# Structure for table "_WCprTUAbtmegamenu_lang"
#

CREATE TABLE `_WCprTUAbtmegamenu_lang` (
  `id_btmegamenu` int(11) NOT NULL,
  `id_lang` int(11) NOT NULL,
  `title` varchar(255) DEFAULT NULL,
  `text` varchar(255) DEFAULT NULL,
  `url` varchar(255) DEFAULT NULL,
  `description` text,
  `content_text` text,
  `submenu_content_text` text,
  PRIMARY KEY (`id_btmegamenu`,`id_lang`)
) ENGINE=InnoDB DEFAULT CHARSET=utf8;

#
# Data for table "_WCprTUAbtmegamenu_lang"
#

INSERT INTO `_WCprTUAbtmegamenu_lang` VALUES (149,1,'Cos\'è Wacù','','','','',NULL),(149,2,'About Wacù','','','','',NULL),(149,3,'Sobre','','','','',NULL),(149,4,'Etwa','','','','',NULL),(149,5,'Propos','','','','',NULL),(149,6,'Cos\'è Wacù','','','','',NULL),(149,7,'Cos\'è Wacù','','','','',NULL),(149,8,'Cos\'è Wacù','','','','',NULL),(152,1,'social','','','','<div id=\"social_block_canvas\" class=\"social-canvas-nav\">\r\n<ul>\r\n<li class=\"facebook\"><a class=\"_blank\" href=\"https://www.facebook.com/wacuthinksmaller/\"><span>{l s=\'Facebook\' mod=\'blocksocial\'}</span> </a></li>\r\n<li class=\"youtube\"><a class=\"_blank\" href=\"https://www.youtube.com/channel/UCZjZqZ0lKRdx3cGV06PDBBw/featured\" rel=\"publisher\"> <span>{l s=\'Youtube\' mod=\'blocksocial\'}</span> </a></li>\r\n<li class=\"instagram\"><a class=\"_blank\" href=\"https://www.instagram.com/wacu.thinksmaller/\"> <span>{l s=\'Instagram\' mod=\'blocksocial\'}</span> </a></li>\r\n</ul>\r\n</div>',NULL),(152,2,'social','','','','<div id=\"social_block_canvas\" class=\"social-canvas-nav\">\r\n<ul>\r\n<li class=\"facebook\"><a class=\"_blank\" href=\"http://www.facebook.com/prestashop\"><span>{l s=\'Facebook\' mod=\'blocksocial\'}</span> </a></li>\r\n<li class=\"google-plus\"><a class=\"_blank\" href=\"https://www.google.com/+prestashop\" rel=\"publisher\"> <span>{l s=\'Google Plus\' mod=\'blocksocial\'}</span> </a></li>\r\n<li class=\"instagram\"><a class=\"_blank\" href=\"https://www.instagram.com/\"> <span>{l s=\'Instagram\' mod=\'blocksocial\'}</span> </a></li>\r\n</ul>\r\n</div>',NULL),(152,3,'social','','','','<div id=\"social_block_canvas\" class=\"social-canvas-nav\">\r\n<ul>\r\n<li class=\"facebook\"><a class=\"_blank\" href=\"http://www.facebook.com/prestashop\"><span>{l s=\'Facebook\' mod=\'blocksocial\'}</span> </a></li>\r\n<li class=\"google-plus\"><a class=\"_blank\" href=\"https://www.google.com/+prestashop\" rel=\"publisher\"> <span>{l s=\'Google Plus\' mod=\'blocksocial\'}</span> </a></li>\r\n<li class=\"instagram\"><a class=\"_blank\" href=\"https://www.instagram.com/\"> <span>{l s=\'Instagram\' mod=\'blocksocial\'}</span> </a></li>\r\n</ul>\r\n</div>',NULL),(152,4,'social','','','','<div id=\"social_block_canvas\" class=\"social-canvas-nav\">\r\n<ul>\r\n<li class=\"facebook\"><a class=\"_blank\" href=\"http://www.facebook.com/prestashop\"><span>{l s=\'Facebook\' mod=\'blocksocial\'}</span> </a></li>\r\n<li class=\"google-plus\"><a class=\"_blank\" href=\"https://www.google.com/+prestashop\" rel=\"publisher\"> <span>{l s=\'Google Plus\' mod=\'blocksocial\'}</span> </a></li>\r\n<li class=\"instagram\"><a class=\"_blank\" href=\"https://www.instagram.com/\"> <span>{l s=\'Instagram\' mod=\'blocksocial\'}</span> </a></li>\r\n</ul>\r\n</div>',NULL),(152,5,'social','','','','<div id=\"social_block_canvas\" class=\"social-canvas-nav\">\r\n<ul>\r\n<li class=\"facebook\"><a class=\"_blank\" href=\"http://www.facebook.com/prestashop\"><span>{l s=\'Facebook\' mod=\'blocksocial\'}</span> </a></li>\r\n<li class=\"google-plus\"><a class=\"_blank\" href=\"https://www.google.com/+prestashop\" rel=\"publisher\"> <span>{l s=\'Google Plus\' mod=\'blocksocial\'}</span> </a></li>\r\n<li class=\"instagram\"><a class=\"_blank\" href=\"https://www.instagram.com/\"> <span>{l s=\'Instagram\' mod=\'blocksocial\'}</span> </a></li>\r\n</ul>\r\n</div>',NULL),(152,6,'social','','','','<div id=\"social_block_canvas\" class=\"social-canvas-nav\">\r\n<ul>\r\n<li class=\"facebook\"><a class=\"_blank\" href=\"https://www.facebook.com/wacuthinksmaller/\"><span>{l s=\'Facebook\' mod=\'blocksocial\'}</span> </a></li>\r\n<li class=\"youtube\"><a class=\"_blank\" href=\"https://www.youtube.com/channel/UCZjZqZ0lKRdx3cGV06PDBBw/featured\" rel=\"publisher\"> <span>{l s=\'Youtube\' mod=\'blocksocial\'}</span> </a></li>\r\n<li class=\"instagram\"><a class=\"_blank\" href=\"https://www.instagram.com/wacu.thinksmaller/\"> <span>{l s=\'Instagram\' mod=\'blocksocial\'}</span> </a></li>\r\n</ul>\r\n</div>',NULL),(152,7,'social','','','','<div id=\"social_block_canvas\" class=\"social-canvas-nav\">\r\n<ul>\r\n<li class=\"facebook\"><a class=\"_blank\" href=\"https://www.facebook.com/wacuthinksmaller/\"><span>{l s=\'Facebook\' mod=\'blocksocial\'}</span> </a></li>\r\n<li class=\"youtube\"><a class=\"_blank\" href=\"https://www.youtube.com/channel/UCZjZqZ0lKRdx3cGV06PDBBw/featured\" rel=\"publisher\"> <span>{l s=\'Youtube\' mod=\'blocksocial\'}</span> </a></li>\r\n<li class=\"instagram\"><a class=\"_blank\" href=\"https://www.instagram.com/wacu.thinksmaller/\"> <span>{l s=\'Instagram\' mod=\'blocksocial\'}</span> </a></li>\r\n</ul>\r\n</div>',NULL),(152,8,'social','','','','<div id=\"social_block_canvas\" class=\"social-canvas-nav\">\r\n<ul>\r\n<li class=\"facebook\"><a class=\"_blank\" href=\"https://www.facebook.com/wacuthinksmaller/\"><span>{l s=\'Facebook\' mod=\'blocksocial\'}</span> </a></li>\r\n<li class=\"youtube\"><a class=\"_blank\" href=\"https://www.youtube.com/channel/UCZjZqZ0lKRdx3cGV06PDBBw/featured\" rel=\"publisher\"> <span>{l s=\'Youtube\' mod=\'blocksocial\'}</span> </a></li>\r\n<li class=\"instagram\"><a class=\"_blank\" href=\"https://www.instagram.com/wacu.thinksmaller/\"> <span>{l s=\'Instagram\' mod=\'blocksocial\'}</span> </a></li>\r\n</ul>\r\n</div>',NULL),(153,1,'Perché Wacù','','','','',NULL),(153,2,'Why Wacù','','','','',NULL),(153,3,'Perché Wacù','','','','',NULL),(153,4,'Perché Wacù','','','','',NULL),(153,5,'Perché Wacù','','','','',NULL),(153,6,'Perché Wacù','','','','',NULL),(153,7,'Perché Wacù','','','','',NULL),(153,8,'Perché Wacù','','','','',NULL),(154,1,'Negozi fisici','','index.php?controller=stores','','',NULL),(154,2,'Stores','','https://www.wacu.it/en/negozi','','',NULL),(154,3,'Dove trovarlo','','index.php?controller=stores','','',NULL),(154,4,'Dove trovarlo','','index.php?controller=stores','','',NULL),(154,5,'Dove trovarlo','','index.php?controller=stores','','',NULL),(154,6,'Dove trovarlo','','index.php?controller=stores','','',NULL),(154,7,'Dove trovarlo','','index.php?controller=stores','','',NULL),(154,8,'Dove trovarlo','','index.php?controller=stores','','',NULL),(155,1,'Contatti','','#contatti','','',NULL),(155,2,'Contacts','','#contatti','','',NULL),(155,3,'Contatti','','#contatti','','',NULL),(155,4,'Contatti','','#contatti','','',NULL),(155,5,'Contatti','','#contatti','','',NULL),(155,6,'Contatti','','#contatti','','',NULL),(155,7,'Contatti','','#contatti','','',NULL),(155,8,'Contatti','','#contatti','','',NULL),(158,1,'Shop','','http://wacu.it/index.php?id_category=13&controller=category&id_lang=1&n=6','','',NULL),(158,2,'Shop','','https://www.wacu.it/en/13-wacu-portable-space-saver?n=6','','',NULL),(158,3,'Store','','http://wacu.it/index.php?id_category=13&controller=category&id_lang=1&n=6','','',NULL),(158,4,'Store','','http://wacu.it/index.php?id_category=13&controller=category&id_lang=1&n=6','','',NULL),(158,5,'Store','','http://wacu.it/index.php?id_category=13&controller=category&id_lang=1&n=6','','',NULL),(158,6,'Store','','http://wacu.it/index.php?id_category=13&controller=category&id_lang=1&n=6','','',NULL),(158,7,'Store','','http://wacu.it/index.php?id_category=13&controller=category&id_lang=1&n=6','','',NULL),(158,8,'Store','','http://wacu.it/index.php?id_category=13&controller=category&id_lang=1&n=6','','',NULL),(163,1,'FAQ','','','','',NULL),(163,2,'FAQ','','','','',NULL),(163,3,'FAQ','','','','',NULL),(163,4,'FAQ','','','','',NULL),(163,5,'FAQ','','','','',NULL),(163,6,'FAQ','','','','',NULL),(163,7,'FAQ','','','','',NULL),(163,8,'FAQ','','','','',NULL),(164,1,'Negozi online','','','','',NULL),(164,2,'Online shops','','','','',NULL),(164,3,'Negozi online','','','','',NULL),(164,4,'Negozi online','','','','',NULL),(164,5,'Negozi online','','','','',NULL),(164,6,'Negozi online','','','','',NULL),(164,7,'Negozi online','','','','',NULL),(164,8,'Negozi online','','','','',NULL),(165,1,'Dove trovarlo','','#retailers','','',NULL),(165,2,'Retailers','','#retailers','','',NULL),(165,3,'Dove trovarlo','','#retailers','','',NULL),(165,4,'Dove trovarlo','','#retailers','','',NULL),(165,5,'Dove trovarlo','','#retailers','','',NULL),(165,6,'Dove trovarlo','','#retailers','','',NULL),(165,7,'Dove trovarlo','','#retailers','','',NULL),(165,8,'Dove trovarlo','','#retailers','','',NULL),(166,1,'Home','','https://www.wacu.it/it/','','',NULL),(166,2,'Home','','https://www.wacu.it/en/','','',NULL),(166,3,'Home','','https://www.wacu.it/it/','','',NULL),(166,4,'Home','','https://www.wacu.it/it/','','',NULL),(166,5,'Home','','https://www.wacu.it/it/','','',NULL),(166,6,'Home','','https://www.wacu.it/it/','','',NULL),(166,7,'Home','','https://www.wacu.it/it/','','',NULL),(166,8,'Home','','https://www.wacu.it/it/','','',NULL),(167,1,'Lavora con noi','','','','',NULL),(167,2,'Work with us','','','','',NULL),(167,3,'Lavora con noi','','','','',NULL),(167,4,'Lavora con noi','','','','',NULL),(167,5,'Lavora con noi','','','','',NULL),(167,6,'Lavora con noi','','','','',NULL),(167,7,'Lavora con noi','','','','',NULL),(167,8,'Lavora con noi','','','','',NULL),(168,1,'Privacy Policy','','','','',NULL),(168,2,'Privacy Policy','','','','',NULL),(168,3,'Privacy Policy','','','','',NULL),(168,4,'Privacy Policy','','','','',NULL),(168,5,'Privacy Policy','','','','',NULL),(168,6,'Privacy Policy','','','','',NULL),(168,7,'Privacy Policy','','','','',NULL),(168,8,'Privacy Policy','','','','',NULL);

#
# Structure for table "_WCprTUAbtmegamenu_shop"
#

CREATE TABLE `_WCprTUAbtmegamenu_shop` (
  `id_btmegamenu` int(11) NOT NULL DEFAULT '0',
  `id_shop` int(11) NOT NULL DEFAULT '0',
  PRIMARY KEY (`id_btmegamenu`,`id_shop`)
) ENGINE=InnoDB DEFAULT CHARSET=utf8;

#
# Data for table "_WCprTUAbtmegamenu_shop"
#

INSERT INTO `_WCprTUAbtmegamenu_shop` VALUES (149,1),(152,1),(153,1),(154,1),(155,1),(158,1),(163,1),(164,1),(165,1),(166,1),(167,1),(168,1);

#
# Structure for table "_WCprTUAcarrier"
#

CREATE TABLE `_WCprTUAcarrier` (
  `id_carrier` int(10) unsigned NOT NULL AUTO_INCREMENT,
  `id_reference` int(10) unsigned NOT NULL,
  `id_tax_rules_group` int(10) unsigned DEFAULT '0',
  `name` varchar(64) NOT NULL,
  `url` varchar(255) DEFAULT NULL,
  `active` tinyint(1) unsigned NOT NULL DEFAULT '0',
  `deleted` tinyint(1) unsigned NOT NULL DEFAULT '0',
  `shipping_handling` tinyint(1) unsigned NOT NULL DEFAULT '1',
  `range_behavior` tinyint(1) unsigned NOT NULL DEFAULT '0',
  `is_module` tinyint(1) unsigned NOT NULL DEFAULT '0',
  `is_free` tinyint(1) unsigned NOT NULL DEFAULT '0',
  `shipping_external` tinyint(1) unsigned NOT NULL DEFAULT '0',
  `need_range` tinyint(1) unsigned NOT NULL DEFAULT '0',
  `external_module_name` varchar(64) DEFAULT NULL,
  `shipping_method` int(2) NOT NULL DEFAULT '0',
  `position` int(10) unsigned NOT NULL DEFAULT '0',
  `max_width` int(10) DEFAULT '0',
  `max_height` int(10) DEFAULT '0',
  `max_depth` int(10) DEFAULT '0',
  `max_weight` decimal(20,6) DEFAULT '0.000000',
  `grade` int(10) DEFAULT '0',
  PRIMARY KEY (`id_carrier`),
  KEY `deleted` (`deleted`,`active`),
  KEY `id_tax_rules_group` (`id_tax_rules_group`),
  KEY `reference` (`id_reference`,`deleted`,`active`)
) ENGINE=InnoDB AUTO_INCREMENT=14 DEFAULT CHARSET=utf8;

#
# Data for table "_WCprTUAcarrier"
#

INSERT INTO `_WCprTUAcarrier` VALUES (1,1,0,'Wacù salvaspazio per valigie e bagagli. Sottovuoto portatile','',0,0,0,0,0,0,0,0,'',1,0,0,0,0,0.000000,0),(2,2,0,'My carrier','',1,1,1,0,0,0,0,0,'',1,1,0,0,0,0.000000,0),(3,2,0,'DHL','',1,1,1,0,0,0,0,0,'',1,1,0,0,0,0.000000,0),(4,2,0,'DHL','',1,1,1,0,0,0,0,0,'',1,1,0,0,0,0.000000,0),(5,2,0,'DHL','',1,1,1,0,0,0,0,0,'',1,1,0,0,0,0.000000,0),(6,2,0,'DHL','',1,1,1,0,0,0,0,0,'',1,1,0,0,0,0.000000,0),(7,2,0,'DHL','',1,1,1,0,0,0,0,0,'',1,1,0,0,0,0.000000,0),(8,2,0,'DHL','',1,1,1,0,0,0,0,0,'',1,1,0,0,0,0.000000,0),(9,2,0,'DHL','',1,1,1,0,0,0,0,0,'',1,1,0,0,0,0.000000,0),(10,2,0,'DHL','',1,1,1,0,0,0,0,0,'',1,1,0,0,0,0.000000,0),(11,2,0,'DHL','',1,1,1,0,0,0,0,0,'',1,1,0,0,0,0.000000,0),(12,2,0,'DHL','',1,1,1,0,0,0,0,0,'',1,1,0,0,0,0.000000,0),(13,2,0,'DHL','',1,0,1,0,0,0,0,0,'',1,1,0,0,0,0.000000,0);

#
# Structure for table "_WCprTUAcarrier_group"
#

CREATE TABLE `_WCprTUAcarrier_group` (
  `id_carrier` int(10) unsigned NOT NULL,
  `id_group` int(10) unsigned NOT NULL,
  PRIMARY KEY (`id_carrier`,`id_group`)
) ENGINE=InnoDB DEFAULT CHARSET=utf8;

#
# Data for table "_WCprTUAcarrier_group"
#

INSERT INTO `_WCprTUAcarrier_group` VALUES (1,1),(1,2),(1,3),(2,1),(2,2),(2,3),(3,1),(3,2),(3,3),(4,1),(4,2),(4,3),(5,1),(5,2),(5,3),(6,1),(6,2),(6,3),(7,1),(7,2),(7,3),(8,1),(8,2),(8,3),(9,1),(9,2),(9,3),(10,1),(10,2),(10,3),(11,1),(11,2),(11,3),(12,1),(12,2),(12,3),(13,1),(13,2),(13,3);

#
# Structure for table "_WCprTUAcarrier_lang"
#

CREATE TABLE `_WCprTUAcarrier_lang` (
  `id_carrier` int(10) unsigned NOT NULL,
  `id_shop` int(11) unsigned NOT NULL DEFAULT '1',
  `id_lang` int(10) unsigned NOT NULL,
  `delay` varchar(512) DEFAULT NULL,
  PRIMARY KEY (`id_lang`,`id_shop`,`id_carrier`)
) ENGINE=InnoDB DEFAULT CHARSET=utf8;

#
# Data for table "_WCprTUAcarrier_lang"
#

INSERT INTO `_WCprTUAcarrier_lang` VALUES (1,1,1,'Ritiro in negozio'),(2,1,1,'Consegna il giorno successivo!'),(3,1,1,'Consegna in 48-72 ore lavorative'),(4,1,1,'Consegna in 48-72 ore lavorative'),(5,1,1,'Consegna in 48-72 ore lavorative'),(6,1,1,'Consegna in 48-72 ore lavorative dalla ricezione del pagamento'),(7,1,1,'Consegna in 48-72 ore lavorative dalla ricezione del pagamento'),(8,1,1,'Consegna in 48-72 ore lavorative dalla ricezione del pagamento'),(9,1,1,'Consegna in 48-72 ore lavorative dalla ricezione del pagamento'),(10,1,1,'Consegna in 48-72 ore lavorative dalla ricezione del pagamento'),(11,1,1,'Consegna in 48-72 ore lavorative dalla ricezione del pagamento'),(12,1,1,'Consegna in 48-72 ore lavorative dalla ricezione del pagamento'),(13,1,1,'Consegna in 48-72 ore lavorative dalla ricezione del pagamento'),(1,1,2,'Ritiro in negozio'),(2,1,2,'Consegna il giorno successivo!'),(3,1,2,'Consegna il giorno successivo!'),(4,1,2,'Consegna il giorno successivo!'),(5,1,2,'Consegna il giorno successivo!'),(6,1,2,'Consegna il giorno successivo!'),(7,1,2,'Shipping in 3-5 days since payment received'),(8,1,2,'Shipping in 3-5 days since payment received'),(9,1,2,'Shipping in 3-5 days since payment received'),(10,1,2,'Shipping in 3-5 days since payment received'),(11,1,2,'Shipping in 3-5 days since payment received'),(12,1,2,'Shipping in 3-5 days since payment received'),(13,1,2,'Shipping in 3-5 days since payment received'),(1,1,3,'Ritiro in negozio'),(2,1,3,'Consegna il giorno successivo!'),(3,1,3,'Consegna il giorno successivo!'),(4,1,3,'Consegna il giorno successivo!'),(5,1,3,'Consegna il giorno successivo!'),(6,1,3,'Consegna il giorno successivo!'),(7,1,3,'Consegna il giorno successivo!'),(8,1,3,'Consegna il giorno successivo!'),(9,1,3,'Consegna il giorno successivo!'),(10,1,3,'Consegna il giorno successivo!'),(11,1,3,'Consegna il giorno successivo!'),(12,1,3,'Consegna il giorno successivo!'),(13,1,3,'Consegna il giorno successivo!'),(1,1,4,'Ritiro in negozio'),(2,1,4,'Consegna il giorno successivo!'),(3,1,4,'Consegna il giorno successivo!'),(4,1,4,'Consegna il giorno successivo!'),(5,1,4,'Consegna il giorno successivo!'),(6,1,4,'Consegna il giorno successivo!'),(7,1,4,'Consegna il giorno successivo!'),(8,1,4,'Consegna il giorno successivo!'),(9,1,4,'Consegna il giorno successivo!'),(10,1,4,'Consegna il giorno successivo!'),(11,1,4,'Consegna il giorno successivo!'),(12,1,4,'Consegna il giorno successivo!'),(13,1,4,'Consegna il giorno successivo!'),(1,1,5,'Ritiro in negozio'),(2,1,5,'Consegna il giorno successivo!'),(3,1,5,'Consegna il giorno successivo!'),(4,1,5,'Consegna il giorno successivo!'),(5,1,5,'Consegna il giorno successivo!'),(6,1,5,'Consegna il giorno successivo!'),(7,1,5,'Consegna il giorno successivo!'),(8,1,5,'Consegna il giorno successivo!'),(9,1,5,'Consegna il giorno successivo!'),(10,1,5,'Consegna il giorno successivo!'),(11,1,5,'Consegna il giorno successivo!'),(12,1,5,'Consegna il giorno successivo!'),(13,1,5,'Consegna il giorno successivo!'),(1,1,6,'Ritiro in negozio'),(2,1,6,'Consegna il giorno successivo!'),(3,1,6,'Consegna in 48-72 ore lavorative'),(4,1,6,'Consegna in 48-72 ore lavorative'),(5,1,6,'Consegna in 48-72 ore lavorative'),(6,1,6,'Consegna in 48-72 ore lavorative'),(7,1,6,'Consegna in 48-72 ore lavorative'),(8,1,6,'Consegna in 48-72 ore lavorative'),(9,1,6,'Consegna in 48-72 ore lavorative'),(10,1,6,'Consegna in 48-72 ore lavorative'),(11,1,6,'Consegna in 48-72 ore lavorative'),(12,1,6,'Consegna in 48-72 ore lavorative'),(13,1,6,'Consegna in 48-72 ore lavorative'),(1,1,7,'Ritiro in negozio'),(2,1,7,'Consegna il giorno successivo!'),(3,1,7,'Consegna in 48-72 ore lavorative'),(4,1,7,'Consegna in 48-72 ore lavorative'),(5,1,7,'Consegna in 48-72 ore lavorative'),(6,1,7,'Consegna in 48-72 ore lavorative'),(7,1,7,'Consegna in 48-72 ore lavorative'),(8,1,7,'Consegna in 48-72 ore lavorative'),(9,1,7,'Consegna in 48-72 ore lavorative'),(10,1,7,'Consegna in 48-72 ore lavorative'),(11,1,7,'Consegna in 48-72 ore lavorative'),(12,1,7,'Consegna in 48-72 ore lavorative'),(13,1,7,'Consegna in 48-72 ore lavorative'),(1,1,8,'Ritiro in negozio'),(2,1,8,'Consegna il giorno successivo!'),(3,1,8,'Consegna in 48-72 ore lavorative'),(4,1,8,'Consegna in 48-72 ore lavorative'),(5,1,8,'Consegna in 48-72 ore lavorative'),(6,1,8,'Consegna in 48-72 ore lavorative'),(7,1,8,'Consegna in 48-72 ore lavorative'),(8,1,8,'Consegna in 48-72 ore lavorative'),(9,1,8,'Consegna in 48-72 ore lavorative'),(10,1,8,'Consegna in 48-72 ore lavorative'),(11,1,8,'Consegna in 48-72 ore lavorative'),(12,1,8,'Consegna in 48-72 ore lavorative'),(13,1,8,'Consegna in 48-72 ore lavorative');

#
# Structure for table "_WCprTUAcarrier_shop"
#

CREATE TABLE `_WCprTUAcarrier_shop` (
  `id_carrier` int(11) unsigned NOT NULL,
  `id_shop` int(11) unsigned NOT NULL,
  PRIMARY KEY (`id_carrier`,`id_shop`),
  KEY `id_shop` (`id_shop`)
) ENGINE=InnoDB DEFAULT CHARSET=utf8;

#
# Data for table "_WCprTUAcarrier_shop"
#

INSERT INTO `_WCprTUAcarrier_shop` VALUES (1,1),(2,1),(3,1),(4,1),(5,1),(6,1),(7,1),(8,1),(9,1),(10,1),(11,1),(12,1),(13,1);

#
# Structure for table "_WCprTUAcarrier_tax_rules_group_shop"
#

CREATE TABLE `_WCprTUAcarrier_tax_rules_group_shop` (
  `id_carrier` int(11) unsigned NOT NULL,
  `id_tax_rules_group` int(11) unsigned NOT NULL,
  `id_shop` int(11) unsigned NOT NULL,
  PRIMARY KEY (`id_carrier`,`id_tax_rules_group`,`id_shop`)
) ENGINE=InnoDB DEFAULT CHARSET=utf8;

#
# Data for table "_WCprTUAcarrier_tax_rules_group_shop"
#

INSERT INTO `_WCprTUAcarrier_tax_rules_group_shop` VALUES (1,1,1),(2,1,1),(3,1,1),(4,1,1),(5,1,1),(6,1,1),(7,1,1),(8,1,1),(9,1,1),(10,1,1),(11,1,1),(12,1,1),(13,0,1);

#
# Structure for table "_WCprTUAcarrier_zone"
#

CREATE TABLE `_WCprTUAcarrier_zone` (
  `id_carrier` int(10) unsigned NOT NULL,
  `id_zone` int(10) unsigned NOT NULL,
  PRIMARY KEY (`id_carrier`,`id_zone`)
) ENGINE=InnoDB DEFAULT CHARSET=utf8;

#
# Data for table "_WCprTUAcarrier_zone"
#

INSERT INTO `_WCprTUAcarrier_zone` VALUES (1,1),(2,1),(2,2),(3,1),(3,2),(3,3),(3,4),(3,5),(3,6),(3,7),(3,8),(4,1),(4,2),(4,3),(4,4),(4,5),(4,6),(4,7),(4,8),(5,1),(5,2),(5,3),(5,4),(5,5),(5,6),(5,7),(5,8),(5,10),(6,1),(6,2),(6,3),(6,4),(6,5),(6,6),(6,7),(6,8),(6,10),(7,1),(7,2),(7,3),(7,4),(7,5),(7,6),(7,7),(7,8),(7,10),(8,1),(8,2),(8,3),(8,4),(8,5),(8,6),(8,7),(8,8),(8,10),(9,1),(9,2),(9,3),(9,4),(9,5),(9,6),(9,7),(9,8),(9,10),(10,1),(10,2),(10,3),(10,4),(10,5),(10,6),(10,7),(10,8),(10,10),(11,1),(11,2),(11,3),(11,4),(11,5),(11,6),(11,7),(11,8),(11,10),(12,1),(12,2),(12,3),(12,4),(12,5),(12,6),(12,7),(12,8),(12,10),(13,1),(13,2),(13,3),(13,4),(13,5),(13,6),(13,7),(13,8),(13,10);

#
# Structure for table "_WCprTUAcart"
#

CREATE TABLE `_WCprTUAcart` (
  `id_cart` int(10) unsigned NOT NULL AUTO_INCREMENT,
  `id_shop_group` int(11) unsigned NOT NULL DEFAULT '1',
  `id_shop` int(11) unsigned NOT NULL DEFAULT '1',
  `id_carrier` int(10) unsigned NOT NULL,
  `delivery_option` text NOT NULL,
  `id_lang` int(10) unsigned NOT NULL,
  `id_address_delivery` int(10) unsigned NOT NULL,
  `id_address_invoice` int(10) unsigned NOT NULL,
  `id_currency` int(10) unsigned NOT NULL,
  `id_customer` int(10) unsigned NOT NULL,
  `id_guest` int(10) unsigned NOT NULL,
  `secure_key` varchar(32) NOT NULL DEFAULT '-1',
  `recyclable` tinyint(1) unsigned NOT NULL DEFAULT '1',
  `gift` tinyint(1) unsigned NOT NULL DEFAULT '0',
  `gift_message` text,
  `mobile_theme` tinyint(1) NOT NULL DEFAULT '0',
  `allow_seperated_package` tinyint(1) unsigned NOT NULL DEFAULT '0',
  `date_add` datetime NOT NULL,
  `date_upd` datetime NOT NULL,
  PRIMARY KEY (`id_cart`),
  KEY `cart_customer` (`id_customer`),
  KEY `id_address_delivery` (`id_address_delivery`),
  KEY `id_address_invoice` (`id_address_invoice`),
  KEY `id_carrier` (`id_carrier`),
  KEY `id_lang` (`id_lang`),
  KEY `id_currency` (`id_currency`),
  KEY `id_guest` (`id_guest`),
  KEY `id_shop_group` (`id_shop_group`),
  KEY `id_shop_2` (`id_shop`,`date_upd`),
  KEY `id_shop` (`id_shop`,`date_add`)
) ENGINE=InnoDB AUTO_INCREMENT=1358 DEFAULT CHARSET=utf8;

#
# Data for table "_WCprTUAcart"
#

INSERT INTO `_WCprTUAcart` VALUES (1,1,1,2,'a:1:{i:3;s:2:\"2,\";}',1,4,4,1,1,1,'b44a6d9efd7a0076a0fbce6b15eaf3b1',0,0,'',0,0,'2018-03-16 17:21:50','2018-03-16 17:21:50'),(2,1,1,2,'a:1:{i:3;s:2:\"2,\";}',1,4,4,1,1,1,'b44a6d9efd7a0076a0fbce6b15eaf3b1',0,0,'',0,0,'2018-03-16 17:21:50','2018-03-16 17:21:50'),(3,1,1,2,'a:1:{i:3;s:2:\"2,\";}',1,4,4,1,1,1,'b44a6d9efd7a0076a0fbce6b15eaf3b1',0,0,'',0,0,'2018-03-16 17:21:50','2018-03-16 17:21:50'),(4,1,1,2,'a:1:{i:3;s:2:\"2,\";}',1,4,4,1,1,1,'b44a6d9efd7a0076a0fbce6b15eaf3b1',0,0,'',0,0,'2018-03-16 17:21:50','2018-03-16 17:21:50'),(5,1,1,2,'a:1:{i:3;s:2:\"2,\";}',1,4,4,1,1,1,'b44a6d9efd7a0076a0fbce6b15eaf3b1',0,0,'',0,0,'2018-03-16 17:21:50','2018-03-16 17:21:50'),(6,1,1,4,'a:1:{i:1;s:2:\"4,\";}',1,1,1,1,1,2,'ec3bc22eb13381ef026cd10e0ab69036',0,0,'',0,0,'2018-03-16 18:48:41','2018-03-22 16:44:20'),(7,1,1,0,'',2,0,0,1,0,9,'',0,0,'',0,0,'2018-03-22 16:36:12','2018-03-22 16:36:26'),(8,1,1,5,'a:1:{i:6;s:2:\"5,\";}',1,6,6,2,1,1,'ec3bc22eb13381ef026cd10e0ab69036',0,0,'',0,0,'2018-03-26 17:26:48','2018-03-30 16:46:50'),(9,1,1,0,'',1,4,4,1,1,0,'ec3bc22eb13381ef026cd10e0ab69036',0,0,'',0,0,'2018-03-28 19:37:09','2018-03-28 19:39:55'),(10,1,1,0,'',1,0,0,1,0,0,'',0,0,'',0,0,'2018-04-04 20:11:23','2018-04-04 22:04:58'),(11,1,1,0,'',1,0,0,1,0,0,'',0,0,'',0,0,'2018-04-04 21:12:45','2018-04-04 22:51:14'),(12,1,1,0,'',1,0,0,1,0,0,'',0,0,'',0,0,'2018-04-05 00:42:45','2018-04-05 00:48:51'),(13,1,1,0,'',1,0,0,1,0,0,'',0,0,'',0,0,'2018-04-05 14:36:10','2018-04-06 09:39:47'),(14,1,1,5,'a:1:{i:8;s:2:\"5,\";}',1,8,8,1,3,0,'d1a5b49d8f84bf16eaaf1a82bc841351',0,0,'',0,0,'2018-04-05 16:05:38','2018-04-09 12:21:19'),(15,1,1,0,'',1,0,0,1,0,0,'',0,0,'',0,0,'2018-04-05 22:42:44','2018-04-06 00:44:02'),(16,1,1,0,'',7,0,0,1,0,0,'',0,0,'',0,0,'2018-04-05 23:57:43','2018-04-06 01:19:00'),(17,1,1,0,'',1,0,0,1,0,0,'',0,0,'',0,0,'2018-04-06 01:14:42','2018-04-06 01:15:37'),(18,1,1,0,'',2,0,0,1,0,0,'',0,0,'',0,0,'2018-04-06 01:30:13','2018-04-06 01:40:28'),(19,1,1,0,'',7,0,0,1,0,0,'',0,0,'',0,0,'2018-04-06 01:58:44','2018-04-06 03:58:26'),(20,1,1,0,'',7,0,0,1,0,0,'',0,0,'',0,0,'2018-04-06 02:39:37','2018-04-06 03:49:15'),(21,1,1,5,'a:1:{i:7;s:2:\"5,\";}',1,7,7,1,4,0,'c530df51366963555090dab89fedfe18',0,0,'',0,0,'2018-04-06 17:36:34','2018-04-06 18:06:57'),(22,1,1,0,'',1,0,0,1,0,0,'',0,0,'',0,0,'2018-04-06 21:14:48','2018-04-06 21:14:48'),(23,1,1,6,'',1,11,11,1,7,0,'ba5be8fea916f34fbc41a6160f7cb6f5',0,0,'',0,0,'2018-04-06 21:54:24','2018-04-10 21:10:36'),(24,1,1,0,'',7,0,0,1,0,0,'',0,0,'',0,0,'2018-04-07 01:08:09','2018-04-07 02:03:11'),(25,1,1,0,'',7,0,0,1,0,0,'',0,0,'',0,0,'2018-04-07 01:36:14','2018-04-07 02:19:11'),(26,1,1,0,'',1,0,0,1,0,0,'',0,0,'',0,0,'2018-04-07 19:35:29','2018-04-08 19:35:43'),(27,1,1,6,'a:1:{i:9;s:2:\"6,\";}',1,9,9,1,5,0,'fba9388c2eceee4f691c89d8c5cdb9f4',0,0,'',0,0,'2018-04-07 20:40:02','2018-04-07 20:41:43'),(28,1,1,6,'',1,0,0,1,0,0,'',0,0,'',0,0,'2018-04-08 19:20:21','2018-04-09 13:44:07'),(29,1,1,0,'',1,0,0,1,0,0,'',0,0,'',0,0,'2018-04-09 09:39:20','2018-04-09 09:39:49'),(30,1,1,6,'',1,0,0,1,0,0,'',0,0,'',0,0,'2018-04-09 13:01:33','2018-04-09 13:02:21'),(31,1,1,6,'',1,8,8,1,3,0,'d1a5b49d8f84bf16eaaf1a82bc841351',0,0,'',0,0,'2018-04-09 13:01:53','2018-04-09 13:01:57'),(32,1,1,6,'',1,0,0,1,0,0,'',0,0,'',0,0,'2018-04-09 13:29:12','2018-04-09 13:29:15'),(33,1,1,0,'',1,0,0,1,0,0,'',0,0,'',0,0,'2018-04-09 14:08:54','2018-04-09 14:09:17'),(34,1,1,6,'',1,8,8,1,3,0,'d1a5b49d8f84bf16eaaf1a82bc841351',0,0,'',0,0,'2018-04-09 16:26:21','2018-04-09 16:26:24'),(35,1,1,6,'a:1:{i:10;s:2:\"6,\";}',1,10,10,1,6,0,'1ad20645fab8175aa90c9788965252ed',0,0,'',0,0,'2018-04-09 16:45:04','2018-04-09 16:58:34'),(36,1,1,6,'',1,8,8,1,3,0,'d1a5b49d8f84bf16eaaf1a82bc841351',0,0,'',0,0,'2018-04-09 17:04:28','2018-04-09 17:04:32'),(37,1,1,6,'',1,8,8,1,3,0,'d1a5b49d8f84bf16eaaf1a82bc841351',0,0,'',0,0,'2018-04-09 17:24:56','2018-04-09 17:25:00'),(38,1,1,6,'',1,0,0,1,0,0,'',0,0,'',0,0,'2018-04-10 12:38:16','2018-04-10 12:44:07'),(39,1,1,6,'',1,7,7,1,4,0,'c530df51366963555090dab89fedfe18',0,0,'',0,0,'2018-04-10 17:54:30','2018-04-10 17:59:00'),(40,1,1,6,'',1,0,0,1,0,0,'',0,0,'',0,0,'2018-04-10 19:32:50','2018-04-10 19:33:11'),(41,1,1,6,'',1,11,11,1,7,0,'ba5be8fea916f34fbc41a6160f7cb6f5',0,0,'',0,0,'2018-04-10 22:01:58','2018-04-10 22:02:01'),(42,1,1,6,'',1,11,11,1,7,0,'ba5be8fea916f34fbc41a6160f7cb6f5',0,0,'',0,0,'2018-04-10 22:26:50','2018-04-10 22:29:24'),(43,1,1,6,'',1,11,11,1,7,0,'ba5be8fea916f34fbc41a6160f7cb6f5',0,0,'',0,0,'2018-04-10 22:40:25','2018-04-10 22:40:29'),(44,1,1,6,'',1,11,11,1,7,0,'ba5be8fea916f34fbc41a6160f7cb6f5',0,0,'',0,0,'2018-04-10 22:52:49','2018-04-10 22:52:51'),(45,1,1,6,'',1,11,11,1,7,0,'ba5be8fea916f34fbc41a6160f7cb6f5',0,0,'',0,0,'2018-04-10 23:02:43','2018-04-10 23:02:47'),(46,1,1,6,'',1,11,11,1,7,0,'ba5be8fea916f34fbc41a6160f7cb6f5',0,0,'',0,0,'2018-04-10 23:06:10','2018-04-10 23:06:12'),(47,1,1,6,'',1,11,11,1,7,0,'ba5be8fea916f34fbc41a6160f7cb6f5',0,0,'',0,0,'2018-04-10 23:18:21','2018-04-10 23:18:25'),(48,1,1,6,'',1,11,11,1,7,0,'ba5be8fea916f34fbc41a6160f7cb6f5',0,0,'',0,0,'2018-04-10 23:26:58','2018-04-10 23:27:13'),(49,1,1,6,'',1,0,0,1,0,0,'',0,0,'',0,0,'2018-04-11 06:29:19','2018-04-11 06:31:19'),(50,1,1,0,'',1,0,0,1,0,0,'',0,0,'',0,0,'2018-04-11 23:00:41','2018-04-11 23:01:25'),(51,1,1,6,'',2,0,0,1,0,0,'',0,0,'',0,0,'2018-04-12 12:39:45','2018-04-12 12:41:10'),(52,1,1,7,'',1,11,11,1,7,0,'ba5be8fea916f34fbc41a6160f7cb6f5',0,0,'',0,0,'2018-04-12 15:02:20','2018-04-12 15:02:23'),(53,1,1,7,'',1,11,11,1,7,0,'ba5be8fea916f34fbc41a6160f7cb6f5',0,0,'',0,0,'2018-04-12 15:18:24','2018-04-12 15:18:27'),(54,1,1,7,'',1,11,11,1,7,0,'ba5be8fea916f34fbc41a6160f7cb6f5',0,0,'',0,0,'2018-04-12 15:23:16','2018-04-12 15:23:18'),(55,1,1,7,'',1,11,11,1,7,0,'ba5be8fea916f34fbc41a6160f7cb6f5',0,0,'',0,0,'2018-04-12 15:57:55','2018-04-12 15:57:59'),(56,1,1,7,'',1,11,11,1,7,0,'ba5be8fea916f34fbc41a6160f7cb6f5',0,0,'',0,0,'2018-04-12 16:12:51','2018-04-12 16:12:54'),(57,1,1,7,'',1,11,11,1,7,0,'ba5be8fea916f34fbc41a6160f7cb6f5',0,0,'',0,0,'2018-04-12 16:17:30','2018-04-12 16:17:48'),(58,1,1,7,'',1,11,11,1,7,0,'ba5be8fea916f34fbc41a6160f7cb6f5',0,0,'',0,0,'2018-04-12 16:53:32','2018-04-12 16:53:34'),(59,1,1,0,'',1,0,0,1,0,0,'',0,0,'',0,0,'2018-04-13 09:25:21','2018-04-13 09:39:37'),(60,1,1,7,'',1,0,0,1,0,0,'',0,0,'',0,0,'2018-04-13 16:43:13','2018-04-13 18:39:45'),(61,1,1,8,'',1,0,0,1,0,0,'',0,0,'',0,0,'2018-04-15 09:37:45','2018-04-15 09:38:48'),(62,1,1,0,'',2,0,0,1,0,0,'',0,0,'',0,0,'2018-04-16 10:50:01','2018-04-25 16:35:55'),(63,1,1,10,'a:1:{i:4;s:3:\"10,\";}',1,4,4,1,1,0,'ec3bc22eb13381ef026cd10e0ab69036',0,0,'',0,0,'2018-04-16 17:35:07','2018-04-28 14:17:42'),(64,1,1,0,'',1,0,0,1,0,0,'',0,0,'',0,0,'2018-04-16 18:20:47','2018-04-16 18:20:47'),(65,1,1,8,'',1,0,0,1,0,0,'',0,0,'',0,0,'2018-04-16 23:34:35','2018-04-16 23:34:36'),(66,1,1,8,'',1,0,0,1,0,0,'',0,0,'',0,0,'2018-04-16 23:34:35','2018-04-16 23:34:36'),(67,1,1,8,'',1,0,0,1,0,0,'',0,0,'',0,0,'2018-04-16 23:34:35','2018-04-16 23:34:36'),(68,1,1,8,'',1,0,0,1,0,0,'',0,0,'',0,0,'2018-04-16 23:34:35','2018-04-16 23:34:36'),(69,1,1,8,'',1,11,11,1,7,0,'ba5be8fea916f34fbc41a6160f7cb6f5',0,0,'',0,0,'2018-04-17 08:40:44','2018-04-17 08:41:54'),(70,1,1,8,'',1,16,16,1,8,0,'cb475a3de965b2a01a5b7b4867fe7458',0,0,'',0,0,'2018-04-18 12:26:44','2018-05-04 16:21:32'),(71,1,1,8,'',1,0,0,2,0,0,'',0,0,'',0,0,'2018-04-18 13:02:50','2018-04-18 13:03:14'),(72,1,1,8,'',1,0,0,1,0,0,'',0,0,'',0,0,'2018-04-18 14:24:51','2018-05-08 10:45:41'),(73,1,1,8,'',1,0,0,1,0,0,'',0,0,'',0,0,'2018-04-18 14:25:29','2018-04-18 14:29:39'),(74,1,1,8,'a:1:{i:12;s:2:\"8,\";}',1,12,12,1,9,0,'1416ca785aed46638f9ee56191e9ba94',0,0,'',0,0,'2018-04-19 10:41:45','2018-04-19 10:44:28'),(75,1,1,0,'',1,0,0,1,0,0,'',0,0,'',0,0,'2018-04-19 13:47:15','2018-04-19 13:48:09'),(76,1,1,8,'',1,0,0,1,0,0,'',0,0,'',0,0,'2018-04-19 13:51:16','2018-04-27 12:32:29'),(77,1,1,0,'',1,0,0,1,0,0,'',0,0,'',0,0,'2018-04-19 18:22:49','2018-04-19 18:22:49'),(78,1,1,0,'',1,0,0,1,0,0,'',0,0,'',0,0,'2018-04-20 19:45:27','2018-04-20 19:52:17'),(79,1,1,8,'a:1:{i:13;s:2:\"8,\";}',1,13,13,1,10,0,'fbc5593baf11ad047ac8bb9b6b002b82',0,0,'',0,0,'2018-04-20 19:58:24','2018-04-20 20:02:23'),(80,1,1,8,'',2,0,0,3,0,0,'',0,0,'',0,0,'2018-04-21 19:05:11','2018-04-21 19:05:12'),(81,1,1,8,'',2,0,0,3,0,0,'',0,0,'',0,0,'2018-04-21 20:20:57','2018-04-21 20:20:59'),(82,1,1,8,'',2,0,0,3,0,0,'',0,0,'',0,0,'2018-04-21 21:36:44','2018-04-21 21:36:46'),(83,1,1,8,'',2,0,0,3,0,0,'',0,0,'',0,0,'2018-04-21 22:52:32','2018-04-21 22:52:34'),(84,1,1,8,'',2,0,0,3,0,0,'',0,0,'',0,0,'2018-04-22 00:08:19','2018-04-22 00:08:21'),(85,1,1,8,'',2,0,0,3,0,0,'',0,0,'',0,0,'2018-04-22 13:16:53','2018-04-22 13:16:54'),(86,1,1,8,'',2,0,0,3,0,0,'',0,0,'',0,0,'2018-04-22 14:32:41','2018-04-22 14:32:42'),(87,1,1,8,'',2,0,0,3,0,0,'',0,0,'',0,0,'2018-04-22 15:48:28','2018-04-22 15:48:29'),(88,1,1,8,'',1,0,0,1,0,0,'',0,0,'',0,0,'2018-04-23 12:29:22','2018-04-23 12:29:28'),(89,1,1,8,'',1,0,0,1,0,0,'',0,0,'',0,0,'2018-04-24 12:31:26','2018-04-24 12:33:37'),(90,1,1,0,'',1,0,0,1,0,0,'',0,0,'',0,0,'2018-04-25 12:41:30','2018-04-25 12:41:30'),(91,1,1,8,'',2,0,0,1,0,0,'',0,0,'',0,0,'2018-04-25 16:27:12','2018-04-25 16:27:25'),(92,1,1,8,'',2,0,0,3,0,0,'',0,0,'',0,0,'2018-04-25 23:57:36','2018-04-25 23:57:52'),(93,1,1,0,'',1,0,0,1,0,0,'',0,0,'',0,0,'2018-04-27 10:10:40','2018-04-27 10:18:51'),(94,1,1,0,'',1,0,0,1,0,0,'',0,0,'',0,0,'2018-04-27 11:35:28','2018-04-27 11:36:15'),(95,1,1,8,'a:1:{i:4;s:2:\"8,\";}',1,4,4,1,1,0,'ec3bc22eb13381ef026cd10e0ab69036',0,0,'',0,0,'2018-04-27 11:52:12','2018-04-30 10:43:32'),(96,1,1,8,'',1,0,0,1,0,0,'',0,0,'',0,0,'2018-04-27 11:59:04','2018-04-27 12:02:53'),(97,1,1,10,'',2,0,0,1,0,0,'',0,0,'',0,0,'2018-04-28 09:27:45','2018-04-28 12:34:19'),(98,1,1,10,'a:1:{i:14;s:3:\"10,\";}',1,14,15,1,11,0,'e978430170e5c936dcaf1cc10d2f131a',0,0,'',0,0,'2018-05-02 10:56:45','2018-05-02 10:58:54'),(99,1,1,10,'a:1:{i:4;s:3:\"10,\";}',1,4,4,1,1,0,'ec3bc22eb13381ef026cd10e0ab69036',0,0,'',0,0,'2018-05-02 11:28:40','2018-05-02 11:30:46'),(100,1,1,0,'',1,0,0,1,0,0,'',0,0,'',0,0,'2018-05-03 00:13:29','2018-05-03 00:13:29'),(101,1,1,10,'',1,0,0,1,0,0,'',0,0,'',0,0,'2018-05-04 11:02:21','2018-05-04 17:09:57'),(102,1,1,11,'a:1:{i:4;s:3:\"11,\";}',1,4,4,1,1,0,'ec3bc22eb13381ef026cd10e0ab69036',0,0,'',0,0,'2018-05-04 16:08:25','2018-05-15 17:30:48'),(103,1,1,0,'',1,16,16,1,8,0,'cb475a3de965b2a01a5b7b4867fe7458',0,0,'',0,0,'2018-05-04 17:36:34','2018-05-16 15:45:30'),(104,1,1,10,'',1,0,0,1,0,0,'',0,0,'',0,0,'2018-05-05 00:18:59','2018-05-05 00:19:02'),(105,1,1,0,'',1,0,0,1,0,0,'',0,0,'',0,0,'2018-05-06 11:16:14','2018-05-06 11:16:14'),(106,1,1,0,'',1,0,0,2,0,0,'',0,0,'',0,0,'2018-05-06 12:43:07','2018-05-06 12:43:07'),(107,1,1,10,'',2,0,0,3,0,0,'',0,0,'',0,0,'2018-05-07 08:20:19','2018-05-07 08:20:20'),(108,1,1,10,'',1,0,0,1,0,0,'',0,0,'',0,0,'2018-05-07 20:11:53','2018-05-07 20:11:54'),(109,1,1,10,'',1,0,0,1,0,0,'',0,0,'',0,0,'2018-05-07 20:12:02','2018-05-07 20:12:03'),(110,1,1,10,'',1,0,0,1,0,0,'',0,0,'',0,0,'2018-05-07 20:12:15','2018-05-07 20:12:16'),(111,1,1,10,'',1,0,0,1,0,0,'',0,0,'',0,0,'2018-05-07 20:12:24','2018-05-07 20:12:25'),(112,1,1,11,'',2,0,0,1,0,0,'',0,0,'',0,0,'2018-05-08 12:36:26','2018-05-10 18:45:59'),(113,1,1,0,'',1,0,0,1,0,0,'',0,0,'',0,0,'2018-05-09 11:28:30','2018-05-09 11:28:55'),(114,1,1,0,'',1,0,0,1,0,0,'',0,0,'',0,0,'2018-05-09 14:12:12','2018-05-09 14:12:12'),(115,1,1,11,'',2,0,0,1,0,0,'',0,0,'',0,0,'2018-05-10 11:58:25','2018-05-10 12:00:03'),(116,1,1,0,'',2,0,0,3,0,0,'',0,0,'',0,0,'2018-05-10 21:07:11','2018-05-10 22:05:40'),(117,1,1,11,'',2,17,17,1,12,0,'b1e8337a8b5e2f4f2b9609842d37701d',0,0,'',0,0,'2018-05-12 11:41:20','2018-05-12 11:53:42'),(118,1,1,0,'',1,0,0,1,0,0,'',0,0,'',0,0,'2018-05-12 19:40:23','2018-05-12 19:40:23'),(119,1,1,11,'',1,0,0,1,0,0,'',0,0,'',0,0,'2018-05-12 20:01:07','2018-06-05 16:58:40'),(120,1,1,13,'',1,0,0,1,0,0,'',0,0,'',0,0,'2018-05-15 10:07:20','2018-06-03 18:00:49'),(121,1,1,0,'',2,0,0,1,0,0,'',0,0,'',0,0,'2018-05-15 11:41:11','2018-05-15 11:41:11'),(122,1,1,11,'',1,0,0,1,0,0,'',0,0,'',0,0,'2018-05-15 14:27:17','2018-06-01 11:28:38'),(123,1,1,11,'',1,0,0,1,0,0,'',0,0,'',0,0,'2018-05-15 21:12:00','2018-05-15 21:12:04'),(124,1,1,11,'',1,0,0,1,0,0,'',0,0,'',0,0,'2018-05-16 22:45:28','2018-05-16 22:45:29'),(125,1,1,11,'',1,0,0,1,0,0,'',0,0,'',0,0,'2018-05-16 22:45:28','2018-05-16 22:45:29'),(126,1,1,11,'',1,0,0,1,0,0,'',0,0,'',0,0,'2018-05-16 22:45:28','2018-05-16 22:45:43'),(127,1,1,11,'',1,0,0,1,0,0,'',0,0,'',0,0,'2018-05-16 22:45:29','2018-05-16 22:45:29'),(128,1,1,11,'',1,0,0,1,0,0,'',0,0,'',0,0,'2018-05-16 22:45:33','2018-05-16 22:45:34'),(129,1,1,11,'',1,0,0,1,0,0,'',0,0,'',0,0,'2018-05-16 22:45:33','2018-05-16 22:45:34'),(130,1,1,11,'',1,0,0,1,0,0,'',0,0,'',0,0,'2018-05-16 22:45:33','2018-05-16 22:45:34'),(131,1,1,11,'',1,0,0,1,0,0,'',0,0,'',0,0,'2018-05-16 22:45:33','2018-05-16 22:45:34'),(132,1,1,11,'',1,0,0,1,0,0,'',0,0,'',0,0,'2018-05-16 22:45:43','2018-05-16 22:45:44'),(133,1,1,11,'',1,0,0,1,0,0,'',0,0,'',0,0,'2018-05-16 22:45:44','2018-05-16 22:45:44'),(134,1,1,11,'',1,0,0,1,0,0,'',0,0,'',0,0,'2018-05-16 22:45:44','2018-05-16 22:45:45'),(135,1,1,0,'',1,0,0,1,0,0,'',0,0,'',0,0,'2018-05-17 16:08:57','2018-05-17 16:16:21'),(136,1,1,11,'',1,0,0,1,0,0,'',0,0,'',0,0,'2018-05-17 17:13:39','2018-06-05 19:01:23'),(137,1,1,11,'a:1:{i:18;s:3:\"11,\";}',1,18,18,1,13,0,'c31813588e386f91f6e1cf63f1bf0413',0,0,'',0,0,'2018-05-18 07:14:20','2018-05-18 07:18:37'),(138,1,1,11,'',1,0,0,1,0,0,'',0,0,'',0,0,'2018-05-18 15:35:56','2018-05-18 15:47:14'),(139,1,1,11,'',2,0,0,3,0,0,'',0,0,'',0,0,'2018-05-20 12:03:14','2018-05-20 12:03:16'),(140,1,1,11,'',2,0,0,3,0,0,'',0,0,'',0,0,'2018-05-20 13:19:04','2018-05-20 13:19:06'),(141,1,1,11,'',2,0,0,1,0,0,'',0,0,'',0,0,'2018-05-23 00:35:56','2018-05-23 00:35:59'),(142,1,1,11,'',2,0,0,1,0,0,'',0,0,'',0,0,'2018-05-23 02:24:25','2018-05-23 02:27:26'),(143,1,1,0,'',1,0,0,1,0,0,'',0,0,'',0,0,'2018-05-23 08:10:40','2018-05-23 08:10:40'),(144,1,1,11,'',2,0,0,3,0,0,'',0,0,'',0,0,'2018-05-24 08:25:40','2018-05-24 08:25:41'),(145,1,1,11,'',2,0,0,3,0,0,'',0,0,'',0,0,'2018-05-24 08:41:19','2018-05-24 08:41:20'),(146,1,1,11,'',2,0,0,3,0,0,'',0,0,'',0,0,'2018-05-24 09:27:18','2018-05-24 09:27:19'),(147,1,1,11,'',2,4,4,1,1,1,'ec3bc22eb13381ef026cd10e0ab69036',0,0,'',0,0,'2018-05-24 17:30:37','2018-05-24 17:31:26'),(148,1,1,11,'',1,4,4,1,1,1,'ec3bc22eb13381ef026cd10e0ab69036',0,0,'',0,0,'2018-05-24 17:51:51','2018-05-24 17:51:53'),(149,1,1,11,'',1,4,4,1,1,1,'ec3bc22eb13381ef026cd10e0ab69036',0,0,'',0,0,'2018-05-25 09:35:27','2018-05-25 09:35:32'),(150,1,1,11,'',1,4,4,1,1,1,'ec3bc22eb13381ef026cd10e0ab69036',0,0,'',0,0,'2018-05-25 15:26:38','2018-05-25 15:26:41'),(151,1,1,11,'',1,4,4,1,1,1,'ec3bc22eb13381ef026cd10e0ab69036',0,0,'',0,0,'2018-05-25 15:28:24','2018-05-25 15:28:37'),(152,1,1,11,'',2,0,0,3,0,0,'',0,0,'',0,0,'2018-05-27 08:47:02','2018-05-27 08:47:03'),(153,1,1,11,'',2,0,0,3,0,0,'',0,0,'',0,0,'2018-05-27 09:02:21','2018-05-27 09:02:22'),(154,1,1,11,'a:1:{i:19;s:3:\"11,\";}',1,19,19,1,14,0,'f137629815345df5d0ce3d60b3094525',0,0,'',0,0,'2018-05-27 17:17:59','2018-05-27 17:25:04'),(155,1,1,13,'',1,4,4,1,1,1,'ec3bc22eb13381ef026cd10e0ab69036',0,0,'',0,0,'2018-05-28 09:53:05','2018-05-28 09:53:08'),(156,1,1,13,'',1,20,20,1,2,0,'8751e0c76517ddfc90d9510e3a37d36b',0,0,'',0,0,'2018-05-28 09:55:39','2018-05-28 09:57:14'),(157,1,1,13,'',1,20,20,1,2,0,'8751e0c76517ddfc90d9510e3a37d36b',0,0,'',0,0,'2018-05-28 10:03:25','2018-05-28 10:03:27'),(158,1,1,13,'',1,20,20,1,2,0,'8751e0c76517ddfc90d9510e3a37d36b',0,0,'',0,0,'2018-05-28 10:04:31','2018-05-28 16:00:18'),(159,1,1,13,'',1,20,20,1,2,0,'8751e0c76517ddfc90d9510e3a37d36b',0,0,'',0,0,'2018-05-28 16:02:57','2018-05-28 16:03:02'),(160,1,1,13,'a:1:{i:20;s:3:\"13,\";}',1,20,20,1,2,0,'8751e0c76517ddfc90d9510e3a37d36b',0,0,'',0,0,'2018-05-28 16:11:01','2018-05-28 16:11:30'),(161,1,1,13,'',1,20,20,1,2,0,'8751e0c76517ddfc90d9510e3a37d36b',0,0,'',0,0,'2018-05-28 16:13:16','2018-05-28 16:13:20'),(162,1,1,0,'',1,0,0,1,0,0,'',0,0,'',0,0,'2018-05-28 23:58:35','2018-05-28 23:58:35'),(163,1,1,0,'',1,0,0,1,0,0,'',0,0,'',0,0,'2018-05-29 09:58:17','2018-05-29 09:59:46'),(164,1,1,0,'',1,0,0,1,0,0,'',0,0,'',0,0,'2018-05-29 11:01:54','2018-05-29 11:01:54'),(165,1,1,13,'',2,0,0,3,0,0,'',0,0,'',0,0,'2018-05-29 18:18:25','2018-05-29 18:18:26'),(166,1,1,13,'',2,0,0,3,0,0,'',0,0,'',0,0,'2018-05-29 18:28:23','2018-05-29 18:28:24'),(167,1,1,13,'',1,0,0,1,0,0,'',0,0,'',0,0,'2018-05-30 09:50:46','2018-05-30 09:50:56'),(168,1,1,13,'',1,0,0,1,0,0,'',0,0,'',0,0,'2018-05-30 13:01:25','2018-05-30 13:01:26'),(169,1,1,13,'',1,0,0,1,0,0,'',0,0,'',0,0,'2018-05-30 13:01:45','2018-05-30 13:01:46'),(170,1,1,0,'',1,0,0,1,0,0,'',0,0,'',0,0,'2018-05-31 22:33:31','2018-05-31 22:33:31'),(171,1,1,0,'',2,0,0,1,0,0,'',0,0,'',0,0,'2018-06-01 09:11:23','2018-06-01 09:16:59'),(172,1,1,13,'',2,0,0,3,0,0,'',0,0,'',0,0,'2018-06-01 11:10:56','2018-06-01 11:10:57'),(173,1,1,13,'',2,0,0,3,0,0,'',0,0,'',0,0,'2018-06-01 13:00:56','2018-06-01 13:00:56'),(174,1,1,13,'',2,0,0,3,0,0,'',0,0,'',0,0,'2018-06-01 13:10:16','2018-06-01 13:10:17'),(175,1,1,13,'',2,0,0,3,0,0,'',0,0,'',0,0,'2018-06-01 16:40:18','2018-06-01 16:41:36'),(176,1,1,0,'',2,0,0,4,0,0,'',0,0,'',0,0,'2018-06-01 17:51:11','2018-06-01 17:51:11'),(177,1,1,13,'',2,0,0,3,0,0,'',0,0,'',0,0,'2018-06-02 10:40:21','2018-06-02 10:40:22'),(178,1,1,13,'',2,0,0,3,0,0,'',0,0,'',0,0,'2018-06-02 10:40:25','2018-06-02 10:40:25'),(179,1,1,13,'',2,0,0,3,0,0,'',0,0,'',0,0,'2018-06-02 10:40:28','2018-06-02 10:40:29'),(180,1,1,13,'',2,0,0,3,0,0,'',0,0,'',0,0,'2018-06-02 10:40:31','2018-06-02 10:40:32'),(181,1,1,13,'a:1:{i:21;s:3:\"13,\";}',1,21,21,1,15,0,'4f1fadc0f0c8bdab83d5bb0cece7e7a2',0,0,'',0,0,'2018-06-02 16:09:10','2018-06-02 16:12:49'),(182,1,1,13,'',2,0,0,1,0,0,'',0,0,'',0,0,'2018-06-02 19:43:45','2018-06-12 21:42:34'),(183,1,1,13,'',2,0,0,3,0,0,'',0,0,'',0,0,'2018-06-04 07:17:58','2018-06-04 07:20:30'),(184,1,1,0,'',1,0,0,4,0,0,'',0,0,'',0,0,'2018-06-04 07:51:55','2018-06-04 07:51:55'),(185,1,1,0,'',1,0,0,1,0,0,'',0,0,'',0,0,'2018-06-04 09:46:21','2018-06-04 10:38:51'),(186,1,1,0,'',1,0,0,1,0,0,'',0,0,'',0,0,'2018-06-04 13:27:58','2018-06-04 13:27:58'),(187,1,1,13,'',1,20,20,1,2,0,'8751e0c76517ddfc90d9510e3a37d36b',0,0,'',0,0,'2018-06-04 16:43:33','2018-06-04 16:43:41'),(188,1,1,0,'',1,0,0,3,0,0,'',0,0,'',0,0,'2018-06-05 00:36:58','2018-06-05 01:00:47'),(189,1,1,13,'',1,20,20,1,2,0,'8751e0c76517ddfc90d9510e3a37d36b',0,0,'',0,0,'2018-06-05 09:04:32','2018-06-05 09:04:35'),(190,1,1,13,'',1,20,20,1,2,0,'8751e0c76517ddfc90d9510e3a37d36b',0,0,'',0,0,'2018-06-05 09:05:59','2018-06-05 09:06:01'),(191,1,1,13,'',1,0,0,1,0,0,'',0,0,'',0,0,'2018-06-07 10:34:31','2018-06-09 10:38:33'),(192,1,1,13,'',2,0,0,3,0,0,'',0,0,'',0,0,'2018-06-09 18:59:35','2018-06-09 18:59:36'),(193,1,1,0,'',1,0,0,1,0,0,'',0,0,'',0,0,'2018-06-10 00:17:16','2018-06-10 00:17:16'),(194,1,1,13,'',1,0,0,1,0,0,'',0,0,'',0,0,'2018-06-11 04:59:14','2018-06-11 04:59:41'),(195,1,1,13,'',2,0,0,3,0,0,'',0,0,'',0,0,'2018-06-11 10:56:07','2018-06-11 10:56:07'),(196,1,1,13,'',2,0,0,3,0,0,'',0,0,'',0,0,'2018-06-11 10:56:34','2018-06-11 10:56:34'),(197,1,1,0,'',1,0,0,1,0,0,'',0,0,'',0,0,'2018-06-11 12:12:23','2018-06-11 12:12:24'),(198,1,1,0,'',2,0,0,3,0,0,'',0,0,'',0,0,'2018-06-12 02:37:42','2018-06-12 02:37:42'),(199,1,1,13,'',1,20,20,1,2,0,'8751e0c76517ddfc90d9510e3a37d36b',0,0,'',0,0,'2018-06-13 11:02:48','2018-06-13 11:02:54'),(200,1,1,13,'',1,20,20,1,2,0,'8751e0c76517ddfc90d9510e3a37d36b',0,0,'',0,0,'2018-06-13 11:20:27','2018-06-13 11:20:37'),(201,1,1,13,'',1,20,20,1,2,0,'8751e0c76517ddfc90d9510e3a37d36b',0,0,'',0,0,'2018-06-13 11:38:37','2018-06-13 11:38:42'),(202,1,1,13,'a:1:{i:22;s:3:\"13,\";}',1,22,22,1,16,0,'728963fd871363a988ec88a5633acb73',0,0,'',0,0,'2018-06-13 12:40:55','2018-06-13 12:41:52'),(203,1,1,13,'',1,23,23,1,17,0,'6abe877d2398cc70994d4747f953c76c',0,0,'',0,0,'2018-06-13 12:44:41','2018-06-13 12:45:06'),(204,1,1,13,'',1,23,23,1,17,0,'6abe877d2398cc70994d4747f953c76c',0,0,'',0,0,'2018-06-13 12:46:53','2018-06-13 12:46:56'),(205,1,1,13,'',1,23,23,1,17,0,'6abe877d2398cc70994d4747f953c76c',0,0,'',0,0,'2018-06-13 12:53:08','2018-06-13 12:53:11'),(206,1,1,0,'',2,0,0,3,0,0,'',0,0,'',0,0,'2018-06-13 23:50:32','2018-06-13 23:50:32'),(207,1,1,13,'',1,0,0,1,0,0,'',0,0,'',0,0,'2018-06-14 08:49:13','2018-06-14 08:49:20'),(208,1,1,13,'',2,0,0,3,0,0,'',0,0,'',0,0,'2018-06-14 18:11:02','2018-06-14 18:11:03'),(209,1,1,13,'',2,0,0,3,0,0,'',0,0,'',0,0,'2018-06-14 18:11:13','2018-06-14 18:11:13'),(210,1,1,13,'',2,0,0,3,0,0,'',0,0,'',0,0,'2018-06-14 18:11:15','2018-06-14 18:11:16'),(211,1,1,13,'',2,0,0,3,0,0,'',0,0,'',0,0,'2018-06-14 18:11:22','2018-06-14 18:11:23'),(212,1,1,0,'',1,0,0,4,0,0,'',0,0,'',0,0,'2018-06-16 12:51:38','2018-06-16 12:53:14'),(213,1,1,13,'',2,0,0,3,0,0,'',0,0,'',0,0,'2018-06-16 14:04:07','2018-06-16 14:04:09'),(214,1,1,0,'',1,0,0,1,0,0,'',0,0,'',0,0,'2018-06-18 00:40:27','2018-06-18 00:40:47'),(215,1,1,13,'',2,0,0,3,0,0,'',0,0,'',0,0,'2018-06-18 14:59:33','2018-06-18 14:59:34'),(216,1,1,13,'',2,0,0,3,0,0,'',0,0,'',0,0,'2018-06-19 22:05:58','2018-06-19 22:05:59'),(217,1,1,0,'',1,0,0,1,0,0,'',0,0,'',0,0,'2018-06-20 10:34:00','2018-06-20 10:34:08'),(218,1,1,13,'',2,0,0,3,0,0,'',0,0,'',0,0,'2018-06-20 13:00:16','2018-06-20 13:00:17'),(219,1,1,0,'',1,0,0,1,0,0,'',0,0,'',0,0,'2018-06-20 19:09:37','2018-06-20 19:09:37'),(220,1,1,13,'',1,0,0,1,0,0,'',0,0,'',0,0,'2018-06-21 00:27:31','2018-06-21 00:27:32'),(221,1,1,13,'',1,0,0,1,0,0,'',0,0,'',0,0,'2018-06-21 00:27:31','2018-06-21 00:27:32'),(222,1,1,13,'',1,0,0,1,0,0,'',0,0,'',0,0,'2018-06-21 00:27:32','2018-06-21 00:27:33'),(223,1,1,13,'',1,0,0,1,0,0,'',0,0,'',0,0,'2018-06-21 00:27:32','2018-06-21 00:27:33'),(224,1,1,13,'',2,0,0,3,0,0,'',0,0,'',0,0,'2018-06-21 11:26:33','2018-06-21 11:26:34'),(225,1,1,13,'',2,0,0,3,0,0,'',0,0,'',0,0,'2018-06-21 14:09:31','2018-06-21 14:09:32'),(226,1,1,13,'',2,0,0,3,0,0,'',0,0,'',0,0,'2018-06-21 17:58:14','2018-06-21 17:58:15'),(227,1,1,13,'',2,0,0,3,0,0,'',0,0,'',0,0,'2018-06-21 18:19:52','2018-06-21 18:19:54'),(228,1,1,13,'a:1:{i:24;s:3:\"13,\";}',1,24,24,1,18,0,'f3f7b48c8e0dc78f7a76e40539583351',0,0,'',0,0,'2018-06-22 00:17:13','2018-06-22 00:42:04'),(229,1,1,13,'',2,0,0,3,0,0,'',0,0,'',0,0,'2018-06-22 01:20:42','2018-06-22 01:20:44'),(230,1,1,13,'',1,0,0,3,0,0,'',0,0,'',0,0,'2018-06-23 01:37:06','2018-06-23 02:05:21'),(231,1,1,13,'',1,0,0,1,0,0,'',0,0,'',0,0,'2018-06-23 09:46:14','2018-06-23 09:46:15'),(232,1,1,13,'',1,0,0,1,0,0,'',0,0,'',0,0,'2018-06-23 09:46:14','2018-06-23 09:46:15'),(233,1,1,13,'',2,0,0,1,0,0,'',0,0,'',0,0,'2018-06-25 11:04:13','2018-06-25 11:04:17'),(234,1,1,0,'',1,0,0,1,0,0,'',0,0,'',0,0,'2018-06-25 15:54:03','2018-06-25 15:54:03'),(235,1,1,13,'',2,0,0,3,0,0,'',0,0,'',0,0,'2018-06-26 03:51:46','2018-06-26 03:51:47'),(236,1,1,13,'',2,0,0,1,0,0,'',0,0,'',0,0,'2018-06-26 09:47:42','2018-06-26 09:47:46'),(237,1,1,0,'',1,0,0,1,0,0,'',0,0,'',0,0,'2018-06-26 19:14:41','2018-06-26 19:14:41'),(238,1,1,0,'',1,0,0,1,0,0,'',0,0,'',0,0,'2018-06-27 18:27:56','2018-06-27 18:27:56'),(239,1,1,13,'',2,0,0,3,0,0,'',0,0,'',0,0,'2018-06-27 20:14:05','2018-06-27 20:14:06'),(240,1,1,13,'',2,0,0,3,0,0,'',0,0,'',0,0,'2018-06-27 21:02:41','2018-06-27 21:02:42'),(241,1,1,13,'',2,0,0,3,0,0,'',0,0,'',0,0,'2018-06-27 21:09:13','2018-06-27 21:09:13'),(242,1,1,13,'a:1:{i:25;s:3:\"13,\";}',1,25,25,1,19,0,'dc1cb65fe0067869b9c13186a16c665b',0,0,'',0,0,'2018-06-28 14:58:23','2018-07-11 17:05:42'),(243,1,1,13,'',1,0,0,1,0,0,'',0,0,'',0,0,'2018-06-28 16:40:55','2018-07-26 11:59:40'),(244,1,1,0,'',1,0,0,1,0,0,'',0,0,'',0,0,'2018-07-01 00:50:09','2018-07-01 00:50:09'),(245,1,1,0,'',2,0,0,1,0,0,'',0,0,'',0,0,'2018-07-02 07:57:02','2018-07-02 07:57:02'),(246,1,1,0,'',2,0,0,1,0,0,'',0,0,'',0,0,'2018-07-02 10:50:54','2018-07-02 10:50:54'),(247,1,1,0,'',2,0,0,1,0,0,'',0,0,'',0,0,'2018-07-02 10:51:13','2018-07-02 10:51:13'),(248,1,1,13,'',2,0,0,3,0,0,'',0,0,'',0,0,'2018-07-03 06:45:47','2018-07-03 06:46:24'),(249,1,1,13,'',2,0,0,3,0,0,'',0,0,'',0,0,'2018-07-05 09:08:07','2018-07-05 09:08:13'),(250,1,1,13,'',2,0,0,3,0,0,'',0,0,'',0,0,'2018-07-06 13:50:20','2018-07-06 13:51:40'),(251,1,1,0,'',1,0,0,1,0,0,'',0,0,'',0,0,'2018-07-06 16:47:25','2018-07-06 16:47:34'),(252,1,1,13,'',1,20,20,1,2,0,'8751e0c76517ddfc90d9510e3a37d36b',0,0,'',0,0,'2018-07-06 17:29:26','2018-08-02 15:10:20'),(253,1,1,13,'',1,0,0,1,0,0,'',0,0,'',0,0,'2018-07-07 02:33:58','2018-07-07 02:33:59'),(254,1,1,13,'',1,0,0,1,0,0,'',0,0,'',0,0,'2018-07-07 09:29:30','2018-07-07 09:29:34'),(255,1,1,13,'a:1:{i:59;s:3:\"13,\";}',1,59,59,1,49,0,'05782a803ff2944ed78df61a65705636',0,0,'',0,0,'2018-07-09 08:56:36','2018-07-21 09:29:48'),(256,1,1,13,'',1,0,0,1,0,0,'',0,0,'',0,0,'2018-07-09 13:53:10','2018-07-09 13:53:29'),(257,1,1,0,'',1,0,0,1,0,0,'',0,0,'',0,0,'2018-07-09 14:37:39','2018-07-09 14:37:39'),(258,1,1,0,'',1,0,0,1,0,0,'',0,0,'',0,0,'2018-07-09 16:18:06','2018-07-09 16:18:32'),(259,1,1,13,'a:1:{i:26;s:3:\"13,\";}',1,26,26,1,21,0,'4e933b11c2b5912a8e58565ea1f0ee7e',0,0,'',0,0,'2018-07-09 16:27:46','2018-07-09 16:33:45'),(260,1,1,13,'a:1:{i:26;s:3:\"13,\";}',2,26,26,1,21,0,'4e933b11c2b5912a8e58565ea1f0ee7e',0,0,'',0,0,'2018-07-09 16:48:36','2018-07-10 14:13:24'),(261,1,1,13,'',2,0,0,1,0,0,'',0,0,'',0,0,'2018-07-09 21:09:35','2018-07-09 21:12:22'),(262,1,1,13,'',1,0,0,1,0,0,'',0,0,'',0,0,'2018-07-09 21:38:58','2018-09-05 21:57:38'),(263,1,1,0,'',1,0,0,1,0,0,'',0,0,'',0,0,'2018-07-10 08:38:37','2018-07-10 08:38:37'),(264,1,1,13,'a:1:{i:27;s:3:\"13,\";}',1,27,27,1,22,0,'414ed8a3adc8192c730ad03a19525452',0,0,'',0,0,'2018-07-10 12:51:55','2018-07-10 12:57:00'),(265,1,1,13,'a:1:{i:30;s:3:\"13,\";}',1,30,30,1,24,0,'39d22e9a5be2ee4643612dd7a9ff34bb',0,0,'',0,0,'2018-07-10 13:48:16','2018-07-12 19:14:10'),(266,1,1,13,'',1,0,0,1,0,0,'',0,0,'',0,0,'2018-07-10 21:15:58','2018-07-10 21:16:10'),(267,1,1,13,'a:1:{i:28;s:3:\"13,\";}',1,28,28,1,23,0,'8f20c862bec83a7d94a26f7e957c7b26',0,0,'',0,0,'2018-07-10 22:11:49','2018-07-10 22:14:12'),(268,1,1,13,'',1,0,0,1,0,0,'',0,0,'',0,0,'2018-07-10 22:13:52','2018-07-10 22:18:02'),(269,1,1,0,'',2,0,0,1,0,0,'',0,0,'',0,0,'2018-07-10 22:23:53','2018-07-10 22:24:40'),(270,1,1,13,'',1,0,0,1,0,0,'',0,0,'',0,0,'2018-07-11 05:05:36','2018-07-11 05:06:01'),(271,1,1,13,'a:1:{i:28;s:3:\"13,\";}',1,29,29,1,23,0,'8f20c862bec83a7d94a26f7e957c7b26',0,0,'',0,0,'2018-07-11 09:32:43','2018-07-11 09:34:25'),(272,1,1,0,'',1,27,27,1,22,0,'414ed8a3adc8192c730ad03a19525452',0,0,'',0,0,'2018-07-11 11:57:49','2018-07-11 11:57:49'),(273,1,1,13,'',1,0,0,1,0,0,'',0,0,'',0,0,'2018-07-11 15:44:26','2018-07-26 12:23:43'),(274,1,1,0,'',1,0,0,1,0,0,'',0,0,'',0,0,'2018-07-11 16:33:11','2018-07-11 16:33:52'),(275,1,1,0,'',1,0,0,1,0,0,'',0,0,'',0,0,'2018-07-11 16:47:40','2018-07-11 16:47:40'),(276,1,1,0,'',1,0,0,1,0,0,'',0,0,'',0,0,'2018-07-11 16:50:24','2018-07-13 14:20:01'),(277,1,1,13,'',1,0,0,1,0,0,'',0,0,'',0,0,'2018-07-11 17:19:18','2018-07-12 16:31:32'),(278,1,1,13,'',2,0,0,1,0,0,'',0,0,'',0,0,'2018-07-11 19:55:41','2018-07-17 15:44:04'),(279,1,1,0,'',1,32,32,1,26,0,'1acf38cc7ae0c8e8867178297e1f3154',0,0,'',0,0,'2018-07-11 22:16:32','2018-07-12 17:53:43'),(280,1,1,13,'',1,30,30,1,24,0,'39d22e9a5be2ee4643612dd7a9ff34bb',0,0,'',0,0,'2018-07-11 22:44:01','2018-07-13 00:03:08'),(281,1,1,13,'a:1:{i:32;s:3:\"13,\";}',1,32,32,1,26,0,'1acf38cc7ae0c8e8867178297e1f3154',0,0,'',0,0,'2018-07-12 01:36:43','2018-07-12 01:41:33'),(282,1,1,13,'',2,0,0,1,0,0,'',0,0,'',0,0,'2018-07-12 09:30:26','2018-07-12 09:30:31'),(283,1,1,13,'',1,0,0,1,0,0,'',0,0,'',0,0,'2018-07-12 10:02:43','2018-07-12 10:02:43'),(284,1,1,13,'',1,0,0,1,0,0,'',0,0,'',0,0,'2018-07-12 10:43:26','2018-07-12 10:43:31'),(285,1,1,0,'',1,0,0,1,0,0,'',0,0,'',0,0,'2018-07-12 11:14:17','2018-07-12 11:16:03'),(286,1,1,13,'',1,0,0,1,0,0,'',0,0,'',0,0,'2018-07-12 11:29:30','2018-07-12 11:29:50'),(287,1,1,13,'',1,0,0,1,0,0,'',0,0,'',0,0,'2018-07-12 14:05:20','2018-07-12 14:05:25'),(288,1,1,13,'a:1:{i:33;s:3:\"13,\";}',1,33,33,1,27,0,'0f647b2037d6e90d8e1199e52e5d8be0',0,0,'',0,0,'2018-07-12 16:19:14','2018-07-12 16:35:19'),(289,1,1,13,'a:1:{i:42;s:3:\"13,\";}',1,42,42,1,35,0,'b298eb4881adcc5a7304fcff39fa7188',0,0,'',0,0,'2018-07-12 19:38:18','2018-07-17 12:57:04'),(290,1,1,0,'',1,0,0,1,0,0,'',0,0,'',0,0,'2018-07-12 20:45:24','2018-07-12 20:45:24'),(291,1,1,0,'',1,0,0,1,0,0,'',0,0,'',0,0,'2018-07-13 00:00:36','2018-07-13 00:00:36'),(292,1,1,13,'a:1:{i:34;s:3:\"13,\";}',2,34,34,1,28,0,'0fb67716a61f705dc3223609f78facba',0,0,'',0,0,'2018-07-13 08:04:26','2018-07-13 08:10:29'),(293,0,1,13,'',1,35,35,1,29,0,'d839b2dca7a3022682c89deda78e2ebb',0,0,'',0,0,'2018-07-14 14:26:59','2018-07-14 14:28:51'),(294,1,1,0,'',1,30,30,1,24,0,'39d22e9a5be2ee4643612dd7a9ff34bb',0,0,'',0,0,'2018-07-14 16:33:18','2018-11-25 15:28:44'),(295,1,1,13,'a:1:{i:36;s:3:\"13,\";}',1,36,36,1,30,0,'a5cbadfa8cbd7ac12d096fb7b3dfc0ea',0,0,'',0,0,'2018-07-14 16:37:42','2018-07-14 16:42:19'),(296,1,1,0,'',1,0,0,1,0,0,'',0,0,'',0,0,'2018-07-14 20:22:19','2018-07-14 20:22:19'),(297,1,1,0,'',1,0,0,1,0,0,'',0,0,'',0,0,'2018-07-14 23:20:59','2018-07-14 23:27:41'),(298,1,1,0,'',1,0,0,1,0,0,'',0,0,'',0,0,'2018-07-15 07:21:18','2018-07-15 07:21:18'),(299,1,1,13,'',1,0,0,1,0,0,'',0,0,'',0,0,'2018-07-15 08:43:35','2018-07-15 08:43:40'),(300,1,1,13,'',1,0,0,1,0,0,'',0,0,'',0,0,'2018-07-15 11:28:11','2018-07-15 11:28:55'),(301,1,1,13,'',1,0,0,1,0,0,'',0,0,'',0,0,'2018-07-15 11:32:47','2018-07-15 11:33:02'),(302,1,1,13,'a:1:{i:37;s:3:\"13,\";}',1,37,37,1,31,0,'0a4cae849f8798451acd2e45462851fd',0,0,'',0,0,'2018-07-15 13:04:42','2018-07-15 13:14:37'),(303,1,1,13,'a:1:{i:38;s:3:\"13,\";}',1,38,39,1,32,0,'f57c576edc105b1c8d8ea518a18e9bc5',0,0,'',0,0,'2018-07-15 19:40:52','2018-07-15 19:51:18'),(304,1,1,0,'',1,0,0,1,0,0,'',0,0,'',0,0,'2018-07-15 20:58:29','2018-07-15 20:58:29'),(305,1,1,13,'',2,40,40,1,33,0,'a8aa9d1aa40073ae986d3c9618640487',0,0,'',0,0,'2018-07-16 06:47:16','2018-07-16 07:00:01'),(306,1,1,13,'',1,41,41,1,34,0,'dbce4c1da14aaf280c7a5d7be1ba5d2d',0,0,'',0,0,'2018-07-16 08:07:16','2018-07-16 08:28:10'),(307,1,1,0,'',1,0,0,1,0,0,'',0,0,'',0,0,'2018-07-16 08:22:10','2018-07-16 08:22:10'),(308,1,1,0,'',1,0,0,1,0,0,'',0,0,'',0,0,'2018-07-16 11:24:45','2018-07-16 11:24:45'),(309,1,1,13,'',1,269,269,1,30,0,'a5cbadfa8cbd7ac12d096fb7b3dfc0ea',0,0,'',0,0,'2018-07-16 14:46:08','2018-11-25 23:13:19'),(310,1,1,0,'',1,0,0,1,0,0,'',0,0,'',0,0,'2018-07-16 17:58:35','2018-07-16 18:00:12'),(311,1,1,0,'',1,0,0,1,0,0,'',0,0,'',0,0,'2018-07-16 19:11:09','2018-07-16 19:11:09'),(312,1,1,0,'',1,0,0,1,0,0,'',0,0,'',0,0,'2018-07-16 19:35:38','2018-07-16 22:15:24'),(313,1,1,0,'',1,0,0,1,0,0,'',0,0,'',0,0,'2018-07-16 20:42:03','2018-07-16 20:42:03'),(314,1,1,13,'',2,0,0,3,0,0,'',0,0,'',0,0,'2018-07-16 20:42:34','2018-07-16 20:42:35'),(315,1,1,13,'',1,0,0,1,0,0,'',0,0,'',0,0,'2018-07-16 23:34:23','2018-07-16 23:34:29'),(316,1,1,13,'',2,0,0,3,0,0,'',0,0,'',0,0,'2018-07-17 08:25:37','2018-07-17 08:25:38'),(317,1,1,0,'',1,0,0,1,0,0,'',0,0,'',0,0,'2018-07-17 09:58:56','2018-07-17 10:59:47'),(318,1,1,0,'',1,0,0,1,0,0,'',0,0,'',0,0,'2018-07-17 11:38:03','2018-07-17 11:41:49'),(319,1,1,0,'',1,0,0,1,0,0,'',0,0,'',0,0,'2018-07-17 15:01:08','2018-07-17 15:01:08'),(320,1,1,0,'',1,34,34,1,28,0,'0fb67716a61f705dc3223609f78facba',0,0,'',0,0,'2018-07-17 16:21:44','2018-07-17 16:29:50'),(321,1,1,13,'a:1:{i:43;s:3:\"13,\";}',1,43,43,1,36,0,'0dbf27119c06996eda5bde408754cf24',0,0,'',0,0,'2018-07-17 18:33:39','2018-07-17 18:40:29'),(322,1,1,13,'',1,44,44,1,37,0,'f7cb9ea7f7e64a5561c396aab083d947',0,0,'',0,0,'2018-07-17 22:23:12','2018-07-30 13:00:44'),(323,1,1,13,'a:1:{i:45;s:3:\"13,\";}',2,45,45,1,38,0,'f1c9d500647a4f5e0bded584927c45f6',0,0,'',0,0,'2018-07-18 10:29:02','2018-07-18 10:52:47'),(324,1,1,13,'',1,0,0,1,0,0,'',0,0,'',0,0,'2018-07-18 11:33:27','2018-07-18 11:33:38'),(325,1,1,13,'a:1:{i:46;s:3:\"13,\";}',1,46,47,1,39,0,'79edd6b12c56800c5b235d7594613245',0,0,'',0,0,'2018-07-18 11:39:45','2018-07-18 11:47:44'),(326,1,1,0,'',1,0,0,1,0,0,'',0,0,'',0,0,'2018-07-18 12:29:32','2018-07-18 12:29:32'),(327,1,1,13,'',1,0,0,1,0,0,'',0,0,'',0,0,'2018-07-18 13:34:03','2018-08-02 13:49:34'),(328,1,1,0,'',1,0,0,1,0,0,'',0,0,'',0,0,'2018-07-18 14:05:01','2018-07-18 14:05:01'),(329,1,1,13,'',1,0,0,1,0,0,'',0,0,'',0,0,'2018-07-18 14:16:39','2018-07-18 14:21:07'),(330,1,1,13,'',1,0,0,1,0,0,'',0,0,'',0,0,'2018-07-18 16:25:04','2018-07-18 16:30:39'),(331,1,1,0,'',1,0,0,1,0,0,'',0,0,'',0,0,'2018-07-18 22:17:51','2018-07-18 22:17:51'),(332,1,1,13,'',1,48,48,1,40,0,'f5ca295aa3133db94a48435db2f068a9',0,0,'',0,0,'2018-07-18 22:41:09','2018-07-26 22:59:49'),(333,1,1,13,'a:1:{i:49;s:3:\"13,\";}',1,49,49,1,41,0,'de17aa56dca2adeaf7143243788fe30b',0,0,'',0,0,'2018-07-18 22:46:33','2018-07-18 22:58:47'),(334,1,1,13,'',1,51,51,1,42,0,'129cc1e552a7c8363a57626b2fb99a45',0,0,'',0,0,'2018-07-18 23:00:37','2018-07-20 00:32:58'),(335,1,1,13,'',2,0,0,3,0,0,'',0,0,'',0,0,'2018-07-19 00:09:44','2018-07-19 00:09:45'),(336,1,1,0,'',1,0,0,1,0,0,'',0,0,'',0,0,'2018-07-19 06:58:37','2018-07-19 06:58:37'),(337,1,1,13,'',1,52,52,1,43,0,'ae8e4ed2ee92288c9450893b30d476db',0,0,'',0,0,'2018-07-19 10:23:14','2018-07-19 11:06:04'),(338,1,1,13,'',1,0,0,1,0,0,'',0,0,'',0,0,'2018-07-19 11:20:12','2018-07-19 11:20:20'),(339,1,1,13,'',1,0,0,1,0,0,'',0,0,'',0,0,'2018-07-19 15:12:18','2018-07-19 15:12:39'),(340,1,1,13,'',1,53,53,1,44,0,'99cdb3d9afc4af6cf87e0e8954a543c1',0,0,'',0,0,'2018-07-19 16:51:30','2018-07-19 16:58:24'),(341,1,1,13,'a:1:{i:54;s:3:\"13,\";}',1,54,54,1,45,0,'aec1b5bc2b8fc3904f0d65f1d06a2a0d',0,0,'',0,0,'2018-07-20 09:18:19','2018-07-20 09:21:57'),(342,1,1,0,'',1,0,0,1,0,0,'',0,0,'',0,0,'2018-07-20 10:06:31','2018-07-20 10:06:31'),(343,1,1,0,'',2,52,52,1,43,0,'ae8e4ed2ee92288c9450893b30d476db',0,0,'',0,0,'2018-07-20 12:14:17','2018-07-20 15:44:22'),(344,1,1,13,'',1,0,0,1,0,0,'',0,0,'',0,0,'2018-07-20 13:10:31','2018-07-20 13:10:32'),(345,1,1,13,'a:1:{i:55;s:3:\"13,\";}',1,55,55,1,46,0,'2e32da40522915368292bb4f1eefd300',0,0,'',0,0,'2018-07-20 13:58:57','2018-07-20 14:12:19'),(346,1,1,0,'',1,0,0,1,0,0,'',0,0,'',0,0,'2018-07-20 15:41:14','2018-07-20 15:41:14'),(347,1,1,13,'a:1:{i:56;s:3:\"13,\";}',1,56,57,1,47,0,'0c8368e67248b3475004788f2b19c954',0,0,'',0,0,'2018-07-20 16:28:08','2018-07-20 17:28:43'),(348,1,1,13,'',1,0,0,1,0,0,'',0,0,'',0,0,'2018-07-20 20:14:02','2018-07-20 20:25:00'),(349,1,1,13,'a:1:{i:58;s:3:\"13,\";}',1,58,58,1,48,0,'e982d7a6afaea37698809ab01a8cda81',0,0,'',0,0,'2018-07-20 22:42:27','2018-07-24 00:33:58'),(350,1,1,0,'',1,0,0,1,0,0,'',0,0,'',0,0,'2018-07-21 09:44:45','2018-07-21 09:44:45'),(351,1,1,0,'',1,0,0,1,0,0,'',0,0,'',0,0,'2018-07-21 12:48:24','2018-07-21 12:48:24'),(352,1,1,0,'',1,0,0,1,0,0,'',0,0,'',0,0,'2018-07-21 14:17:36','2018-07-21 14:17:36'),(353,1,1,13,'',1,60,61,1,50,0,'e3b6b881e8af0b16fa53dfd32e7a60bb',0,0,'',0,0,'2018-07-21 19:30:03','2018-07-22 17:04:45'),(354,1,1,13,'a:1:{i:62;s:3:\"13,\";}',1,62,63,1,51,0,'b5ece8f420b61595e72d3f1c5b2779c0',0,0,'',0,0,'2018-07-21 19:47:10','2018-07-24 21:30:09'),(355,1,1,13,'',1,0,0,1,0,0,'',0,0,'',0,0,'2018-07-21 20:42:23','2018-07-21 20:42:28'),(356,1,1,13,'',1,64,64,1,52,0,'cb2b7e7ade1506a791ede42ce6330719',0,0,'',0,0,'2018-07-21 20:48:24','2018-07-21 21:06:19'),(357,1,1,13,'a:1:{i:65;s:3:\"13,\";}',1,65,65,1,53,0,'ae8d1bcbe4bb1234e815f62422b5d41c',0,0,'',0,0,'2018-07-22 16:28:32','2018-07-22 16:49:55'),(358,1,1,13,'',2,0,0,3,0,0,'',0,0,'',0,0,'2018-07-22 17:28:49','2018-07-22 17:28:50'),(359,1,1,13,'a:1:{i:66;s:3:\"13,\";}',1,66,66,1,54,0,'1f75757d8a7331068815729e56b585dc',0,0,'',0,0,'2018-07-22 18:06:06','2018-07-22 18:09:42'),(360,1,1,13,'',2,0,0,3,0,0,'',0,0,'',0,0,'2018-07-22 20:48:28','2018-07-22 20:48:29'),(361,1,1,13,'a:1:{i:67;s:3:\"13,\";}',1,67,67,1,55,0,'986bc9d713f359bf2d11a9bc12c2e656',0,0,'',0,0,'2018-07-23 07:56:11','2018-07-23 08:03:09'),(362,1,1,13,'a:1:{i:70;s:3:\"13,\";}',1,70,70,1,58,0,'0c3d3fb405f0a8b808de9eceba83b5a9',0,0,'',0,0,'2018-07-23 10:49:43','2018-07-23 15:14:16'),(363,1,1,0,'',2,0,0,1,0,0,'',0,0,'',0,0,'2018-07-23 11:47:52','2018-07-23 11:50:34'),(364,1,1,13,'a:1:{i:68;s:3:\"13,\";}',1,68,68,1,56,0,'461b1f04bc74c89071fe8dd8a08c653a',0,0,'',0,0,'2018-07-23 11:53:39','2018-07-23 11:58:54'),(365,1,1,0,'',1,0,0,1,0,0,'',0,0,'',0,0,'2018-07-23 12:29:39','2018-07-23 12:29:39'),(366,1,1,13,'',1,0,0,1,0,0,'',0,0,'',0,0,'2018-07-23 12:30:01','2018-07-23 12:30:08'),(367,1,1,0,'',1,0,0,1,0,0,'',0,0,'',0,0,'2018-07-23 13:16:49','2018-07-23 13:17:49'),(368,1,1,13,'',2,69,69,1,57,0,'476ea0efeb67ab9ff1fe8886392aca93',0,0,'',0,0,'2018-07-23 13:19:46','2018-07-23 13:52:24'),(369,1,1,13,'a:1:{i:71;s:3:\"13,\";}',1,71,71,1,59,0,'e580f8cddfa79d716eb52056b0377940',0,0,'',0,0,'2018-07-23 16:16:10','2018-07-23 16:21:38'),(370,1,1,13,'',2,0,0,3,0,0,'',0,0,'',0,0,'2018-07-23 17:47:07','2018-07-23 17:47:10'),(371,1,1,13,'',1,0,0,1,0,0,'',0,0,'',0,0,'2018-07-23 19:07:25','2018-07-23 19:07:29'),(372,1,1,13,'',2,0,0,3,0,0,'',0,0,'',0,0,'2018-07-23 21:08:07','2018-07-23 21:08:08'),(373,1,1,13,'a:1:{i:72;s:3:\"13,\";}',1,72,72,1,60,0,'f63722f01e75094e80cb641404f43da3',0,0,'',0,0,'2018-07-24 07:11:39','2018-07-24 07:19:25'),(374,1,1,0,'',1,0,0,1,0,0,'',0,0,'',0,0,'2018-07-24 07:57:39','2018-07-24 07:58:37'),(375,1,1,0,'',1,0,0,1,0,0,'',0,0,'',0,0,'2018-07-24 09:20:37','2018-07-24 09:20:37'),(376,1,1,13,'',1,23,23,1,17,0,'6abe877d2398cc70994d4747f953c76c',0,0,'',0,0,'2018-07-24 11:17:17','2018-07-24 11:28:11'),(377,1,1,13,'',1,23,23,1,17,0,'6abe877d2398cc70994d4747f953c76c',0,0,'',0,0,'2018-07-24 11:33:04','2018-07-24 11:33:04'),(378,1,1,13,'',1,0,0,1,0,0,'',0,0,'',0,0,'2018-07-24 13:32:00','2018-07-24 13:32:04'),(379,1,1,13,'',1,0,0,1,0,0,'',0,0,'',0,0,'2018-07-24 13:59:19','2018-07-24 13:59:33'),(380,1,1,13,'',1,0,0,1,0,0,'',0,0,'',0,0,'2018-07-24 20:04:48','2018-07-24 20:05:00'),(381,1,1,0,'',1,0,0,1,0,0,'',0,0,'',0,0,'2018-07-24 21:33:31','2018-07-24 21:33:31'),(382,1,1,13,'',1,0,0,1,0,0,'',0,0,'',0,0,'2018-07-24 23:40:35','2018-07-24 23:40:56'),(383,1,1,0,'',1,0,0,1,0,0,'',0,0,'',0,0,'2018-07-25 01:15:49','2018-07-25 01:16:31'),(384,1,1,13,'',1,0,0,1,0,0,'',0,0,'',0,0,'2018-07-25 02:31:54','2018-07-25 02:32:06'),(385,1,1,13,'a:1:{i:73;s:3:\"13,\";}',1,73,73,1,61,0,'46d741404ac6218966d0cfe309d3b868',0,0,'',0,0,'2018-07-25 07:15:26','2018-07-25 07:22:17'),(386,1,1,0,'',1,0,0,1,0,0,'',0,0,'',0,0,'2018-07-25 08:18:34','2018-07-25 08:18:34'),(387,1,1,13,'a:1:{i:74;s:3:\"13,\";}',1,74,74,1,62,0,'415132850baa711f18a47b2f07a58fd7',0,0,'',0,0,'2018-07-25 09:34:06','2018-07-31 15:27:18'),(388,1,1,0,'',1,0,0,1,0,0,'',0,0,'',0,0,'2018-07-25 10:17:10','2018-07-25 10:17:10'),(389,1,1,13,'a:1:{i:74;s:3:\"13,\";}',1,74,74,1,62,0,'415132850baa711f18a47b2f07a58fd7',0,0,'',0,0,'2018-07-25 14:10:12','2018-07-25 14:17:52'),(390,1,1,0,'',1,0,0,1,0,0,'',0,0,'',0,0,'2018-07-25 16:29:23','2018-07-25 16:29:23'),(391,1,1,0,'',1,0,0,1,0,0,'',0,0,'',0,0,'2018-07-25 18:06:11','2018-07-25 18:09:17'),(392,1,1,13,'',2,0,0,3,0,0,'',0,0,'',0,0,'2018-07-26 04:07:39','2018-07-26 04:07:40'),(393,1,1,13,'',2,0,0,3,0,0,'',0,0,'',0,0,'2018-07-26 09:50:24','2018-07-26 09:50:25'),(394,1,1,0,'',1,0,0,1,0,0,'',0,0,'',0,0,'2018-07-26 10:50:14','2018-07-30 15:00:36'),(395,1,1,13,'a:1:{i:75;s:3:\"13,\";}',1,75,75,1,63,0,'5e2c79222589ba6d09351d0dfb9197ad',0,0,'',0,0,'2018-07-26 10:53:33','2018-07-26 10:55:54'),(396,1,1,13,'',2,0,0,3,0,0,'',0,0,'',0,0,'2018-07-26 11:45:21','2018-07-26 11:45:22'),(397,1,1,0,'',1,0,0,1,0,0,'',0,0,'',0,0,'2018-07-26 11:50:08','2018-07-26 11:50:26'),(398,1,1,13,'a:1:{i:76;s:3:\"13,\";}',1,76,76,1,64,0,'a5020affe354f0d121cc2d2f6af04194',0,0,'',0,0,'2018-07-26 13:34:41','2018-07-26 13:38:09'),(399,1,1,0,'',1,0,0,1,0,0,'',0,0,'',0,0,'2018-07-26 17:33:59','2018-07-26 17:35:05'),(400,1,1,13,'',1,0,0,1,0,0,'',0,0,'',0,0,'2018-07-26 19:41:30','2018-07-26 19:42:29'),(401,1,1,0,'',1,0,0,1,0,0,'',0,0,'',0,0,'2018-07-26 20:39:20','2018-07-26 20:40:39'),(402,1,1,0,'',1,0,0,1,0,0,'',0,0,'',0,0,'2018-07-26 21:18:01','2018-07-26 21:18:01'),(403,1,1,0,'',2,0,0,1,0,0,'',0,0,'',0,0,'2018-07-27 10:55:54','2018-07-27 10:56:50'),(404,1,1,0,'',1,0,0,1,0,0,'',0,0,'',0,0,'2018-07-27 15:46:01','2018-07-27 15:46:01'),(405,1,1,13,'',1,77,77,1,65,0,'4eb373f3aadfde35ee348cb7f6a1a7c3',0,0,'',0,0,'2018-07-27 16:41:34','2018-07-27 18:10:29'),(406,1,1,0,'',2,0,0,3,0,0,'',0,0,'',0,0,'2018-07-27 21:08:48','2018-07-27 21:08:49'),(407,1,1,0,'',1,0,0,1,0,0,'',0,0,'',0,0,'2018-07-27 21:19:18','2018-07-27 21:19:18'),(408,1,1,13,'',1,0,0,1,0,0,'',0,0,'',0,0,'2018-07-27 22:09:14','2018-07-27 22:09:47'),(409,1,1,0,'',1,0,0,1,0,0,'',0,0,'',0,0,'2018-07-28 08:20:57','2018-07-28 08:20:57'),(410,1,1,0,'',1,0,0,1,0,0,'',0,0,'',0,0,'2018-07-28 09:09:40','2018-07-28 09:09:40'),(411,1,1,13,'',1,0,0,1,0,0,'',0,0,'',0,0,'2018-07-28 13:14:01','2018-07-28 13:14:28'),(412,1,1,13,'',1,0,0,1,0,0,'',0,0,'',0,0,'2018-07-28 14:10:26','2018-07-29 17:47:07'),(413,1,1,0,'',1,0,0,2,0,0,'',0,0,'',0,0,'2018-07-28 14:28:50','2018-07-28 14:28:50'),(414,1,1,13,'',1,78,78,1,66,0,'fb54a1068d6dd070408f15bcbac63aed',0,0,'',0,0,'2018-07-28 22:07:39','2018-07-28 22:18:31'),(415,1,1,13,'a:1:{i:79;s:3:\"13,\";}',1,79,79,1,67,0,'fff44f860f1ab318eb40de9389478db9',0,0,'',0,0,'2018-07-29 10:22:25','2018-07-29 10:38:33'),(416,1,1,13,'',1,0,0,1,0,0,'',0,0,'',0,0,'2018-07-29 11:09:57','2018-07-29 11:10:05'),(417,1,1,13,'',1,80,80,1,68,0,'b0dd2c23ad29c7b7153d9db46746f67f',0,0,'',0,0,'2018-07-29 11:15:00','2018-07-29 11:18:22'),(418,1,1,13,'',1,0,0,1,0,0,'',0,0,'',0,0,'2018-07-29 13:42:37','2018-07-29 13:43:09'),(419,1,1,13,'',1,0,0,1,0,0,'',0,0,'',0,0,'2018-07-29 19:17:18','2018-07-29 19:24:24'),(420,1,1,13,'a:1:{i:81;s:3:\"13,\";}',1,81,82,1,69,0,'37b79970b283c63692208917c9edfd7d',0,0,'',0,0,'2018-07-29 19:41:37','2018-07-29 19:47:25'),(421,1,1,13,'',1,0,0,1,0,0,'',0,0,'',0,0,'2018-07-29 23:16:37','2018-07-29 23:17:40'),(422,1,1,13,'',1,0,0,1,0,0,'',0,0,'',0,0,'2018-07-30 10:08:24','2018-07-30 10:08:33'),(423,1,1,13,'',1,0,0,1,0,0,'',0,0,'',0,0,'2018-07-30 10:37:17','2018-07-30 10:37:47'),(424,1,1,13,'',1,83,83,1,70,0,'0b83ca432f4258bdc1e131ec77c9078a',0,0,'',0,0,'2018-07-30 13:04:58','2018-07-30 13:35:39'),(425,1,1,13,'',1,84,84,1,71,0,'cd456b46a90c54181f20fe5ad0465d3d',0,0,'',0,0,'2018-07-30 18:44:21','2018-07-30 18:47:59'),(426,1,1,13,'',1,0,0,1,0,0,'',0,0,'',0,0,'2018-07-30 22:41:14','2018-07-30 22:41:30'),(427,1,1,13,'',2,0,0,3,0,0,'',0,0,'',0,0,'2018-07-31 00:25:27','2018-07-31 00:25:28'),(428,1,1,0,'',1,0,0,1,0,0,'',0,0,'',0,0,'2018-07-31 13:34:27','2018-07-31 13:39:55'),(429,1,1,13,'',1,0,0,1,0,0,'',0,0,'',0,0,'2018-07-31 15:06:05','2018-07-31 15:06:12'),(430,1,1,13,'',1,85,85,1,72,0,'4ce811c86a3a39b8657ca09a97f3f3b3',0,0,'',0,0,'2018-07-31 18:26:09','2018-07-31 18:30:56'),(431,1,1,13,'a:1:{i:86;s:3:\"13,\";}',1,86,86,1,73,0,'f68474f1c2bf4a19a1ac1e4cbdfc4b3c',0,0,'',0,0,'2018-07-31 18:38:41','2018-07-31 18:50:09'),(432,1,1,13,'',2,0,0,1,0,0,'',0,0,'',0,0,'2018-07-31 22:47:23','2018-08-04 18:48:14'),(433,1,1,13,'',1,0,0,1,0,0,'',0,0,'',0,0,'2018-08-01 10:05:29','2018-08-01 10:09:44'),(434,1,1,0,'',1,86,86,1,73,0,'f68474f1c2bf4a19a1ac1e4cbdfc4b3c',0,0,'',0,0,'2018-08-01 11:01:42','2018-08-01 11:01:42'),(435,1,1,0,'',1,0,0,1,0,0,'',0,0,'',0,0,'2018-08-01 11:27:14','2018-08-01 11:27:14'),(436,1,1,0,'',1,0,0,1,0,0,'',0,0,'',0,0,'2018-08-01 13:03:40','2018-08-01 13:03:40'),(437,1,1,13,'a:1:{i:87;s:3:\"13,\";}',1,87,87,1,74,0,'d259966885a1c46f8714319027bcd573',0,0,'',0,0,'2018-08-01 13:56:03','2018-08-01 14:02:42'),(438,1,1,13,'',1,87,87,1,74,0,'d259966885a1c46f8714319027bcd573',0,0,'',0,0,'2018-08-01 15:23:25','2018-12-15 21:45:43'),(439,1,1,0,'',1,0,0,1,0,0,'',0,0,'',0,0,'2018-08-01 15:34:57','2018-08-01 15:44:20'),(440,1,1,13,'',1,89,89,1,76,0,'5bbe281786dc857fdc0bd6e3428fccbf',0,0,'',0,0,'2018-08-01 16:41:45','2018-08-02 00:50:41'),(441,1,1,13,'',1,0,0,1,0,0,'',0,0,'',0,0,'2018-08-01 17:11:22','2018-08-01 17:13:09'),(442,1,1,0,'',1,0,0,1,0,0,'',0,0,'',0,0,'2018-08-01 17:12:11','2018-08-01 17:12:11'),(443,1,1,13,'',1,90,90,1,77,0,'f80f71baaf04af35b865601dceb64a96',0,0,'',0,0,'2018-08-01 18:34:28','2018-08-02 11:44:11'),(444,1,1,13,'',2,0,0,3,0,0,'',0,0,'',0,0,'2018-08-01 20:29:16','2018-08-01 20:29:17'),(445,1,1,13,'',1,0,0,1,0,0,'',0,0,'',0,0,'2018-08-01 20:47:15','2018-08-01 20:48:39'),(446,1,1,13,'a:1:{i:88;s:3:\"13,\";}',1,88,88,1,75,0,'2f2d855d82164e6a5566592d83ca78fd',0,0,'',0,0,'2018-08-01 20:59:28','2018-08-01 21:07:32'),(447,1,1,13,'',1,0,0,1,0,0,'',0,0,'',0,0,'2018-08-01 23:38:08','2018-08-01 23:39:20'),(448,1,1,13,'',1,0,0,1,0,0,'',0,0,'',0,0,'2018-08-02 01:00:53','2018-08-02 01:03:02'),(449,1,1,13,'',2,0,0,3,0,0,'',0,0,'',0,0,'2018-08-02 04:33:26','2018-08-02 04:33:27'),(450,1,1,13,'',1,0,0,1,0,0,'',0,0,'',0,0,'2018-08-02 10:15:00','2018-08-02 10:17:54'),(451,1,1,13,'',1,90,90,1,77,0,'f80f71baaf04af35b865601dceb64a96',0,0,'',0,0,'2018-08-02 11:17:24','2018-08-02 12:46:08'),(452,1,1,0,'',1,0,0,1,0,0,'',0,0,'',0,0,'2018-08-02 12:00:43','2018-08-02 12:00:43'),(453,1,1,13,'a:1:{i:104;s:3:\"13,\";}',1,104,104,1,90,0,'8b39a2a478c1be324a0beb6e1ece31a5',0,0,'',0,0,'2018-08-02 13:17:54','2018-08-06 13:33:17'),(454,1,1,13,'',1,0,0,1,0,0,'',0,0,'',0,0,'2018-08-02 13:31:06','2018-08-02 13:31:16'),(455,1,1,13,'',2,97,97,1,84,0,'d87545759159fd3df58a09f3fb5157e8',0,0,'',0,0,'2018-08-02 13:46:18','2018-08-05 11:01:59'),(456,1,1,0,'',1,0,0,1,0,0,'',0,0,'',0,0,'2018-08-02 14:58:16','2018-08-02 14:58:40'),(457,1,1,0,'',1,0,0,1,0,0,'',0,0,'',0,0,'2018-08-02 19:45:27','2018-08-02 19:45:27'),(458,1,1,0,'',1,0,0,1,0,0,'',0,0,'',0,0,'2018-08-02 21:05:32','2018-08-19 15:29:32'),(459,1,1,13,'',1,0,0,1,0,0,'',0,0,'',0,0,'2018-08-02 21:40:53','2018-08-02 21:45:34'),(460,1,1,13,'',1,0,0,1,0,0,'',0,0,'',0,0,'2018-08-02 22:19:05','2018-08-02 22:21:15'),(461,1,1,0,'',1,0,0,1,0,0,'',0,0,'',0,0,'2018-08-02 22:41:56','2018-08-02 22:41:56'),(462,1,1,13,'',1,0,0,1,0,0,'',0,0,'',0,0,'2018-08-02 22:48:53','2018-08-02 22:49:00'),(463,1,1,13,'a:1:{i:91;s:3:\"13,\";}',1,91,91,1,78,0,'3ed7659aec9a2f95ee8ebe3b5591a9d1',0,0,'',0,0,'2018-08-02 23:35:21','2018-08-02 23:46:24'),(464,1,1,0,'',1,89,89,1,76,0,'5bbe281786dc857fdc0bd6e3428fccbf',0,0,'',0,0,'2018-08-03 02:05:02','2018-08-03 13:43:17'),(465,1,1,13,'a:1:{i:92;s:3:\"13,\";}',1,92,92,1,79,0,'ce6283bb3f593f590e4e56e20d7e3e24',0,0,'',0,0,'2018-08-03 06:46:35','2018-08-03 07:15:15'),(466,1,1,13,'',2,0,0,3,0,0,'',0,0,'',0,0,'2018-08-03 07:33:53','2018-08-03 07:33:54'),(467,1,1,0,'',1,0,0,1,0,0,'',0,0,'',0,0,'2018-08-03 09:57:52','2018-08-03 09:57:52'),(468,1,1,13,'',1,0,0,1,0,0,'',0,0,'',0,0,'2018-08-03 10:44:20','2018-08-03 10:44:23'),(469,1,1,13,'',1,0,0,1,0,0,'',0,0,'',0,0,'2018-08-03 13:31:30','2018-08-03 13:31:39'),(470,1,1,0,'',1,0,0,1,0,0,'',0,0,'',0,0,'2018-08-03 15:08:16','2018-08-03 15:08:16'),(471,1,1,13,'a:1:{i:96;s:3:\"13,\";}',1,96,96,1,83,0,'3857cd6cd2f66a240a2ee462399b8207',0,0,'',0,0,'2018-08-03 23:46:27','2018-08-05 00:56:21'),(472,1,1,0,'',1,0,0,1,0,0,'',0,0,'',0,0,'2018-08-04 08:46:05','2018-08-04 08:46:05'),(473,1,1,0,'',1,0,0,1,0,0,'',0,0,'',0,0,'2018-08-04 09:08:25','2018-08-04 09:09:28'),(474,1,1,13,'',1,0,0,1,0,0,'',0,0,'',0,0,'2018-08-04 09:46:28','2018-08-04 09:46:34'),(475,1,1,13,'',1,0,0,1,0,0,'',0,0,'',0,0,'2018-08-04 11:35:11','2018-08-04 11:39:09'),(476,1,1,13,'a:1:{i:93;s:3:\"13,\";}',1,93,93,1,80,0,'878c117a43c2add34d701d1cdfb8a17e',0,0,'',0,0,'2018-08-04 13:53:39','2018-08-04 14:03:24'),(477,1,1,0,'',1,0,0,1,0,0,'',0,0,'',0,0,'2018-08-04 16:36:45','2018-08-04 16:57:01'),(478,1,1,13,'a:1:{i:94;s:3:\"13,\";}',1,94,94,1,81,0,'fe821f6891e31f9d7fb73551db6c4f67',0,0,'',0,0,'2018-08-04 17:47:58','2018-08-04 18:22:16'),(479,1,1,13,'',1,0,0,1,0,0,'',0,0,'',0,0,'2018-08-04 19:21:30','2018-08-04 19:21:37'),(480,1,1,13,'',1,95,95,1,82,0,'5e90cddd30cbbee88747737f5c740601',0,0,'',0,0,'2018-08-04 19:49:51','2018-08-04 20:01:11'),(481,1,1,13,'a:1:{i:0;s:3:\"13,\";}',1,106,106,1,20,0,'229a4bf73fa8cd6380681c7c273f22dd',0,0,'',0,0,'2018-08-04 20:07:47','2018-08-06 20:23:59'),(482,1,1,13,'',1,0,0,1,0,0,'',0,0,'',0,0,'2018-08-04 21:07:28','2018-08-08 18:54:26'),(483,1,1,13,'',2,0,0,3,0,0,'',0,0,'',0,0,'2018-08-05 06:01:07','2018-08-05 06:01:08'),(484,1,1,13,'',2,0,0,3,0,0,'',0,0,'',0,0,'2018-08-05 06:01:07','2018-08-05 06:01:08'),(485,1,1,13,'',2,0,0,3,0,0,'',0,0,'',0,0,'2018-08-05 06:01:07','2018-08-05 06:01:08'),(486,1,1,13,'',2,0,0,3,0,0,'',0,0,'',0,0,'2018-08-05 06:01:08','2018-08-05 06:01:08'),(487,1,1,0,'',1,0,0,1,0,0,'',0,0,'',0,0,'2018-08-05 13:10:13','2018-08-05 13:11:09'),(488,1,1,13,'a:1:{i:98;s:3:\"13,\";}',1,99,99,1,86,0,'a63b26655aa8d1ae9e67604c92ad120a',0,0,'',0,0,'2018-08-05 14:48:07','2018-09-13 13:41:09'),(489,1,1,13,'',1,0,0,1,0,0,'',0,0,'',0,0,'2018-08-05 15:01:11','2018-08-05 15:07:00'),(490,1,1,13,'a:1:{i:100;s:3:\"13,\";}',1,100,101,1,87,0,'2d2f64fc3f24ba034c63adb691ae58cb',0,0,'',0,0,'2018-08-05 18:01:23','2018-08-05 18:08:48'),(491,1,1,13,'',1,0,0,1,0,0,'',0,0,'',0,0,'2018-08-05 23:31:40','2018-08-11 20:36:05'),(492,1,1,0,'',1,0,0,1,0,0,'',0,0,'',0,0,'2018-08-06 07:29:31','2018-08-06 07:31:03'),(493,1,1,13,'',1,0,0,1,0,0,'',0,0,'',0,0,'2018-08-06 09:15:52','2018-08-06 09:15:54'),(494,1,1,13,'',1,102,102,1,88,0,'9c4b285f081cd065cc7347ea60968551',0,0,'',0,0,'2018-08-06 09:23:48','2018-08-06 13:15:20'),(495,1,1,0,'',1,0,0,1,0,0,'',0,0,'',0,0,'2018-08-06 10:06:20','2018-08-06 10:06:20'),(496,1,1,0,'',1,0,0,1,0,0,'',0,0,'',0,0,'2018-08-06 10:10:29','2018-08-06 10:10:29'),(497,1,1,0,'',1,0,0,1,0,0,'',0,0,'',0,0,'2018-08-06 11:33:37','2018-08-06 11:33:37'),(498,1,1,13,'a:1:{i:103;s:3:\"13,\";}',1,103,103,1,89,0,'6b00e11576191215b498e3370293cecb',0,0,'',0,0,'2018-08-06 13:14:26','2018-08-06 13:17:06'),(499,1,1,0,'',1,104,104,1,90,0,'8b39a2a478c1be324a0beb6e1ece31a5',0,0,'',0,0,'2018-08-06 13:48:30','2018-08-06 13:48:30'),(500,1,1,0,'',1,95,95,1,82,0,'5e90cddd30cbbee88747737f5c740601',0,0,'',0,0,'2018-08-06 14:40:43','2018-08-06 14:40:43'),(501,1,1,13,'',1,0,0,1,0,0,'',0,0,'',0,0,'2018-08-06 17:05:26','2018-08-06 17:06:27'),(502,1,1,13,'a:1:{i:105;s:3:\"13,\";}',1,105,105,1,91,0,'db07e0c2b35288ee35758ee45b6a0b5d',0,0,'',0,0,'2018-08-06 18:57:01','2018-08-06 19:04:39'),(503,1,1,13,'',1,0,0,1,0,0,'',0,0,'',0,0,'2018-08-06 19:05:39','2018-08-06 19:05:44'),(504,1,1,0,'',1,0,0,1,0,0,'',0,0,'',0,0,'2018-08-06 22:47:00','2018-08-21 22:04:22'),(505,1,1,13,'',1,0,0,1,0,0,'',0,0,'',0,0,'2018-08-06 23:59:30','2018-08-07 00:02:17'),(506,1,1,0,'',1,0,0,1,0,0,'',0,0,'',0,0,'2018-08-07 00:40:49','2018-08-07 00:40:49'),(507,1,1,0,'',1,0,0,4,0,0,'',0,0,'',0,0,'2018-08-07 03:46:50','2018-08-07 03:51:37'),(508,1,1,0,'',2,0,0,3,0,0,'',0,0,'',0,0,'2018-08-07 05:06:27','2018-08-07 05:06:27'),(509,1,1,13,'',1,0,0,1,0,0,'',0,0,'',0,0,'2018-08-07 08:44:44','2018-08-07 08:45:01'),(510,1,1,13,'',1,107,107,1,92,0,'f36a0a2b5018bc69813ec6a6a4c96ea9',0,0,'',0,0,'2018-08-07 10:50:42','2018-08-07 10:58:58'),(511,1,1,0,'',1,111,111,1,95,0,'57d675aef28198c36a999dbe61766de7',0,0,'',0,0,'2018-08-07 12:38:43','2018-08-09 17:37:08'),(512,1,1,0,'',1,0,0,1,0,0,'',0,0,'',0,0,'2018-08-07 12:42:31','2018-08-07 12:42:31'),(513,1,1,0,'',1,0,0,1,0,0,'',0,0,'',0,0,'2018-08-07 13:00:00','2018-08-07 13:00:00'),(514,1,1,13,'',1,0,0,1,0,0,'',0,0,'',0,0,'2018-08-07 17:25:03','2018-08-07 17:25:14'),(515,1,1,13,'a:1:{i:108;s:3:\"13,\";}',1,108,109,1,93,0,'56b0153e521803c6687c145418aa8c3e',0,0,'',0,0,'2018-08-07 19:06:06','2018-08-07 19:34:30'),(516,1,1,13,'',1,0,0,1,0,0,'',0,0,'',0,0,'2018-08-07 23:12:44','2018-08-07 23:14:52'),(517,1,1,13,'',2,0,0,3,0,0,'',0,0,'',0,0,'2018-08-08 05:43:50','2018-08-08 05:43:51'),(518,1,1,13,'a:1:{i:110;s:3:\"13,\";}',1,110,110,1,94,0,'81ba87e9daf8b1c9a687d8c548bd315d',0,0,'',0,0,'2018-08-08 09:18:56','2018-08-08 09:26:05'),(519,1,1,13,'a:1:{i:111;s:3:\"13,\";}',1,111,112,1,95,0,'57d675aef28198c36a999dbe61766de7',0,0,'',0,0,'2018-08-08 09:23:12','2018-08-08 09:35:08'),(520,1,1,0,'',1,0,0,1,0,0,'',0,0,'',0,0,'2018-08-08 10:18:36','2018-08-08 10:19:09'),(521,1,1,13,'a:1:{i:115;s:3:\"13,\";}',1,115,115,1,98,0,'af1905c9715c4bd6e021c0d6f58974ce',0,0,'',0,0,'2018-08-08 12:21:08','2018-08-08 18:15:46'),(522,1,1,13,'a:1:{i:113;s:3:\"13,\";}',1,114,114,1,97,0,'b96f1ce8be21fbe30a7982f5ec7f2194',0,0,'',0,0,'2018-08-08 12:42:18','2018-08-08 12:51:02'),(523,1,1,0,'',1,0,0,1,0,0,'',0,0,'',0,0,'2018-08-08 13:48:29','2018-08-08 13:48:29'),(524,1,1,13,'',2,0,0,3,0,0,'',0,0,'',0,0,'2018-08-08 18:48:19','2018-08-08 18:48:20'),(525,1,1,13,'',1,0,0,1,0,0,'',0,0,'',0,0,'2018-08-08 19:33:45','2018-08-08 19:34:12'),(526,1,1,0,'',1,0,0,1,0,0,'',0,0,'',0,0,'2018-08-08 20:22:39','2018-08-08 20:22:39'),(527,1,1,13,'',1,116,116,1,99,0,'427260f1825def0f2cb0cbee98a181e4',0,0,'',0,0,'2018-08-08 20:37:30','2018-08-08 20:50:44'),(528,1,1,0,'',2,0,0,3,0,0,'',0,0,'',0,0,'2018-08-08 21:03:54','2018-08-08 21:03:55'),(529,1,1,13,'',1,117,117,1,99,0,'427260f1825def0f2cb0cbee98a181e4',0,0,'',0,0,'2018-08-08 23:46:34','2018-08-08 23:49:36'),(530,1,1,0,'',1,0,0,1,0,0,'',0,0,'',0,0,'2018-08-09 00:39:11','2018-08-09 00:39:12'),(531,1,1,13,'',1,0,0,1,0,0,'',0,0,'',0,0,'2018-08-09 03:31:32','2018-08-11 14:15:52'),(532,1,1,13,'a:1:{i:118;s:3:\"13,\";}',1,118,119,1,100,0,'a9fc24d64624dbab1fe612550649d751',0,0,'',0,0,'2018-08-09 05:30:59','2018-08-09 05:39:58'),(533,1,1,0,'',1,0,0,1,0,0,'',0,0,'',0,0,'2018-08-09 07:14:25','2018-08-09 07:14:25'),(534,1,1,13,'',1,0,0,1,0,0,'',0,0,'',0,0,'2018-08-09 11:35:40','2018-08-21 10:10:53'),(535,1,1,13,'',1,0,0,1,0,0,'',0,0,'',0,0,'2018-08-09 14:17:25','2018-08-09 14:18:02'),(536,1,1,13,'a:1:{i:120;s:3:\"13,\";}',1,120,120,1,101,0,'69bca413b3a2926329fc3b35a37b22e5',0,0,'',0,0,'2018-08-09 16:39:24','2018-08-09 16:42:48'),(537,1,1,13,'a:1:{i:121;s:3:\"13,\";}',1,121,121,1,102,0,'a5dfdfa7f6273d150d283cf5c922c140',0,0,'',0,0,'2018-08-09 18:20:42','2018-08-09 18:22:30'),(538,1,1,13,'',1,0,0,1,0,0,'',0,0,'',0,0,'2018-08-09 18:37:55','2018-08-09 18:42:22'),(539,1,1,13,'',2,0,0,3,0,0,'',0,0,'',0,0,'2018-08-09 18:58:37','2018-08-09 18:58:38'),(540,1,1,13,'',2,0,0,3,0,0,'',0,0,'',0,0,'2018-08-09 19:28:54','2018-08-09 19:28:55'),(541,1,1,13,'',2,0,0,3,0,0,'',0,0,'',0,0,'2018-08-09 19:31:29','2018-08-09 19:31:30'),(542,1,1,13,'',1,0,0,1,0,0,'',0,0,'',0,0,'2018-08-09 21:48:26','2018-08-09 21:49:00'),(543,1,1,13,'a:1:{i:122;s:3:\"13,\";}',1,122,122,1,103,0,'fd1c991ea05a9a8146f222e1923d242f',0,0,'',0,0,'2018-08-09 22:19:05','2018-08-10 00:22:19'),(544,1,1,13,'',1,0,0,1,0,0,'',0,0,'',0,0,'2018-08-10 07:05:17','2018-08-10 07:05:36'),(545,1,1,13,'',2,0,0,3,0,0,'',0,0,'',0,0,'2018-08-10 07:43:33','2018-08-10 07:43:34'),(546,1,1,13,'',2,0,0,3,0,0,'',0,0,'',0,0,'2018-08-10 08:03:29','2018-08-10 08:03:30'),(547,1,1,0,'',1,0,0,1,0,0,'',0,0,'',0,0,'2018-08-10 10:20:24','2018-08-10 10:20:24'),(548,1,1,13,'a:1:{i:123;s:3:\"13,\";}',1,123,123,1,104,0,'b14cc18608e1bb3d16e72771f7c9648f',0,0,'',0,0,'2018-08-10 11:07:40','2018-08-10 11:15:47'),(549,1,1,0,'',1,113,113,1,97,0,'b96f1ce8be21fbe30a7982f5ec7f2194',0,0,'',0,0,'2018-08-10 12:08:41','2018-08-10 12:09:25'),(550,1,1,0,'',1,0,0,1,0,0,'',0,0,'',0,0,'2018-08-10 13:59:11','2018-08-10 13:59:11'),(551,1,1,13,'',1,0,0,1,0,0,'',0,0,'',0,0,'2018-08-10 15:02:04','2018-08-10 15:02:13'),(552,1,1,13,'',1,91,91,1,78,0,'3ed7659aec9a2f95ee8ebe3b5591a9d1',0,0,'',0,0,'2018-08-10 15:47:46','2018-08-10 16:57:43'),(553,1,1,13,'',1,0,0,1,0,0,'',0,0,'',0,0,'2018-08-10 18:42:04','2018-08-10 18:43:07'),(554,1,1,13,'',1,0,0,1,0,0,'',0,0,'',0,0,'2018-08-10 21:54:17','2018-08-12 16:25:09'),(555,1,1,13,'',2,0,0,3,0,0,'',0,0,'',0,0,'2018-08-10 22:32:12','2018-08-10 22:32:15'),(556,1,1,0,'',1,0,0,1,0,0,'',0,0,'',0,0,'2018-08-10 22:45:16','2018-08-10 22:45:16'),(557,1,1,0,'',1,0,0,1,0,0,'',0,0,'',0,0,'2018-08-11 07:18:55','2018-08-11 07:18:55'),(558,1,1,13,'',1,0,0,1,0,0,'',0,0,'',0,0,'2018-08-11 08:53:27','2018-08-11 08:53:51'),(559,1,1,13,'',1,0,0,1,0,0,'',0,0,'',0,0,'2018-08-11 09:14:44','2018-08-11 09:14:52'),(560,1,1,0,'',1,0,0,1,0,0,'',0,0,'',0,0,'2018-08-11 15:13:26','2018-08-11 15:13:26'),(561,1,1,13,'',1,0,0,1,0,0,'',0,0,'',0,0,'2018-08-11 17:01:39','2018-08-11 17:01:50'),(562,1,1,0,'',1,132,132,1,114,0,'784f7e221cc50f461e7da71b543fc01f',0,0,'',0,0,'2018-08-11 18:29:56','2018-08-14 09:52:56'),(563,1,1,0,'',1,0,0,1,0,0,'',0,0,'',0,0,'2018-08-11 21:12:29','2018-08-11 21:12:29'),(564,1,1,13,'',2,0,0,1,0,0,'',0,0,'',0,0,'2018-08-12 04:08:19','2018-08-12 04:08:20'),(565,1,1,13,'',2,0,0,1,0,0,'',0,0,'',0,0,'2018-08-12 04:08:20','2018-08-12 04:08:20'),(566,1,1,13,'a:1:{i:124;s:3:\"13,\";}',2,124,124,1,106,0,'eeffa6373cf6d0cc57ecb38ab280e0d0',0,0,'',0,0,'2018-08-12 07:16:59','2018-08-12 08:07:29'),(567,1,1,0,'',1,0,0,1,0,0,'',0,0,'',0,0,'2018-08-12 09:06:08','2018-08-12 09:06:09'),(568,1,1,0,'',1,0,0,1,0,0,'',0,0,'',0,0,'2018-08-12 10:24:06','2018-08-12 10:24:06'),(569,1,1,13,'a:1:{i:125;s:3:\"13,\";}',1,125,125,1,107,0,'6b11bb82b973243b235a93d1d012e2d0',0,0,'',0,0,'2018-08-12 10:26:21','2018-08-12 11:33:38'),(570,1,1,13,'',1,126,126,1,108,0,'390b5c2dc83db8b3c5d401987210994b',0,0,'',0,0,'2018-08-12 11:37:36','2018-08-12 11:48:59'),(571,1,1,13,'',1,127,127,1,109,0,'1e86e650fc3cadb5e29a479168828270',0,0,'',0,0,'2018-08-12 12:02:13','2018-08-19 20:12:38'),(572,1,1,0,'',1,0,0,1,0,0,'',0,0,'',0,0,'2018-08-12 19:16:37','2018-08-27 21:55:21'),(573,1,1,13,'a:1:{i:128;s:3:\"13,\";}',1,128,128,1,110,0,'94e6ca2bc7ab0d00604bf36ec13945d6',0,0,'',0,0,'2018-08-12 19:16:52','2018-08-12 19:20:48'),(574,1,1,13,'a:1:{i:129;s:3:\"13,\";}',1,129,129,1,111,0,'d65193f7e263f027a45a9fad47089700',0,0,'',0,0,'2018-08-12 21:05:27','2018-08-12 21:11:01'),(575,1,1,13,'',1,0,0,1,0,0,'',0,0,'',0,0,'2018-08-12 23:27:15','2018-08-12 23:27:18'),(576,1,1,13,'a:1:{i:130;s:3:\"13,\";}',1,130,130,1,112,0,'5db4c725ca8d28eb83536c9383e48414',0,0,'',0,0,'2018-08-13 08:05:48','2018-08-13 08:08:24'),(577,1,1,0,'',2,0,0,4,0,0,'',0,0,'',0,0,'2018-08-13 08:34:01','2018-08-13 08:37:27'),(578,1,1,0,'',1,118,118,1,100,0,'a9fc24d64624dbab1fe612550649d751',0,0,'',0,0,'2018-08-13 11:50:50','2018-08-13 11:50:50'),(579,1,1,13,'',1,0,0,1,0,0,'',0,0,'',0,0,'2018-08-13 12:16:59','2018-08-13 12:17:58'),(580,1,1,13,'a:1:{i:131;s:3:\"13,\";}',1,131,131,1,113,0,'44e7b0bfefbbdca5a33f8866a26542bf',0,0,'',0,0,'2018-08-13 14:10:56','2018-08-13 14:30:41'),(581,1,1,13,'',1,0,0,1,0,0,'',0,0,'',0,0,'2018-08-13 21:58:54','2018-08-13 22:01:44'),(582,1,1,13,'a:1:{i:133;s:3:\"13,\";}',1,133,133,1,115,0,'f8deed0caf632261aa223211d218f0e4',0,0,'',0,0,'2018-08-13 22:04:13','2018-08-13 22:11:26'),(583,1,1,0,'',1,134,134,1,116,0,'d00958b86ad566b5cbb26979d1aee232',0,0,'',0,0,'2018-08-13 22:32:03','2018-08-13 22:41:50'),(584,1,1,13,'',2,0,0,3,0,0,'',0,0,'',0,0,'2018-08-14 06:44:09','2018-08-14 06:44:11'),(585,1,1,13,'',2,0,0,3,0,0,'',0,0,'',0,0,'2018-08-14 06:44:22','2018-08-14 06:44:23'),(586,1,1,13,'',2,0,0,3,0,0,'',0,0,'',0,0,'2018-08-14 06:44:36','2018-08-14 06:44:37'),(587,1,1,13,'',2,0,0,3,0,0,'',0,0,'',0,0,'2018-08-14 06:44:49','2018-08-14 06:44:51'),(588,1,1,0,'',1,0,0,1,0,0,'',0,0,'',0,0,'2018-08-14 07:10:45','2018-08-14 07:10:45'),(589,1,1,13,'',1,135,135,1,117,0,'9c1fbbfa0cd8cc99700e219d8029d542',0,0,'',0,0,'2018-08-14 10:49:26','2018-08-14 10:52:17'),(590,1,1,13,'a:1:{i:137;s:3:\"13,\";}',1,137,137,1,119,0,'676aff274fec14d701a5c896b7005f87',0,0,'',0,0,'2018-08-14 13:08:32','2018-08-15 16:20:33'),(591,1,1,0,'',1,0,0,1,0,0,'',0,0,'',0,0,'2018-08-14 17:06:18','2018-08-14 17:06:18'),(592,1,1,13,'a:1:{i:136;s:3:\"13,\";}',1,136,136,1,118,0,'10bb09faa3fccbe24ab92bd52d7c228d',0,0,'',0,0,'2018-08-15 09:45:08','2018-08-15 09:49:56'),(593,1,1,13,'',1,138,138,1,120,0,'7f5b924fcfc93924bb5ed68fe990f9ce',0,0,'',0,0,'2018-08-16 07:23:01','2018-08-16 07:27:40'),(594,1,1,0,'',1,0,0,1,0,0,'',0,0,'',0,0,'2018-08-16 10:51:04','2018-08-16 10:51:04'),(595,1,1,13,'a:1:{i:139;s:3:\"13,\";}',1,139,140,1,121,0,'87ad0a0c5598916c2433c0af99d9384f',0,0,'',0,0,'2018-08-16 10:52:55','2018-08-16 11:03:53'),(596,1,1,13,'',1,141,141,1,96,0,'a7c68577a3733bf179c3ce4798422895',0,0,'',0,0,'2018-08-16 13:34:37','2018-08-16 13:53:46'),(597,1,1,13,'',1,0,0,1,0,0,'',0,0,'',0,0,'2018-08-16 13:40:36','2018-08-16 13:40:41'),(598,1,1,0,'',1,0,0,1,0,0,'',0,0,'',0,0,'2018-08-16 14:04:44','2018-08-16 14:04:44'),(599,1,1,0,'',1,0,0,1,0,0,'',0,0,'',0,0,'2018-08-16 15:52:24','2018-08-16 15:52:24'),(600,1,1,13,'',1,0,0,1,0,0,'',0,0,'',0,0,'2018-08-16 16:01:06','2018-08-16 16:06:25'),(601,1,1,13,'',2,0,0,3,0,0,'',0,0,'',0,0,'2018-08-16 16:14:15','2018-08-16 16:14:15'),(602,1,1,0,'',1,0,0,1,0,0,'',0,0,'',0,0,'2018-08-16 22:37:57','2018-08-16 22:46:33'),(603,1,1,0,'',1,0,0,1,0,0,'',0,0,'',0,0,'2018-08-16 22:51:10','2018-08-16 22:51:38'),(604,1,1,13,'a:1:{i:142;s:3:\"13,\";}',1,142,142,1,122,0,'2e3c755fd1a1f37aa8ac9e63ec34a16b',0,0,'',0,0,'2018-08-17 09:10:02','2018-08-17 09:21:21'),(605,1,1,0,'',1,142,142,1,122,0,'2e3c755fd1a1f37aa8ac9e63ec34a16b',0,0,'',0,0,'2018-08-17 09:22:58','2018-08-20 14:47:34'),(606,1,1,13,'a:1:{i:143;s:3:\"13,\";}',1,143,144,1,123,0,'c34779bdd5405d30e475e12a918330e3',0,0,'',0,0,'2018-08-17 10:15:35','2018-08-17 12:37:20'),(607,1,1,13,'',1,0,0,1,0,0,'',0,0,'',0,0,'2018-08-17 10:53:54','2018-08-17 10:54:16'),(608,1,1,0,'',1,0,0,1,0,0,'',0,0,'',0,0,'2018-08-17 12:43:27','2018-08-17 12:43:27'),(609,1,1,0,'',1,0,0,1,0,0,'',0,0,'',0,0,'2018-08-17 13:27:20','2018-08-17 13:27:20'),(610,1,1,13,'',1,149,149,1,124,0,'e82fd93bed74a242680846ae4f3d3588',0,0,'',0,0,'2018-08-17 13:41:14','2018-08-17 20:35:52'),(611,1,1,13,'a:1:{i:146;s:3:\"13,\";}',1,146,146,1,125,0,'7344b5065c1b8cbc610e68ea2ae663ce',0,0,'',0,0,'2018-08-17 14:45:02','2018-08-17 14:55:46'),(612,1,1,13,'a:1:{i:162;s:3:\"13,\";}',1,162,162,1,140,0,'d771b6287a6028ac3c319a709caf0755',0,0,'',0,0,'2018-08-17 15:31:55','2018-08-21 15:18:27'),(613,1,1,13,'a:1:{i:147;s:3:\"13,\";}',1,147,147,1,126,0,'9277241d9d3dd441fb86c5e7a74eb781',0,0,'',0,0,'2018-08-17 17:28:25','2018-08-17 17:35:57'),(614,1,1,13,'',1,0,0,1,0,0,'',0,0,'',0,0,'2018-08-17 17:54:29','2018-08-17 17:54:41'),(615,1,1,13,'',1,0,0,1,0,0,'',0,0,'',0,0,'2018-08-17 18:57:31','2018-08-17 18:58:31'),(616,1,1,13,'',1,148,148,1,127,0,'c1892295f110c6ecd069aa99ed4e1ea5',0,0,'',0,0,'2018-08-17 18:58:30','2018-08-17 19:28:00'),(617,1,1,0,'',1,0,0,1,0,0,'',0,0,'',0,0,'2018-08-17 19:33:06','2018-08-17 19:33:06'),(618,1,1,0,'',1,0,0,1,0,0,'',0,0,'',0,0,'2018-08-18 00:08:35','2018-08-18 00:08:35'),(619,1,1,13,'',1,0,0,1,0,0,'',0,0,'',0,0,'2018-08-18 02:11:59','2018-08-18 02:12:04'),(620,1,1,13,'',2,0,0,3,0,0,'',0,0,'',0,0,'2018-08-18 02:49:53','2018-08-18 02:49:56'),(621,1,1,0,'',1,0,0,1,0,0,'',0,0,'',0,0,'2018-08-18 08:14:48','2018-08-18 08:15:33'),(622,1,1,13,'a:1:{i:150;s:3:\"13,\";}',1,150,150,1,128,0,'4343800c84a62200d787e4841cefa917',0,0,'',0,0,'2018-08-18 09:30:29','2018-08-18 09:35:18'),(623,1,1,0,'',1,0,0,1,0,0,'',0,0,'',0,0,'2018-08-18 09:40:08','2018-08-18 09:40:08'),(624,1,1,0,'',1,0,0,2,0,0,'',0,0,'',0,0,'2018-08-18 10:07:34','2018-08-18 10:07:34'),(625,1,1,13,'',1,155,155,1,133,0,'aab28b46dc5ddb57aa8f799d645ce4f0',0,0,'',0,0,'2018-08-18 10:25:22','2018-08-19 11:34:26'),(626,1,1,13,'a:1:{i:151;s:3:\"13,\";}',1,151,151,1,129,0,'c87a0bb4c7ff11d40dd84a83978dd57b',0,0,'',0,0,'2018-08-18 11:21:10','2018-08-18 11:28:04'),(627,1,1,13,'',1,152,152,1,130,0,'a004be636fcfb5ec6fdcb1c383b0a133',0,0,'',0,0,'2018-08-18 12:15:25','2018-08-18 12:19:22'),(628,1,1,13,'a:1:{i:153;s:3:\"13,\";}',1,153,153,1,131,0,'dc6fc65fd670b021f33ac61a6291ab77',0,0,'',0,0,'2018-08-18 13:17:03','2018-08-18 14:07:41'),(629,1,1,13,'a:1:{i:154;s:3:\"13,\";}',1,154,154,1,132,0,'cd9fe85fc14f59f1d98388f8c31e2938',0,0,'',0,0,'2018-08-18 20:29:13','2018-08-18 20:32:20'),(630,1,1,13,'a:1:{i:164;s:3:\"13,\";}',1,164,164,1,142,0,'530b7e28cf706192ef46f40083a98158',0,0,'',0,0,'2018-08-18 21:43:30','2018-08-21 22:28:11'),(631,1,1,13,'',2,0,0,1,0,0,'',0,0,'',0,0,'2018-08-19 04:10:28','2018-08-19 04:10:29'),(632,1,1,13,'',2,0,0,1,0,0,'',0,0,'',0,0,'2018-08-19 04:10:28','2018-08-19 04:10:29'),(633,1,1,13,'',2,0,0,1,0,0,'',0,0,'',0,0,'2018-08-19 04:10:28','2018-08-19 04:10:29'),(634,1,1,13,'',2,0,0,1,0,0,'',0,0,'',0,0,'2018-08-19 04:10:29','2018-08-19 04:10:29'),(635,1,1,0,'',1,0,0,1,0,0,'',0,0,'',0,0,'2018-08-19 09:34:08','2018-08-19 09:36:07'),(636,1,1,13,'',1,0,0,1,0,0,'',0,0,'',0,0,'2018-08-19 09:57:20','2018-08-19 09:57:26'),(637,1,1,13,'',1,0,0,1,0,0,'',0,0,'',0,0,'2018-08-19 12:07:39','2018-08-19 12:10:24'),(638,1,1,13,'',1,0,0,1,0,0,'',0,0,'',0,0,'2018-08-19 13:58:38','2018-08-19 13:58:49'),(639,1,1,13,'a:1:{i:157;s:3:\"13,\";}',1,157,157,1,135,0,'45060e4bc46e31c354a29faa6e3383e1',0,0,'',0,0,'2018-08-19 15:43:45','2018-08-21 14:49:50'),(640,1,1,0,'',1,0,0,1,0,0,'',0,0,'',0,0,'2018-08-19 16:14:12','2018-08-19 16:14:12'),(641,1,1,13,'a:1:{i:156;s:3:\"13,\";}',1,156,156,1,134,0,'d8c8d72fb400fae48b84c9e4772cc290',0,0,'',0,0,'2018-08-19 16:59:42','2018-08-19 17:02:56'),(642,1,1,0,'',1,0,0,1,0,0,'',0,0,'',0,0,'2018-08-19 17:24:37','2018-08-19 17:24:37'),(643,1,1,0,'',1,156,156,1,134,0,'d8c8d72fb400fae48b84c9e4772cc290',0,0,'',0,0,'2018-08-19 17:32:00','2018-08-20 19:42:59'),(644,1,1,0,'',1,0,0,1,0,0,'',0,0,'',0,0,'2018-08-19 19:47:02','2018-08-19 19:47:02'),(645,1,1,0,'',1,127,127,1,109,0,'1e86e650fc3cadb5e29a479168828270',0,0,'',0,0,'2018-08-19 20:15:00','2018-08-19 20:15:00'),(646,1,1,13,'',1,127,127,1,109,0,'1e86e650fc3cadb5e29a479168828270',0,0,'',0,0,'2018-08-19 20:18:43','2018-08-19 20:20:11'),(647,1,1,0,'',1,0,0,1,0,0,'',0,0,'',0,0,'2018-08-19 23:23:37','2018-08-19 23:23:37'),(648,1,1,13,'a:1:{i:158;s:3:\"13,\";}',1,158,158,1,137,0,'832ce7a054ab122e7e89d73f31376df0',0,0,'',0,0,'2018-08-19 23:36:09','2018-08-25 08:17:38'),(649,1,1,13,'',1,0,0,1,0,0,'',0,0,'',0,0,'2018-08-20 16:27:40','2018-08-20 16:29:43'),(650,1,1,0,'',1,91,91,1,78,0,'3ed7659aec9a2f95ee8ebe3b5591a9d1',0,0,'',0,0,'2018-08-20 16:36:20','2018-08-20 16:39:04'),(651,1,1,13,'',1,0,0,1,0,0,'',0,0,'',0,0,'2018-08-20 18:16:27','2018-08-20 18:16:35'),(652,1,1,0,'',1,0,0,1,0,0,'',0,0,'',0,0,'2018-08-20 18:29:20','2018-08-20 18:29:20'),(653,1,1,13,'',1,0,0,1,0,0,'',0,0,'',0,0,'2018-08-20 18:52:54','2018-08-20 20:56:19'),(654,1,1,13,'',1,0,0,1,0,0,'',0,0,'',0,0,'2018-08-20 19:34:54','2018-08-20 19:39:16'),(655,1,1,13,'',1,177,177,1,154,0,'1c624741f341b89bb1b14f1ae2238f4b',0,0,'',0,0,'2018-08-21 00:36:00','2018-08-24 10:10:50'),(656,1,1,0,'',1,0,0,1,0,0,'',0,0,'',0,0,'2018-08-21 07:11:54','2018-08-21 07:11:54'),(657,1,1,13,'',1,0,0,1,0,0,'',0,0,'',0,0,'2018-08-21 08:47:22','2018-08-21 08:47:37'),(658,1,1,13,'',1,160,160,1,138,0,'91f4a04b3082852535add440cb4dc3c8',0,0,'',0,0,'2018-08-21 09:53:36','2018-08-21 10:00:14'),(659,1,1,13,'a:1:{i:161;s:3:\"13,\";}',1,161,161,1,139,0,'49cf2703cc29770bd51d08262a7a5feb',0,0,'',0,0,'2018-08-21 11:17:28','2018-08-21 11:39:06'),(660,1,1,0,'',1,0,0,1,0,0,'',0,0,'',0,0,'2018-08-21 12:58:37','2018-08-21 12:58:37'),(661,1,1,13,'',1,0,0,1,0,0,'',0,0,'',0,0,'2018-08-21 13:29:51','2018-08-21 14:45:43'),(662,1,1,13,'',1,0,0,1,0,0,'',0,0,'',0,0,'2018-08-21 18:19:35','2018-08-21 18:19:42'),(663,1,1,13,'a:1:{i:163;s:3:\"13,\";}',1,163,163,1,141,0,'e98414c279b8dd40994dd903ea4909ea',0,0,'',0,0,'2018-08-21 19:53:19','2018-08-21 20:00:01'),(664,1,1,13,'',1,0,0,1,0,0,'',0,0,'',0,0,'2018-08-21 21:01:58','2018-08-21 21:02:03'),(665,1,1,0,'',1,0,0,1,0,0,'',0,0,'',0,0,'2018-08-21 23:57:14','2018-08-21 23:59:05'),(666,1,1,0,'',1,0,0,1,0,0,'',0,0,'',0,0,'2018-08-22 01:19:46','2018-08-22 01:19:46'),(667,1,1,13,'',1,0,0,1,0,0,'',0,0,'',0,0,'2018-08-22 07:52:01','2018-08-22 07:55:59'),(668,1,1,0,'',1,0,0,1,0,0,'',0,0,'',0,0,'2018-08-22 07:59:22','2018-09-07 22:59:52'),(669,1,1,13,'',1,165,165,1,143,0,'57ef553938243ef187bc02d8c175d6c7',0,0,'',0,0,'2018-08-22 08:00:03','2018-08-22 08:07:37'),(670,1,1,0,'',1,0,0,1,0,0,'',0,0,'',0,0,'2018-08-22 10:10:40','2018-08-22 10:10:40'),(671,1,1,0,'',1,0,0,1,0,0,'',0,0,'',0,0,'2018-08-22 10:19:05','2018-08-22 10:19:05'),(672,1,1,0,'',1,166,166,1,144,0,'b180297e5ae252e6f6473dd6af94b066',0,0,'',0,0,'2018-08-22 11:20:08','2018-08-27 12:02:54'),(673,1,1,13,'',1,167,167,1,145,0,'4ce374cdf25b330c38d28c291350d076',0,0,'',0,0,'2018-08-22 14:15:44','2018-08-26 15:17:27'),(674,1,1,0,'',1,0,0,1,0,0,'',0,0,'',0,0,'2018-08-22 14:28:33','2018-08-22 14:28:33'),(675,1,1,13,'',1,168,168,1,146,0,'04d69c68ddcb178e0aa38837d8a35338',0,0,'',0,0,'2018-08-22 16:08:50','2018-08-22 20:48:06'),(676,1,1,13,'',1,0,0,1,0,0,'',0,0,'',0,0,'2018-08-22 19:26:31','2018-08-23 15:10:06'),(677,1,1,0,'',1,0,0,1,0,0,'',0,0,'',0,0,'2018-08-22 20:32:21','2018-08-22 20:32:21'),(678,1,1,13,'a:1:{i:169;s:3:\"13,\";}',1,169,169,1,147,0,'3b9dc2eb7da8afdaa94a5ac30683464c',0,0,'',0,0,'2018-08-22 22:05:40','2018-08-22 22:19:25'),(679,1,1,0,'',1,169,169,1,147,0,'3b9dc2eb7da8afdaa94a5ac30683464c',0,0,'',0,0,'2018-08-22 22:08:25','2018-08-22 22:52:21'),(680,1,1,13,'',1,170,170,1,148,0,'460fcc17fe6620ad10fd502366cf8e24',0,0,'',0,0,'2018-08-23 10:59:46','2018-08-23 11:49:13'),(681,1,1,13,'',1,0,0,1,0,0,'',0,0,'',0,0,'2018-08-23 11:15:42','2018-08-23 11:15:43'),(682,1,1,13,'',1,0,0,1,0,0,'',0,0,'',0,0,'2018-08-23 11:15:51','2018-08-23 11:15:52'),(683,1,1,13,'',1,20,20,1,2,0,'8751e0c76517ddfc90d9510e3a37d36b',0,0,'',0,0,'2018-08-23 11:23:58','2018-08-23 11:26:23'),(684,1,1,13,'',1,0,0,1,0,0,'',0,0,'',0,0,'2018-08-23 12:20:24','2018-08-23 12:20:35'),(685,1,1,13,'',1,0,0,1,0,0,'',0,0,'',0,0,'2018-08-23 14:19:13','2018-08-23 14:20:31'),(686,1,1,13,'a:1:{i:171;s:3:\"13,\";}',1,171,171,1,149,0,'6b702b08d89b74be4da5e373f96b34d9',0,0,'',0,0,'2018-08-23 15:14:05','2018-08-23 15:35:26'),(687,1,1,13,'a:1:{i:172;s:3:\"13,\";}',1,172,172,1,150,0,'dfa05c0351795b9acb6c2c590fcae05c',0,0,'',0,0,'2018-08-23 16:15:19','2018-08-23 16:23:08'),(688,1,1,13,'',2,0,0,3,0,0,'',0,0,'',0,0,'2018-08-23 16:35:43','2018-08-23 16:35:44'),(689,1,1,13,'a:1:{i:173;s:3:\"13,\";}',1,173,173,1,151,0,'7e5dc02c9d71eebbbf3b50622f4c7064',0,0,'',0,0,'2018-08-23 16:52:36','2018-08-23 16:58:47'),(690,1,1,0,'',1,0,0,1,0,0,'',0,0,'',0,0,'2018-08-23 17:37:19','2018-08-23 17:37:19'),(691,1,1,13,'a:1:{i:174;s:3:\"13,\";}',1,174,175,1,152,0,'e614d12dcb05c20719d1859cb9bd55fe',0,0,'',0,0,'2018-08-23 19:38:22','2018-08-23 20:58:43'),(692,1,1,0,'',1,0,0,1,0,0,'',0,0,'',0,0,'2018-08-23 23:23:06','2018-08-23 23:24:56'),(693,1,1,0,'',2,0,0,3,0,0,'',0,0,'',0,0,'2018-08-24 00:36:45','2018-08-24 00:36:45'),(694,1,1,13,'a:1:{i:176;s:3:\"13,\";}',1,176,176,1,153,0,'7d619efb43c40da175a174579b1ea290',0,0,'',0,0,'2018-08-24 05:27:13','2018-08-24 05:32:40'),(695,1,1,0,'',1,0,0,1,0,0,'',0,0,'',0,0,'2018-08-24 09:52:40','2018-08-24 09:52:40'),(696,1,1,0,'',1,0,0,1,0,0,'',0,0,'',0,0,'2018-08-24 10:45:14','2018-08-24 10:45:15'),(697,1,1,0,'',1,0,0,1,0,0,'',0,0,'',0,0,'2018-08-24 10:57:09','2018-08-24 10:57:09'),(698,1,1,13,'',1,0,0,1,0,0,'',0,0,'',0,0,'2018-08-24 11:15:53','2018-08-24 11:16:00'),(699,1,1,13,'a:1:{i:178;s:3:\"13,\";}',1,178,178,1,155,0,'16d57e61bcec338572b4a9d83e474c02',0,0,'',0,0,'2018-08-24 15:03:04','2018-08-24 15:06:08'),(700,1,1,13,'a:1:{i:179;s:3:\"13,\";}',2,179,181,1,156,0,'486fd1f016ff4542398138f97427046c',0,0,'',0,0,'2018-08-24 15:12:52','2018-08-28 21:06:55'),(701,1,1,0,'',1,0,0,1,0,0,'',0,0,'',0,0,'2018-08-24 15:17:57','2018-08-24 15:17:57'),(702,1,1,13,'',1,0,0,1,0,0,'',0,0,'',0,0,'2018-08-24 16:07:54','2018-08-24 16:08:07'),(703,1,1,13,'',1,0,0,1,0,0,'',0,0,'',0,0,'2018-08-24 16:21:39','2018-08-24 16:25:22'),(704,1,1,13,'',1,0,0,1,0,0,'',0,0,'',0,0,'2018-08-24 16:44:34','2018-08-24 16:44:57'),(705,1,1,13,'',1,0,0,1,0,0,'',0,0,'',0,0,'2018-08-24 17:37:33','2018-08-24 17:38:07'),(706,1,1,13,'',1,0,0,1,0,0,'',0,0,'',0,0,'2018-08-24 19:17:53','2018-08-28 21:05:38'),(707,1,1,0,'',1,0,0,1,0,0,'',0,0,'',0,0,'2018-08-24 20:45:05','2018-08-24 20:45:05'),(708,1,1,13,'a:1:{i:182;s:3:\"13,\";}',2,182,182,2,157,0,'9f765f6146fbd89dd989d1dabc85fd2e',0,0,'',0,0,'2018-08-25 07:22:47','2018-08-25 07:37:27'),(709,1,1,0,'',1,0,0,1,0,0,'',0,0,'',0,0,'2018-08-25 09:10:01','2018-08-25 09:10:01'),(710,1,1,13,'',2,0,0,3,0,0,'',0,0,'',0,0,'2018-08-25 09:32:00','2018-08-25 09:32:01'),(711,1,1,13,'',2,0,0,3,0,0,'',0,0,'',0,0,'2018-08-25 10:47:47','2018-08-25 10:47:49'),(712,1,1,13,'a:1:{i:183;s:3:\"13,\";}',1,183,183,1,158,0,'591e783c552a7101cb6251527d41904c',0,0,'',0,0,'2018-08-25 11:31:35','2018-08-25 12:07:30'),(713,1,1,13,'',2,0,0,3,0,0,'',0,0,'',0,0,'2018-08-25 12:03:35','2018-08-25 12:03:36'),(714,1,1,13,'a:1:{i:184;s:3:\"13,\";}',1,184,184,1,159,0,'b4a1a1b38daf5662b122dd33aadc604e',0,0,'',0,0,'2018-08-25 13:15:17','2018-08-25 13:54:41'),(715,1,1,13,'',2,0,0,3,0,0,'',0,0,'',0,0,'2018-08-25 13:19:22','2018-08-25 13:19:24'),(716,1,1,0,'',1,0,0,1,0,0,'',0,0,'',0,0,'2018-08-25 15:45:16','2018-08-25 15:45:16'),(717,1,1,0,'',1,0,0,1,0,0,'',0,0,'',0,0,'2018-08-25 17:18:47','2018-08-25 17:18:47'),(718,1,1,13,'',2,0,0,1,0,0,'',0,0,'',0,0,'2018-08-25 17:39:10','2018-08-25 17:39:11'),(719,1,1,0,'',1,0,0,1,0,0,'',0,0,'',0,0,'2018-08-25 19:37:18','2018-08-25 19:37:18'),(720,1,1,0,'',1,185,185,1,161,0,'49a98d1f723e57d8ef84a4e2fb2f4614',0,0,'',0,0,'2018-08-25 19:41:04','2018-08-25 20:33:22'),(721,1,1,13,'',1,0,0,1,0,0,'',0,0,'',0,0,'2018-08-26 08:12:05','2018-08-26 08:14:46'),(722,1,1,13,'a:1:{i:187;s:3:\"13,\";}',1,187,187,1,162,0,'f016f5ce701a7376e02cbf7e5996fa86',0,0,'',0,0,'2018-08-26 09:31:15','2018-08-26 09:34:59'),(723,1,1,13,'',1,188,188,1,163,0,'177845e29327213e27feeb7a51d1acd6',0,0,'',0,0,'2018-08-26 11:23:06','2018-08-26 11:44:29'),(724,1,1,0,'',1,188,188,1,163,0,'177845e29327213e27feeb7a51d1acd6',0,0,'',0,0,'2018-08-26 11:57:29','2018-08-26 12:02:01'),(725,1,1,0,'',1,0,0,1,0,0,'',0,0,'',0,0,'2018-08-26 12:13:58','2018-08-26 12:15:08'),(726,1,1,0,'',1,0,0,1,0,0,'',0,0,'',0,0,'2018-08-26 13:11:58','2018-08-26 13:11:58'),(727,1,1,0,'',1,0,0,1,0,0,'',0,0,'',0,0,'2018-08-26 14:45:54','2018-08-26 14:45:54'),(728,1,1,13,'',1,0,0,1,0,0,'',0,0,'',0,0,'2018-08-26 15:49:03','2018-08-26 15:50:02'),(729,1,1,13,'',1,190,190,1,164,0,'782f9219991bd39ae4f2ae1fc224ae3d',0,0,'',0,0,'2018-08-26 15:59:28','2018-08-26 16:11:52'),(730,1,1,0,'',1,0,0,1,0,0,'',0,0,'',0,0,'2018-08-26 16:16:46','2018-08-26 16:16:46'),(731,1,1,13,'a:1:{i:194;s:3:\"13,\";}',1,197,197,1,170,0,'0952ed75e5d217ffb766bbb4e928bf4d',0,0,'',0,0,'2018-08-27 06:44:10','2018-08-28 17:25:21'),(732,1,1,13,'a:1:{i:191;s:3:\"13,\";}',1,191,191,1,165,0,'4a1b1c41217ac433a0f97edbae09e1c2',0,0,'',0,0,'2018-08-27 11:23:28','2018-08-27 11:27:34'),(733,1,1,13,'',1,193,192,1,166,0,'371e3500cd6ea13f2da5fc0a58d137e3',0,0,'',0,0,'2018-08-27 12:26:04','2018-08-27 13:05:40'),(734,1,1,0,'',1,0,0,1,0,0,'',0,0,'',0,0,'2018-08-27 13:29:36','2018-08-28 10:26:50'),(735,1,1,0,'',1,192,192,1,166,0,'371e3500cd6ea13f2da5fc0a58d137e3',0,0,'',0,0,'2018-08-28 14:01:49','2018-08-28 14:01:49'),(736,1,1,13,'',1,0,0,1,0,0,'',0,0,'',0,0,'2018-08-28 14:57:24','2018-08-28 14:57:53'),(737,1,1,13,'',1,196,196,1,169,0,'3e0135cbabbddb32d4b734c1dd024f8f',0,0,'',0,0,'2018-08-28 15:41:37','2018-08-28 15:47:20'),(738,1,1,13,'a:1:{i:198;s:3:\"13,\";}',1,198,198,1,171,0,'009a0cbe382955b0e9b9683e79e7753a',0,0,'',0,0,'2018-08-28 20:46:53','2018-08-28 20:50:54'),(739,1,1,0,'',1,0,0,1,0,0,'',0,0,'',0,0,'2018-08-28 21:02:51','2018-08-28 21:02:51'),(740,1,1,13,'a:1:{i:199;s:3:\"13,\";}',1,199,199,1,172,0,'db4a72ea426c47fbc00f557475d5dc0c',0,0,'',0,0,'2018-08-28 22:46:21','2018-08-28 22:47:54'),(741,1,1,13,'a:1:{i:200;s:3:\"13,\";}',1,200,200,1,173,0,'b9ff56e831f6cc5b6b860a73ba261be4',0,0,'',0,0,'2018-08-29 08:03:48','2018-08-29 08:12:17'),(742,1,1,13,'',1,20,20,1,2,0,'8751e0c76517ddfc90d9510e3a37d36b',0,0,'',0,0,'2018-08-29 09:48:56','2018-09-26 18:29:45'),(743,1,1,13,'',1,0,0,1,0,0,'',0,0,'',0,0,'2018-08-29 13:39:26','2018-08-29 13:39:43'),(744,1,1,13,'',1,0,0,1,0,0,'',0,0,'',0,0,'2018-08-29 14:16:02','2018-08-29 14:17:57'),(745,1,1,0,'',1,0,0,1,0,0,'',0,0,'',0,0,'2018-08-29 14:44:30','2018-08-29 14:44:30'),(746,1,1,13,'a:1:{i:201;s:3:\"13,\";}',1,201,201,1,174,0,'1ae708db9aa972d4abaf06671ad9cdcf',0,0,'',0,0,'2018-08-29 16:01:00','2018-08-29 16:06:16'),(747,1,1,13,'a:1:{i:202;s:3:\"13,\";}',1,202,202,1,175,0,'cec0dff23a306726ecb9863cc37a6f12',0,0,'',0,0,'2018-08-30 08:57:30','2018-08-30 09:01:00'),(748,1,1,13,'',1,0,0,1,0,0,'',0,0,'',0,0,'2018-08-30 10:00:58','2018-08-30 10:02:58'),(749,1,1,0,'',1,0,0,1,0,0,'',0,0,'',0,0,'2018-08-30 10:22:18','2018-08-30 10:22:18'),(750,1,1,0,'',1,0,0,1,0,0,'',0,0,'',0,0,'2018-08-30 13:14:15','2018-08-30 13:15:15'),(751,1,1,13,'',1,0,0,1,0,0,'',0,0,'',0,0,'2018-08-30 13:44:01','2018-08-30 13:44:32'),(752,1,1,13,'',1,0,0,1,0,0,'',0,0,'',0,0,'2018-08-30 14:16:09','2018-09-21 12:44:07'),(753,1,1,13,'',2,0,0,3,0,0,'',0,0,'',0,0,'2018-08-30 15:29:03','2018-08-30 15:29:03'),(754,1,1,13,'',2,0,0,3,0,0,'',0,0,'',0,0,'2018-08-30 16:26:33','2018-08-30 16:26:33'),(755,1,1,13,'',2,0,0,3,0,0,'',0,0,'',0,0,'2018-08-30 16:26:33','2018-08-30 16:26:34'),(756,1,1,0,'',1,186,186,1,161,0,'49a98d1f723e57d8ef84a4e2fb2f4614',0,0,'',0,0,'2018-08-30 18:19:54','2018-08-30 18:22:48'),(757,1,1,13,'',1,0,0,1,0,0,'',0,0,'',0,0,'2018-08-30 20:07:38','2018-08-30 20:08:40'),(758,1,1,13,'a:1:{i:203;s:3:\"13,\";}',1,203,203,1,176,0,'42cb8a3a886f7ea9244f30677b313bc5',0,0,'',0,0,'2018-08-30 20:13:29','2018-08-30 20:37:43'),(759,1,1,13,'',1,0,0,1,0,0,'',0,0,'',0,0,'2018-08-31 10:06:54','2018-08-31 10:06:56'),(760,1,1,13,'',1,0,0,1,0,0,'',0,0,'',0,0,'2018-08-31 10:09:09','2018-08-31 10:09:28'),(761,1,1,13,'',2,0,0,3,0,0,'',0,0,'',0,0,'2018-08-31 13:22:23','2018-08-31 13:24:57'),(762,1,1,13,'',2,0,0,3,0,0,'',0,0,'',0,0,'2018-08-31 13:28:56','2018-08-31 13:33:08'),(763,1,1,0,'',1,0,0,1,0,0,'',0,0,'',0,0,'2018-09-01 12:36:50','2018-09-01 12:36:50'),(764,1,1,0,'',1,0,0,1,0,0,'',0,0,'',0,0,'2018-09-01 17:42:39','2018-09-01 17:47:34'),(765,1,1,0,'',1,0,0,1,0,0,'',0,0,'',0,0,'2018-09-01 18:25:39','2018-09-01 18:25:39'),(766,1,1,0,'',1,0,0,1,0,0,'',0,0,'',0,0,'2018-09-02 00:56:57','2018-09-02 00:56:57'),(767,1,1,0,'',1,0,0,1,0,0,'',0,0,'',0,0,'2018-09-02 08:56:13','2018-09-02 08:56:33'),(768,1,1,13,'',1,0,0,1,0,0,'',0,0,'',0,0,'2018-09-02 16:48:15','2018-09-02 16:49:11'),(769,1,1,0,'',1,0,0,1,0,0,'',0,0,'',0,0,'2018-09-03 02:17:00','2018-09-03 02:17:00'),(770,1,1,0,'',1,0,0,1,0,0,'',0,0,'',0,0,'2018-09-03 11:09:37','2018-09-03 11:14:47'),(771,1,1,13,'',1,205,204,1,177,0,'f312830630e2161a5c5a2d08b2e72c26',0,0,'',0,0,'2018-09-03 12:43:07','2018-09-03 15:14:35'),(772,1,1,0,'',1,0,0,1,0,0,'',0,0,'',0,0,'2018-09-03 17:19:41','2018-09-03 17:19:41'),(773,1,1,13,'',2,0,0,3,0,0,'',0,0,'',0,0,'2018-09-03 21:52:08','2018-09-03 21:52:09'),(774,1,1,0,'',2,0,0,3,0,0,'',0,0,'',0,0,'2018-09-03 22:43:28','2018-09-03 22:43:28'),(775,1,1,13,'',1,0,0,1,0,0,'',0,0,'',0,0,'2018-09-04 22:11:37','2018-09-09 19:18:35'),(776,1,1,0,'',1,0,0,1,0,0,'',0,0,'',0,0,'2018-09-05 11:59:02','2018-09-05 11:59:02'),(777,1,1,13,'',1,206,206,1,178,0,'1a9cf04003f87d1a0609e9e0adcd67ea',0,0,'',0,0,'2018-09-05 12:24:38','2018-09-05 12:27:39'),(778,1,1,13,'',1,0,0,1,0,0,'',0,0,'',0,0,'2018-09-05 14:49:57','2018-09-05 14:51:31'),(779,1,1,13,'',1,0,0,1,0,0,'',0,0,'',0,0,'2018-09-05 15:06:52','2018-09-05 17:24:01'),(780,1,1,13,'',1,0,0,1,0,0,'',0,0,'',0,0,'2018-09-05 17:43:42','2018-09-05 17:46:44'),(781,1,1,0,'',1,0,0,1,0,0,'',0,0,'',0,0,'2018-09-05 18:37:32','2018-09-05 18:37:32'),(782,1,1,0,'',1,0,0,1,0,0,'',0,0,'',0,0,'2018-09-05 19:17:15','2018-09-05 19:17:41'),(783,1,1,13,'',2,0,0,3,0,0,'',0,0,'',0,0,'2018-09-06 14:29:27','2018-09-06 14:29:28'),(784,1,1,13,'',2,0,0,3,0,0,'',0,0,'',0,0,'2018-09-07 06:29:34','2018-09-07 06:30:24'),(785,1,1,0,'',1,0,0,1,0,0,'',0,0,'',0,0,'2018-09-07 15:36:33','2018-09-07 15:36:33'),(786,1,1,13,'',1,0,0,1,0,0,'',0,0,'',0,0,'2018-09-07 19:19:40','2018-09-07 19:19:44'),(787,1,1,0,'',1,0,0,1,0,0,'',0,0,'',0,0,'2018-09-08 14:25:58','2018-09-08 14:25:58'),(788,1,1,0,'',1,207,207,1,179,0,'d8646bc7aca254ce5ae97cab86b02f68',0,0,'',0,0,'2018-09-08 15:46:10','2018-09-08 15:46:10'),(789,1,1,0,'',1,0,0,1,0,0,'',0,0,'',0,0,'2018-09-08 23:02:20','2018-09-08 23:02:20'),(790,1,1,13,'',1,0,0,1,0,0,'',0,0,'',0,0,'2018-09-09 00:14:47','2018-09-09 00:14:51'),(791,1,1,13,'a:1:{i:208;s:3:\"13,\";}',1,208,208,1,180,0,'5404b58a2efee2119d534869e7c51212',0,0,'',0,0,'2018-09-09 10:09:16','2018-09-22 09:40:55'),(792,1,1,13,'',1,0,0,1,0,0,'',0,0,'',0,0,'2018-09-09 11:58:39','2018-09-09 12:01:26'),(793,1,1,13,'',2,0,0,3,0,0,'',0,0,'',0,0,'2018-09-10 01:43:37','2018-09-10 01:44:04'),(794,1,1,13,'',2,0,0,3,0,0,'',0,0,'',0,0,'2018-09-10 12:35:07','2018-09-10 12:35:09'),(795,1,1,13,'',2,0,0,3,0,0,'',0,0,'',0,0,'2018-09-10 12:35:11','2018-09-10 12:35:14'),(796,1,1,13,'',2,0,0,3,0,0,'',0,0,'',0,0,'2018-09-10 12:35:30','2018-09-10 12:35:36'),(797,1,1,13,'',2,0,0,3,0,0,'',0,0,'',0,0,'2018-09-10 12:35:38','2018-09-10 12:35:45'),(798,1,1,13,'',1,0,0,1,0,0,'',0,0,'',0,0,'2018-09-10 16:45:18','2018-09-10 16:45:29'),(799,1,1,0,'',2,0,0,3,0,0,'',0,0,'',0,0,'2018-09-10 19:09:28','2018-09-10 19:09:28'),(800,1,1,13,'a:1:{i:209;s:3:\"13,\";}',1,209,209,1,181,0,'aad684814d53f9ba622bd088cb9f28fe',0,0,'',0,0,'2018-09-11 01:03:25','2018-09-12 02:44:56'),(801,1,1,13,'',2,0,0,3,0,0,'',0,0,'',0,0,'2018-09-13 21:14:32','2018-09-13 21:14:33'),(802,1,1,13,'',1,0,0,1,0,0,'',0,0,'',0,0,'2018-09-14 05:00:04','2018-09-14 05:00:14'),(803,1,1,13,'',2,0,0,3,0,0,'',0,0,'',0,0,'2018-09-14 10:06:23','2018-09-14 10:06:24'),(804,1,1,13,'',2,0,0,3,0,0,'',0,0,'',0,0,'2018-09-14 10:53:54','2018-09-14 10:53:54'),(805,1,1,13,'',1,0,0,1,0,0,'',0,0,'',0,0,'2018-09-16 21:26:06','2018-09-16 21:27:24'),(806,1,1,0,'',2,0,0,3,0,0,'',0,0,'',0,0,'2018-09-18 11:42:54','2018-09-18 11:42:54'),(807,1,1,0,'',1,0,0,1,0,0,'',0,0,'',0,0,'2018-09-18 19:18:04','2018-09-18 19:18:04'),(808,1,1,0,'',2,0,0,1,0,0,'',0,0,'',0,0,'2018-09-19 06:43:00','2018-09-19 06:56:17'),(809,1,1,13,'',2,0,0,3,0,0,'',0,0,'',0,0,'2018-09-20 20:02:56','2018-09-20 20:02:57'),(810,1,1,13,'',2,0,0,1,0,0,'',0,0,'',0,0,'2018-09-21 15:39:03','2018-09-26 15:01:10'),(811,1,1,13,'',2,211,211,1,182,0,'a9eb6f6ea376b532f505ade23dabd463',0,0,'',0,0,'2018-09-21 20:34:20','2018-09-21 21:02:29'),(812,1,1,0,'',2,0,0,3,0,0,'',0,0,'',0,0,'2018-09-23 04:49:22','2018-09-23 04:49:22'),(813,1,1,13,'',1,0,0,1,0,0,'',0,0,'',0,0,'2018-09-23 22:27:05','2018-09-23 22:32:13'),(814,1,1,0,'',1,0,0,1,0,0,'',0,0,'',0,0,'2018-09-23 22:54:03','2018-09-23 23:03:26'),(815,1,1,13,'',1,0,0,1,0,0,'',0,0,'',0,0,'2018-09-24 20:10:30','2018-09-24 20:12:00'),(816,1,1,13,'',1,217,217,1,187,0,'fc7d897319cd4a764556f010b652addf',0,0,'',0,0,'2018-09-25 22:53:54','2018-10-05 01:56:18'),(817,1,1,0,'',2,0,0,1,0,0,'',0,0,'',0,0,'2018-09-26 10:18:04','2018-09-26 10:18:04'),(818,1,1,13,'',1,213,213,1,183,0,'979bce5219077dded7fcc665a89d9b80',0,0,'',0,0,'2018-09-26 15:42:27','2018-09-26 15:50:10'),(819,1,1,13,'',1,0,0,1,0,0,'',0,0,'',0,0,'2018-09-26 18:08:25','2018-09-26 18:08:28'),(820,1,1,0,'',1,0,0,1,0,0,'',0,0,'',0,0,'2018-09-27 09:53:49','2018-09-27 09:53:49'),(821,1,1,0,'',1,0,0,1,0,0,'',0,0,'',0,0,'2018-09-27 14:32:17','2018-09-27 14:32:17'),(822,1,1,13,'',2,0,0,3,0,0,'',0,0,'',0,0,'2018-09-27 16:22:56','2018-09-27 16:22:57'),(823,1,1,13,'',2,0,0,3,0,0,'',0,0,'',0,0,'2018-09-27 16:41:42','2018-09-27 16:41:42'),(824,1,1,13,'',1,0,0,1,0,0,'',0,0,'',0,0,'2018-09-27 19:09:41','2018-09-27 19:09:45'),(825,1,1,13,'',1,0,0,1,0,0,'',0,0,'',0,0,'2018-09-27 21:51:56','2018-09-27 21:52:24'),(826,1,1,13,'a:1:{i:215;s:3:\"13,\";}',1,215,215,1,184,0,'1879ee403f92234d444cbb31da046be6',0,0,'',0,0,'2018-09-28 01:12:45','2018-09-28 01:33:18'),(827,1,1,13,'',1,0,0,1,185,0,'fbd1618a2db7393097e3b9f1b7391941',0,0,'',0,0,'2018-09-28 10:08:00','2018-09-28 10:12:02'),(828,1,1,13,'',1,216,216,1,186,0,'3713d58a77b6b7ec36046dbb6356503b',0,0,'',0,0,'2018-09-29 16:00:18','2018-09-29 16:02:03'),(829,1,1,0,'',1,0,0,1,0,0,'',0,0,'',0,0,'2018-09-29 21:26:42','2018-09-29 21:26:42'),(830,1,1,13,'',1,0,0,1,0,0,'',0,0,'',0,0,'2018-09-30 09:26:09','2018-09-30 09:29:51'),(831,1,1,0,'',2,0,0,1,0,0,'',0,0,'',0,0,'2018-10-02 02:23:20','2018-10-02 02:23:20'),(832,1,1,13,'',1,0,0,1,0,0,'',0,0,'',0,0,'2018-10-02 10:28:22','2018-10-02 10:28:23'),(833,1,1,13,'',1,0,0,1,0,0,'',0,0,'',0,0,'2018-10-02 13:08:00','2018-10-02 13:17:28'),(834,1,1,13,'',2,0,0,1,0,0,'',0,0,'',0,0,'2018-10-03 12:56:40','2018-10-03 13:11:10'),(835,1,1,13,'',1,0,0,1,0,0,'',0,0,'',0,0,'2018-10-04 00:18:58','2018-10-04 00:18:59'),(836,1,1,13,'',1,0,0,1,0,0,'',0,0,'',0,0,'2018-10-04 04:32:20','2018-10-04 04:32:21'),(837,1,1,13,'',1,0,0,1,0,0,'',0,0,'',0,0,'2018-10-04 05:58:38','2018-10-04 05:58:39'),(838,1,1,13,'',1,0,0,1,0,0,'',0,0,'',0,0,'2018-10-04 09:21:04','2018-10-04 09:26:58'),(839,1,1,13,'',1,0,0,1,0,0,'',0,0,'',0,0,'2018-10-04 11:17:06','2018-10-04 11:17:07'),(840,1,1,0,'',1,0,0,1,0,0,'',0,0,'',0,0,'2018-10-04 17:01:42','2018-10-04 17:02:24'),(841,1,1,0,'',1,0,0,1,0,0,'',0,0,'',0,0,'2018-10-05 00:27:56','2018-10-05 00:27:56'),(842,1,1,13,'a:1:{i:218;s:3:\"13,\";}',1,218,218,1,188,0,'210a83c76954268ec4ea3a4c26c4e468',0,0,'',0,0,'2018-10-05 19:59:51','2018-10-05 20:17:05'),(843,1,1,13,'',2,0,0,1,0,0,'',0,0,'',0,0,'2018-10-06 12:50:56','2018-10-06 12:51:00'),(844,1,1,0,'',1,0,0,1,0,0,'',0,0,'',0,0,'2018-10-07 08:54:37','2018-10-07 08:56:24'),(845,1,1,0,'',1,218,218,1,188,0,'210a83c76954268ec4ea3a4c26c4e468',0,0,'',0,0,'2018-10-07 19:00:55','2018-10-07 19:00:55'),(846,1,1,13,'',1,0,0,1,0,0,'',0,0,'',0,0,'2018-10-08 00:54:35','2018-10-08 00:54:36'),(847,1,1,13,'',2,0,0,1,0,0,'',0,0,'',0,0,'2018-10-08 09:42:22','2018-10-08 09:42:26'),(848,1,1,13,'',2,0,0,1,0,0,'',0,0,'',0,0,'2018-10-08 13:51:23','2018-10-08 13:51:47'),(849,1,1,0,'',2,0,0,1,0,0,'',0,0,'',0,0,'2018-10-08 15:18:54','2018-10-10 10:23:35'),(850,1,1,0,'',1,136,136,1,118,0,'10bb09faa3fccbe24ab92bd52d7c228d',0,0,'',0,0,'2018-10-08 17:01:59','2018-10-08 17:01:59'),(851,1,1,0,'',2,0,0,3,0,0,'',0,0,'',0,0,'2018-10-09 01:39:58','2018-10-09 01:39:58'),(852,1,1,0,'',2,0,0,3,0,0,'',0,0,'',0,0,'2018-10-09 02:31:49','2018-10-09 02:31:49'),(853,1,1,0,'',1,0,0,1,0,0,'',0,0,'',0,0,'2018-10-09 08:03:37','2018-10-09 08:03:37'),(854,1,1,0,'',1,0,0,1,0,0,'',0,0,'',0,0,'2018-10-10 16:01:06','2018-10-10 16:01:06'),(855,1,1,13,'a:1:{i:219;s:3:\"13,\";}',1,219,219,1,189,0,'d32b4615fcc094b6b90c556b2eae12c5',0,0,'',0,0,'2018-10-10 18:44:11','2018-10-10 18:50:49'),(856,1,1,0,'',1,0,0,1,0,0,'',0,0,'',0,0,'2018-10-11 19:20:18','2018-10-11 19:20:18'),(857,1,1,13,'a:1:{i:220;s:3:\"13,\";}',1,220,220,1,191,0,'d807c4eafe3c9a3894100712291eba9e',0,0,'',0,0,'2018-10-11 19:33:25','2018-10-12 13:56:16'),(858,1,1,13,'',2,0,0,3,0,0,'',0,0,'',0,0,'2018-10-12 11:32:09','2018-10-12 11:32:09'),(859,1,1,13,'',1,0,0,1,0,0,'',0,0,'',0,0,'2018-10-12 11:38:51','2018-10-12 11:42:10'),(860,1,1,13,'',2,0,0,3,0,0,'',0,0,'',0,0,'2018-10-12 12:13:13','2018-10-12 12:13:14'),(861,1,1,13,'',2,0,0,3,0,0,'',0,0,'',0,0,'2018-10-12 12:47:41','2018-10-12 12:47:41'),(862,1,1,0,'',1,0,0,1,0,0,'',0,0,'',0,0,'2018-10-12 13:04:08','2018-10-12 13:04:08'),(863,1,1,13,'',2,0,0,3,0,0,'',0,0,'',0,0,'2018-10-13 19:08:59','2018-10-13 19:13:51'),(864,1,1,13,'',2,0,0,3,0,0,'',0,0,'',0,0,'2018-10-13 19:13:16','2018-10-13 19:14:56'),(865,1,1,13,'a:1:{i:222;s:3:\"13,\";}',1,222,222,1,192,0,'f423cb2790b1d16aef8c534a4d060772',0,0,'',0,0,'2018-10-14 03:23:54','2018-10-14 03:27:40'),(866,1,1,13,'a:1:{i:223;s:3:\"13,\";}',1,223,223,1,193,0,'8f78b39565a6e819a56e777bc427327d',0,0,'',0,0,'2018-10-14 11:19:03','2018-10-14 11:32:49'),(867,1,1,0,'',1,223,223,1,193,0,'8f78b39565a6e819a56e777bc427327d',0,0,'',0,0,'2018-10-14 13:19:20','2018-10-14 13:19:20'),(868,1,1,13,'',1,0,0,1,0,0,'',0,0,'',0,0,'2018-10-14 21:31:22','2018-10-14 21:31:56'),(869,1,1,0,'',1,0,0,1,0,0,'',0,0,'',0,0,'2018-10-14 22:27:52','2018-10-14 22:27:52'),(870,1,1,0,'',2,0,0,3,0,0,'',0,0,'',0,0,'2018-10-15 05:06:30','2018-10-15 05:06:30'),(871,1,1,0,'',1,222,222,1,192,0,'f423cb2790b1d16aef8c534a4d060772',0,0,'',0,0,'2018-10-15 14:44:33','2018-10-15 14:44:33'),(872,1,1,0,'',1,0,0,1,0,0,'',0,0,'',0,0,'2018-10-16 15:14:01','2018-10-16 15:14:01'),(873,1,1,0,'',2,0,0,3,0,0,'',0,0,'',0,0,'2018-10-17 01:21:24','2018-10-17 01:21:24'),(874,1,1,0,'',1,0,0,1,0,0,'',0,0,'',0,0,'2018-10-18 08:05:39','2018-10-18 08:05:39'),(875,1,1,13,'',1,224,224,1,194,0,'872b1e1d1895eb96dec402cb6fab4431',0,0,'',0,0,'2018-10-18 08:21:30','2018-10-18 08:28:48'),(876,1,1,13,'',2,0,0,1,0,0,'',0,0,'',0,0,'2018-10-18 14:25:47','2018-10-18 14:32:32'),(877,1,1,13,'a:1:{i:225;s:3:\"13,\";}',1,225,225,1,195,0,'3f06eec292b7270fb66050220f6ca5d4',0,0,'',0,0,'2018-10-18 15:05:44','2018-10-18 15:07:36'),(878,1,1,0,'',1,0,0,1,0,0,'',0,0,'',0,0,'2018-10-18 20:20:28','2018-10-18 20:20:28'),(879,1,1,13,'',1,0,0,1,0,0,'',0,0,'',0,0,'2018-10-20 22:07:16','2018-10-20 22:09:04'),(880,1,1,0,'',1,0,0,1,0,0,'',0,0,'',0,0,'2018-10-21 12:52:11','2018-10-21 12:52:11'),(881,1,1,0,'',1,0,0,1,0,0,'',0,0,'',0,0,'2018-10-21 15:45:19','2018-10-21 15:45:19'),(882,1,1,13,'a:1:{i:226;s:3:\"13,\";}',1,226,226,1,196,0,'63c679ae4f9c3df07cb45b934eb3eaf1',0,0,'',0,0,'2018-10-22 14:34:59','2018-10-22 14:38:46'),(883,1,1,0,'',2,0,0,3,0,0,'',0,0,'',0,0,'2018-10-23 09:18:42','2018-10-23 09:18:42'),(884,1,1,0,'',1,0,0,1,0,0,'',0,0,'',0,0,'2018-10-23 12:16:39','2018-10-23 12:16:39'),(885,1,1,13,'',2,0,0,3,0,0,'',0,0,'',0,0,'2018-10-24 02:15:13','2018-10-24 02:15:14'),(886,1,1,13,'',2,0,0,3,0,0,'',0,0,'',0,0,'2018-10-24 02:18:34','2018-10-24 02:18:35'),(887,1,1,13,'',2,0,0,3,0,0,'',0,0,'',0,0,'2018-10-24 06:00:52','2018-10-24 06:00:52'),(888,1,1,0,'',1,0,0,1,0,0,'',0,0,'',0,0,'2018-10-24 17:32:06','2018-10-24 17:32:06'),(889,1,1,13,'',1,0,0,1,0,0,'',0,0,'',0,0,'2018-10-25 00:36:34','2018-10-25 00:36:37'),(890,1,1,13,'a:1:{i:227;s:3:\"13,\";}',1,227,227,1,197,0,'bdea3b8aec225879ef2ab3b52fbf8457',0,0,'',0,0,'2018-10-25 08:39:09','2018-10-25 08:42:41'),(891,1,1,13,'',2,0,0,3,0,0,'',0,0,'',0,0,'2018-10-25 18:08:46','2018-10-25 18:08:47'),(892,1,1,13,'',2,0,0,3,0,0,'',0,0,'',0,0,'2018-10-26 10:35:51','2018-10-26 10:35:52'),(893,1,1,0,'',1,0,0,1,0,0,'',0,0,'',0,0,'2018-10-26 20:00:29','2018-10-26 20:00:29'),(894,1,1,13,'',1,0,0,1,0,0,'',0,0,'',0,0,'2018-10-27 18:33:58','2018-10-27 18:33:59'),(895,1,1,13,'',1,0,0,1,0,0,'',0,0,'',0,0,'2018-10-27 18:33:58','2018-10-27 18:34:00'),(896,1,1,13,'',1,0,0,1,0,0,'',0,0,'',0,0,'2018-10-27 18:33:59','2018-10-27 18:34:00'),(897,1,1,13,'',1,0,0,1,0,0,'',0,0,'',0,0,'2018-10-27 18:34:00','2018-10-27 18:34:01'),(898,1,1,13,'',1,0,0,1,0,0,'',0,0,'',0,0,'2018-10-28 11:50:54','2018-10-28 11:53:05'),(899,1,1,13,'',2,0,0,3,0,0,'',0,0,'',0,0,'2018-10-28 14:50:49','2018-10-28 14:51:31'),(900,1,1,13,'',1,0,0,1,0,0,'',0,0,'',0,0,'2018-10-28 19:39:31','2018-10-28 19:50:15'),(901,1,1,13,'',1,228,228,1,198,0,'82c5747e3e88fe0bd3fdc1422e5b0279',0,0,'',0,0,'2018-10-28 20:09:05','2018-10-28 20:27:18'),(902,1,1,0,'',2,0,0,3,0,0,'',0,0,'',0,0,'2018-10-29 01:37:56','2018-10-29 01:37:56'),(903,1,1,13,'',1,229,229,1,199,0,'8bbc9b9bc076fac570e5ef0723dd07a6',0,0,'',0,0,'2018-10-30 13:55:33','2018-10-30 14:08:06'),(904,1,1,0,'',1,0,0,1,0,0,'',0,0,'',0,0,'2018-10-30 14:03:48','2018-10-30 14:03:48'),(905,1,1,13,'',1,0,0,1,0,0,'',0,0,'',0,0,'2018-10-31 09:20:47','2018-12-11 17:07:09'),(906,1,1,13,'',2,0,0,3,0,0,'',0,0,'',0,0,'2018-10-31 17:10:47','2018-10-31 17:10:48'),(907,1,1,13,'',2,0,0,3,0,0,'',0,0,'',0,0,'2018-10-31 17:10:47','2018-10-31 17:10:48'),(908,1,1,13,'',2,0,0,3,0,0,'',0,0,'',0,0,'2018-10-31 17:25:33','2018-10-31 17:25:34'),(909,1,1,13,'',2,0,0,3,0,0,'',0,0,'',0,0,'2018-10-31 17:26:31','2018-10-31 17:26:32'),(910,1,1,0,'',2,0,0,3,0,0,'',0,0,'',0,0,'2018-10-31 21:33:14','2018-10-31 21:33:14'),(911,1,1,13,'',1,0,0,1,0,0,'',0,0,'',0,0,'2018-11-01 07:36:34','2018-11-01 07:36:45'),(912,1,1,0,'',1,0,0,1,0,0,'',0,0,'',0,0,'2018-11-01 13:16:16','2018-11-01 13:16:16'),(913,1,1,0,'',2,0,0,3,0,0,'',0,0,'',0,0,'2018-11-01 14:15:17','2018-11-01 14:15:17'),(914,1,1,0,'',1,123,123,1,104,0,'b14cc18608e1bb3d16e72771f7c9648f',0,0,'',0,0,'2018-11-02 16:40:17','2018-11-02 16:40:17'),(915,1,1,13,'',2,0,0,3,0,0,'',0,0,'',0,0,'2018-11-03 00:33:57','2018-11-03 00:33:57'),(916,1,1,0,'',1,0,0,1,0,0,'',0,0,'',0,0,'2018-11-04 09:10:18','2018-11-04 09:12:58'),(917,1,1,0,'',1,0,0,1,0,0,'',0,0,'',0,0,'2018-11-05 12:48:44','2018-11-05 12:48:44'),(918,1,1,13,'',2,0,0,3,0,0,'',0,0,'',0,0,'2018-11-05 23:03:40','2018-11-05 23:03:42'),(919,1,1,13,'',2,0,0,3,0,0,'',0,0,'',0,0,'2018-11-06 03:45:22','2018-11-06 03:45:23'),(920,1,1,13,'',2,0,0,3,0,0,'',0,0,'',0,0,'2018-11-06 04:23:41','2018-11-06 04:33:32'),(921,1,1,13,'',2,0,0,3,0,0,'',0,0,'',0,0,'2018-11-06 05:01:37','2018-11-06 05:05:11'),(922,1,1,13,'',2,0,0,3,0,0,'',0,0,'',0,0,'2018-11-06 13:54:16','2018-11-06 13:55:55'),(923,1,1,13,'a:1:{i:230;s:3:\"13,\";}',1,230,230,1,200,0,'dae3fe0dff3526f1af67fc46c35a2f68',0,0,'',0,0,'2018-11-06 16:57:08','2018-11-06 17:00:25'),(924,1,1,13,'',2,0,0,3,0,0,'',0,0,'',0,0,'2018-11-08 13:00:46','2018-11-08 13:00:47'),(925,1,1,13,'',2,0,0,3,0,0,'',0,0,'',0,0,'2018-11-08 13:59:27','2018-11-08 13:59:28'),(926,1,1,13,'',2,0,0,3,0,0,'',0,0,'',0,0,'2018-11-08 15:00:09','2018-11-08 15:00:10'),(927,1,1,13,'a:1:{i:231;s:3:\"13,\";}',1,231,231,1,201,0,'ca117a5da7b409a93e3da0ba9ca91c6d',0,0,'',0,0,'2018-11-08 16:45:10','2018-11-09 17:38:24'),(928,1,1,0,'',1,0,0,1,0,0,'',0,0,'',0,0,'2018-11-10 18:43:52','2018-11-10 18:43:52'),(929,1,1,0,'',1,0,0,1,0,0,'',0,0,'',0,0,'2018-11-13 09:17:16','2018-11-13 09:18:03'),(930,1,1,0,'',2,0,0,3,0,0,'',0,0,'',0,0,'2018-11-13 15:26:17','2018-11-13 15:26:17'),(931,1,1,0,'',1,0,0,1,0,0,'',0,0,'',0,0,'2018-11-13 16:07:41','2018-11-13 16:08:10'),(932,1,1,13,'',1,0,0,1,0,0,'',0,0,'',0,0,'2018-11-13 17:49:23','2018-11-13 17:51:05'),(933,1,1,0,'',2,0,0,1,0,0,'',0,0,'',0,0,'2018-11-13 20:21:01','2018-11-13 20:29:30'),(934,1,1,0,'',2,0,0,1,0,0,'',0,0,'',0,0,'2018-11-14 01:29:50','2018-11-14 01:29:50'),(935,1,1,13,'',2,0,0,1,0,0,'',0,0,'',0,0,'2018-11-14 16:45:12','2018-11-14 16:45:15'),(936,1,1,13,'',1,0,0,3,0,0,'',0,0,'',0,0,'2018-11-14 19:30:47','2018-11-14 19:32:52'),(937,1,1,13,'',1,0,0,3,0,0,'',0,0,'',0,0,'2018-11-14 20:32:19','2018-11-14 20:34:44'),(938,1,1,13,'',1,0,0,1,0,0,'',0,0,'',0,0,'2018-11-14 22:49:50','2018-11-14 22:51:03'),(939,1,1,13,'',2,0,0,3,0,0,'',0,0,'',0,0,'2018-11-15 16:43:58','2018-11-15 16:43:59'),(940,1,1,13,'',2,0,0,3,0,0,'',0,0,'',0,0,'2018-11-15 17:03:19','2018-11-15 17:03:20'),(941,1,1,13,'',2,0,0,3,0,0,'',0,0,'',0,0,'2018-11-15 17:03:20','2018-11-15 17:03:21'),(942,1,1,0,'',1,0,0,1,0,0,'',0,0,'',0,0,'2018-11-17 20:20:22','2018-11-17 20:20:22'),(943,1,1,0,'',2,0,0,3,0,0,'',0,0,'',0,0,'2018-11-20 11:19:32','2018-11-20 11:19:32'),(944,1,1,13,'a:1:{i:277;s:3:\"13,\";}',1,277,277,1,242,0,'1f1bb2db02f101f68f3516e0b59140ba',0,0,'',0,0,'2018-11-21 13:07:02','2018-11-26 12:02:24'),(945,1,1,13,'a:1:{i:232;s:3:\"13,\";}',1,232,232,1,202,0,'d6b4076559ccec2639605ec29419eb6c',0,0,'',0,0,'2018-11-21 17:45:10','2018-11-21 17:55:20'),(946,1,1,0,'',1,232,232,1,202,0,'d6b4076559ccec2639605ec29419eb6c',0,0,'',0,0,'2018-11-22 13:49:55','2018-11-22 13:49:55'),(947,1,1,13,'a:1:{i:235;s:3:\"13,\";}',1,235,235,1,205,0,'394bff33b6d52bd29290d3b579eb38d4',0,0,'',0,0,'2018-11-23 01:57:01','2018-11-23 19:20:39'),(948,1,1,0,'',1,0,0,1,0,0,'',0,0,'',0,0,'2018-11-23 12:25:53','2018-11-23 12:26:02'),(949,1,1,0,'',1,0,0,1,0,0,'',0,0,'',0,0,'2018-11-23 12:42:03','2018-11-23 13:11:08'),(950,1,1,13,'',1,0,0,1,0,0,'',0,0,'',0,0,'2018-11-23 15:26:12','2018-11-23 15:26:15'),(951,1,1,13,'',1,0,0,1,0,0,'',0,0,'',0,0,'2018-11-23 16:25:11','2018-11-23 16:27:36'),(952,1,1,13,'a:1:{i:239;s:3:\"13,\";}',1,239,239,1,209,0,'b11dc82b45e0f54db7893c8480d2a9ef',0,0,'',0,0,'2018-11-23 16:48:24','2018-11-23 21:09:50'),(953,1,1,13,'a:1:{i:233;s:3:\"13,\";}',1,233,233,1,203,0,'378fb51a6c0fedcecb8334a860826b3b',0,0,'',0,0,'2018-11-23 17:08:34','2018-11-23 17:13:45'),(954,1,1,0,'',1,0,0,1,0,0,'',0,0,'',0,0,'2018-11-23 17:23:57','2018-11-23 17:23:57'),(955,1,1,13,'',1,0,0,1,0,0,'',0,0,'',0,0,'2018-11-23 17:45:41','2018-11-23 17:47:40'),(956,1,1,13,'a:1:{i:234;s:3:\"13,\";}',1,234,234,1,204,0,'0abe19b89baf682e5dcd820c755e8990',0,0,'',0,0,'2018-11-23 17:45:50','2018-11-23 17:50:43'),(957,1,1,13,'',1,0,0,1,0,0,'',0,0,'',0,0,'2018-11-23 18:00:10','2018-11-23 18:01:01'),(958,1,1,0,'',1,0,0,1,0,0,'',0,0,'',0,0,'2018-11-23 18:16:53','2018-11-23 18:16:53'),(959,1,1,13,'',1,0,0,1,0,0,'',0,0,'',0,0,'2018-11-23 19:44:00','2018-11-23 19:45:01'),(960,1,1,13,'',1,0,0,1,0,0,'',0,0,'',0,0,'2018-11-23 19:46:51','2018-11-23 19:46:52'),(961,1,1,13,'a:1:{i:236;s:3:\"13,\";}',1,236,236,1,206,0,'08adee1de3ffc64627ef4571a7f26251',0,0,'',0,0,'2018-11-23 19:54:14','2018-11-23 20:06:20'),(962,1,1,0,'',1,0,0,1,0,0,'',0,0,'',0,0,'2018-11-23 20:04:52','2018-11-23 20:04:52'),(963,1,1,13,'a:1:{i:237;s:3:\"13,\";}',1,237,237,1,207,0,'398fbc460e58b938447d603bc035159a',0,0,'',0,0,'2018-11-23 20:07:17','2018-11-23 20:16:20'),(964,1,1,13,'',1,238,238,1,208,0,'319d955ba1cd77562a414e4f5c509da3',0,0,'',0,0,'2018-11-23 20:51:24','2018-11-23 21:05:14'),(965,1,1,0,'',1,253,253,1,222,0,'6629666bbea9e6815802be9757e5bedd',0,0,'',0,0,'2018-11-23 21:01:51','2018-12-01 13:05:55'),(966,1,1,0,'',1,0,0,1,0,0,'',0,0,'',0,0,'2018-11-23 21:49:22','2018-11-23 21:49:38'),(967,1,1,13,'a:1:{i:240;s:3:\"13,\";}',1,240,240,1,210,0,'6d4e61da54ecd76c5b18756c80506d40',0,0,'',0,0,'2018-11-23 22:28:59','2018-11-23 22:31:47'),(968,1,1,13,'',1,0,0,1,0,0,'',0,0,'',0,0,'2018-11-23 22:31:29','2018-11-23 22:33:22'),(969,1,1,0,'',1,0,0,1,0,0,'',0,0,'',0,0,'2018-11-23 22:56:12','2018-11-23 22:56:12'),(970,1,1,0,'',1,0,0,1,0,0,'',0,0,'',0,0,'2018-11-24 07:31:23','2018-11-24 07:31:23'),(971,1,1,13,'',1,265,265,1,233,0,'2d36d3545c2214ab18452755b20e5873',0,0,'',0,0,'2018-11-24 07:34:36','2018-11-25 16:43:51'),(972,1,1,0,'',1,0,0,1,0,0,'',0,0,'',0,0,'2018-11-24 07:47:01','2018-11-24 07:47:01'),(973,1,1,13,'a:1:{i:241;s:3:\"13,\";}',1,241,242,1,211,0,'f0ad9d69021d48c139357a25ccbe39d9',0,0,'',0,0,'2018-11-24 07:55:24','2018-11-24 08:02:33'),(974,1,1,0,'',1,0,0,1,0,0,'',0,0,'',0,0,'2018-11-24 08:47:04','2018-11-24 09:03:20'),(975,1,1,13,'a:1:{i:243;s:3:\"13,\";}',1,243,243,1,212,0,'1cb66e1079e5984fbfa3e873cc4e8a98',0,0,'',0,0,'2018-11-24 09:14:52','2018-11-24 09:26:51'),(976,1,1,13,'',1,0,0,1,0,0,'',0,0,'',0,0,'2018-11-24 10:06:13','2018-11-24 10:06:16'),(977,1,1,13,'',1,0,0,1,0,0,'',0,0,'',0,0,'2018-11-24 11:20:46','2018-11-24 11:20:50'),(978,1,1,13,'a:1:{i:221;s:3:\"13,\";}',1,221,221,1,191,0,'d807c4eafe3c9a3894100712291eba9e',0,0,'',0,0,'2018-11-24 11:34:44','2018-11-24 11:36:27'),(979,1,1,0,'',1,0,0,1,0,0,'',0,0,'',0,0,'2018-11-24 11:52:58','2018-11-24 11:52:58'),(980,1,1,13,'a:1:{i:245;s:3:\"13,\";}',1,245,245,1,214,0,'c1fb433ccc54989d396f9a52275d720a',0,0,'',0,0,'2018-11-24 12:07:29','2018-11-24 12:20:19'),(981,1,1,13,'a:1:{i:244;s:3:\"13,\";}',1,244,244,1,213,0,'d6b002506e5004af7e21e9b2599430fc',0,0,'',0,0,'2018-11-24 12:11:06','2018-11-24 12:16:47'),(982,1,1,0,'',1,0,0,1,0,0,'',0,0,'',0,0,'2018-11-24 12:14:27','2018-11-24 12:16:26'),(983,1,1,13,'a:1:{i:246;s:3:\"13,\";}',1,246,246,1,215,0,'ee69dcd343c3807ed8a7e4a8c6bddc6a',0,0,'',0,0,'2018-11-24 12:19:12','2018-11-24 12:22:36'),(984,1,1,0,'',1,233,233,1,203,0,'378fb51a6c0fedcecb8334a860826b3b',0,0,'',0,0,'2018-11-24 12:23:21','2018-11-26 11:04:14'),(985,1,1,13,'a:1:{i:247;s:3:\"13,\";}',1,247,247,1,216,0,'bd87324f114fb14dae75c5daf96027f5',0,0,'',0,0,'2018-11-24 13:29:19','2018-11-24 13:35:49'),(986,1,1,13,'',1,0,0,1,0,0,'',0,0,'',0,0,'2018-11-24 13:50:58','2018-11-24 13:52:37'),(987,1,1,13,'',1,0,0,1,0,0,'',0,0,'',0,0,'2018-11-24 14:00:23','2018-11-24 14:00:47'),(988,1,1,13,'',1,0,0,1,0,0,'',0,0,'',0,0,'2018-11-24 15:36:09','2018-11-24 15:37:04'),(989,1,1,13,'a:1:{i:248;s:3:\"13,\";}',1,248,248,1,217,0,'3536737f954bb69a33febcce0d7c9966',0,0,'',0,0,'2018-11-24 15:44:32','2018-11-24 15:45:59'),(990,1,1,13,'a:1:{i:249;s:3:\"13,\";}',1,249,249,1,218,0,'67823506bcdfdafa62fcf92ed6ce8a20',0,0,'',0,0,'2018-11-24 15:47:00','2018-11-24 15:48:52'),(991,1,1,13,'',1,251,251,1,219,0,'74c8c7d84901af2183f85371bd9f3a7f',0,0,'',0,0,'2018-11-24 16:16:50','2018-11-24 16:20:28'),(992,1,1,13,'',1,0,0,1,0,0,'',0,0,'',0,0,'2018-11-24 16:16:50','2018-11-24 16:20:26'),(993,1,1,13,'a:1:{i:252;s:3:\"13,\";}',1,252,252,1,221,0,'d9d4c8ffe6f3e0914fcc84593fc4e7bb',0,0,'',0,0,'2018-11-24 17:14:58','2018-11-24 17:30:05'),(994,1,1,0,'',1,0,0,1,0,0,'',0,0,'',0,0,'2018-11-24 17:27:52','2018-11-24 17:27:52'),(995,1,1,13,'a:1:{i:253;s:3:\"13,\";}',1,253,253,1,222,0,'6629666bbea9e6815802be9757e5bedd',0,0,'',0,0,'2018-11-24 18:08:02','2018-11-24 18:19:33'),(996,1,1,13,'a:1:{i:254;s:3:\"13,\";}',1,254,254,1,224,0,'427fa0c03afe0856bcac73ea7bc14153',0,0,'',0,0,'2018-11-24 18:59:11','2018-11-26 23:59:50'),(997,1,1,13,'',1,0,0,1,0,0,'',0,0,'',0,0,'2018-11-24 19:16:27','2018-12-03 07:43:10'),(998,1,1,0,'',1,0,0,1,0,0,'',0,0,'',0,0,'2018-11-24 19:29:17','2018-11-24 19:29:17'),(999,1,1,13,'',1,0,0,1,0,0,'',0,0,'',0,0,'2018-11-24 20:09:48','2018-11-24 20:09:58'),(1000,1,1,13,'a:1:{i:255;s:3:\"13,\";}',1,255,255,1,225,0,'ed5d6fd41b3fbf2ce2b6b659cb736b0c',0,0,'',0,0,'2018-11-24 21:26:23','2018-11-24 21:35:25'),(1001,1,1,0,'',1,0,0,1,0,0,'',0,0,'',0,0,'2018-11-24 21:32:31','2018-11-24 21:33:04'),(1002,1,1,13,'a:1:{i:256;s:3:\"13,\";}',1,256,256,1,226,0,'e5eddbeb6a3ffecdd096a3974f0d5f66',0,0,'',0,0,'2018-11-24 21:45:12','2018-11-24 21:47:52'),(1003,1,1,13,'a:1:{i:257;s:3:\"13,\";}',1,257,257,1,227,0,'945c937f2c2a753aeac530ec5b421686',0,0,'',0,0,'2018-11-25 01:59:12','2018-12-02 20:07:57'),(1004,1,1,13,'',1,0,0,1,0,0,'',0,0,'',0,0,'2018-11-25 07:27:40','2018-11-25 07:32:47'),(1005,1,1,13,'a:1:{i:258;s:3:\"13,\";}',1,258,259,1,228,0,'7e91e4e7267b66665c7171937c0e792b',0,0,'',0,0,'2018-11-25 09:04:18','2018-11-25 09:17:47'),(1006,1,1,13,'',1,0,0,1,0,0,'',0,0,'',0,0,'2018-11-25 10:25:49','2018-11-25 10:25:58'),(1007,1,1,13,'a:1:{i:260;s:3:\"13,\";}',1,260,260,1,229,0,'c7963d65ea006622d1bce7ad3496761e',0,0,'',0,0,'2018-11-25 12:09:30','2018-11-25 12:46:20'),(1008,1,1,0,'',1,0,0,1,0,0,'',0,0,'',0,0,'2018-11-25 12:37:32','2018-11-25 12:37:32'),(1009,1,1,13,'',1,0,0,1,0,0,'',0,0,'',0,0,'2018-11-25 13:11:13','2018-11-25 13:12:06'),(1010,1,1,13,'',1,261,261,1,230,0,'3b2fa392b78e0acab111391c1a69b77d',0,0,'',0,0,'2018-11-25 13:20:04','2018-12-01 22:50:26'),(1011,1,1,13,'',1,262,262,1,231,0,'90b7c879537a8a64e81d7d4955d72d64',0,0,'',0,0,'2018-11-25 14:22:33','2018-11-25 14:27:34'),(1012,1,1,0,'',1,0,0,1,0,0,'',0,0,'',0,0,'2018-11-25 14:40:57','2018-11-25 14:43:59'),(1013,1,1,0,'',2,0,0,3,0,0,'',0,0,'',0,0,'2018-11-25 14:43:00','2018-11-25 14:43:00'),(1014,1,1,13,'a:1:{i:263;s:3:\"13,\";}',1,263,264,1,232,0,'59134e057045b774b1a258e57927fe2b',0,0,'',0,0,'2018-11-25 14:45:45','2018-11-25 14:51:49');
INSERT INTO `_WCprTUAcart` VALUES (1015,1,1,0,'',1,0,0,1,0,0,'',0,0,'',0,0,'2018-11-25 14:57:42','2018-11-25 15:01:22'),(1016,1,1,0,'',1,0,0,1,0,0,'',0,0,'',0,0,'2018-11-25 15:15:40','2018-11-25 15:15:40'),(1017,1,1,13,'a:1:{i:274;s:3:\"13,\";}',1,274,275,1,240,0,'0135bdc8b902deaa489b53c623120068',0,0,'',0,0,'2018-11-25 15:32:45','2018-11-26 01:48:28'),(1018,1,1,13,'',1,0,0,1,0,0,'',0,0,'',0,0,'2018-11-25 16:43:54','2018-11-25 16:44:00'),(1019,1,1,0,'',1,0,0,1,0,0,'',0,0,'',0,0,'2018-11-25 16:48:53','2018-11-25 16:48:53'),(1020,1,1,13,'',1,0,0,1,0,0,'',0,0,'',0,0,'2018-11-25 16:50:08','2018-11-25 16:50:40'),(1021,1,1,0,'',1,0,0,1,0,0,'',0,0,'',0,0,'2018-11-25 16:56:47','2018-11-25 16:56:47'),(1022,1,1,13,'',1,0,0,1,0,0,'',0,0,'',0,0,'2018-11-25 17:09:28','2018-11-25 17:10:57'),(1023,1,1,0,'',1,0,0,1,0,0,'',0,0,'',0,0,'2018-11-25 18:41:44','2018-11-25 18:41:44'),(1024,1,1,13,'',1,0,0,1,0,0,'',0,0,'',0,0,'2018-11-25 18:57:08','2018-11-25 18:59:22'),(1025,1,1,13,'',1,0,0,1,0,0,'',0,0,'',0,0,'2018-11-25 19:09:46','2018-11-25 19:10:29'),(1026,1,1,13,'',1,266,266,1,234,0,'e7b8aa5d6c2373d1ca32d86270e3fd7a',0,0,'',0,0,'2018-11-25 19:09:47','2018-11-25 19:11:37'),(1027,1,1,0,'',1,0,0,1,0,0,'',0,0,'',0,0,'2018-11-25 19:21:45','2018-11-25 19:46:46'),(1028,1,1,0,'',1,0,0,1,0,0,'',0,0,'',0,0,'2018-11-25 19:41:31','2018-11-25 19:41:31'),(1029,1,1,0,'',1,0,0,1,0,0,'',0,0,'',0,0,'2018-11-25 19:59:47','2018-11-25 19:59:47'),(1030,1,1,13,'a:1:{i:267;s:3:\"13,\";}',1,267,267,1,235,0,'4303848d946eaa2e79984a5cc32bbdc5',0,0,'',0,0,'2018-11-25 20:38:57','2018-11-25 20:55:09'),(1031,1,1,0,'',1,267,267,1,235,0,'4303848d946eaa2e79984a5cc32bbdc5',0,0,'',0,0,'2018-11-25 20:59:06','2018-11-25 20:59:06'),(1032,1,1,13,'a:1:{i:268;s:3:\"13,\";}',1,268,268,1,236,0,'ac3dbc3f447aac5fd0bf37baee2ce3d1',0,0,'',0,0,'2018-11-25 21:26:35','2018-11-25 22:10:02'),(1033,1,1,13,'a:1:{i:270;s:3:\"13,\";}',1,270,270,1,237,0,'4d8085c58a2cbdbd4fc5eeb816f2140c',0,0,'',0,0,'2018-11-25 22:42:06','2018-11-25 23:37:43'),(1034,1,1,0,'',1,0,0,1,0,0,'',0,0,'',0,0,'2018-11-25 23:27:30','2018-11-25 23:27:30'),(1035,1,1,13,'',1,271,271,1,238,0,'f4b7eb2fa3bba925b177a71919bfd94b',0,0,'',0,0,'2018-11-25 23:48:02','2018-11-25 23:52:07'),(1036,1,1,13,'a:1:{i:272;s:3:\"13,\";}',1,272,273,1,239,0,'fc2b81ea76f5b9d708a0655e935f9c70',0,0,'',0,0,'2018-11-26 00:09:55','2018-11-26 00:15:49'),(1037,1,1,0,'',1,0,0,1,0,0,'',0,0,'',0,0,'2018-11-26 08:25:31','2018-11-26 08:25:31'),(1038,1,1,13,'a:1:{i:276;s:3:\"13,\";}',1,276,276,1,241,0,'d2246da7339f2b8b30feaed23a3d5f7d',0,0,'',0,0,'2018-11-26 09:25:20','2018-11-26 09:28:48'),(1039,1,1,13,'',1,278,278,1,243,0,'4635f984af323bb64119d9df56577bc9',0,0,'',0,0,'2018-11-26 10:29:08','2018-11-26 13:37:00'),(1040,1,1,0,'',1,0,0,1,0,0,'',0,0,'',0,0,'2018-11-26 10:50:30','2018-11-26 10:50:30'),(1041,1,1,13,'',1,0,0,1,223,0,'e09da4bdde71730ade255ba33b29a5f2',0,0,'',0,0,'2018-11-26 11:00:38','2018-11-26 11:05:15'),(1042,1,1,0,'',1,274,274,1,240,0,'0135bdc8b902deaa489b53c623120068',0,0,'',0,0,'2018-11-26 11:02:40','2018-11-27 13:41:13'),(1043,1,1,13,'',1,256,256,1,226,0,'e5eddbeb6a3ffecdd096a3974f0d5f66',0,0,'',0,0,'2018-11-26 12:41:52','2018-11-26 12:44:05'),(1044,1,1,0,'',2,0,0,3,0,0,'',0,0,'',0,0,'2018-11-26 13:19:44','2018-11-26 13:19:44'),(1045,1,1,0,'',1,260,260,1,229,0,'c7963d65ea006622d1bce7ad3496761e',0,0,'',0,0,'2018-11-26 13:36:45','2018-11-26 13:36:45'),(1046,1,1,0,'',1,255,255,1,225,0,'ed5d6fd41b3fbf2ce2b6b659cb736b0c',0,0,'',0,0,'2018-11-26 13:45:39','2018-11-26 13:45:39'),(1047,1,1,13,'',1,0,0,1,0,0,'',0,0,'',0,0,'2018-11-26 13:49:14','2018-11-26 13:49:41'),(1048,1,1,0,'',1,281,281,1,246,0,'7d08fb9e8e0bb7959da3f827b3a55467',0,0,'',0,0,'2018-11-26 14:36:04','2018-11-27 22:06:38'),(1049,1,1,13,'a:1:{i:279;s:3:\"13,\";}',1,279,279,1,244,0,'f7d85de02142b93c37276d758effeb5b',0,0,'',0,0,'2018-11-26 19:22:48','2018-11-26 19:25:52'),(1050,1,1,13,'',1,283,283,1,247,0,'3e28f96584c1011d20386bbdc0be4828',0,0,'',0,0,'2018-11-26 20:29:51','2018-11-26 22:37:14'),(1051,1,1,13,'a:1:{i:280;s:3:\"13,\";}',1,280,280,1,245,0,'3f4ef00fdb41d3ae1e8692fdd31bbcb1',0,0,'',0,0,'2018-11-26 20:38:01','2018-11-26 20:49:47'),(1052,1,1,13,'a:1:{i:281;s:3:\"13,\";}',1,281,281,1,246,0,'7d08fb9e8e0bb7959da3f827b3a55467',0,0,'',0,0,'2018-11-26 20:39:04','2018-11-26 21:01:41'),(1053,1,1,0,'',1,279,279,1,244,0,'f7d85de02142b93c37276d758effeb5b',0,0,'',0,0,'2018-11-27 12:31:40','2018-11-27 12:31:40'),(1054,1,1,0,'',1,279,279,1,244,0,'f7d85de02142b93c37276d758effeb5b',0,0,'',0,0,'2018-11-27 12:32:01','2018-11-28 10:35:45'),(1055,1,1,0,'',1,0,0,1,0,0,'',0,0,'',0,0,'2018-11-28 22:55:23','2018-11-28 22:55:23'),(1056,1,1,13,'',2,0,0,3,0,0,'',0,0,'',0,0,'2018-11-29 19:49:30','2018-11-29 19:49:31'),(1057,1,1,0,'',1,0,0,1,0,0,'',0,0,'',0,0,'2018-12-01 09:37:20','2018-12-01 09:37:20'),(1058,1,1,0,'',1,0,0,1,0,0,'',0,0,'',0,0,'2018-12-01 12:14:43','2018-12-01 12:16:19'),(1059,1,1,13,'',1,284,284,1,248,0,'a36202c81230ff4b73b2953de98a8432',0,0,'',0,0,'2018-12-01 12:22:29','2018-12-01 12:28:40'),(1060,1,1,0,'',1,0,0,1,0,0,'',0,0,'',0,0,'2018-12-01 13:20:21','2018-12-01 13:20:21'),(1061,1,1,0,'',1,0,0,1,0,0,'',0,0,'',0,0,'2018-12-01 13:27:01','2018-12-01 13:27:01'),(1062,1,1,0,'',1,0,0,1,0,0,'',0,0,'',0,0,'2018-12-01 13:55:50','2018-12-01 13:59:25'),(1063,1,1,0,'',1,0,0,1,0,0,'',0,0,'',0,0,'2018-12-01 14:11:00','2018-12-01 14:11:00'),(1064,1,1,13,'',1,0,0,1,0,0,'',0,0,'',0,0,'2018-12-01 14:13:24','2018-12-01 14:13:27'),(1065,1,1,13,'a:1:{i:285;s:3:\"13,\";}',1,285,285,1,249,0,'673f670750c648c33f661179f0d98705',0,0,'',0,0,'2018-12-01 14:49:35','2018-12-01 14:56:28'),(1066,1,1,13,'',2,0,0,1,0,0,'',0,0,'',0,0,'2018-12-01 16:33:25','2018-12-01 16:34:12'),(1067,1,1,0,'',1,0,0,1,0,0,'',0,0,'',0,0,'2018-12-01 16:35:03','2018-12-01 16:35:03'),(1068,1,1,0,'',1,0,0,1,0,0,'',0,0,'',0,0,'2018-12-01 17:13:15','2018-12-01 17:13:15'),(1069,1,1,0,'',1,0,0,1,0,0,'',0,0,'',0,0,'2018-12-01 19:06:00','2018-12-01 19:06:00'),(1070,1,1,13,'',1,0,0,1,0,0,'',0,0,'',0,0,'2018-12-01 20:00:54','2018-12-01 20:04:06'),(1071,1,1,0,'',1,0,0,1,0,0,'',0,0,'',0,0,'2018-12-01 20:06:26','2018-12-01 20:07:12'),(1072,1,1,13,'',1,0,0,1,0,0,'',0,0,'',0,0,'2018-12-01 22:15:21','2018-12-01 22:15:49'),(1073,1,1,13,'a:1:{i:289;s:3:\"13,\";}',1,289,289,1,253,0,'22a10a67c7155b747ca4b722470d8b04',0,0,'',0,0,'2018-12-01 22:20:23','2018-12-02 22:40:54'),(1074,1,1,0,'',1,261,261,1,230,0,'3b2fa392b78e0acab111391c1a69b77d',0,0,'',0,0,'2018-12-01 22:55:13','2018-12-01 22:55:13'),(1075,1,1,0,'',1,0,0,1,0,0,'',0,0,'',0,0,'2018-12-01 23:16:37','2018-12-01 23:16:37'),(1076,1,1,0,'',1,0,0,1,0,0,'',0,0,'',0,0,'2018-12-01 23:25:25','2018-12-01 23:25:25'),(1077,1,1,13,'',1,0,0,1,0,0,'',0,0,'',0,0,'2018-12-02 08:36:25','2018-12-05 19:58:57'),(1078,1,1,13,'',1,286,286,1,250,0,'73383d9c8fbde0a3ff28f45480246fcf',0,0,'',0,0,'2018-12-02 08:51:33','2018-12-02 09:23:33'),(1079,1,1,0,'',1,0,0,1,0,0,'',0,0,'',0,0,'2018-12-02 08:57:43','2018-12-02 08:57:43'),(1080,1,1,0,'',1,0,0,1,0,0,'',0,0,'',0,0,'2018-12-02 10:12:03','2018-12-02 10:12:24'),(1081,1,1,13,'',1,0,0,1,0,0,'',0,0,'',0,0,'2018-12-02 10:31:38','2018-12-02 10:31:52'),(1082,1,1,0,'',1,0,0,1,0,0,'',0,0,'',0,0,'2018-12-02 13:02:26','2018-12-02 13:02:52'),(1083,1,1,0,'',1,0,0,1,0,0,'',0,0,'',0,0,'2018-12-02 13:28:51','2018-12-02 13:28:51'),(1084,1,1,13,'a:1:{i:310;s:3:\"13,\";}',1,310,310,1,271,0,'97e64983beb225905d6a742bdf1745d2',0,0,'',0,0,'2018-12-02 15:17:12','2018-12-05 12:17:07'),(1085,1,1,0,'',1,0,0,1,0,0,'',0,0,'',0,0,'2018-12-02 15:24:42','2018-12-02 15:24:42'),(1086,1,1,0,'',1,0,0,1,0,0,'',0,0,'',0,0,'2018-12-02 18:14:51','2018-12-02 18:14:51'),(1087,1,1,13,'a:1:{i:287;s:3:\"13,\";}',1,287,287,1,251,0,'f1b68669ac5519f91021a4724154acaa',0,0,'',0,0,'2018-12-02 19:20:56','2018-12-02 19:27:27'),(1088,1,1,13,'a:1:{i:288;s:3:\"13,\";}',1,288,288,1,252,0,'281041fe9d78b9c42dd634e8e79c6da2',0,0,'',0,0,'2018-12-02 20:10:38','2018-12-02 20:16:58'),(1089,1,1,0,'',1,0,0,1,0,0,'',0,0,'',0,0,'2018-12-02 20:11:49','2018-12-02 20:11:49'),(1090,1,1,13,'',1,287,287,1,251,0,'f1b68669ac5519f91021a4724154acaa',0,0,'',0,0,'2018-12-02 22:26:13','2018-12-02 22:28:39'),(1091,1,1,0,'',1,0,0,1,0,0,'',0,0,'',0,0,'2018-12-02 22:28:05','2018-12-02 22:28:05'),(1092,1,1,13,'',1,0,0,1,0,0,'',0,0,'',0,0,'2018-12-02 23:15:14','2018-12-02 23:15:18'),(1093,1,1,13,'a:1:{i:290;s:3:\"13,\";}',1,290,290,1,254,0,'b64c69084b7b48dcbef511bc531f3be9',0,0,'',0,0,'2018-12-03 03:30:00','2018-12-03 03:51:06'),(1094,1,1,0,'',1,0,0,1,0,0,'',0,0,'',0,0,'2018-12-03 07:34:18','2018-12-03 07:35:42'),(1095,1,1,13,'',1,0,0,1,0,0,'',0,0,'',0,0,'2018-12-03 07:43:50','2018-12-03 07:44:27'),(1096,1,1,0,'',1,0,0,1,0,0,'',0,0,'',0,0,'2018-12-03 09:05:06','2018-12-03 09:05:06'),(1097,1,1,13,'',1,291,291,1,255,0,'73cb5766beb1085303b710b8e3bec4e7',0,0,'',0,0,'2018-12-03 10:53:56','2018-12-03 10:58:40'),(1098,1,1,13,'a:1:{i:292;s:3:\"13,\";}',1,292,292,1,256,0,'8f56343dc44dd0b3c6f3a687e8c52d04',0,0,'',0,0,'2018-12-03 11:06:31','2018-12-03 11:11:36'),(1099,1,1,13,'',1,0,0,1,0,0,'',0,0,'',0,0,'2018-12-03 11:16:52','2018-12-03 11:16:59'),(1100,1,1,0,'',1,0,0,1,0,0,'',0,0,'',0,0,'2018-12-03 11:37:23','2018-12-03 11:39:59'),(1101,1,1,0,'',1,0,0,1,0,0,'',0,0,'',0,0,'2018-12-03 11:43:57','2018-12-03 11:53:55'),(1102,1,1,13,'a:1:{i:292;s:3:\"13,\";}',1,292,292,1,256,0,'8f56343dc44dd0b3c6f3a687e8c52d04',0,0,'',0,0,'2018-12-03 12:50:18','2018-12-03 12:52:57'),(1103,1,1,13,'a:1:{i:293;s:3:\"13,\";}',1,293,293,1,257,0,'2b05b502d3625eaccf0a58ed6f0b9755',0,0,'',0,0,'2018-12-03 14:11:52','2018-12-03 14:21:55'),(1104,1,1,13,'a:1:{i:306;s:3:\"13,\";}',1,306,306,1,268,0,'ffac93a7f4a75be6c4254c1e1127410d',0,0,'',0,0,'2018-12-03 14:26:51','2018-12-05 02:19:10'),(1105,1,1,13,'a:1:{i:294;s:3:\"13,\";}',1,294,294,1,258,0,'66a0e88519a52670ef5bff2ba1f06f85',0,0,'',0,0,'2018-12-03 14:31:36','2018-12-03 15:12:57'),(1106,1,1,0,'',1,0,0,1,0,0,'',0,0,'',0,0,'2018-12-03 14:35:56','2018-12-03 14:35:56'),(1107,1,1,0,'',1,0,0,1,0,0,'',0,0,'',0,0,'2018-12-03 15:02:01','2018-12-03 15:02:01'),(1108,1,1,13,'',1,295,296,1,259,0,'5ea0cc4c8ac73d2385115153dd3e61f4',0,0,'',0,0,'2018-12-03 15:14:32','2018-12-03 16:15:12'),(1109,1,1,0,'',1,0,0,1,0,0,'',0,0,'',0,0,'2018-12-03 15:42:17','2018-12-03 15:42:17'),(1110,1,1,13,'',1,0,0,1,0,0,'',0,0,'',0,0,'2018-12-03 16:10:18','2018-12-03 16:10:31'),(1111,1,1,13,'',1,0,0,1,0,0,'',0,0,'',0,0,'2018-12-03 16:46:34','2018-12-03 16:46:39'),(1112,1,1,13,'a:1:{i:297;s:3:\"13,\";}',1,297,297,1,260,0,'3425a1eb4a833df0f9c49a5d9cb48554',0,0,'',0,0,'2018-12-03 17:03:59','2018-12-03 17:25:45'),(1113,1,1,0,'',1,0,0,1,0,0,'',0,0,'',0,0,'2018-12-03 18:53:53','2018-12-03 18:54:31'),(1114,1,1,13,'a:1:{i:298;s:3:\"13,\";}',1,298,298,1,261,0,'72923150d578882822c0825fb5eda329',0,0,'',0,0,'2018-12-03 19:18:21','2018-12-03 19:32:01'),(1115,1,1,13,'a:1:{i:323;s:3:\"13,\";}',1,323,323,1,284,0,'2d9b0ac37d015544b44e0b9a39a13d3d',0,0,'',0,0,'2018-12-03 20:08:09','2018-12-08 17:58:28'),(1116,1,1,13,'',1,299,299,1,262,0,'f0674c80f3e89bbc2b914bc13c526b88',0,0,'',0,0,'2018-12-03 21:11:20','2018-12-03 21:30:26'),(1117,1,1,13,'',1,0,0,1,0,0,'',0,0,'',0,0,'2018-12-03 21:45:32','2018-12-03 21:45:39'),(1118,1,1,13,'a:1:{i:300;s:3:\"13,\";}',1,300,300,1,263,0,'92622ff426878473a82a7f7167f986f7',0,0,'',0,0,'2018-12-04 08:34:11','2018-12-04 09:08:37'),(1119,1,1,0,'',1,0,0,1,0,0,'',0,0,'',0,0,'2018-12-04 08:41:10','2018-12-04 08:41:10'),(1120,1,1,0,'',1,0,0,1,0,0,'',0,0,'',0,0,'2018-12-04 09:52:39','2018-12-04 09:52:39'),(1121,1,1,13,'',1,0,0,1,0,0,'',0,0,'',0,0,'2018-12-04 09:57:30','2018-12-04 09:58:30'),(1122,1,1,13,'a:1:{i:301;s:3:\"13,\";}',1,301,302,1,264,0,'9f9227fccdb8c9c589f381b7e28d4fed',0,0,'',0,0,'2018-12-04 10:02:45','2018-12-04 10:04:42'),(1123,1,1,13,'',1,0,0,1,0,0,'',0,0,'',0,0,'2018-12-04 10:18:51','2018-12-04 10:19:14'),(1124,1,1,13,'',1,0,0,1,0,0,'',0,0,'',0,0,'2018-12-04 10:52:42','2018-12-04 10:53:40'),(1125,1,1,13,'',1,0,0,1,0,0,'',0,0,'',0,0,'2018-12-04 11:02:47','2018-12-04 11:07:37'),(1126,1,1,0,'',1,0,0,1,0,0,'',0,0,'',0,0,'2018-12-04 14:14:52','2018-12-04 14:17:44'),(1127,1,1,0,'',1,0,0,1,0,0,'',0,0,'',0,0,'2018-12-04 14:43:09','2018-12-04 15:03:02'),(1128,1,1,0,'',1,0,0,1,0,0,'',0,0,'',0,0,'2018-12-04 15:14:24','2018-12-04 15:14:24'),(1129,1,1,13,'',1,303,303,1,265,0,'7abaa17b06cf2a943be28e7abb97cc3c',0,0,'',0,0,'2018-12-04 15:20:07','2018-12-04 15:28:26'),(1130,1,1,13,'a:1:{i:304;s:3:\"13,\";}',1,304,304,1,266,0,'b52494ff1b59b44413d9ccfabb4dc9ba',0,0,'',0,0,'2018-12-04 15:31:02','2018-12-04 15:37:35'),(1131,1,1,13,'a:1:{i:305;s:3:\"13,\";}',1,305,305,1,267,0,'637cb8cfb537b383aca4b6e112f60cae',0,0,'',0,0,'2018-12-04 17:05:08','2018-12-04 17:19:51'),(1132,1,1,0,'',1,360,360,1,320,0,'6d4e7148ac123e007d1d141a8e6804be',0,0,'',0,0,'2018-12-04 17:17:53','2018-12-14 22:09:38'),(1133,1,1,0,'',1,0,0,1,0,0,'',0,0,'',0,0,'2018-12-04 17:40:28','2018-12-04 17:40:28'),(1134,1,1,0,'',1,0,0,1,0,0,'',0,0,'',0,0,'2018-12-04 19:56:02','2018-12-04 19:56:25'),(1135,1,1,0,'',1,0,0,1,0,0,'',0,0,'',0,0,'2018-12-04 20:08:37','2018-12-04 20:08:37'),(1136,1,1,0,'',1,0,0,1,0,0,'',0,0,'',0,0,'2018-12-04 22:10:41','2018-12-04 22:10:41'),(1137,1,1,0,'',1,0,0,1,0,0,'',0,0,'',0,0,'2018-12-05 00:23:13','2018-12-05 00:24:51'),(1138,1,1,13,'',1,307,307,1,269,0,'1ecd63d420ca4d833105122a1da7a1cf',0,0,'',0,0,'2018-12-05 02:24:14','2018-12-12 03:45:15'),(1139,1,1,13,'',1,0,0,1,0,0,'',0,0,'',0,0,'2018-12-05 07:27:49','2018-12-05 07:29:36'),(1140,1,1,0,'',1,0,0,1,0,0,'',0,0,'',0,0,'2018-12-05 08:48:04','2018-12-05 08:48:05'),(1141,1,1,0,'',1,298,298,1,261,0,'72923150d578882822c0825fb5eda329',0,0,'',0,0,'2018-12-05 09:05:28','2018-12-05 09:05:28'),(1142,1,1,13,'a:1:{i:308;s:3:\"13,\";}',1,308,309,1,270,0,'a095b21489a0dd89109fa3ec47f53593',0,0,'',0,0,'2018-12-05 10:43:48','2018-12-05 10:55:11'),(1143,1,1,13,'a:1:{i:311;s:3:\"13,\";}',1,311,311,1,272,0,'af47d8e7ae002a9a16576171ac7a0422',0,0,'',0,0,'2018-12-05 13:05:08','2018-12-05 13:12:26'),(1144,1,1,0,'',1,0,0,1,0,0,'',0,0,'',0,0,'2018-12-05 13:13:46','2018-12-07 19:42:59'),(1145,1,1,13,'',1,312,312,1,273,0,'5dd03468f7ab4abb38c02e71d3cb1a8f',0,0,'',0,0,'2018-12-05 13:17:13','2018-12-05 13:34:27'),(1146,1,1,0,'',2,0,0,3,0,0,'',0,0,'',0,0,'2018-12-05 15:26:50','2018-12-05 15:26:50'),(1147,1,1,13,'a:1:{i:321;s:3:\"13,\";}',1,321,321,1,282,0,'77dc1da3accc4929868021eca49b4248',0,0,'',0,0,'2018-12-05 15:41:03','2018-12-08 09:19:37'),(1148,1,1,13,'',1,0,0,1,0,0,'',0,0,'',0,0,'2018-12-05 16:27:49','2018-12-05 16:27:55'),(1149,1,1,13,'',2,0,0,3,0,0,'',0,0,'',0,0,'2018-12-05 16:53:11','2018-12-05 16:53:12'),(1150,1,1,13,'',1,0,0,1,0,0,'',0,0,'',0,0,'2018-12-05 19:19:55','2018-12-05 19:20:22'),(1151,1,1,0,'',1,281,281,1,246,0,'7d08fb9e8e0bb7959da3f827b3a55467',0,0,'',0,0,'2018-12-05 19:21:39','2018-12-05 19:21:39'),(1152,1,1,13,'',1,0,0,1,0,0,'',0,0,'',0,0,'2018-12-05 19:53:16','2018-12-05 19:54:03'),(1153,1,1,0,'',1,0,0,1,0,0,'',0,0,'',0,0,'2018-12-05 22:41:54','2018-12-05 22:42:34'),(1154,1,1,0,'',1,0,0,1,0,0,'',0,0,'',0,0,'2018-12-05 23:31:04','2018-12-05 23:31:04'),(1155,1,1,0,'',2,0,0,3,0,0,'',0,0,'',0,0,'2018-12-06 00:29:42','2018-12-06 00:29:43'),(1156,1,1,0,'',1,0,0,1,0,0,'',0,0,'',0,0,'2018-12-06 11:06:44','2018-12-06 11:06:44'),(1157,1,1,13,'',1,314,314,1,274,0,'ac990a7a19628ab2e84c41beb49a44ba',0,0,'',0,0,'2018-12-06 11:07:35','2018-12-06 11:15:45'),(1158,1,1,0,'',1,0,0,1,0,0,'',0,0,'',0,0,'2018-12-06 14:31:46','2018-12-06 14:31:46'),(1159,1,1,13,'a:1:{i:315;s:3:\"13,\";}',1,315,315,1,275,0,'3efb89b2e9f716cf0ba7f0b0e7955692',0,0,'',0,0,'2018-12-06 16:53:05','2018-12-06 17:10:33'),(1160,1,1,0,'',1,0,0,1,0,0,'',0,0,'',0,0,'2018-12-06 17:31:00','2018-12-06 17:31:00'),(1161,1,1,13,'a:1:{i:320;s:3:\"13,\";}',1,320,320,1,280,0,'61c155d1eece6caffec2d3e7910f421e',0,0,'',0,0,'2018-12-06 18:08:54','2018-12-07 14:35:09'),(1162,1,1,13,'',1,0,0,1,0,0,'',0,0,'',0,0,'2018-12-06 18:22:38','2018-12-06 18:22:40'),(1163,1,1,13,'',1,0,0,1,0,0,'',0,0,'',0,0,'2018-12-06 18:22:38','2018-12-06 18:22:39'),(1164,1,1,13,'',1,0,0,1,0,0,'',0,0,'',0,0,'2018-12-06 18:22:39','2018-12-06 18:44:07'),(1165,1,1,13,'',1,0,0,1,0,0,'',0,0,'',0,0,'2018-12-06 18:44:06','2018-12-06 18:44:07'),(1166,1,1,13,'',1,0,0,1,0,0,'',0,0,'',0,0,'2018-12-06 18:44:07','2018-12-06 18:44:08'),(1167,1,1,13,'',1,0,0,1,0,0,'',0,0,'',0,0,'2018-12-06 18:44:07','2018-12-06 18:44:09'),(1168,1,1,13,'',1,316,316,1,276,0,'c7bc06ad8c9adcf879f84646616e3281',0,0,'',0,0,'2018-12-06 20:27:21','2018-12-06 20:30:18'),(1169,1,1,13,'a:1:{i:317;s:3:\"13,\";}',1,317,317,1,277,0,'58f2c32ab9ae20f7cdd45161b5da0639',0,0,'',0,0,'2018-12-06 21:44:20','2018-12-06 21:51:36'),(1170,1,1,0,'',2,0,0,3,0,0,'',0,0,'',0,0,'2018-12-07 04:10:23','2018-12-07 04:10:23'),(1171,1,1,0,'',1,0,0,1,0,0,'',0,0,'',0,0,'2018-12-07 08:49:00','2018-12-07 08:49:00'),(1172,1,1,13,'a:1:{i:318;s:3:\"13,\";}',1,318,318,1,278,0,'1e2560a562da25d060ae88011bf583ec',0,0,'',0,0,'2018-12-07 08:55:24','2018-12-07 09:12:40'),(1173,1,1,13,'',1,319,319,1,279,0,'368b86eae697e542260204351d9ee6b8',0,0,'',0,0,'2018-12-07 09:14:13','2018-12-07 09:22:44'),(1174,1,1,0,'',1,0,0,1,0,0,'',0,0,'',0,0,'2018-12-07 13:22:55','2018-12-07 13:22:55'),(1175,1,1,0,'',1,0,0,1,0,0,'',0,0,'',0,0,'2018-12-07 13:42:36','2018-12-07 13:42:36'),(1176,1,1,0,'',1,0,0,1,0,0,'',0,0,'',0,0,'2018-12-07 16:43:07','2018-12-07 16:43:07'),(1177,1,1,0,'',1,0,0,1,0,0,'',0,0,'',0,0,'2018-12-07 18:42:28','2018-12-07 18:43:27'),(1178,1,1,0,'',1,0,0,1,0,0,'',0,0,'',0,0,'2018-12-07 19:55:14','2018-12-07 19:55:14'),(1179,1,1,0,'',1,0,0,1,281,0,'c763e4708c2d58a9da65fabda1fc44f8',0,0,'',0,0,'2018-12-07 22:15:03','2018-12-12 21:45:07'),(1180,1,1,0,'',1,0,0,1,0,0,'',0,0,'',0,0,'2018-12-08 02:14:54','2018-12-08 02:14:54'),(1181,1,1,13,'',1,0,0,1,0,0,'',0,0,'',0,0,'2018-12-08 08:18:49','2018-12-08 08:18:54'),(1182,1,1,13,'',1,0,0,1,0,0,'',0,0,'',0,0,'2018-12-08 11:36:19','2018-12-08 15:47:52'),(1183,1,1,13,'',1,0,0,1,0,0,'',0,0,'',0,0,'2018-12-08 14:09:29','2018-12-08 14:09:49'),(1184,1,1,13,'a:1:{i:322;s:3:\"13,\";}',1,322,322,1,283,0,'e7fcb71c06fdcdffe3aab1280a3bc126',0,0,'',0,0,'2018-12-08 15:00:27','2018-12-08 15:13:51'),(1185,1,1,0,'',1,0,0,1,0,0,'',0,0,'',0,0,'2018-12-08 15:52:14','2018-12-08 15:52:14'),(1186,1,1,0,'',1,0,0,1,0,0,'',0,0,'',0,0,'2018-12-08 19:23:09','2018-12-08 19:25:09'),(1187,1,1,13,'a:1:{i:324;s:3:\"13,\";}',1,324,324,1,285,0,'11f774ef9508b59adf39bd9163d7ff62',0,0,'',0,0,'2018-12-08 21:10:49','2018-12-08 21:16:01'),(1188,1,1,13,'',1,0,0,1,0,0,'',0,0,'',0,0,'2018-12-09 05:57:22','2018-12-09 05:58:20'),(1189,1,1,0,'',1,0,0,1,0,0,'',0,0,'',0,0,'2018-12-09 08:54:40','2018-12-09 08:54:40'),(1190,1,1,0,'',1,0,0,1,0,0,'',0,0,'',0,0,'2018-12-09 08:59:39','2018-12-09 08:59:39'),(1191,1,1,13,'',1,0,0,1,0,0,'',0,0,'',0,0,'2018-12-09 10:14:19','2018-12-09 10:18:14'),(1192,1,1,0,'',1,0,0,1,0,0,'',0,0,'',0,0,'2018-12-09 10:18:10','2018-12-09 10:21:46'),(1193,1,1,13,'a:1:{i:325;s:3:\"13,\";}',1,325,325,1,286,0,'ccde6a21b43218e1313d2c2dddd75b77',0,0,'',0,0,'2018-12-09 11:32:52','2018-12-09 11:38:02'),(1194,1,1,13,'a:1:{i:326;s:3:\"13,\";}',1,326,326,1,287,0,'a6267f21bf20cbad37dcbcce238b40af',0,0,'',0,0,'2018-12-09 13:15:32','2018-12-09 13:31:32'),(1195,1,1,0,'',1,0,0,1,0,0,'',0,0,'',0,0,'2018-12-09 14:12:28','2018-12-09 14:12:28'),(1196,1,1,13,'a:1:{i:327;s:3:\"13,\";}',1,327,327,1,288,0,'ae583db91545b4bbe3086f9dbde41b59',0,0,'',0,0,'2018-12-09 16:13:13','2018-12-09 16:17:47'),(1197,1,1,0,'',1,0,0,1,0,0,'',0,0,'',0,0,'2018-12-09 17:56:16','2018-12-09 17:56:16'),(1198,1,1,0,'',1,0,0,1,0,0,'',0,0,'',0,0,'2018-12-09 18:15:02','2018-12-09 18:15:02'),(1199,1,1,0,'',1,0,0,1,0,0,'',0,0,'',0,0,'2018-12-09 21:19:21','2018-12-09 21:19:21'),(1200,1,1,13,'a:1:{i:372;s:3:\"13,\";}',1,372,372,1,331,0,'9460dfeb6b7675b536bae0c65a5b22b2',0,0,'',0,0,'2018-12-09 21:21:42','2018-12-15 14:30:36'),(1201,1,1,13,'',1,0,0,1,0,0,'',0,0,'',0,0,'2018-12-09 22:42:54','2018-12-09 22:43:32'),(1202,1,1,13,'a:1:{i:328;s:3:\"13,\";}',1,328,328,1,289,0,'e5ac36396bd066ce1e27dd90bf2bbd9b',0,0,'',0,0,'2018-12-09 23:41:31','2018-12-09 23:57:46'),(1203,1,1,0,'',1,0,0,1,0,0,'',0,0,'',0,0,'2018-12-09 23:43:00','2018-12-09 23:43:00'),(1204,1,1,13,'',1,0,0,1,0,0,'',0,0,'',0,0,'2018-12-09 23:54:38','2018-12-09 23:54:52'),(1205,1,1,13,'a:1:{i:329;s:3:\"13,\";}',1,329,329,1,290,0,'572f7c0a4d77ce13b8518d3bc2f4294a',0,0,'',0,0,'2018-12-10 10:14:17','2018-12-10 10:23:35'),(1206,1,1,13,'',2,0,0,1,0,0,'',0,0,'',0,0,'2018-12-10 11:11:39','2018-12-10 11:11:59'),(1207,1,1,13,'a:1:{i:330;s:3:\"13,\";}',1,330,330,1,291,0,'db8b53d813286c22fec701bb6dd29a8f',0,0,'',0,0,'2018-12-10 11:37:05','2018-12-10 13:44:34'),(1208,1,1,0,'',1,0,0,1,0,0,'',0,0,'',0,0,'2018-12-10 13:40:22','2018-12-11 11:08:22'),(1209,1,1,13,'a:1:{i:331;s:3:\"13,\";}',1,331,331,1,292,0,'6b60b403e4803366a0b019469611004d',0,0,'',0,0,'2018-12-10 17:40:11','2018-12-10 17:41:48'),(1210,1,1,13,'a:1:{i:332;s:3:\"13,\";}',1,332,332,1,293,0,'a432c9a3ab4c2c67ffa41839585f22a2',0,0,'',0,0,'2018-12-10 20:55:01','2018-12-10 21:01:50'),(1211,1,1,13,'',1,0,0,1,0,0,'',0,0,'',0,0,'2018-12-10 21:07:06','2018-12-10 21:10:03'),(1212,1,1,13,'a:1:{i:333;s:3:\"13,\";}',1,333,333,1,294,0,'0f3e9c421c85a1695c23ec1f4eba81b7',0,0,'',0,0,'2018-12-10 21:16:08','2018-12-10 21:49:36'),(1213,1,1,0,'',1,0,0,1,0,0,'',0,0,'',0,0,'2018-12-10 22:28:13','2018-12-10 22:28:13'),(1214,1,1,13,'a:1:{i:334;s:3:\"13,\";}',1,334,334,1,295,0,'9278ceacb54f1cbf6f67633615359bb3',0,0,'',0,0,'2018-12-10 22:52:37','2018-12-10 23:02:54'),(1215,1,1,13,'a:1:{i:335;s:3:\"13,\";}',1,335,335,1,296,0,'c3a7867799d38d3f37f1a43cc8e3467d',0,0,'',0,0,'2018-12-10 23:54:18','2018-12-11 00:10:33'),(1216,1,1,0,'',1,0,0,1,0,0,'',0,0,'',0,0,'2018-12-11 00:29:55','2018-12-11 00:29:55'),(1217,1,1,0,'',2,0,0,3,0,0,'',0,0,'',0,0,'2018-12-11 02:50:57','2018-12-11 02:50:57'),(1218,1,1,13,'',1,0,0,1,0,0,'',0,0,'',0,0,'2018-12-11 05:30:36','2018-12-11 05:42:02'),(1219,1,1,13,'',1,336,336,1,297,0,'f9160a7f1946b8f386f9af2234a59eb6',0,0,'',0,0,'2018-12-11 06:37:21','2018-12-11 07:10:45'),(1220,1,1,0,'',1,0,0,1,0,0,'',0,0,'',0,0,'2018-12-11 06:49:17','2018-12-11 06:49:17'),(1221,1,1,0,'',1,0,0,1,0,0,'',0,0,'',0,0,'2018-12-11 07:21:50','2018-12-11 07:24:49'),(1222,1,1,0,'',1,0,0,1,0,0,'',0,0,'',0,0,'2018-12-11 09:50:20','2018-12-11 09:53:05'),(1223,1,1,0,'',1,0,0,1,0,0,'',0,0,'',0,0,'2018-12-11 09:59:23','2018-12-11 10:00:12'),(1224,1,1,13,'a:1:{i:337;s:3:\"13,\";}',1,337,337,1,298,0,'ce2abef69694abf48ee75af82253dc38',0,0,'',0,0,'2018-12-11 11:25:02','2018-12-11 11:28:39'),(1225,1,1,13,'a:1:{i:88;s:3:\"13,\";}',1,88,88,1,75,0,'2f2d855d82164e6a5566592d83ca78fd',0,0,'',0,0,'2018-12-11 11:43:35','2018-12-11 11:47:14'),(1226,1,1,0,'',1,338,338,1,299,0,'59f27619dae4c32631ac88542f08e442',0,0,'',0,0,'2018-12-11 11:58:34','2018-12-12 14:17:11'),(1227,1,1,13,'a:1:{i:338;s:3:\"13,\";}',1,338,338,1,299,0,'59f27619dae4c32631ac88542f08e442',0,0,'',0,0,'2018-12-11 12:04:24','2018-12-11 12:13:43'),(1228,1,1,13,'',1,0,0,1,0,0,'',0,0,'',0,0,'2018-12-11 13:33:32','2018-12-11 13:33:57'),(1229,1,1,0,'',1,0,0,1,0,0,'',0,0,'',0,0,'2018-12-11 13:45:35','2018-12-11 13:45:35'),(1230,1,1,13,'',1,0,0,1,0,0,'',0,0,'',0,0,'2018-12-11 14:46:17','2018-12-13 11:44:57'),(1231,1,1,13,'',1,341,341,1,302,0,'f8e0d8fc578b54f988a877de24a0b8a5',0,0,'',0,0,'2018-12-11 16:32:34','2018-12-11 20:00:01'),(1232,1,1,0,'',1,0,0,1,0,0,'',0,0,'',0,0,'2018-12-11 16:39:01','2018-12-11 16:39:01'),(1233,1,1,0,'',1,0,0,1,0,0,'',0,0,'',0,0,'2018-12-11 18:51:27','2018-12-11 18:51:27'),(1234,1,1,13,'',1,0,0,1,0,0,'',0,0,'',0,0,'2018-12-11 19:08:53','2018-12-12 17:24:50'),(1235,1,1,13,'a:1:{i:339;s:3:\"13,\";}',1,339,339,1,300,0,'97f9675c7cae8e3dc1dcf968e1779292',0,0,'',0,0,'2018-12-11 19:11:58','2018-12-11 19:22:05'),(1236,1,1,13,'a:1:{i:340;s:3:\"13,\";}',1,340,340,1,301,0,'bfb2d1ea959d833d99af1560860fa371',0,0,'',0,0,'2018-12-11 19:22:09','2018-12-11 19:46:35'),(1237,1,1,13,'',1,0,0,1,0,0,'',0,0,'',0,0,'2018-12-11 19:29:54','2018-12-11 19:31:13'),(1238,1,1,13,'',1,0,0,1,0,0,'',0,0,'',0,0,'2018-12-11 19:52:15','2018-12-11 19:52:28'),(1239,1,1,13,'a:1:{i:342;s:3:\"13,\";}',1,342,342,1,303,0,'d7b259dc48c3cce43c6a0ff3c8485d06',0,0,'',0,0,'2018-12-11 19:56:15','2018-12-12 16:20:52'),(1240,1,1,13,'',1,0,0,1,0,0,'',0,0,'',0,0,'2018-12-11 19:56:38','2018-12-11 19:57:23'),(1241,1,1,13,'',1,0,0,1,0,0,'',0,0,'',0,0,'2018-12-11 20:15:16','2018-12-11 20:28:39'),(1242,1,1,0,'',1,0,0,1,0,0,'',0,0,'',0,0,'2018-12-11 20:54:10','2018-12-11 20:54:10'),(1243,1,1,13,'a:1:{i:343;s:3:\"13,\";}',1,343,343,1,304,0,'717591dbaf108b20dfbfcc1f4ff5e57f',0,0,'',0,0,'2018-12-11 20:56:04','2018-12-11 21:11:11'),(1244,1,1,13,'',1,0,0,1,0,0,'',0,0,'',0,0,'2018-12-11 21:44:44','2018-12-11 21:44:45'),(1245,1,1,0,'',1,0,0,1,0,0,'',0,0,'',0,0,'2018-12-11 22:08:50','2018-12-11 22:10:43'),(1246,1,1,0,'',1,344,344,1,305,0,'484cb1ec998ee21b2dc4398d31f2808b',0,0,'',0,0,'2018-12-11 23:13:41','2018-12-11 23:13:41'),(1247,1,1,13,'',1,344,344,1,305,0,'484cb1ec998ee21b2dc4398d31f2808b',0,0,'',0,0,'2018-12-11 23:13:41','2018-12-11 23:45:47'),(1248,1,1,13,'',1,0,0,1,0,0,'',0,0,'',0,0,'2018-12-11 23:54:41','2018-12-11 23:54:49'),(1249,1,1,0,'',1,344,344,1,305,0,'484cb1ec998ee21b2dc4398d31f2808b',0,0,'',0,0,'2018-12-12 00:06:23','2018-12-12 00:06:23'),(1250,1,1,0,'',1,0,0,1,0,0,'',0,0,'',0,0,'2018-12-12 00:39:32','2018-12-12 00:39:32'),(1251,1,1,0,'',1,0,0,1,0,0,'',0,0,'',0,0,'2018-12-12 03:12:33','2018-12-12 03:16:12'),(1252,1,1,13,'',2,0,0,3,0,0,'',0,0,'',0,0,'2018-12-12 03:26:21','2018-12-12 03:26:42'),(1253,1,1,13,'',2,0,0,3,0,0,'',0,0,'',0,0,'2018-12-12 03:30:36','2018-12-12 03:30:50'),(1254,1,1,13,'',2,0,0,3,0,0,'',0,0,'',0,0,'2018-12-12 03:33:41','2018-12-12 03:34:15'),(1255,1,1,13,'',2,0,0,3,0,0,'',0,0,'',0,0,'2018-12-12 03:43:14','2018-12-12 03:43:42'),(1256,1,1,0,'',1,0,0,1,0,0,'',0,0,'',0,0,'2018-12-12 06:58:18','2018-12-12 06:58:18'),(1257,1,1,0,'',1,0,0,1,0,0,'',0,0,'',0,0,'2018-12-12 07:20:57','2018-12-12 07:20:57'),(1258,1,1,13,'a:1:{i:345;s:3:\"13,\";}',1,345,345,1,306,0,'f1a84d8fedb23f017fcd7fcfab62bc68',0,0,'',0,0,'2018-12-12 09:24:06','2018-12-12 09:26:36'),(1259,1,1,0,'',1,346,347,1,307,0,'fed67c95b59851b0a4f3b824cb68ccd3',0,0,'',0,0,'2018-12-12 09:25:24','2018-12-12 09:33:32'),(1260,1,1,0,'',1,0,0,1,0,0,'',0,0,'',0,0,'2018-12-12 10:17:51','2018-12-12 10:21:20'),(1261,1,1,0,'',1,336,336,1,297,0,'f9160a7f1946b8f386f9af2234a59eb6',0,0,'',0,0,'2018-12-12 10:29:00','2018-12-12 10:29:00'),(1262,1,1,13,'',1,336,336,1,297,0,'f9160a7f1946b8f386f9af2234a59eb6',0,0,'',0,0,'2018-12-12 10:33:35','2018-12-12 10:33:35'),(1263,1,1,13,'',1,336,336,1,297,0,'f9160a7f1946b8f386f9af2234a59eb6',0,0,'',0,0,'2018-12-12 10:33:35','2018-12-12 10:33:35'),(1264,1,1,13,'',1,0,0,1,0,0,'',0,0,'',0,0,'2018-12-12 11:01:26','2018-12-12 11:01:37'),(1265,1,1,13,'a:1:{i:348;s:3:\"13,\";}',1,348,348,1,308,0,'889658cb0fe71b605b42e650a3e33a2c',0,0,'',0,0,'2018-12-12 11:34:03','2018-12-12 11:58:26'),(1266,1,1,0,'',1,0,0,1,0,0,'',0,0,'',0,0,'2018-12-12 12:00:25','2018-12-12 12:01:14'),(1267,1,1,0,'',1,0,0,1,0,0,'',0,0,'',0,0,'2018-12-12 12:23:45','2018-12-12 12:23:55'),(1268,1,1,13,'',1,349,349,1,309,0,'842a568e0d461d53297b7427d845d14b',0,0,'',0,0,'2018-12-12 12:38:36','2018-12-12 12:47:01'),(1269,1,1,13,'a:1:{i:350;s:3:\"13,\";}',1,350,350,1,310,0,'79cf4494b903e95eff34d9f1494e6b37',0,0,'',0,0,'2018-12-12 13:46:30','2018-12-12 14:40:11'),(1270,1,1,13,'a:1:{i:351;s:3:\"13,\";}',1,351,351,1,311,0,'dbe0f0dfc7c6d6d3901243bfe6f07f70',0,0,'',0,0,'2018-12-12 13:53:50','2018-12-12 13:56:35'),(1271,1,1,13,'a:1:{i:352;s:3:\"13,\";}',1,352,352,1,312,0,'3cd1cef9775dea95c77c316d8c09e378',0,0,'',0,0,'2018-12-12 14:06:45','2018-12-12 14:13:16'),(1272,1,1,0,'',1,0,0,1,0,0,'',0,0,'',0,0,'2018-12-12 15:14:29','2018-12-12 15:19:42'),(1273,1,1,13,'',1,0,0,1,0,0,'',0,0,'',0,0,'2018-12-12 15:17:25','2018-12-12 15:18:14'),(1274,1,1,13,'a:1:{i:353;s:3:\"13,\";}',1,353,353,1,313,0,'9c7ab32f764954d733ab47473d5e0613',0,0,'',0,0,'2018-12-12 15:22:41','2018-12-12 15:26:40'),(1275,1,1,13,'',2,0,0,3,0,0,'',0,0,'',0,0,'2018-12-12 16:31:12','2018-12-12 16:31:13'),(1276,1,1,13,'',2,0,0,3,0,0,'',0,0,'',0,0,'2018-12-12 16:31:17','2018-12-12 16:31:18'),(1277,1,1,13,'',2,0,0,3,0,0,'',0,0,'',0,0,'2018-12-12 16:31:22','2018-12-12 16:31:23'),(1278,1,1,0,'',1,0,0,1,0,0,'',0,0,'',0,0,'2018-12-12 20:12:12','2018-12-12 20:26:42'),(1279,1,1,13,'',2,0,0,3,0,0,'',0,0,'',0,0,'2018-12-12 20:57:47','2018-12-12 20:57:48'),(1280,1,1,13,'',2,0,0,3,0,0,'',0,0,'',0,0,'2018-12-12 21:02:42','2018-12-12 21:02:44'),(1281,1,1,13,'',2,0,0,3,0,0,'',0,0,'',0,0,'2018-12-12 21:04:12','2018-12-12 21:04:13'),(1282,1,1,13,'a:1:{i:354;s:3:\"13,\";}',1,354,354,1,314,0,'5912be4f574c8c41445439a1c371aafa',0,0,'',0,0,'2018-12-12 21:32:36','2018-12-14 09:18:40'),(1283,1,1,0,'',1,0,0,1,0,0,'',0,0,'',0,0,'2018-12-12 22:17:16','2018-12-12 22:17:16'),(1284,1,1,0,'',1,0,0,1,0,0,'',0,0,'',0,0,'2018-12-13 00:33:05','2018-12-13 00:33:05'),(1285,1,1,13,'',2,0,0,3,0,0,'',0,0,'',0,0,'2018-12-13 03:45:19','2018-12-13 03:45:20'),(1286,1,1,13,'',2,0,0,3,0,0,'',0,0,'',0,0,'2018-12-13 03:45:51','2018-12-13 03:45:53'),(1287,1,1,13,'',2,0,0,3,0,0,'',0,0,'',0,0,'2018-12-13 03:46:33','2018-12-13 03:46:35'),(1288,1,1,13,'',1,0,0,1,0,0,'',0,0,'',0,0,'2018-12-13 07:10:36','2018-12-13 07:10:50'),(1289,1,1,13,'a:1:{i:355;s:3:\"13,\";}',1,355,355,1,315,0,'6a0d36b10ea1d8aa1cefb6a13e0c9666',0,0,'',0,0,'2018-12-13 08:00:25','2018-12-13 10:19:26'),(1290,1,1,13,'',1,0,0,1,0,0,'',0,0,'',0,0,'2018-12-13 08:00:43','2018-12-13 08:01:02'),(1291,1,1,13,'',1,0,0,1,0,0,'',0,0,'',0,0,'2018-12-13 11:02:07','2018-12-13 11:02:14'),(1292,1,1,0,'',2,0,0,3,0,0,'',0,0,'',0,0,'2018-12-13 11:42:01','2018-12-13 11:42:01'),(1293,1,1,13,'',1,356,356,1,316,0,'a506a42a3896efc2f4051fea59e2d578',0,0,'',0,0,'2018-12-13 12:35:17','2018-12-13 13:00:28'),(1294,1,1,13,'a:1:{i:357;s:3:\"13,\";}',1,357,357,1,317,0,'284b94b2ed5f18ea25f8a87c93ea429c',0,0,'',0,0,'2018-12-13 12:48:22','2018-12-13 17:35:26'),(1295,1,1,0,'',1,356,356,1,316,0,'a506a42a3896efc2f4051fea59e2d578',0,0,'',0,0,'2018-12-13 13:04:49','2018-12-13 13:04:49'),(1296,1,1,0,'',1,0,0,1,0,0,'',0,0,'',0,0,'2018-12-13 14:13:25','2018-12-13 14:13:25'),(1297,1,1,0,'',1,0,0,1,0,0,'',0,0,'',0,0,'2018-12-13 16:12:56','2018-12-13 16:16:04'),(1298,1,1,13,'',1,0,0,1,0,0,'',0,0,'',0,0,'2018-12-13 17:36:19','2018-12-13 17:36:22'),(1299,1,1,13,'a:1:{i:358;s:3:\"13,\";}',1,358,358,1,318,0,'3f7539eb13e1d8b7dc1bc7a19fd99c23',0,0,'',0,0,'2018-12-13 17:38:31','2018-12-13 17:51:05'),(1300,1,1,13,'',2,0,0,3,0,0,'',0,0,'',0,0,'2018-12-13 21:26:45','2018-12-13 21:26:46'),(1301,1,1,0,'',1,0,0,1,0,0,'',0,0,'',0,0,'2018-12-13 23:11:42','2018-12-13 23:11:42'),(1302,1,1,0,'',1,0,0,1,0,0,'',0,0,'',0,0,'2018-12-13 23:15:37','2018-12-13 23:15:57'),(1303,1,1,13,'',2,0,0,3,0,0,'',0,0,'',0,0,'2018-12-13 23:22:51','2018-12-13 23:22:52'),(1304,1,1,13,'',1,359,359,1,319,0,'14287ca938d474a8f1d3d5f9c999124c',0,0,'',0,0,'2018-12-13 23:41:48','2018-12-13 23:47:19'),(1305,1,1,13,'',2,0,0,3,0,0,'',0,0,'',0,0,'2018-12-14 04:28:30','2018-12-14 04:28:31'),(1306,1,1,13,'',2,0,0,3,0,0,'',0,0,'',0,0,'2018-12-14 04:29:17','2018-12-14 04:29:18'),(1307,1,1,13,'',2,0,0,3,0,0,'',0,0,'',0,0,'2018-12-14 04:29:54','2018-12-14 04:29:55'),(1308,1,1,13,'',2,0,0,3,0,0,'',0,0,'',0,0,'2018-12-14 04:30:34','2018-12-14 04:30:36'),(1309,1,1,0,'',1,355,355,1,315,0,'6a0d36b10ea1d8aa1cefb6a13e0c9666',0,0,'',0,0,'2018-12-14 07:23:59','2018-12-14 07:23:59'),(1310,1,1,13,'',1,361,361,1,320,0,'6d4e7148ac123e007d1d141a8e6804be',0,0,'',0,0,'2018-12-14 09:59:59','2018-12-14 10:40:11'),(1311,1,1,13,'',1,0,0,1,0,0,'',0,0,'',0,0,'2018-12-14 11:45:35','2018-12-14 11:45:41'),(1312,1,1,0,'',1,0,0,1,0,0,'',0,0,'',0,0,'2018-12-14 11:48:51','2018-12-14 11:49:58'),(1313,1,1,13,'',1,0,0,1,0,0,'',0,0,'',0,0,'2018-12-14 12:36:50','2018-12-14 12:38:39'),(1314,1,1,0,'',1,0,0,1,0,0,'',0,0,'',0,0,'2018-12-14 12:52:54','2018-12-14 12:52:55'),(1315,1,1,13,'a:1:{i:362;s:3:\"13,\";}',1,362,362,1,321,0,'94f13ba62f6266f786a811aba8147144',0,0,'',0,0,'2018-12-14 12:58:27','2018-12-14 13:10:08'),(1316,1,1,13,'',1,0,0,1,0,0,'',0,0,'',0,0,'2018-12-14 13:28:42','2018-12-14 13:29:01'),(1317,1,1,13,'a:1:{i:363;s:3:\"13,\";}',1,363,363,1,322,0,'a5cc015fe5603a8809d2cbe8b39d027d',0,0,'',0,0,'2018-12-14 13:53:12','2018-12-14 14:18:40'),(1318,1,1,0,'',1,0,0,1,0,0,'',0,0,'',0,0,'2018-12-14 13:57:44','2018-12-14 13:58:40'),(1319,1,1,13,'a:1:{i:364;s:3:\"13,\";}',1,364,364,1,323,0,'e08a487e08ee713754a325376a3742e4',0,0,'',0,0,'2018-12-14 14:23:12','2018-12-14 14:27:34'),(1320,1,1,0,'',1,0,0,1,0,0,'',0,0,'',0,0,'2018-12-14 17:33:18','2018-12-14 17:33:18'),(1321,1,1,13,'a:1:{i:365;s:3:\"13,\";}',1,365,365,1,324,0,'a20ae5823a75078fb4202cdf197a0194',0,0,'',0,0,'2018-12-14 18:22:55','2018-12-14 18:38:55'),(1322,1,1,13,'',1,0,0,1,0,0,'',0,0,'',0,0,'2018-12-14 18:31:28','2018-12-14 18:32:52'),(1323,1,1,13,'a:1:{i:367;s:3:\"13,\";}',1,367,367,1,326,0,'0efd9613d8967f51050708645d209bdc',0,0,'',0,0,'2018-12-14 19:17:46','2018-12-15 10:10:18'),(1324,1,1,0,'',1,0,0,1,0,0,'',0,0,'',0,0,'2018-12-14 20:03:03','2018-12-14 20:04:08'),(1325,1,1,13,'',1,366,366,1,325,0,'94a603000b2ee35399166913bc48f524',0,0,'',0,0,'2018-12-14 20:22:22','2018-12-14 20:32:43'),(1326,1,1,13,'',1,0,0,1,0,0,'',0,0,'',0,0,'2018-12-14 23:21:42','2018-12-14 23:26:12'),(1327,1,1,13,'',1,0,0,1,0,0,'',0,0,'',0,0,'2018-12-14 23:27:53','2018-12-14 23:35:39'),(1328,1,1,13,'',1,0,0,1,0,0,'',0,0,'',0,0,'2018-12-15 07:46:11','2018-12-15 07:46:28'),(1329,1,1,13,'',1,0,0,1,0,0,'',0,0,'',0,0,'2018-12-15 07:53:16','2018-12-15 07:53:17'),(1330,1,1,13,'a:1:{i:368;s:3:\"13,\";}',1,368,368,1,327,0,'a02f996a2cbb67a7a7dc1280b4430178',0,0,'',0,0,'2018-12-15 10:05:35','2018-12-15 10:11:37'),(1331,1,1,0,'',1,0,0,1,0,0,'',0,0,'',0,0,'2018-12-15 10:12:29','2018-12-15 10:13:34'),(1332,1,1,13,'a:1:{i:369;s:3:\"13,\";}',1,369,369,1,328,0,'1eccaf0dfb3a3201214c174394987c33',0,0,'',0,0,'2018-12-15 10:18:06','2018-12-15 10:27:12'),(1333,1,1,13,'a:1:{i:370;s:3:\"13,\";}',1,370,370,1,329,0,'2c1ce0090ee9484a2e4f7903adf2996c',0,0,'',0,0,'2018-12-15 11:09:18','2018-12-15 11:15:22'),(1334,1,1,0,'',1,0,0,1,0,0,'',0,0,'',0,0,'2018-12-15 11:09:50','2018-12-15 11:09:50'),(1335,1,1,13,'a:1:{i:371;s:3:\"13,\";}',1,371,371,1,330,0,'de0c5dfe45696fab72b88de81aca2a46',0,0,'',0,0,'2018-12-15 11:49:06','2018-12-15 12:10:33'),(1336,1,1,13,'a:1:{i:373;s:3:\"13,\";}',1,373,373,1,332,0,'e96610404d487110126645d53c6efb25',0,0,'',0,0,'2018-12-15 15:50:01','2018-12-15 15:58:54'),(1337,1,1,0,'',1,0,0,1,0,0,'',0,0,'',0,0,'2018-12-15 16:34:58','2018-12-15 16:35:21'),(1338,1,1,13,'',1,0,0,1,0,0,'',0,0,'',0,0,'2018-12-15 16:45:13','2018-12-15 16:47:34'),(1339,1,1,0,'',1,0,0,1,0,0,'',0,0,'',0,0,'2018-12-15 17:44:19','2018-12-15 17:44:19'),(1340,1,1,13,'',1,374,374,1,333,0,'3d7bd935c62def82ae144097124ea97a',0,0,'',0,0,'2018-12-15 17:51:20','2018-12-15 17:53:27'),(1341,1,1,0,'',1,0,0,1,0,0,'',0,0,'',0,0,'2018-12-15 18:13:31','2018-12-15 18:13:55'),(1342,1,1,13,'a:1:{i:375;s:3:\"13,\";}',1,376,376,1,334,0,'6685f9ba81526acbb3986b91f93f2b2e',0,0,'',0,0,'2018-12-15 18:18:37','2018-12-15 18:24:20'),(1343,1,1,13,'',1,41,41,1,34,0,'dbce4c1da14aaf280c7a5d7be1ba5d2d',0,0,'',0,0,'2018-12-15 20:59:09','2018-12-15 21:28:19'),(1344,1,1,0,'',1,0,0,1,0,0,'',0,0,'',0,0,'2018-12-15 22:45:11','2018-12-15 22:45:11'),(1345,1,1,0,'',1,0,0,1,0,0,'',0,0,'',0,0,'2018-12-16 00:17:24','2018-12-16 00:17:24'),(1346,1,1,13,'',1,0,0,1,0,0,'',0,0,'',0,0,'2018-12-16 00:48:15','2018-12-16 00:50:45'),(1347,1,1,0,'',1,0,0,1,0,0,'',0,0,'',0,0,'2018-12-16 06:29:10','2018-12-16 06:29:10'),(1348,1,1,0,'',1,0,0,1,0,0,'',0,0,'',0,0,'2018-12-16 07:06:19','2018-12-16 07:06:19'),(1349,1,1,13,'a:1:{i:377;s:3:\"13,\";}',1,377,377,1,335,0,'4427a90fddaba4f94fa9c30c6c9fce82',0,0,'',0,0,'2018-12-16 12:06:03','2018-12-16 12:16:50'),(1350,1,1,13,'',1,0,0,1,0,0,'',0,0,'',0,0,'2018-12-16 12:14:38','2018-12-16 12:17:26'),(1351,1,1,0,'',1,0,0,1,0,0,'',0,0,'',0,0,'2018-12-16 13:02:45','2018-12-16 13:03:19'),(1352,1,1,0,'',1,0,0,1,0,0,'',0,0,'',0,0,'2018-12-16 15:23:21','2018-12-16 15:24:44'),(1353,1,1,13,'a:1:{i:378;s:3:\"13,\";}',1,378,378,1,336,0,'d46fc484f9ef650a1ec406edf3610362',0,0,'',0,0,'2018-12-16 15:27:04','2018-12-16 15:49:06'),(1354,1,1,13,'a:1:{i:379;s:3:\"13,\";}',1,379,379,1,337,0,'d37233f23ef8505ee2abcc48975f9a87',0,0,'',0,0,'2018-12-16 15:51:08','2018-12-16 15:55:21'),(1355,1,1,13,'',1,0,0,1,0,0,'',0,0,'',0,0,'2018-12-16 16:46:04','2018-12-16 16:46:09'),(1356,1,1,13,'',1,0,0,1,0,0,'',0,0,'',0,0,'2018-12-16 17:55:37','2018-12-16 17:55:45'),(1357,1,1,13,'',1,380,380,1,339,0,'fc471e61cbcde568e603044e64b3b975',0,0,'',0,0,'2018-12-16 18:24:37','2018-12-16 18:46:24');

#
# Structure for table "_WCprTUAcart_cart_rule"
#

CREATE TABLE `_WCprTUAcart_cart_rule` (
  `id_cart` int(10) unsigned NOT NULL,
  `id_cart_rule` int(10) unsigned NOT NULL,
  PRIMARY KEY (`id_cart`,`id_cart_rule`),
  KEY `id_cart_rule` (`id_cart_rule`)
) ENGINE=InnoDB DEFAULT CHARSET=utf8;

#
# Data for table "_WCprTUAcart_cart_rule"
#

INSERT INTO `_WCprTUAcart_cart_rule` VALUES (96,5),(683,7),(742,9),(742,10),(752,9),(759,8),(779,8),(780,8),(832,10),(834,10),(843,10),(848,10),(1206,10);

#
# Structure for table "_WCprTUAcart_product"
#

CREATE TABLE `_WCprTUAcart_product` (
  `id_cart` int(10) unsigned NOT NULL,
  `id_product` int(10) unsigned NOT NULL,
  `id_address_delivery` int(10) unsigned NOT NULL DEFAULT '0',
  `id_shop` int(10) unsigned NOT NULL DEFAULT '1',
  `id_product_attribute` int(10) unsigned NOT NULL DEFAULT '0',
  `quantity` int(10) unsigned NOT NULL DEFAULT '0',
  `date_add` datetime NOT NULL,
  PRIMARY KEY (`id_cart`,`id_product`,`id_product_attribute`,`id_address_delivery`),
  KEY `id_product_attribute` (`id_product_attribute`),
  KEY `id_cart_order` (`id_cart`,`date_add`,`id_product`,`id_product_attribute`)
) ENGINE=InnoDB DEFAULT CHARSET=utf8;

#
# Data for table "_WCprTUAcart_product"
#

INSERT INTO `_WCprTUAcart_product` VALUES (7,8,0,1,0,2,'2018-03-22 08:36:26'),(8,8,6,1,0,2,'2018-03-30 16:43:55'),(12,8,0,1,0,1,'2018-04-05 00:42:45'),(13,8,0,1,0,1,'2018-04-06 00:39:47'),(14,8,8,1,0,2,'2018-04-09 03:21:19'),(17,8,0,1,0,1,'2018-04-06 01:14:42'),(18,8,0,1,0,1,'2018-04-06 01:30:13'),(21,8,7,1,0,2,'2018-04-06 09:05:40'),(22,8,0,1,0,1,'2018-04-06 21:14:48'),(23,8,0,1,0,1,'2018-04-10 21:09:40'),(27,8,9,1,0,1,'2018-04-07 20:40:43'),(28,8,0,1,0,1,'2018-04-09 04:44:07'),(30,8,0,1,0,2,'2018-04-09 04:02:21'),(31,8,8,1,0,2,'2018-04-09 13:01:53'),(32,8,0,1,0,1,'2018-04-09 13:29:12'),(34,15,8,1,0,3,'2018-04-09 16:26:21'),(35,8,10,1,0,1,'2018-04-09 16:45:41'),(37,8,8,1,0,1,'2018-04-09 17:24:57'),(38,8,0,1,0,1,'2018-04-10 12:38:16'),(38,9,0,1,48,1,'2018-04-10 12:43:59'),(39,8,7,1,0,1,'2018-04-10 17:54:30'),(39,9,7,1,48,1,'2018-04-10 17:55:30'),(39,10,7,1,49,1,'2018-04-10 17:55:56'),(39,10,7,1,50,1,'2018-04-10 17:55:49'),(39,10,7,1,51,1,'2018-04-10 17:55:52'),(39,11,7,1,53,1,'2018-04-10 17:56:03'),(39,12,7,1,57,1,'2018-04-10 17:56:20'),(39,13,7,1,60,1,'2018-04-10 17:57:33'),(39,15,7,1,0,1,'2018-04-10 17:54:39'),(39,16,7,1,0,1,'2018-04-10 17:56:55'),(39,17,7,1,0,1,'2018-04-10 17:57:03'),(39,18,7,1,0,1,'2018-04-10 17:57:11'),(40,18,0,1,0,1,'2018-04-10 19:32:50'),(41,9,11,1,48,1,'2018-04-10 22:01:58'),(42,9,11,1,48,1,'2018-04-10 22:29:24'),(42,17,11,1,0,1,'2018-04-10 22:28:05'),(43,16,11,1,0,1,'2018-04-10 22:40:25'),(44,8,11,1,0,1,'2018-04-10 22:52:49'),(45,18,11,1,0,1,'2018-04-10 23:02:43'),(46,9,11,1,48,1,'2018-04-10 23:06:10'),(47,18,11,1,0,1,'2018-04-10 23:18:21'),(48,16,11,1,0,1,'2018-04-10 23:26:58'),(49,15,0,1,0,1,'2018-04-11 06:29:19'),(49,16,0,1,0,1,'2018-04-11 06:29:35'),(49,17,0,1,0,1,'2018-04-11 06:29:37'),(49,18,0,1,0,1,'2018-04-11 06:29:38'),(50,8,0,1,0,1,'2018-04-11 23:00:41'),(50,9,0,1,48,2,'2018-04-11 23:01:25'),(51,9,0,1,48,1,'2018-04-12 12:39:45'),(52,8,11,1,0,1,'2018-04-12 15:02:20'),(53,9,11,1,48,1,'2018-04-12 15:18:24'),(54,15,11,1,0,1,'2018-04-12 15:23:16'),(55,8,11,1,0,1,'2018-04-12 15:57:55'),(56,9,11,1,48,1,'2018-04-12 16:12:51'),(57,18,11,1,0,1,'2018-04-12 16:17:30'),(58,16,11,1,0,1,'2018-04-12 16:53:32'),(59,8,0,1,0,2,'2018-04-13 00:38:28'),(59,10,0,1,50,1,'2018-04-13 09:39:37'),(59,18,0,1,0,1,'2018-04-13 09:26:52'),(60,8,0,1,0,2,'2018-04-13 16:43:13'),(61,8,0,1,0,1,'2018-04-15 09:37:45'),(61,15,0,1,0,1,'2018-04-15 09:38:48'),(61,16,0,1,0,1,'2018-04-15 09:38:39'),(61,17,0,1,0,2,'2018-04-15 00:38:31'),(61,18,0,1,0,2,'2018-04-15 00:38:22'),(62,8,0,1,0,1,'2018-04-16 10:50:01'),(63,15,4,1,0,1,'2018-04-28 14:17:21'),(64,9,0,1,48,1,'2018-04-16 18:20:47'),(65,18,0,1,0,1,'2018-04-16 23:34:35'),(66,9,0,1,48,1,'2018-04-16 23:34:35'),(67,8,0,1,0,1,'2018-04-16 23:34:35'),(68,17,0,1,0,1,'2018-04-16 23:34:35'),(69,11,11,1,53,1,'2018-04-17 08:40:44'),(70,11,0,1,53,1,'2018-04-18 12:26:44'),(71,8,0,1,0,2,'2018-04-18 04:03:12'),(72,8,0,1,0,1,'2018-05-08 01:45:39'),(73,8,0,1,0,1,'2018-04-18 14:29:39'),(73,10,0,1,50,1,'2018-04-18 14:28:26'),(74,8,12,1,0,1,'2018-04-19 10:41:45'),(76,8,0,1,0,2,'2018-04-27 03:32:29'),(77,18,0,1,0,1,'2018-04-19 18:22:49'),(79,8,13,1,0,1,'2018-04-20 19:58:24'),(80,17,0,1,0,1,'2018-04-21 19:05:11'),(81,16,0,1,0,1,'2018-04-21 20:20:57'),(82,15,0,1,0,1,'2018-04-21 21:36:44'),(83,17,0,1,0,1,'2018-04-21 22:52:32'),(84,15,0,1,0,1,'2018-04-22 00:08:19'),(85,16,0,1,0,1,'2018-04-22 13:16:53'),(86,18,0,1,0,1,'2018-04-22 14:32:41'),(87,18,0,1,0,1,'2018-04-22 15:48:28'),(88,8,0,1,0,1,'2018-04-23 12:29:22'),(89,8,0,1,0,1,'2018-04-24 12:32:54'),(89,10,0,1,50,1,'2018-04-24 12:33:37'),(90,8,0,1,0,1,'2018-04-25 12:41:30'),(91,8,0,1,0,2,'2018-04-25 07:27:23'),(91,9,0,1,48,1,'2018-04-25 16:27:20'),(91,18,0,1,0,1,'2018-04-25 16:27:12'),(92,18,0,1,0,1,'2018-04-25 23:57:36'),(95,8,4,1,0,3,'2018-04-27 02:57:03'),(95,9,4,1,48,1,'2018-04-30 10:43:32'),(96,8,0,1,0,2,'2018-04-27 11:59:04'),(96,18,0,1,0,10,'2018-04-27 12:02:53'),(97,8,0,1,0,1,'2018-04-28 03:34:19'),(98,10,14,1,50,6,'2018-05-02 10:56:45'),(99,8,4,1,0,2,'2018-05-02 11:28:40'),(100,8,0,1,0,1,'2018-05-03 00:13:29'),(101,8,0,1,0,1,'2018-05-04 17:09:55'),(102,8,4,1,0,2,'2018-05-15 17:30:23'),(102,9,4,1,48,1,'2018-05-04 16:08:25'),(103,8,16,1,0,10,'2018-05-16 06:45:29'),(103,9,16,1,48,1,'2018-05-16 15:33:10'),(104,8,0,1,0,1,'2018-05-05 00:18:59'),(105,14,0,1,0,1,'2018-05-06 11:16:14'),(106,21,0,1,63,1,'2018-05-06 12:43:07'),(107,16,0,1,0,1,'2018-05-07 08:20:19'),(108,8,0,1,0,1,'2018-05-07 20:11:53'),(109,9,0,1,48,1,'2018-05-07 20:12:02'),(110,22,0,1,0,1,'2018-05-07 20:12:15'),(111,21,0,1,63,1,'2018-05-07 20:12:24'),(112,12,0,1,57,5,'2018-05-08 12:36:26'),(114,20,0,1,0,1,'2018-05-09 14:12:12'),(115,8,0,1,0,1,'2018-05-10 11:58:25'),(115,9,0,1,48,1,'2018-05-10 11:59:45'),(117,14,0,1,0,1,'2018-05-12 11:44:44'),(118,8,0,1,0,1,'2018-05-12 19:40:23'),(119,8,0,1,0,2,'2018-06-05 07:58:40'),(120,8,0,1,0,1,'2018-06-03 18:00:32'),(121,9,0,1,48,1,'2018-05-15 11:41:11'),(122,8,0,1,0,1,'2018-05-15 14:27:17'),(123,20,0,1,0,1,'2018-05-15 21:12:00'),(124,8,0,1,0,1,'2018-05-16 22:45:28'),(125,9,0,1,48,1,'2018-05-16 22:45:28'),(126,9,0,1,48,1,'2018-05-16 22:45:43'),(126,22,0,1,0,1,'2018-05-16 22:45:28'),(127,21,0,1,63,1,'2018-05-16 22:45:29'),(128,8,0,1,0,1,'2018-05-16 22:45:33'),(129,9,0,1,48,1,'2018-05-16 22:45:33'),(130,22,0,1,0,1,'2018-05-16 22:45:33'),(131,21,0,1,63,1,'2018-05-16 22:45:33'),(132,8,0,1,0,1,'2018-05-16 22:45:43'),(133,21,0,1,63,1,'2018-05-16 22:45:44'),(134,22,0,1,0,1,'2018-05-16 22:45:44'),(135,8,0,1,0,1,'2018-05-17 16:08:57'),(135,10,0,1,50,1,'2018-05-17 16:12:09'),(135,13,0,1,60,1,'2018-05-17 16:14:36'),(135,18,0,1,0,1,'2018-05-17 16:16:21'),(135,21,0,1,62,1,'2018-05-17 16:11:23'),(135,21,0,1,63,1,'2018-05-17 16:11:06'),(136,8,0,1,0,1,'2018-05-17 17:13:39'),(137,14,18,1,0,1,'2018-05-18 07:14:20'),(138,14,0,1,0,1,'2018-05-18 15:35:56'),(139,15,0,1,0,1,'2018-05-20 12:03:14'),(140,18,0,1,0,1,'2018-05-20 13:19:04'),(141,9,0,1,48,1,'2018-05-23 00:35:58'),(141,22,0,1,0,1,'2018-05-23 00:35:56'),(142,15,0,1,0,2,'2018-05-22 17:25:40'),(142,16,0,1,0,2,'2018-05-22 17:25:45'),(142,17,0,1,0,2,'2018-05-22 17:25:48'),(142,18,0,1,0,2,'2018-05-22 17:25:50'),(143,22,0,1,0,1,'2018-05-23 08:10:40'),(144,22,0,1,0,1,'2018-05-24 08:25:40'),(145,8,0,1,0,1,'2018-05-24 08:41:19'),(146,9,0,1,48,1,'2018-05-24 09:27:18'),(147,8,4,1,0,3,'2018-05-24 17:30:37'),(148,8,4,1,0,3,'2018-05-24 17:51:51'),(149,8,4,1,0,2,'2018-05-25 09:35:27'),(150,8,4,1,0,2,'2018-05-25 15:26:38'),(151,9,4,1,55,17,'2018-05-25 06:28:35'),(152,15,0,1,0,1,'2018-05-27 08:47:02'),(153,17,0,1,0,1,'2018-05-27 09:02:21'),(154,18,19,1,0,1,'2018-05-27 17:18:03'),(154,22,19,1,0,1,'2018-05-27 17:17:59'),(155,14,4,1,0,1,'2018-05-28 09:53:05'),(156,14,0,1,0,1,'2018-05-28 09:56:00'),(157,8,20,1,0,2,'2018-05-28 10:03:25'),(158,8,20,1,0,5,'2018-05-28 07:00:18'),(159,9,20,1,48,7,'2018-05-28 16:02:57'),(160,8,20,1,0,1,'2018-05-28 16:11:01'),(161,11,20,1,53,3,'2018-05-28 16:13:16'),(162,8,0,1,0,1,'2018-05-28 23:58:35'),(164,8,0,1,0,1,'2018-05-29 11:01:54'),(165,17,0,1,0,1,'2018-05-29 18:18:25'),(166,18,0,1,0,1,'2018-05-29 18:28:23'),(167,14,0,1,0,1,'2018-05-30 09:50:46'),(168,8,0,1,0,1,'2018-05-30 13:01:25'),(169,9,0,1,48,1,'2018-05-30 13:01:45'),(170,9,0,1,48,1,'2018-05-31 22:33:31'),(172,8,0,1,0,1,'2018-06-01 11:10:56'),(173,9,0,1,48,1,'2018-06-01 13:00:56'),(174,22,0,1,0,1,'2018-06-01 13:10:16'),(175,8,0,1,0,2,'2018-06-01 07:41:21'),(175,9,0,1,48,2,'2018-06-01 07:41:36'),(175,21,0,1,63,1,'2018-06-01 16:41:05'),(175,22,0,1,0,1,'2018-06-01 16:40:32'),(176,8,0,1,0,1,'2018-06-01 17:51:11'),(177,21,0,1,63,1,'2018-06-02 10:40:21'),(178,8,0,1,0,1,'2018-06-02 10:40:25'),(179,22,0,1,0,1,'2018-06-02 10:40:28'),(180,9,0,1,48,1,'2018-06-02 10:40:31'),(181,14,21,1,0,1,'2018-06-02 16:09:10'),(182,8,0,1,0,1,'2018-06-12 21:42:31'),(183,8,0,1,0,2,'2018-06-03 22:20:08'),(183,9,0,1,48,2,'2018-06-03 22:20:30'),(183,21,0,1,63,1,'2018-06-04 07:19:45'),(183,22,0,1,0,1,'2018-06-04 07:19:03'),(184,12,0,1,56,1,'2018-06-04 07:51:55'),(185,8,0,1,0,1,'2018-06-04 09:46:21'),(186,8,0,1,0,1,'2018-06-04 13:27:58'),(187,9,20,1,48,10,'2018-06-04 16:43:33'),(188,15,0,1,0,2,'2018-06-04 15:56:33'),(188,16,0,1,0,2,'2018-06-04 15:57:58'),(188,17,0,1,0,2,'2018-06-04 15:59:22'),(188,18,0,1,0,2,'2018-06-04 16:00:47'),(189,8,20,1,0,1,'2018-06-05 09:04:32'),(190,8,20,1,0,1,'2018-06-05 09:05:59'),(191,8,0,1,0,1,'2018-06-08 18:59:27'),(191,12,0,1,57,1,'2018-06-09 10:38:33'),(191,21,0,1,63,1,'2018-06-09 10:38:33'),(192,8,0,1,0,1,'2018-06-09 18:59:35'),(193,8,0,1,0,1,'2018-06-10 00:17:16'),(194,8,0,1,0,1,'2018-06-11 04:59:24'),(194,21,0,1,63,1,'2018-06-11 04:59:22'),(195,9,0,1,48,1,'2018-06-11 10:56:07'),(196,22,0,1,0,1,'2018-06-11 10:56:34'),(197,9,0,1,48,1,'2018-06-11 12:12:23'),(198,15,0,1,0,1,'2018-06-12 02:37:42'),(199,8,20,1,0,2,'2018-06-13 11:02:48'),(200,8,20,1,0,1,'2018-06-13 11:20:27'),(201,8,20,1,0,1,'2018-06-13 11:38:37'),(202,8,22,1,0,1,'2018-06-13 12:40:55'),(203,9,0,1,48,1,'2018-06-13 12:44:41'),(204,12,23,1,57,1,'2018-06-13 12:46:53'),(205,11,23,1,53,1,'2018-06-13 12:53:08'),(206,9,0,1,48,1,'2018-06-13 23:50:32'),(207,14,0,1,0,1,'2018-06-14 08:49:13'),(208,22,0,1,0,1,'2018-06-14 18:11:02'),(209,9,0,1,48,1,'2018-06-14 18:11:13'),(210,8,0,1,0,1,'2018-06-14 18:11:15'),(211,21,0,1,63,1,'2018-06-14 18:11:22'),(212,8,0,1,0,2,'2018-06-16 03:53:14'),(213,16,0,1,0,1,'2018-06-16 14:04:07'),(215,8,0,1,0,1,'2018-06-18 14:59:33'),(216,21,0,1,63,1,'2018-06-19 22:05:58'),(217,8,0,1,0,1,'2018-06-20 10:34:08'),(217,9,0,1,48,1,'2018-06-20 10:34:00'),(218,22,0,1,0,1,'2018-06-20 13:00:16'),(219,22,0,1,0,1,'2018-06-20 19:09:37'),(220,8,0,1,0,1,'2018-06-21 00:27:31'),(221,9,0,1,48,1,'2018-06-21 00:27:31'),(222,22,0,1,0,1,'2018-06-21 00:27:32'),(223,21,0,1,63,1,'2018-06-21 00:27:32'),(224,17,0,1,0,1,'2018-06-21 11:26:33'),(225,16,0,1,0,1,'2018-06-21 14:09:31'),(226,15,0,1,0,1,'2018-06-21 17:58:14'),(227,18,0,1,0,1,'2018-06-21 18:19:52'),(228,20,24,1,0,1,'2018-06-22 00:27:18'),(229,8,0,1,0,1,'2018-06-22 01:20:42'),(230,15,0,1,0,2,'2018-06-22 16:46:00'),(230,16,0,1,0,2,'2018-06-22 16:46:31'),(230,17,0,1,0,2,'2018-06-22 16:47:03'),(230,18,0,1,0,2,'2018-06-22 16:47:34'),(231,8,0,1,0,1,'2018-06-23 09:46:14'),(232,22,0,1,0,1,'2018-06-23 09:46:14'),(233,9,0,1,48,1,'2018-06-25 11:04:15'),(233,22,0,1,0,1,'2018-06-25 11:04:13'),(234,22,0,1,0,1,'2018-06-25 15:54:03'),(235,9,0,1,48,1,'2018-06-26 03:51:46'),(236,8,0,1,0,1,'2018-06-26 09:47:42'),(237,22,0,1,0,1,'2018-06-26 19:14:41'),(238,8,0,1,0,1,'2018-06-27 18:27:56'),(239,8,0,1,0,1,'2018-06-27 20:14:05'),(240,22,0,1,0,1,'2018-06-27 21:02:41'),(241,9,0,1,48,1,'2018-06-27 21:09:13'),(242,8,25,1,0,1,'2018-07-11 17:05:42'),(242,20,25,1,0,1,'2018-06-28 16:40:29'),(242,22,25,1,0,3,'2018-07-11 07:54:33'),(243,22,0,1,0,1,'2018-07-26 00:33:56'),(244,21,0,1,63,1,'2018-07-01 00:50:09'),(245,8,0,1,0,1,'2018-07-02 07:57:02'),(246,8,0,1,0,1,'2018-07-02 10:50:54'),(247,14,0,1,0,1,'2018-07-02 10:51:13'),(248,8,0,1,0,1,'2018-07-03 06:46:24'),(248,9,0,1,48,1,'2018-07-03 06:46:18'),(248,21,0,1,63,1,'2018-07-03 06:45:47'),(248,22,0,1,0,1,'2018-07-03 06:45:51'),(249,14,0,1,0,1,'2018-07-05 09:08:07'),(250,8,0,1,0,2,'2018-07-06 04:51:19'),(250,9,0,1,48,2,'2018-07-06 04:51:40'),(250,21,0,1,63,1,'2018-07-06 13:51:01'),(250,22,0,1,0,1,'2018-07-06 13:50:31'),(252,8,20,1,0,2,'2018-07-13 09:57:52'),(252,9,20,1,48,4,'2018-08-02 06:10:20'),(253,8,0,1,0,1,'2018-07-07 02:33:58'),(254,14,0,1,0,1,'2018-07-07 09:29:30'),(255,8,59,1,0,1,'2018-07-09 08:56:36'),(255,14,59,1,0,1,'2018-07-21 09:25:50'),(256,22,0,1,0,1,'2018-07-09 13:53:10'),(257,14,0,1,0,1,'2018-07-09 14:37:39'),(258,8,0,1,0,1,'2018-07-09 16:18:06'),(258,9,0,1,48,1,'2018-07-09 16:18:22'),(258,10,0,1,50,1,'2018-07-09 16:18:32'),(259,8,26,1,0,1,'2018-07-09 16:27:46'),(259,9,26,1,48,1,'2018-07-09 16:28:39'),(259,10,26,1,49,1,'2018-07-09 16:29:32'),(259,10,26,1,50,1,'2018-07-09 16:28:47'),(259,18,26,1,0,1,'2018-07-09 16:28:53'),(260,8,26,1,0,1,'2018-07-09 16:48:36'),(260,9,26,1,48,1,'2018-07-09 16:48:36'),(260,10,26,1,49,1,'2018-07-09 16:48:36'),(260,10,26,1,50,1,'2018-07-09 16:48:37'),(260,18,26,1,0,1,'2018-07-09 16:48:37'),(261,15,0,1,0,2,'2018-07-09 12:10:52'),(261,16,0,1,0,2,'2018-07-09 12:10:54'),(261,17,0,1,0,2,'2018-07-09 12:10:56'),(261,18,0,1,0,2,'2018-07-09 12:10:58'),(262,14,0,1,0,1,'2018-07-09 21:38:58'),(263,14,0,1,0,1,'2018-07-10 08:38:37'),(264,14,27,1,0,1,'2018-07-10 12:51:55'),(265,14,30,1,0,1,'2018-07-11 18:20:27'),(266,8,0,1,0,1,'2018-07-10 21:15:58'),(267,14,28,1,0,1,'2018-07-10 22:11:49'),(268,8,0,1,0,1,'2018-07-10 22:17:08'),(268,9,0,1,48,1,'2018-07-10 22:17:43'),(268,10,0,1,50,1,'2018-07-10 22:17:59'),(268,11,0,1,53,1,'2018-07-10 22:13:52'),(270,8,0,1,0,1,'2018-07-11 05:05:45'),(270,21,0,1,63,1,'2018-07-11 05:05:43'),(271,14,29,1,0,1,'2018-07-11 09:32:43'),(273,9,0,1,48,1,'2018-07-26 12:23:43'),(273,14,0,1,0,1,'2018-07-11 17:10:42'),(274,8,0,1,0,2,'2018-07-11 07:33:23'),(274,15,0,1,0,1,'2018-07-11 16:33:52'),(275,22,0,1,0,1,'2018-07-11 16:47:40'),(276,9,0,1,48,1,'2018-07-11 16:50:24'),(276,14,0,1,0,2,'2018-07-13 05:20:01'),(277,8,0,1,0,1,'2018-07-11 17:19:18'),(278,22,0,1,0,1,'2018-07-17 15:42:35'),(279,14,31,1,0,1,'2018-07-11 22:16:32'),(280,14,30,1,0,1,'2018-07-11 22:44:01'),(281,14,32,1,0,1,'2018-07-12 01:36:43'),(282,9,0,1,48,1,'2018-07-12 09:30:26'),(283,22,0,1,0,1,'2018-07-12 10:02:43'),(284,14,0,1,0,1,'2018-07-12 10:43:26'),(286,14,0,1,0,1,'2018-07-12 11:29:30'),(287,14,0,1,0,1,'2018-07-12 14:05:20'),(288,14,33,1,0,1,'2018-07-12 16:19:14'),(288,18,33,1,0,1,'2018-07-12 16:20:44'),(288,21,33,1,62,1,'2018-07-12 16:20:09'),(289,10,42,1,50,1,'2018-07-12 19:39:02'),(289,14,42,1,0,1,'2018-07-12 19:38:18'),(289,18,42,1,0,1,'2018-07-12 19:39:21'),(289,21,42,1,63,1,'2018-07-12 19:40:22'),(290,14,0,1,0,1,'2018-07-12 20:45:24'),(291,8,0,1,0,1,'2018-07-13 00:00:36'),(292,8,34,1,0,1,'2018-07-13 08:04:26'),(292,9,34,1,48,1,'2018-07-13 08:05:47'),(292,11,34,1,53,1,'2018-07-13 08:06:03'),(292,13,34,1,60,1,'2018-07-13 08:05:15'),(293,14,35,1,0,1,'2018-07-14 14:26:59'),(295,14,36,1,0,1,'2018-07-14 16:37:42'),(296,14,0,1,0,1,'2018-07-14 20:22:19'),(297,8,0,1,0,1,'2018-07-14 23:27:03'),(297,14,0,1,0,1,'2018-07-14 23:20:59'),(297,15,0,1,0,1,'2018-07-14 23:27:41'),(297,18,0,1,0,1,'2018-07-14 23:23:43'),(297,21,0,1,63,2,'2018-07-14 23:24:56'),(298,14,0,1,0,1,'2018-07-15 07:21:18'),(299,14,0,1,0,1,'2018-07-15 08:43:35'),(300,14,0,1,0,1,'2018-07-15 11:28:11'),(300,18,0,1,0,1,'2018-07-15 11:28:49'),(301,14,0,1,0,1,'2018-07-15 11:32:47'),(301,18,0,1,0,1,'2018-07-15 11:32:55'),(302,14,37,1,0,1,'2018-07-15 13:04:42'),(302,18,37,1,0,1,'2018-07-15 13:05:17'),(303,14,38,1,0,1,'2018-07-15 19:40:52'),(303,18,38,1,0,1,'2018-07-15 19:41:49'),(304,14,0,1,0,1,'2018-07-15 20:58:29'),(305,14,40,1,0,1,'2018-07-16 06:48:18'),(306,14,41,1,0,1,'2018-07-16 08:20:17'),(306,18,41,1,0,1,'2018-07-16 08:08:45'),(307,14,0,1,0,1,'2018-07-16 08:22:10'),(308,14,0,1,0,1,'2018-07-16 11:24:45'),(309,12,269,1,57,2,'2018-11-25 15:37:04'),(309,13,269,1,61,1,'2018-11-25 22:54:44'),(309,18,269,1,0,1,'2018-11-25 15:39:04'),(310,14,0,1,0,1,'2018-07-16 17:58:35'),(310,21,0,1,63,2,'2018-07-16 18:00:00'),(311,14,0,1,0,1,'2018-07-16 19:11:09'),(312,8,0,1,0,1,'2018-07-16 22:15:24'),(312,22,0,1,0,1,'2018-07-16 19:35:38'),(313,14,0,1,0,1,'2018-07-16 20:42:03'),(314,9,0,1,48,1,'2018-07-16 20:42:34'),(315,14,0,1,0,1,'2018-07-16 23:34:23'),(316,8,0,1,0,1,'2018-07-17 08:25:37'),(317,9,0,1,55,1,'2018-07-17 10:08:08'),(317,10,0,1,51,1,'2018-07-17 10:58:18'),(317,14,0,1,0,1,'2018-07-17 10:59:30'),(317,18,0,1,0,1,'2018-07-17 10:56:13'),(318,8,0,1,0,1,'2018-07-17 11:39:56'),(318,10,0,1,51,1,'2018-07-17 11:40:37'),(318,12,0,1,57,1,'2018-07-17 11:41:19'),(318,13,0,1,59,1,'2018-07-17 11:41:49'),(318,14,0,1,0,1,'2018-07-17 11:38:03'),(319,14,0,1,0,1,'2018-07-17 15:01:08'),(321,8,43,1,0,1,'2018-07-17 18:33:39'),(321,10,43,1,50,2,'2018-07-17 18:34:12'),(322,10,44,1,50,1,'2018-07-17 22:23:45'),(322,14,44,1,0,1,'2018-07-30 13:00:20'),(323,8,45,1,0,1,'2018-07-18 10:29:02'),(323,9,45,1,48,1,'2018-07-18 10:32:15'),(323,12,45,1,57,1,'2018-07-18 10:31:55'),(324,14,0,1,0,1,'2018-07-18 11:33:27'),(325,14,46,1,0,1,'2018-07-18 11:39:45'),(326,14,0,1,0,1,'2018-07-18 12:29:32'),(327,14,0,1,0,1,'2018-08-02 13:49:22'),(328,14,0,1,0,1,'2018-07-18 14:05:01'),(329,14,0,1,0,1,'2018-07-18 14:16:39'),(330,14,0,1,0,1,'2018-07-18 07:30:39'),(331,14,0,1,0,1,'2018-07-18 22:17:51'),(332,8,48,1,0,1,'2018-07-26 22:59:45'),(333,9,49,1,48,1,'2018-07-18 22:47:18'),(333,12,49,1,57,2,'2018-07-18 13:49:37'),(333,13,49,1,61,1,'2018-07-18 22:48:02'),(333,14,49,1,0,1,'2018-07-18 22:46:33'),(334,8,51,1,0,1,'2018-07-20 00:31:55'),(335,22,0,1,0,1,'2018-07-19 00:09:44'),(336,14,0,1,0,1,'2018-07-19 06:58:37'),(337,14,52,1,0,1,'2018-07-19 11:00:09'),(337,18,52,1,0,1,'2018-07-19 11:00:28'),(338,14,0,1,0,1,'2018-07-19 11:20:12'),(339,14,0,1,0,2,'2018-07-19 06:12:37'),(340,14,53,1,0,1,'2018-07-19 16:51:30'),(341,14,54,1,0,1,'2018-07-20 09:18:19'),(342,14,0,1,0,1,'2018-07-20 10:06:31'),(344,8,0,1,0,1,'2018-07-20 13:10:31'),(345,9,55,1,48,2,'2018-07-20 14:07:14'),(345,14,55,1,0,1,'2018-07-20 14:05:51'),(345,18,55,1,0,1,'2018-07-20 14:00:46'),(346,14,0,1,0,1,'2018-07-20 15:41:14'),(347,14,56,1,0,1,'2018-07-20 16:28:08'),(347,18,56,1,0,1,'2018-07-20 16:48:12'),(348,22,0,1,0,1,'2018-07-20 20:14:02'),(349,14,58,1,0,2,'2018-07-23 15:33:58'),(350,14,0,1,0,1,'2018-07-21 09:44:45'),(351,14,0,1,0,1,'2018-07-21 12:48:24'),(352,8,0,1,0,1,'2018-07-21 14:17:36'),(353,14,60,1,0,1,'2018-07-22 17:04:12'),(354,8,62,1,0,1,'2018-07-24 21:30:09'),(354,22,62,1,0,1,'2018-07-21 19:47:10'),(355,14,0,1,0,1,'2018-07-21 20:42:23'),(356,14,64,1,0,1,'2018-07-21 20:53:54'),(357,14,65,1,0,1,'2018-07-22 16:28:32'),(358,8,0,1,0,1,'2018-07-22 17:28:49'),(359,8,66,1,0,1,'2018-07-22 18:06:06'),(360,8,0,1,0,1,'2018-07-22 20:48:28'),(361,14,67,1,0,1,'2018-07-23 07:58:48'),(362,9,70,1,55,1,'2018-07-23 10:51:31'),(362,11,70,1,52,1,'2018-07-23 15:07:34'),(362,14,70,1,0,1,'2018-07-23 10:49:43'),(362,15,70,1,0,1,'2018-07-23 15:08:03'),(362,18,70,1,0,1,'2018-07-23 10:50:48'),(362,21,70,1,63,1,'2018-07-23 10:50:33'),(363,8,0,1,0,1,'2018-07-23 11:47:52'),(364,8,68,1,0,1,'2018-07-23 02:54:30'),(365,14,0,1,0,1,'2018-07-23 12:29:39'),(366,14,0,1,0,1,'2018-07-23 12:30:01'),(367,12,0,1,58,1,'2018-07-23 13:17:49'),(367,14,0,1,0,1,'2018-07-23 13:16:49'),(368,22,69,1,0,1,'2018-07-23 13:52:20'),(369,8,71,1,0,1,'2018-07-23 16:16:10'),(369,9,71,1,48,1,'2018-07-23 16:18:01'),(369,10,71,1,50,1,'2018-07-23 16:18:29'),(369,13,71,1,60,1,'2018-07-23 16:18:15'),(369,15,71,1,0,1,'2018-07-23 16:17:44'),(370,8,0,1,0,1,'2018-07-23 17:47:07'),(371,8,0,1,0,1,'2018-07-23 19:07:25'),(372,9,0,1,48,1,'2018-07-23 21:08:07'),(373,14,72,1,0,1,'2018-07-24 07:11:39'),(374,8,0,1,0,1,'2018-07-24 07:57:39'),(374,22,0,1,0,1,'2018-07-24 07:58:37'),(375,14,0,1,0,1,'2018-07-24 09:20:37'),(376,9,23,1,48,1,'2018-07-24 11:28:09'),(376,11,23,1,53,1,'2018-07-24 11:17:17'),(377,9,23,1,48,1,'2018-07-24 11:33:04'),(378,14,0,1,0,1,'2018-07-24 13:32:00'),(379,14,0,1,0,1,'2018-07-24 13:59:19'),(380,14,0,1,0,1,'2018-07-24 20:04:48'),(381,14,0,1,0,1,'2018-07-24 21:33:31'),(382,14,0,1,0,1,'2018-07-24 23:40:35'),(383,8,0,1,0,1,'2018-07-25 01:15:49'),(383,10,0,1,50,2,'2018-07-25 01:16:31'),(383,18,0,1,0,1,'2018-07-25 01:16:03'),(384,14,0,1,0,1,'2018-07-25 02:31:54'),(385,11,73,1,53,2,'2018-07-25 07:16:01'),(385,14,73,1,0,1,'2018-07-25 07:15:26'),(386,14,0,1,0,1,'2018-07-25 08:18:34'),(387,9,74,1,48,2,'2018-07-25 09:39:29'),(387,14,74,1,0,1,'2018-07-31 09:11:48'),(388,21,0,1,63,1,'2018-07-25 10:17:10'),(389,21,74,1,63,2,'2018-07-25 14:10:47'),(389,22,74,1,0,1,'2018-07-25 14:10:12'),(390,14,0,1,0,1,'2018-07-25 16:29:23'),(391,10,0,1,50,10,'2018-07-25 18:09:17'),(391,14,0,1,0,1,'2018-07-25 18:06:11'),(392,8,0,1,0,1,'2018-07-26 04:07:39'),(393,21,0,1,63,1,'2018-07-26 09:50:24'),(394,14,0,1,0,1,'2018-07-30 15:00:36'),(395,9,75,1,48,1,'2018-07-26 10:53:33'),(396,22,0,1,0,1,'2018-07-26 11:45:21'),(397,14,0,1,0,1,'2018-07-26 11:50:08'),(397,18,0,1,0,1,'2018-07-26 11:50:25'),(398,14,76,1,0,1,'2018-07-26 13:34:41'),(399,14,0,1,0,1,'2018-07-26 17:33:59'),(399,18,0,1,0,1,'2018-07-26 17:35:05'),(400,14,0,1,0,1,'2018-07-26 19:41:30'),(400,18,0,1,0,1,'2018-07-26 19:42:10'),(402,14,0,1,0,1,'2018-07-26 21:18:01'),(404,14,0,1,0,1,'2018-07-27 15:46:01'),(405,14,77,1,0,1,'2018-07-27 17:11:23'),(405,18,77,1,0,1,'2018-07-27 16:42:27'),(407,22,0,1,0,1,'2018-07-27 21:19:18'),(408,14,0,1,0,2,'2018-07-27 13:09:47'),(409,14,0,1,0,1,'2018-07-28 08:20:57'),(410,14,0,1,0,1,'2018-07-28 09:09:40'),(411,14,0,1,0,1,'2018-07-28 13:14:01'),(412,14,0,1,0,1,'2018-07-29 08:47:07'),(412,21,0,1,63,2,'2018-07-29 17:46:13'),(412,21,0,1,64,1,'2018-07-29 17:46:48'),(413,15,0,1,0,2,'2018-07-28 14:28:50'),(414,9,78,1,47,1,'2018-07-28 22:15:31'),(414,10,78,1,49,2,'2018-07-28 13:15:50'),(414,14,78,1,0,1,'2018-07-28 22:07:39'),(414,18,78,1,0,1,'2018-07-28 22:14:40'),(415,14,79,1,0,1,'2018-07-29 10:22:25'),(416,14,0,1,0,1,'2018-07-29 11:09:57'),(417,13,80,1,60,1,'2018-07-29 11:15:46'),(417,14,80,1,0,1,'2018-07-29 11:15:00'),(418,14,0,1,0,1,'2018-07-29 13:42:37'),(419,18,0,1,0,1,'2018-07-29 19:17:53'),(419,22,0,1,0,1,'2018-07-29 19:23:49'),(420,14,81,1,0,1,'2018-07-29 19:41:37'),(421,14,0,1,0,1,'2018-07-29 23:16:37'),(422,8,0,1,0,1,'2018-07-30 10:08:24'),(423,14,0,1,0,1,'2018-07-30 10:37:17'),(424,9,0,1,48,1,'2018-07-30 13:04:58'),(424,14,0,1,0,1,'2018-07-30 13:05:22'),(425,8,84,1,0,1,'2018-07-30 18:44:21'),(426,14,0,1,0,1,'2018-07-30 22:41:14'),(427,8,0,1,0,1,'2018-07-31 00:25:27'),(428,22,0,1,0,1,'2018-07-31 13:39:55'),(429,14,0,1,0,1,'2018-07-31 15:06:05'),(430,14,85,1,0,1,'2018-07-31 18:26:09'),(430,21,85,1,62,1,'2018-07-31 18:27:52'),(430,21,85,1,63,1,'2018-07-31 18:27:41'),(430,21,85,1,64,1,'2018-07-31 18:27:47'),(431,14,86,1,0,1,'2018-07-31 18:38:41'),(431,21,86,1,62,1,'2018-07-31 18:45:15'),(432,8,0,1,0,5,'2018-08-04 09:48:13'),(433,14,0,1,0,1,'2018-08-01 10:06:22'),(433,21,0,1,64,1,'2018-08-01 01:09:37'),(435,21,0,1,63,1,'2018-08-01 11:27:14'),(436,13,0,1,60,1,'2018-08-01 13:03:40'),(437,14,87,1,0,1,'2018-08-01 13:56:03'),(438,18,87,1,0,1,'2018-12-15 21:44:06'),(439,13,0,1,61,1,'2018-08-01 15:35:35'),(439,14,0,1,0,2,'2018-08-01 15:34:57'),(439,18,0,1,0,2,'2018-08-01 15:44:20'),(440,10,89,1,51,1,'2018-08-01 23:09:03'),(440,13,89,1,60,3,'2018-08-01 15:40:18'),(440,14,89,1,0,1,'2018-08-01 17:55:18'),(440,18,89,1,0,1,'2018-08-02 00:41:41'),(441,9,0,1,47,1,'2018-08-01 17:12:24'),(441,14,0,1,0,1,'2018-08-01 17:11:22'),(441,15,0,1,0,1,'2018-08-01 17:11:49'),(441,18,0,1,0,1,'2018-08-01 17:12:58'),(442,8,0,1,0,1,'2018-08-01 17:12:11'),(443,14,90,1,0,1,'2018-08-02 11:38:24'),(443,18,90,1,0,1,'2018-08-02 11:39:27'),(443,21,90,1,63,1,'2018-08-02 11:40:12'),(444,16,0,1,0,1,'2018-08-01 20:29:16'),(445,22,0,1,0,1,'2018-08-01 20:47:15'),(446,14,88,1,0,1,'2018-08-01 20:59:28'),(447,21,0,1,62,1,'2018-08-01 23:39:05'),(447,22,0,1,0,1,'2018-08-01 23:38:08'),(448,14,0,1,0,1,'2018-08-02 01:00:53'),(449,8,0,1,0,1,'2018-08-02 04:33:26'),(450,8,0,1,0,1,'2018-08-02 10:15:00'),(450,21,0,1,63,3,'2018-08-02 10:17:50'),(451,14,90,1,0,1,'2018-08-02 11:17:24'),(451,18,90,1,0,1,'2018-08-02 11:18:26'),(451,21,90,1,63,1,'2018-08-02 11:20:44'),(452,8,0,1,0,1,'2018-08-02 12:00:43'),(453,22,104,1,0,1,'2018-08-02 13:17:54'),(454,14,0,1,0,1,'2018-08-02 13:31:06'),(455,14,97,1,0,1,'2018-08-05 10:56:39'),(456,8,0,1,0,1,'2018-08-02 14:58:40'),(456,21,0,1,63,2,'2018-08-02 14:58:16'),(457,14,0,1,0,1,'2018-08-02 19:45:27'),(459,14,0,1,0,1,'2018-08-02 21:40:53'),(459,21,0,1,62,6,'2018-08-02 21:42:55'),(460,14,0,1,0,1,'2018-08-02 22:19:05'),(460,21,0,1,63,1,'2018-08-02 22:20:59'),(461,22,0,1,0,1,'2018-08-02 22:41:56'),(462,14,0,1,0,1,'2018-08-02 22:48:53'),(463,14,91,1,0,1,'2018-08-02 23:38:34'),(465,14,92,1,0,1,'2018-08-03 06:46:35'),(465,15,92,1,0,1,'2018-08-03 06:47:55'),(465,18,92,1,0,1,'2018-08-03 06:48:41'),(465,21,92,1,63,3,'2018-08-02 22:04:29'),(466,8,0,1,0,1,'2018-08-03 07:33:53'),(467,14,0,1,0,1,'2018-08-03 09:57:52'),(468,8,0,1,0,1,'2018-08-03 10:44:20'),(469,8,0,1,0,1,'2018-08-03 13:31:30'),(470,8,0,1,0,1,'2018-08-03 15:08:16'),(471,8,96,1,0,1,'2018-08-03 23:46:27'),(472,22,0,1,0,1,'2018-08-04 08:46:05'),(474,14,0,1,0,1,'2018-08-04 09:46:28'),(475,14,0,1,0,1,'2018-08-04 11:35:11'),(475,21,0,1,62,1,'2018-08-04 11:39:09'),(475,21,0,1,63,1,'2018-08-04 11:38:45'),(475,21,0,1,64,1,'2018-08-04 02:37:02'),(476,8,93,1,0,1,'2018-08-04 13:53:39'),(476,15,93,1,0,1,'2018-08-04 13:54:34'),(476,18,93,1,0,1,'2018-08-04 13:55:05'),(476,21,93,1,63,10,'2018-08-04 13:57:22'),(477,14,0,1,0,1,'2018-08-04 16:57:01'),(478,14,94,1,0,1,'2018-08-04 17:47:58'),(479,14,0,1,0,1,'2018-08-04 19:21:30'),(480,18,0,1,0,1,'2018-08-04 19:50:58'),(480,22,0,1,0,1,'2018-08-04 19:49:51'),(481,10,0,1,50,2,'2018-08-06 20:13:46'),(481,16,0,1,0,1,'2018-08-06 20:18:11'),(481,18,0,1,0,1,'2018-08-06 20:14:40'),(482,8,0,1,0,3,'2018-08-04 23:47:33'),(482,12,0,1,56,3,'2018-08-04 21:08:35'),(482,14,0,1,0,3,'2018-08-08 09:54:26'),(483,8,0,1,0,1,'2018-08-05 06:01:07'),(484,9,0,1,48,1,'2018-08-05 06:01:07'),(485,22,0,1,0,1,'2018-08-05 06:01:07'),(486,21,0,1,63,1,'2018-08-05 06:01:08'),(488,10,99,1,50,1,'2018-09-13 13:35:23'),(488,15,99,1,0,1,'2018-08-05 14:49:30'),(488,18,99,1,0,1,'2018-08-05 14:48:52'),(488,22,99,1,0,1,'2018-08-05 14:48:07'),(489,11,0,1,53,2,'2018-08-05 15:01:11'),(489,20,0,1,0,1,'2018-08-05 15:06:30'),(490,11,100,1,53,3,'2018-08-05 18:05:28'),(490,14,100,1,0,1,'2018-08-05 09:05:37'),(491,22,0,1,0,2,'2018-08-11 11:36:05'),(492,14,0,1,0,1,'2018-08-06 07:29:31'),(492,21,0,1,64,2,'2018-08-06 07:31:03'),(493,14,0,1,0,1,'2018-08-06 09:15:52'),(494,8,102,1,0,1,'2018-08-06 09:27:30'),(494,15,102,1,0,1,'2018-08-06 09:26:58'),(494,16,102,1,0,1,'2018-08-06 09:24:45'),(495,22,0,1,0,1,'2018-08-06 10:06:20'),(496,14,0,1,0,1,'2018-08-06 10:10:29'),(497,8,0,1,0,1,'2018-08-06 11:33:37'),(498,14,103,1,0,1,'2018-08-06 13:14:26'),(501,14,0,1,0,1,'2018-08-06 17:05:26'),(502,8,105,1,0,1,'2018-08-06 18:57:27'),(502,9,105,1,48,2,'2018-08-06 09:58:24'),(503,14,0,1,0,1,'2018-08-06 19:05:39'),(504,8,0,1,0,1,'2018-08-21 22:02:46'),(504,21,0,1,63,3,'2018-08-21 22:04:22'),(505,14,0,1,0,1,'2018-08-07 00:02:14'),(506,8,0,1,0,1,'2018-08-07 00:40:49'),(507,8,0,1,0,1,'2018-08-07 03:46:50'),(507,9,0,1,48,1,'2018-08-07 03:51:37'),(508,9,0,1,48,1,'2018-08-07 05:06:27'),(509,14,0,1,0,1,'2018-08-07 08:44:44'),(510,8,0,1,0,1,'2018-08-07 10:50:42'),(510,9,0,1,55,1,'2018-08-07 10:53:07'),(510,15,0,1,0,1,'2018-08-07 10:53:55'),(512,14,0,1,0,1,'2018-08-07 12:42:31'),(513,14,0,1,0,1,'2018-08-07 13:00:00'),(514,14,0,1,0,1,'2018-08-07 17:25:03'),(515,10,108,1,49,2,'2018-08-07 10:11:49'),(515,14,108,1,0,1,'2018-08-07 19:06:06'),(516,14,0,1,0,1,'2018-08-07 23:12:44'),(516,18,0,1,0,1,'2018-08-07 23:13:01'),(516,21,0,1,63,4,'2018-08-07 23:13:52'),(517,22,0,1,0,1,'2018-08-08 05:43:50'),(518,14,110,1,0,1,'2018-08-08 09:18:56'),(519,14,111,1,0,1,'2018-08-08 09:25:14'),(519,21,111,1,63,2,'2018-08-08 09:25:52'),(520,8,0,1,0,1,'2018-08-08 10:18:36'),(520,15,0,1,0,1,'2018-08-08 10:19:09'),(521,14,115,1,0,1,'2018-08-08 12:21:08'),(521,18,115,1,0,1,'2018-08-08 17:39:00'),(522,9,114,1,55,1,'2018-08-08 12:43:57'),(522,10,114,1,51,1,'2018-08-08 12:43:23'),(522,14,114,1,0,1,'2018-08-08 12:42:18'),(523,8,0,1,0,1,'2018-08-08 13:48:29'),(524,17,0,1,0,1,'2018-08-08 18:48:19'),(525,14,0,1,0,1,'2018-08-08 19:33:45'),(526,14,0,1,0,1,'2018-08-08 20:22:39'),(527,18,116,1,0,1,'2018-08-08 20:38:05'),(527,22,116,1,0,1,'2018-08-08 20:37:30'),(529,21,117,1,63,4,'2018-08-08 23:46:34'),(530,14,0,1,0,1,'2018-08-09 00:39:11'),(531,14,0,1,0,1,'2018-08-08 18:40:31'),(531,21,0,1,62,2,'2018-08-11 05:15:45'),(531,21,0,1,63,1,'2018-08-11 14:14:58'),(531,21,0,1,64,2,'2018-08-11 05:15:52'),(532,20,118,1,0,1,'2018-08-09 05:30:59'),(533,14,0,1,0,1,'2018-08-09 07:14:25'),(534,14,0,1,0,1,'2018-08-10 03:46:10'),(535,8,0,1,0,1,'2018-08-09 14:17:25'),(536,22,120,1,0,1,'2018-08-09 16:39:24'),(537,14,121,1,0,1,'2018-08-09 18:20:42'),(538,8,0,1,0,1,'2018-08-09 18:37:55'),(538,9,0,1,47,1,'2018-08-09 18:42:05'),(538,11,0,1,54,1,'2018-08-09 09:42:22'),(539,8,0,1,0,1,'2018-08-09 18:58:37'),(540,9,0,1,48,1,'2018-08-09 19:28:54'),(541,22,0,1,0,1,'2018-08-09 19:31:29'),(542,14,0,1,0,1,'2018-08-09 21:48:26'),(542,21,0,1,63,4,'2018-08-09 21:48:55'),(543,14,122,1,0,3,'2018-08-09 15:22:19'),(544,14,0,1,0,1,'2018-08-10 07:05:17'),(545,15,0,1,0,1,'2018-08-10 07:43:33'),(546,18,0,1,0,1,'2018-08-10 08:03:29'),(547,22,0,1,0,1,'2018-08-10 10:20:24'),(548,14,123,1,0,1,'2018-08-10 11:07:40'),(548,18,123,1,0,1,'2018-08-10 11:08:03'),(550,22,0,1,0,1,'2018-08-10 13:59:11'),(551,14,0,1,0,1,'2018-08-10 15:02:04'),(552,14,91,1,0,1,'2018-08-10 16:53:33'),(553,14,0,1,0,1,'2018-08-10 18:42:04'),(553,15,0,1,0,1,'2018-08-10 18:42:46'),(553,18,0,1,0,1,'2018-08-10 18:42:21'),(554,14,0,1,0,1,'2018-08-12 07:25:09'),(555,22,0,1,0,1,'2018-08-10 22:32:12'),(556,14,0,1,0,1,'2018-08-10 22:45:16'),(557,14,0,1,0,1,'2018-08-11 07:18:55'),(558,8,0,1,0,1,'2018-08-11 08:53:35'),(558,21,0,1,63,1,'2018-08-11 08:53:33'),(559,14,0,1,0,1,'2018-08-11 09:14:44'),(560,14,0,1,0,1,'2018-08-11 15:13:26'),(561,14,0,1,0,1,'2018-08-11 17:01:39'),(563,14,0,1,0,1,'2018-08-11 21:12:29'),(564,8,0,1,0,1,'2018-08-12 04:08:19'),(565,22,0,1,0,1,'2018-08-12 04:08:20'),(566,14,124,1,0,2,'2018-08-12 07:57:40'),(566,18,124,1,0,1,'2018-08-12 07:29:18'),(567,14,0,1,0,1,'2018-08-12 09:06:09'),(568,22,0,1,0,1,'2018-08-12 10:24:06'),(569,14,125,1,0,2,'2018-08-12 11:33:38'),(569,21,125,1,63,1,'2018-08-12 10:27:20'),(570,14,126,1,0,2,'2018-08-12 11:42:19'),(570,18,126,1,0,2,'2018-08-12 11:38:19'),(570,21,126,1,63,1,'2018-08-12 11:38:59'),(571,14,127,1,0,1,'2018-08-12 12:02:13'),(572,8,0,1,0,1,'2018-08-27 21:55:21'),(573,14,128,1,0,1,'2018-08-12 19:16:52'),(574,14,129,1,0,2,'2018-08-12 12:06:08'),(575,14,0,1,0,1,'2018-08-12 23:27:15'),(576,14,130,1,0,1,'2018-08-13 08:05:48'),(577,8,0,1,0,21,'2018-08-12 23:37:27'),(579,21,0,1,63,1,'2018-08-13 12:16:59'),(580,14,131,1,0,1,'2018-08-13 14:10:56'),(580,21,131,1,62,1,'2018-08-13 14:11:41'),(580,21,131,1,63,1,'2018-08-13 14:11:47'),(580,21,131,1,64,1,'2018-08-13 14:11:28'),(581,8,0,1,0,1,'2018-08-13 22:01:39'),(581,10,0,1,50,1,'2018-08-13 21:58:54'),(581,13,0,1,60,1,'2018-08-13 21:59:58'),(581,21,0,1,63,1,'2018-08-13 22:00:56'),(582,8,133,1,0,1,'2018-08-13 22:04:13'),(582,10,133,1,50,1,'2018-08-13 22:05:03'),(582,13,133,1,60,1,'2018-08-13 22:05:38'),(582,21,133,1,63,1,'2018-08-13 22:04:29'),(584,17,0,1,0,1,'2018-08-14 06:44:09'),(585,15,0,1,0,1,'2018-08-14 06:44:22'),(586,16,0,1,0,1,'2018-08-14 06:44:36'),(587,18,0,1,0,1,'2018-08-14 06:44:49'),(588,22,0,1,0,1,'2018-08-14 07:10:45'),(589,14,135,1,0,1,'2018-08-14 10:49:26'),(590,16,137,1,0,1,'2018-08-14 13:10:15'),(590,18,137,1,0,1,'2018-08-14 13:09:52'),(590,20,137,1,0,1,'2018-08-15 16:14:03'),(590,21,137,1,63,4,'2018-08-15 16:15:19'),(591,8,0,1,0,1,'2018-08-14 17:06:18'),(592,22,136,1,0,1,'2018-08-15 09:45:08'),(593,14,138,1,0,1,'2018-08-16 07:23:01'),(594,8,0,1,0,1,'2018-08-16 10:51:04'),(595,14,139,1,0,1,'2018-08-16 10:52:55'),(596,14,0,1,0,1,'2018-08-16 13:49:02'),(596,18,0,1,0,1,'2018-08-16 13:47:55'),(596,21,0,1,63,3,'2018-08-16 04:47:34'),(596,21,0,1,64,1,'2018-08-16 13:47:19'),(597,14,0,1,0,1,'2018-08-16 13:40:36'),(598,14,0,1,0,1,'2018-08-16 14:04:44'),(599,22,0,1,0,1,'2018-08-16 15:52:24'),(600,9,0,1,47,1,'2018-08-16 16:05:27'),(600,10,0,1,51,1,'2018-08-16 16:05:02'),(600,11,0,1,53,1,'2018-08-16 16:06:25'),(600,14,0,1,0,1,'2018-08-16 16:06:06'),(600,18,0,1,0,1,'2018-08-16 16:03:43'),(601,8,0,1,0,1,'2018-08-16 16:14:15'),(603,21,0,1,63,1,'2018-08-16 22:51:38'),(603,22,0,1,0,1,'2018-08-16 22:51:10'),(604,8,142,1,0,1,'2018-08-17 09:10:02'),(604,10,142,1,49,1,'2018-08-17 09:12:20'),(604,10,142,1,50,1,'2018-08-17 09:12:09'),(604,10,142,1,51,1,'2018-08-17 09:12:12'),(604,13,142,1,60,2,'2018-08-17 09:11:30'),(604,13,142,1,61,2,'2018-08-17 09:11:35'),(606,14,143,1,0,1,'2018-08-17 12:32:34'),(607,22,0,1,0,1,'2018-08-17 10:53:54'),(608,14,0,1,0,1,'2018-08-17 12:43:27'),(609,14,0,1,0,1,'2018-08-17 13:27:20'),(610,14,149,1,0,1,'2018-08-17 20:34:38'),(611,14,146,1,0,1,'2018-08-17 14:45:02'),(612,14,162,1,0,2,'2018-08-21 06:08:32'),(613,9,147,1,48,1,'2018-08-17 17:28:43'),(613,22,147,1,0,1,'2018-08-17 17:28:25'),(614,14,0,1,0,1,'2018-08-17 17:54:29'),(615,14,0,1,0,1,'2018-08-17 18:58:27'),(615,21,0,1,62,1,'2018-08-17 18:57:47'),(615,21,0,1,63,1,'2018-08-17 18:57:31'),(615,21,0,1,64,1,'2018-08-17 18:57:39'),(616,14,148,1,0,1,'2018-08-17 18:58:30'),(617,14,0,1,0,1,'2018-08-17 19:33:06'),(618,21,0,1,63,1,'2018-08-18 00:08:35'),(619,14,0,1,0,1,'2018-08-18 02:11:59'),(620,8,0,1,0,1,'2018-08-18 02:49:53'),(621,14,0,1,0,1,'2018-08-18 08:14:48'),(621,15,0,1,0,1,'2018-08-18 08:15:33'),(622,14,150,1,0,1,'2018-08-18 09:30:29'),(623,14,0,1,0,1,'2018-08-18 09:40:08'),(624,8,0,1,0,1,'2018-08-18 10:07:34'),(625,8,155,1,0,1,'2018-08-18 10:26:30'),(626,9,151,1,55,1,'2018-08-18 11:22:33'),(626,13,151,1,61,1,'2018-08-18 11:25:14'),(626,14,151,1,0,1,'2018-08-18 11:21:10'),(627,14,152,1,0,1,'2018-08-18 12:15:25'),(628,8,153,1,0,1,'2018-08-18 13:17:03'),(629,14,154,1,0,1,'2018-08-18 20:29:13'),(630,14,164,1,0,1,'2018-08-21 13:23:36'),(631,8,0,1,0,1,'2018-08-19 04:10:28'),(632,9,0,1,48,1,'2018-08-19 04:10:28'),(633,22,0,1,0,1,'2018-08-19 04:10:28'),(634,21,0,1,63,1,'2018-08-19 04:10:29'),(636,14,0,1,0,1,'2018-08-19 09:57:20'),(637,14,0,1,0,1,'2018-08-19 12:09:48'),(638,14,0,1,0,1,'2018-08-19 13:58:38'),(639,14,157,1,0,1,'2018-08-19 15:46:34'),(640,14,0,1,0,1,'2018-08-19 16:14:12'),(641,14,156,1,0,1,'2018-08-19 17:00:20'),(641,21,156,1,64,3,'2018-08-19 16:59:42'),(642,22,0,1,0,1,'2018-08-19 17:24:37'),(644,14,0,1,0,1,'2018-08-19 19:47:02'),(645,14,127,1,0,1,'2018-08-19 20:15:00'),(646,14,127,1,0,1,'2018-08-19 20:18:43'),(647,14,0,1,0,1,'2018-08-19 23:23:37'),(648,12,158,1,57,1,'2018-08-19 23:36:51'),(648,14,158,1,0,1,'2018-08-19 23:36:09'),(649,21,0,1,63,2,'2018-08-20 07:27:53'),(650,10,91,1,50,1,'2018-08-20 16:39:04'),(651,14,0,1,0,1,'2018-08-20 18:16:27'),(652,22,0,1,0,1,'2018-08-20 18:29:20'),(653,8,0,1,0,1,'2018-08-20 18:52:54'),(653,14,0,1,0,1,'2018-08-20 20:56:19'),(654,9,0,1,48,1,'2018-08-20 19:36:32'),(654,10,0,1,50,1,'2018-08-20 19:34:54'),(654,11,0,1,53,1,'2018-08-20 19:37:14'),(654,12,0,1,57,1,'2018-08-20 19:35:32'),(654,13,0,1,60,1,'2018-08-20 19:35:53'),(655,8,177,1,0,1,'2018-08-21 00:36:00'),(655,16,177,1,0,2,'2018-08-24 01:06:21'),(655,18,177,1,0,2,'2018-08-24 01:06:45'),(656,20,0,1,0,1,'2018-08-21 07:11:54'),(657,14,0,1,0,1,'2018-08-21 08:47:22'),(658,10,0,1,51,1,'2018-08-21 09:55:48'),(658,13,0,1,59,1,'2018-08-21 09:54:56'),(658,13,0,1,60,1,'2018-08-21 09:54:12'),(658,13,0,1,61,1,'2018-08-21 09:54:50'),(658,14,0,1,0,1,'2018-08-21 09:53:36'),(658,18,0,1,0,1,'2018-08-21 09:55:05'),(659,22,161,1,0,1,'2018-08-21 11:17:28'),(660,14,0,1,0,1,'2018-08-21 12:58:37'),(661,10,0,1,50,1,'2018-08-21 13:39:51'),(661,14,0,1,0,1,'2018-08-21 13:29:51'),(661,18,0,1,0,1,'2018-08-21 13:37:36'),(661,21,0,1,64,1,'2018-08-21 13:36:18'),(662,14,0,1,0,1,'2018-08-21 18:19:35'),(663,14,163,1,0,1,'2018-08-21 19:53:19'),(663,18,163,1,0,1,'2018-08-21 19:55:55'),(664,14,0,1,0,1,'2018-08-21 21:01:58'),(665,14,0,1,0,1,'2018-08-21 23:58:27'),(666,8,0,1,0,1,'2018-08-22 01:19:46'),(667,20,0,1,0,1,'2018-08-22 07:52:01'),(667,21,0,1,63,2,'2018-08-22 07:52:40'),(669,20,165,1,0,1,'2018-08-22 08:00:03'),(669,21,165,1,63,2,'2018-08-22 08:00:47'),(670,14,0,1,0,1,'2018-08-22 10:10:40'),(671,14,0,1,0,1,'2018-08-22 10:19:05'),(672,8,166,1,0,1,'2018-08-27 12:00:53'),(672,18,166,1,0,1,'2018-08-27 12:02:54'),(672,21,166,1,63,2,'2018-08-27 12:01:22'),(672,22,166,1,0,1,'2018-08-27 12:02:35'),(673,14,167,1,0,1,'2018-08-22 14:15:44'),(674,22,0,1,0,1,'2018-08-22 14:28:33'),(675,22,168,1,0,1,'2018-08-22 07:10:46'),(676,14,0,1,0,2,'2018-08-23 06:10:06'),(677,14,0,1,0,1,'2018-08-22 20:32:21'),(678,9,169,1,48,1,'2018-08-22 22:07:39'),(678,10,169,1,50,1,'2018-08-22 22:08:15'),(678,14,169,1,0,1,'2018-08-22 22:05:41'),(680,10,170,1,50,1,'2018-08-23 11:04:09'),(680,13,170,1,61,1,'2018-08-23 11:01:08'),(680,14,170,1,0,1,'2018-08-23 10:59:46'),(681,8,0,1,0,1,'2018-08-23 11:15:42'),(682,8,0,1,0,1,'2018-08-23 11:15:51'),(683,14,20,1,0,1,'2018-08-23 11:23:58'),(684,14,0,1,0,1,'2018-08-23 12:20:24'),(685,14,0,1,0,2,'2018-08-23 05:20:24'),(686,14,171,1,0,1,'2018-08-23 15:14:05'),(686,18,171,1,0,1,'2018-08-23 15:14:53'),(687,14,172,1,0,1,'2018-08-23 16:15:19'),(688,8,0,1,0,1,'2018-08-23 16:35:43'),(689,14,173,1,0,1,'2018-08-23 16:52:36'),(690,14,0,1,0,1,'2018-08-23 17:37:19'),(691,14,174,1,0,1,'2018-08-23 19:38:22'),(692,14,0,1,0,1,'2018-08-23 23:23:06'),(692,15,0,1,0,1,'2018-08-23 23:24:12'),(692,17,0,1,0,1,'2018-08-23 23:24:03'),(693,21,0,1,63,2,'2018-08-24 00:36:45'),(694,13,176,1,59,2,'2018-08-24 05:28:54'),(694,13,176,1,60,2,'2018-08-23 20:28:19'),(694,14,176,1,0,1,'2018-08-24 05:27:13'),(695,14,0,1,0,1,'2018-08-24 09:52:40'),(696,14,0,1,0,1,'2018-08-24 10:45:15'),(697,8,0,1,0,1,'2018-08-24 10:57:09'),(698,14,0,1,0,1,'2018-08-24 11:15:53'),(699,14,178,1,0,1,'2018-08-24 15:03:04'),(700,22,179,1,0,1,'2018-08-24 15:12:52'),(701,14,0,1,0,1,'2018-08-24 15:17:57'),(702,14,0,1,0,1,'2018-08-24 16:07:54'),(703,14,0,1,0,1,'2018-08-24 16:21:39'),(704,14,0,1,0,1,'2018-08-24 16:44:34'),(705,14,0,1,0,1,'2018-08-24 17:37:33'),(705,18,0,1,0,1,'2018-08-24 17:38:00'),(706,14,0,1,0,1,'2018-08-28 21:05:19'),(707,8,0,1,0,1,'2018-08-24 20:45:05'),(708,13,182,1,60,1,'2018-08-25 07:22:47'),(708,15,182,1,0,1,'2018-08-25 07:23:08'),(709,14,0,1,0,1,'2018-08-25 09:10:01'),(710,17,0,1,0,1,'2018-08-25 09:32:00'),(711,15,0,1,0,1,'2018-08-25 10:47:47'),(712,14,183,1,0,1,'2018-08-25 11:31:35'),(713,16,0,1,0,1,'2018-08-25 12:03:35'),(714,10,184,1,50,1,'2018-08-25 13:50:34'),(714,11,184,1,53,1,'2018-08-25 13:46:23'),(714,12,184,1,57,1,'2018-08-25 13:47:20'),(714,13,184,1,60,2,'2018-08-25 13:44:29'),(714,14,184,1,0,2,'2018-08-25 04:15:42'),(715,18,0,1,0,1,'2018-08-25 13:19:22'),(716,8,0,1,0,1,'2018-08-25 15:45:16'),(717,14,0,1,0,1,'2018-08-25 17:18:47'),(718,9,0,1,48,1,'2018-08-25 17:39:10'),(719,14,0,1,0,1,'2018-08-25 19:37:18'),(721,8,0,1,0,1,'2018-08-26 08:12:05'),(721,18,0,1,0,1,'2018-08-26 08:14:46'),(721,21,0,1,63,3,'2018-08-26 08:12:32'),(722,14,187,1,0,1,'2018-08-26 09:31:15'),(723,14,188,1,0,1,'2018-08-26 11:23:06'),(723,18,188,1,0,1,'2018-08-26 11:23:34'),(726,14,0,1,0,1,'2018-08-26 13:11:58'),(727,14,0,1,0,1,'2018-08-26 14:45:54'),(728,14,0,1,0,1,'2018-08-26 15:49:03'),(729,22,190,1,0,1,'2018-08-26 15:59:28'),(730,14,0,1,0,1,'2018-08-26 16:16:46'),(731,8,194,1,0,1,'2018-08-28 09:33:29'),(732,14,191,1,0,1,'2018-08-27 11:23:28'),(733,14,193,1,0,1,'2018-08-27 13:01:45'),(733,18,193,1,0,1,'2018-08-27 12:58:47'),(734,22,0,1,0,1,'2018-08-27 13:29:36'),(736,14,0,1,0,1,'2018-08-28 14:57:24'),(737,14,196,1,0,1,'2018-08-28 15:41:37'),(738,14,198,1,0,1,'2018-08-28 20:46:53'),(739,14,0,1,0,1,'2018-08-28 21:02:51'),(740,14,199,1,0,1,'2018-08-28 22:46:21'),(741,14,200,1,0,1,'2018-08-29 08:03:48'),(741,21,200,1,63,1,'2018-08-29 08:10:03'),(742,8,20,1,0,3,'2018-09-10 02:44:55'),(742,9,20,1,55,4,'2018-08-31 10:03:33'),(742,17,20,1,0,2,'2018-08-31 10:04:09'),(742,18,20,1,0,3,'2018-08-31 10:03:54'),(743,14,0,1,0,1,'2018-08-29 13:39:26'),(744,9,0,1,48,1,'2018-08-29 14:16:36'),(744,21,0,1,63,2,'2018-08-29 05:17:57'),(744,22,0,1,0,2,'2018-08-29 05:17:22'),(745,14,0,1,0,1,'2018-08-29 14:44:30'),(746,14,201,1,0,1,'2018-08-29 16:01:00'),(746,18,201,1,0,1,'2018-08-29 16:01:30'),(747,14,202,1,0,1,'2018-08-29 23:58:43'),(748,14,0,1,0,1,'2018-08-30 10:00:58'),(748,18,0,1,0,1,'2018-08-30 10:02:20'),(748,21,0,1,63,2,'2018-08-30 10:01:16'),(749,8,0,1,0,1,'2018-08-30 10:22:18'),(750,9,0,1,47,1,'2018-08-30 13:14:15'),(750,14,0,1,0,1,'2018-08-30 13:15:15'),(751,14,0,1,0,1,'2018-08-30 13:44:01'),(752,8,0,1,0,1,'2018-09-12 14:26:43'),(752,23,0,1,0,1,'2018-09-12 09:42:24'),(753,8,0,1,0,1,'2018-08-30 15:29:03'),(754,9,0,1,48,1,'2018-08-30 16:26:33'),(755,22,0,1,0,1,'2018-08-30 16:26:33'),(757,12,0,1,58,1,'2018-08-30 20:08:40'),(757,14,0,1,0,1,'2018-08-30 20:07:38'),(758,10,203,1,49,1,'2018-08-30 20:17:02'),(758,10,203,1,50,1,'2018-08-30 20:16:08'),(758,12,203,1,56,1,'2018-08-30 20:16:44'),(758,12,203,1,57,1,'2018-08-30 20:15:31'),(758,13,203,1,59,1,'2018-08-30 20:17:29'),(758,13,203,1,60,1,'2018-08-30 20:16:19'),(758,14,203,1,0,1,'2018-08-30 20:13:29'),(759,9,0,1,48,2,'2018-08-31 10:06:54'),(760,9,0,1,48,1,'2018-08-31 10:09:09'),(761,8,0,1,0,2,'2018-08-31 04:24:29'),(761,9,0,1,48,2,'2018-08-31 04:24:57'),(761,21,0,1,63,1,'2018-08-31 13:24:01'),(761,22,0,1,0,1,'2018-08-31 13:22:44'),(762,8,0,1,0,2,'2018-08-31 04:32:27'),(762,9,0,1,48,2,'2018-08-31 04:33:08'),(762,21,0,1,63,1,'2018-08-31 13:31:51'),(762,22,0,1,0,1,'2018-08-31 13:29:37'),(763,22,0,1,0,1,'2018-09-01 12:36:50'),(764,14,0,1,0,1,'2018-09-01 17:47:19'),(764,18,0,1,0,1,'2018-09-01 17:42:39'),(765,8,0,1,0,1,'2018-09-01 18:25:39'),(766,21,0,1,62,1,'2018-09-02 00:56:57'),(767,22,0,1,0,2,'2018-09-01 23:56:33'),(768,8,0,1,0,1,'2018-09-02 16:49:07'),(769,14,0,1,0,1,'2018-09-03 02:17:00'),(771,14,205,1,0,2,'2018-09-03 15:03:40'),(772,8,0,1,0,1,'2018-09-03 17:19:41'),(773,9,0,1,48,1,'2018-09-03 21:52:08'),(774,21,0,1,63,1,'2018-09-03 22:43:28'),(775,22,0,1,0,1,'2018-09-09 18:31:57'),(776,22,0,1,0,1,'2018-09-05 11:59:02'),(777,21,206,1,63,1,'2018-09-05 12:24:38'),(778,8,0,1,0,1,'2018-09-05 14:49:57'),(778,9,0,1,48,2,'2018-09-05 14:50:28'),(778,10,0,1,50,2,'2018-09-05 14:50:51'),(778,18,0,1,0,1,'2018-09-05 14:51:26'),(779,8,0,1,0,2,'2018-09-05 08:24:01'),(779,12,0,1,57,1,'2018-09-05 15:06:52'),(780,8,0,1,0,1,'2018-09-05 17:43:42'),(780,9,0,1,48,1,'2018-09-05 17:46:44'),(781,22,0,1,0,1,'2018-09-05 18:37:32'),(783,8,0,1,0,1,'2018-09-06 14:29:27'),(784,8,0,1,0,2,'2018-09-06 21:30:12'),(784,9,0,1,48,2,'2018-09-06 21:30:24'),(784,21,0,1,63,1,'2018-09-07 06:30:02'),(784,22,0,1,0,1,'2018-09-07 06:29:43'),(785,22,0,1,0,1,'2018-09-07 15:36:33'),(786,14,0,1,0,1,'2018-09-07 19:19:40'),(787,8,0,1,0,1,'2018-09-08 14:25:58'),(788,22,207,1,0,1,'2018-09-08 15:46:10'),(789,9,0,1,48,1,'2018-09-08 23:02:20'),(790,14,0,1,0,1,'2018-09-09 00:14:47'),(791,14,208,1,0,1,'2018-09-09 10:09:16'),(792,14,0,1,0,1,'2018-09-09 11:58:39'),(792,21,0,1,64,2,'2018-09-09 12:01:19'),(793,8,0,1,0,1,'2018-09-10 01:44:04'),(793,9,0,1,48,1,'2018-09-10 01:43:57'),(793,21,0,1,63,1,'2018-09-10 01:43:37'),(793,22,0,1,0,1,'2018-09-10 01:43:42'),(794,16,0,1,0,1,'2018-09-10 12:35:07'),(795,17,0,1,0,1,'2018-09-10 12:35:11'),(796,15,0,1,0,1,'2018-09-10 12:35:30'),(797,18,0,1,0,1,'2018-09-10 12:35:38'),(798,22,0,1,0,1,'2018-09-10 16:45:18'),(799,9,0,1,48,1,'2018-09-10 19:09:28'),(800,9,209,1,48,1,'2018-09-12 02:39:37'),(800,10,209,1,50,1,'2018-09-12 02:39:24'),(800,23,209,1,0,1,'2018-09-12 02:35:49'),(801,8,0,1,0,1,'2018-09-13 21:14:32'),(802,8,0,1,0,1,'2018-09-14 05:00:13'),(802,9,0,1,48,1,'2018-09-14 05:00:05'),(802,22,0,1,0,1,'2018-09-14 05:00:04'),(802,23,0,1,0,1,'2018-09-14 05:00:12'),(803,9,0,1,48,1,'2018-09-14 10:06:23'),(804,22,0,1,0,1,'2018-09-14 10:53:54'),(805,8,0,1,0,1,'2018-09-16 21:27:18'),(806,22,0,1,0,1,'2018-09-18 11:42:54'),(807,8,0,1,0,1,'2018-09-18 19:18:04'),(808,8,0,1,0,1,'2018-09-19 06:43:00'),(809,8,0,1,0,1,'2018-09-20 20:02:56'),(810,14,0,1,0,1,'2018-09-24 09:40:56'),(810,23,0,1,0,2,'2018-09-21 06:39:11'),(811,23,211,1,0,1,'2018-09-21 20:39:50'),(812,9,0,1,48,1,'2018-09-23 04:49:22'),(813,9,0,1,47,2,'2018-09-23 13:30:25'),(813,10,0,1,51,1,'2018-09-23 22:29:50'),(813,11,0,1,54,1,'2018-09-23 22:29:03'),(813,12,0,1,58,1,'2018-09-23 22:29:17'),(813,13,0,1,59,1,'2018-09-23 22:29:32'),(813,21,0,1,63,1,'2018-09-23 22:32:13'),(813,23,0,1,0,1,'2018-09-23 22:27:05'),(814,23,0,1,0,2,'2018-09-23 14:03:26'),(815,21,0,1,62,2,'2018-09-24 20:11:50'),(815,23,0,1,0,1,'2018-09-24 20:10:30'),(816,8,217,1,0,1,'2018-10-05 01:51:50'),(816,15,217,1,0,1,'2018-10-05 01:52:22'),(817,8,0,1,0,1,'2018-09-26 10:18:04'),(818,23,213,1,0,1,'2018-09-26 15:48:33'),(819,23,0,1,0,5,'2018-09-26 18:08:25'),(820,22,0,1,0,1,'2018-09-27 09:53:49'),(821,8,0,1,0,1,'2018-09-27 14:32:17'),(822,8,0,1,0,1,'2018-09-27 16:22:56'),(823,22,0,1,0,1,'2018-09-27 16:41:42'),(824,23,0,1,0,1,'2018-09-27 19:09:41'),(825,23,0,1,0,1,'2018-09-27 21:51:56'),(826,23,215,1,0,1,'2018-09-28 01:12:45'),(827,22,0,1,0,1,'2018-09-28 10:08:00'),(828,23,216,1,0,1,'2018-09-29 16:00:18'),(829,23,0,1,0,1,'2018-09-29 21:26:42'),(830,18,0,1,0,1,'2018-09-30 09:27:01'),(830,21,0,1,63,1,'2018-09-30 09:29:24'),(830,23,0,1,0,1,'2018-09-30 09:26:09'),(831,8,0,1,0,1,'2018-10-02 02:23:20'),(832,8,0,1,0,1,'2018-10-02 10:28:22'),(833,9,0,1,55,1,'2018-10-02 13:08:56'),(833,10,0,1,51,1,'2018-10-02 13:09:18'),(833,11,0,1,54,1,'2018-10-02 13:09:56'),(833,12,0,1,58,1,'2018-10-02 13:10:57'),(833,13,0,1,61,1,'2018-10-02 13:10:35'),(833,21,0,1,64,1,'2018-10-02 13:12:06'),(833,23,0,1,0,1,'2018-10-02 13:08:00'),(834,8,0,1,0,1,'2018-10-03 12:56:40'),(835,8,0,1,0,1,'2018-10-04 00:18:58'),(836,9,0,1,48,1,'2018-10-04 04:32:20'),(837,23,0,1,0,1,'2018-10-04 05:58:38'),(838,14,0,1,0,1,'2018-10-04 09:22:38'),(838,21,0,1,62,2,'2018-10-04 09:24:02'),(838,21,0,1,63,1,'2018-10-04 09:26:29'),(838,21,0,1,64,1,'2018-10-04 09:26:58'),(839,22,0,1,0,1,'2018-10-04 11:17:06'),(840,13,0,1,60,1,'2018-10-04 17:02:24'),(840,23,0,1,0,1,'2018-10-04 17:01:42'),(841,23,0,1,0,1,'2018-10-05 00:27:56'),(842,23,218,1,0,1,'2018-10-05 19:59:51'),(843,20,0,1,0,1,'2018-10-06 12:50:56'),(844,18,0,1,0,1,'2018-10-07 08:56:24'),(844,23,0,1,0,1,'2018-10-07 08:54:37'),(846,22,0,1,0,1,'2018-10-08 00:54:35'),(846,23,0,1,0,1,'2018-10-08 00:54:35'),(847,9,0,1,48,1,'2018-10-08 09:42:22'),(848,8,0,1,0,1,'2018-10-08 13:51:23'),(851,22,0,1,0,1,'2018-10-09 01:39:58'),(852,22,0,1,0,1,'2018-10-09 02:31:49'),(853,23,0,1,0,1,'2018-10-09 08:03:37'),(854,23,0,1,0,1,'2018-10-10 16:01:06'),(855,23,219,1,0,1,'2018-10-10 18:44:11'),(856,23,0,1,0,1,'2018-10-11 19:20:18'),(857,23,220,1,0,1,'2018-10-12 04:37:53'),(858,8,0,1,0,1,'2018-10-12 11:32:09'),(859,21,0,1,62,1,'2018-10-12 11:41:06'),(859,23,0,1,0,1,'2018-10-12 11:38:51'),(860,22,0,1,0,1,'2018-10-12 12:13:13'),(861,9,0,1,48,1,'2018-10-12 12:47:41'),(862,23,0,1,0,1,'2018-10-12 13:04:08'),(863,8,0,1,0,2,'2018-10-13 10:13:05'),(863,9,0,1,48,2,'2018-10-13 10:13:51'),(863,22,0,1,0,1,'2018-10-13 19:10:50'),(863,23,0,1,0,1,'2018-10-13 19:11:51'),(864,8,0,1,0,1,'2018-10-13 19:13:16'),(864,17,0,1,0,1,'2018-10-13 19:14:56'),(864,18,0,1,0,1,'2018-10-13 19:14:27'),(864,22,0,1,0,1,'2018-10-13 19:13:38'),(864,23,0,1,0,1,'2018-10-13 19:14:02'),(865,21,222,1,63,1,'2018-10-14 03:23:54'),(865,23,222,1,0,1,'2018-10-14 03:24:11'),(866,10,223,1,50,1,'2018-10-14 11:29:23'),(866,10,223,1,51,2,'2018-10-14 11:21:53'),(866,11,223,1,53,1,'2018-10-14 11:30:02'),(866,11,223,1,54,2,'2018-10-14 11:21:04'),(866,18,223,1,0,1,'2018-10-14 11:22:13'),(866,23,223,1,0,1,'2018-10-14 11:19:03'),(868,23,0,1,0,1,'2018-10-14 21:31:22'),(869,22,0,1,0,1,'2018-10-14 22:27:52'),(870,22,0,1,0,1,'2018-10-15 05:06:30'),(872,8,0,1,0,1,'2018-10-16 15:14:01'),(873,8,0,1,0,1,'2018-10-17 01:21:24'),(874,23,0,1,0,1,'2018-10-18 08:05:39'),(875,23,224,1,0,1,'2018-10-18 08:21:30'),(876,23,0,1,0,2,'2018-10-18 05:31:48'),(877,14,225,1,0,1,'2018-10-18 15:05:44'),(878,23,0,1,0,1,'2018-10-18 20:20:28'),(879,8,0,1,0,1,'2018-10-20 22:08:37'),(879,9,0,1,48,1,'2018-10-20 22:07:16'),(879,22,0,1,0,1,'2018-10-20 22:09:04'),(879,23,0,1,0,1,'2018-10-20 22:08:28'),(880,23,0,1,0,1,'2018-10-21 12:52:11'),(881,23,0,1,0,1,'2018-10-21 15:45:19'),(882,23,226,1,0,1,'2018-10-22 14:34:59'),(883,22,0,1,0,1,'2018-10-23 09:18:42'),(884,23,0,1,0,1,'2018-10-23 12:16:39'),(885,16,0,1,0,1,'2018-10-24 02:15:13'),(886,17,0,1,0,1,'2018-10-24 02:18:34'),(887,18,0,1,0,1,'2018-10-24 06:00:52'),(888,14,0,1,0,1,'2018-10-24 17:32:06'),(889,23,0,1,0,1,'2018-10-25 00:36:34'),(890,18,227,1,0,1,'2018-10-25 08:39:09'),(891,8,0,1,0,1,'2018-10-25 18:08:46'),(892,22,0,1,0,1,'2018-10-26 10:35:51'),(893,22,0,1,0,1,'2018-10-26 20:00:29'),(894,8,0,1,0,1,'2018-10-27 18:33:58'),(895,9,0,1,48,1,'2018-10-27 18:33:58'),(896,23,0,1,0,1,'2018-10-27 18:33:59'),(897,22,0,1,0,1,'2018-10-27 18:34:00'),(898,9,0,1,55,1,'2018-10-28 11:52:30'),(898,23,0,1,0,1,'2018-10-28 11:50:54'),(899,8,0,1,0,1,'2018-10-28 14:51:06'),(899,9,0,1,48,1,'2018-10-28 14:51:01'),(899,22,0,1,0,1,'2018-10-28 14:50:49'),(899,23,0,1,0,1,'2018-10-28 14:50:53'),(900,8,0,1,0,1,'2018-10-28 19:39:31'),(900,14,0,1,0,1,'2018-10-28 19:50:04'),(900,22,0,1,0,1,'2018-10-28 19:40:22'),(901,14,0,1,0,1,'2018-10-28 20:09:05'),(901,21,0,1,62,3,'2018-10-28 12:14:56'),(902,9,0,1,48,1,'2018-10-29 01:37:56'),(903,10,229,1,51,1,'2018-10-30 14:02:42'),(903,23,229,1,0,1,'2018-10-30 13:55:33'),(904,8,0,1,0,1,'2018-10-30 14:03:48'),(905,8,0,1,0,4,'2018-12-11 08:07:09'),(906,8,0,1,0,1,'2018-10-31 17:10:47'),(907,22,0,1,0,1,'2018-10-31 17:10:47'),(908,9,0,1,48,1,'2018-10-31 17:25:33'),(909,23,0,1,0,1,'2018-10-31 17:26:31'),(910,23,0,1,0,1,'2018-10-31 21:33:14'),(911,8,0,1,0,1,'2018-11-01 07:36:43'),(911,9,0,1,48,1,'2018-11-01 07:36:35'),(911,22,0,1,0,1,'2018-11-01 07:36:34'),(911,23,0,1,0,1,'2018-11-01 07:36:42'),(912,9,0,1,48,1,'2018-11-01 13:16:16'),(913,23,0,1,0,1,'2018-11-01 14:15:17'),(915,8,0,1,0,1,'2018-11-03 00:33:57'),(916,9,0,1,48,2,'2018-11-04 01:12:58'),(917,22,0,1,0,1,'2018-11-05 12:48:44'),(918,17,0,1,0,1,'2018-11-05 23:03:41'),(919,15,0,1,0,1,'2018-11-06 03:45:22'),(920,16,0,1,0,1,'2018-11-06 04:23:41'),(921,18,0,1,0,1,'2018-11-06 05:01:37'),(922,8,0,1,0,2,'2018-11-06 04:55:32'),(922,9,0,1,48,2,'2018-11-06 04:55:55'),(922,22,0,1,0,1,'2018-11-06 13:54:43'),(922,23,0,1,0,1,'2018-11-06 13:55:00'),(923,15,230,1,0,1,'2018-11-06 16:57:08'),(924,22,0,1,0,1,'2018-11-08 13:00:46'),(925,8,0,1,0,1,'2018-11-08 13:59:27'),(926,9,0,1,48,1,'2018-11-08 15:00:09'),(927,21,231,1,64,2,'2018-11-08 16:45:10'),(927,23,231,1,0,1,'2018-11-08 16:45:31'),(928,23,0,1,0,1,'2018-11-10 18:43:52'),(929,21,0,1,62,1,'2018-11-13 09:18:03'),(929,21,0,1,64,1,'2018-11-13 09:17:29'),(930,8,0,1,0,1,'2018-11-13 15:26:17'),(932,14,0,1,0,1,'2018-11-13 17:51:05'),(932,21,0,1,62,1,'2018-11-13 17:49:51'),(933,22,0,1,0,1,'2018-11-13 20:21:01'),(934,23,0,1,0,1,'2018-11-14 01:29:50'),(935,8,0,1,0,1,'2018-11-14 16:45:12'),(936,15,0,1,0,1,'2018-11-14 19:32:48'),(936,16,0,1,0,1,'2018-11-14 19:30:47'),(936,17,0,1,0,1,'2018-11-14 19:31:08'),(936,18,0,1,0,1,'2018-11-14 19:31:34'),(937,15,0,1,0,1,'2018-11-14 20:33:49'),(937,16,0,1,0,1,'2018-11-14 20:34:44'),(937,17,0,1,0,1,'2018-11-14 20:32:19'),(937,18,0,1,0,1,'2018-11-14 20:32:45'),(938,9,0,1,48,1,'2018-11-14 22:49:50'),(938,22,0,1,0,1,'2018-11-14 22:50:08'),(938,23,0,1,0,1,'2018-11-14 22:51:03'),(939,8,0,1,0,1,'2018-11-15 16:43:58'),(940,9,0,1,48,1,'2018-11-15 17:03:19'),(941,22,0,1,0,1,'2018-11-15 17:03:20'),(942,8,0,1,0,1,'2018-11-17 20:20:22'),(943,22,0,1,0,1,'2018-11-20 11:19:32'),(944,14,277,1,0,1,'2018-11-26 11:55:19'),(944,18,277,1,0,1,'2018-11-26 11:55:54'),(944,21,277,1,63,1,'2018-11-26 11:57:25'),(945,23,232,1,0,1,'2018-11-21 17:45:10'),(947,14,235,1,0,1,'2018-11-23 19:17:38'),(949,8,0,1,0,2,'2018-11-23 04:11:08'),(950,23,0,1,0,1,'2018-11-23 15:26:12'),(951,18,0,1,0,1,'2018-11-23 16:25:11'),(951,21,0,1,63,1,'2018-11-23 16:27:09'),(951,21,0,1,64,1,'2018-11-23 16:27:25'),(952,13,239,1,60,1,'2018-11-23 16:48:24'),(952,13,239,1,61,1,'2018-11-23 16:48:32'),(952,18,239,1,0,1,'2018-11-23 16:57:23'),(953,8,233,1,0,1,'2018-11-23 17:09:24'),(953,9,233,1,48,1,'2018-11-23 17:09:49'),(953,10,233,1,50,1,'2018-11-23 17:10:22'),(953,13,233,1,60,1,'2018-11-23 17:10:08'),(953,18,233,1,0,1,'2018-11-23 17:10:46'),(954,20,0,1,0,1,'2018-11-23 17:23:57'),(955,12,0,1,57,3,'2018-11-23 17:47:33'),(955,13,0,1,60,6,'2018-11-23 08:45:57'),(955,18,0,1,0,1,'2018-11-23 17:46:39'),(956,23,234,1,0,1,'2018-11-23 17:45:50'),(957,8,0,1,0,1,'2018-11-23 18:00:10'),(957,10,0,1,50,1,'2018-11-23 18:00:58'),(958,8,0,1,0,1,'2018-11-23 18:16:53'),(959,13,0,1,60,2,'2018-11-23 19:44:57'),(959,18,0,1,0,1,'2018-11-23 19:44:00'),(960,23,0,1,0,1,'2018-11-23 19:46:51'),(961,14,236,1,0,1,'2018-11-23 19:55:47'),(962,8,0,1,0,1,'2018-11-23 20:04:52'),(963,8,237,1,0,2,'2018-11-23 20:07:17'),(963,9,237,1,48,4,'2018-11-23 20:08:25'),(964,21,238,1,63,2,'2018-11-23 20:55:13'),(964,23,238,1,0,1,'2018-11-23 20:51:24'),(965,15,253,1,0,1,'2018-11-23 21:03:08'),(965,18,253,1,0,1,'2018-11-23 21:02:45'),(965,23,253,1,0,1,'2018-11-23 21:01:51'),(967,23,240,1,0,1,'2018-11-23 22:28:59'),(968,8,0,1,0,1,'2018-11-23 13:33:22'),(968,9,0,1,47,1,'2018-11-23 22:32:41'),(969,20,0,1,0,1,'2018-11-23 22:56:12'),(970,22,0,1,0,1,'2018-11-24 07:31:23'),(971,9,265,1,48,1,'2018-11-25 16:38:29'),(971,12,265,1,57,3,'2018-11-23 22:36:55'),(971,13,265,1,60,1,'2018-11-25 07:41:11'),(971,18,265,1,0,1,'2018-11-24 07:35:21'),(972,23,0,1,0,1,'2018-11-24 07:47:01'),(973,23,241,1,0,1,'2018-11-24 07:55:24'),(974,13,0,1,60,2,'2018-11-24 08:47:04'),(974,23,0,1,0,1,'2018-11-24 08:50:17'),(975,21,243,1,63,4,'2018-11-24 00:19:58'),(975,21,243,1,64,1,'2018-11-24 00:22:25'),(975,23,243,1,0,1,'2018-11-24 09:14:52'),(976,22,0,1,0,1,'2018-11-24 10:06:13'),(977,14,0,1,0,1,'2018-11-24 11:20:46'),(978,13,221,1,61,2,'2018-11-24 11:34:44'),(979,8,0,1,0,1,'2018-11-24 11:52:58'),(980,9,245,1,48,1,'2018-11-24 12:07:56'),(980,10,245,1,50,1,'2018-11-24 12:07:46'),(980,23,245,1,0,1,'2018-11-24 12:07:29'),(981,14,244,1,0,1,'2018-11-24 12:12:26'),(982,8,0,1,0,1,'2018-11-24 12:14:27'),(982,12,0,1,58,1,'2018-11-24 12:15:36'),(982,13,0,1,61,1,'2018-11-24 12:16:09'),(983,14,246,1,0,1,'2018-11-24 12:19:12'),(985,14,247,1,0,1,'2018-11-24 13:29:19'),(986,14,0,1,0,1,'2018-11-24 13:50:58'),(986,21,0,1,63,3,'2018-11-24 13:52:37'),(987,14,0,1,0,1,'2018-11-24 14:00:23'),(988,9,0,1,48,1,'2018-11-24 15:36:09'),(989,23,248,1,0,1,'2018-11-24 15:44:32'),(990,23,249,1,0,1,'2018-11-24 15:47:00'),(991,23,251,1,0,1,'2018-11-24 16:20:24'),(992,8,0,1,0,1,'2018-11-24 16:16:50'),(992,9,0,1,48,1,'2018-11-24 16:18:26'),(993,13,252,1,61,2,'2018-11-24 08:22:35'),(993,18,252,1,0,1,'2018-11-24 17:14:58'),(993,23,252,1,0,1,'2018-11-24 17:21:47'),(994,8,0,1,0,1,'2018-11-24 17:27:52'),(995,10,253,1,50,1,'2018-11-24 09:16:44'),(995,13,253,1,60,1,'2018-11-24 18:16:10'),(995,16,253,1,0,1,'2018-11-24 18:15:32'),(995,18,253,1,0,1,'2018-11-24 18:08:02'),(995,23,253,1,0,1,'2018-11-24 18:10:18'),(996,21,254,1,63,1,'2018-11-26 23:59:03'),(996,23,254,1,0,1,'2018-11-26 23:58:45'),(997,24,0,1,0,1,'2018-12-03 07:42:45'),(998,9,0,1,48,2,'2018-11-24 19:29:17'),(999,8,0,1,0,1,'2018-11-24 20:09:48'),(1000,12,255,1,57,1,'2018-11-24 21:28:13'),(1000,23,255,1,0,1,'2018-11-24 21:26:23'),(1001,8,0,1,0,1,'2018-11-24 21:32:31'),(1001,10,0,1,50,1,'2018-11-24 21:33:04'),(1002,21,256,1,62,1,'2018-11-24 21:45:35'),(1002,23,256,1,0,1,'2018-11-24 21:45:12'),(1003,18,257,1,0,1,'2018-12-02 20:07:57'),(1003,21,257,1,63,2,'2018-12-02 11:07:03'),(1003,21,257,1,64,2,'2018-12-02 20:05:16'),(1003,23,257,1,0,1,'2018-11-25 02:09:46'),(1004,8,0,1,0,1,'2018-11-25 07:30:26'),(1004,9,0,1,48,1,'2018-11-25 07:28:32'),(1004,13,0,1,60,1,'2018-11-25 07:29:23'),(1004,15,0,1,0,1,'2018-11-25 07:27:40'),(1004,18,0,1,0,1,'2018-11-25 07:27:50'),(1004,21,0,1,63,1,'2018-11-25 07:32:47'),(1005,15,258,1,0,1,'2018-11-25 09:06:09'),(1005,18,258,1,0,1,'2018-11-25 09:06:53'),(1005,21,258,1,64,3,'2018-11-25 09:07:30'),(1005,22,258,1,0,1,'2018-11-25 00:17:33'),(1006,8,0,1,0,1,'2018-11-25 10:25:49'),(1007,23,260,1,0,1,'2018-11-25 12:09:30'),(1008,8,0,1,0,1,'2018-11-25 12:37:32'),(1009,8,0,1,0,1,'2018-11-25 13:11:25'),(1009,21,0,1,63,1,'2018-11-25 13:11:13'),(1010,23,261,1,0,1,'2018-12-01 22:33:15'),(1011,14,262,1,0,1,'2018-11-25 14:22:33'),(1012,10,0,1,50,1,'2018-11-25 14:43:32'),(1012,12,0,1,57,1,'2018-11-25 14:43:59'),(1012,23,0,1,0,1,'2018-11-25 14:40:57'),(1013,23,0,1,0,1,'2018-11-25 14:43:00'),(1014,14,263,1,0,1,'2018-11-25 14:45:45'),(1014,21,263,1,62,1,'2018-11-25 14:46:48'),(1015,8,0,1,0,1,'2018-11-25 14:57:42'),(1015,12,0,1,57,2,'2018-11-25 06:01:22'),(1016,14,0,1,0,1,'2018-11-25 15:15:40'),(1017,23,274,1,0,1,'2018-11-25 15:32:45'),(1018,8,0,1,0,1,'2018-11-25 16:43:54'),(1019,22,0,1,0,1,'2018-11-25 16:48:53'),(1020,8,0,1,0,1,'2018-11-25 16:50:08'),(1021,14,0,1,0,1,'2018-11-25 16:56:47'),(1022,8,0,1,0,1,'2018-11-25 17:10:57'),(1022,14,0,1,0,1,'2018-11-25 17:09:28'),(1023,8,0,1,0,1,'2018-11-25 18:41:44'),(1024,23,0,1,0,1,'2018-11-25 18:58:41'),(1025,14,0,1,0,1,'2018-11-25 19:09:46'),(1026,23,266,1,0,1,'2018-11-25 19:09:47'),(1028,14,0,1,0,1,'2018-11-25 19:41:31'),(1029,14,0,1,0,1,'2018-11-25 19:59:47'),(1030,10,267,1,50,1,'2018-11-25 20:42:25'),(1030,11,267,1,53,1,'2018-11-25 20:41:49'),(1030,18,267,1,0,1,'2018-11-25 20:39:20'),(1030,23,267,1,0,1,'2018-11-25 20:38:57'),(1032,13,268,1,60,1,'2018-11-25 21:28:11'),(1032,22,268,1,0,1,'2018-11-25 22:10:02'),(1033,18,270,1,0,1,'2018-11-25 22:48:39'),(1033,21,270,1,63,1,'2018-11-25 23:16:49'),(1033,21,270,1,64,1,'2018-11-25 23:15:05'),(1033,23,270,1,0,1,'2018-11-25 23:12:11'),(1034,23,0,1,0,1,'2018-11-25 23:27:30'),(1035,14,271,1,0,1,'2018-11-25 23:48:02'),(1036,23,272,1,0,2,'2018-11-26 00:09:55'),(1037,23,0,1,0,1,'2018-11-26 08:25:31'),(1038,14,276,1,0,1,'2018-11-26 09:25:20'),(1038,17,276,1,0,1,'2018-11-26 09:26:00'),(1039,23,278,1,0,3,'2018-11-26 04:33:58'),(1040,23,0,1,0,1,'2018-11-26 10:50:30'),(1041,8,0,1,0,1,'2018-11-26 11:00:38'),(1041,11,0,1,53,1,'2018-11-26 11:02:20'),(1041,12,0,1,57,1,'2018-11-26 11:01:29'),(1043,23,256,1,0,1,'2018-11-26 12:41:52'),(1044,22,0,1,0,1,'2018-11-26 13:19:44'),(1047,8,0,1,0,1,'2018-11-26 13:49:14'),(1048,23,281,1,0,1,'2018-11-26 14:36:04'),(1049,23,279,1,0,1,'2018-11-26 19:22:49'),(1050,14,283,1,0,1,'2018-11-26 20:29:51'),(1050,21,283,1,62,1,'2018-11-26 22:34:15'),(1051,23,280,1,0,2,'2018-11-26 11:38:34'),(1052,15,281,1,0,1,'2018-11-26 20:39:23'),(1052,23,281,1,0,1,'2018-11-26 20:39:04'),(1055,8,0,1,0,1,'2018-11-28 22:55:23'),(1056,8,0,1,0,1,'2018-11-29 19:49:30'),(1057,23,0,1,0,1,'2018-12-01 09:37:20'),(1058,9,0,1,47,1,'2018-12-01 12:16:19'),(1058,23,0,1,0,1,'2018-12-01 12:14:43'),(1059,23,0,1,0,1,'2018-12-01 12:22:29'),(1060,14,0,1,0,1,'2018-12-01 13:20:21'),(1061,21,0,1,63,2,'2018-12-01 13:27:01'),(1062,10,0,1,51,3,'2018-12-01 13:57:11'),(1062,24,0,1,0,1,'2018-12-01 13:55:50'),(1063,23,0,1,0,1,'2018-12-01 14:11:00'),(1064,20,0,1,0,1,'2018-12-01 14:13:24'),(1065,21,285,1,63,1,'2018-12-01 14:54:01'),(1065,24,285,1,0,1,'2018-12-01 14:49:35'),(1066,9,0,1,47,1,'2018-12-01 16:34:05'),(1066,9,0,1,55,1,'2018-12-01 16:33:51'),(1066,23,0,1,0,1,'2018-12-01 16:33:25'),(1067,23,0,1,0,1,'2018-12-01 16:35:03'),(1068,10,0,1,50,1,'2018-12-01 17:13:15'),(1069,9,0,1,48,1,'2018-12-01 19:06:00'),(1070,14,0,1,0,1,'2018-12-01 20:00:54'),(1071,9,0,1,48,1,'2018-12-01 20:07:12'),(1071,10,0,1,50,1,'2018-12-01 20:06:44'),(1071,23,0,1,0,1,'2018-12-01 20:06:26'),(1072,23,0,1,0,1,'2018-12-01 22:15:21'),(1073,23,289,1,0,1,'2018-12-02 22:34:05'),(1075,23,0,1,0,1,'2018-12-01 23:16:37'),(1076,23,0,1,0,1,'2018-12-01 23:25:25'),(1077,23,0,1,0,2,'2018-12-05 10:58:47'),(1078,11,286,1,53,1,'2018-12-02 09:11:05'),(1078,12,286,1,57,1,'2018-12-02 09:10:22'),(1078,13,286,1,60,1,'2018-12-02 09:16:00'),(1078,14,286,1,0,1,'2018-12-02 08:51:44'),(1079,18,0,1,0,1,'2018-12-02 08:57:43'),(1080,9,0,1,48,1,'2018-12-02 10:12:03'),(1080,24,0,1,0,1,'2018-12-02 10:12:24'),(1081,23,0,1,0,1,'2018-12-02 10:31:38'),(1082,9,0,1,48,1,'2018-12-02 13:02:26'),(1082,24,0,1,0,1,'2018-12-02 13:02:52'),(1083,23,0,1,0,1,'2018-12-02 13:28:51'),(1084,16,310,1,0,1,'2018-12-05 12:03:45'),(1084,23,310,1,0,1,'2018-12-05 11:58:06'),(1085,24,0,1,0,1,'2018-12-02 15:24:42'),(1086,23,0,1,0,1,'2018-12-02 18:14:51'),(1087,14,287,1,0,1,'2018-12-02 19:20:56'),(1087,18,287,1,0,1,'2018-12-02 19:21:39'),(1088,23,288,1,0,1,'2018-12-02 20:10:38'),(1089,23,0,1,0,1,'2018-12-02 20:11:49'),(1090,24,287,1,0,1,'2018-12-02 22:26:13'),(1091,23,0,1,0,1,'2018-12-02 22:28:05'),(1092,23,0,1,0,1,'2018-12-02 23:15:14'),(1093,23,290,1,0,1,'2018-12-03 03:44:22'),(1094,11,0,1,52,1,'2018-12-03 07:35:42'),(1094,21,0,1,64,1,'2018-12-03 07:35:15'),(1094,23,0,1,0,1,'2018-12-03 07:34:18'),(1095,24,0,1,0,1,'2018-12-03 07:43:50'),(1096,14,0,1,0,1,'2018-12-03 09:05:06'),(1097,23,0,1,0,1,'2018-12-03 10:53:56'),(1098,23,292,1,0,1,'2018-12-03 11:06:31'),(1099,23,0,1,0,1,'2018-12-03 11:16:52'),(1100,9,0,1,47,1,'2018-12-03 11:38:17'),(1100,21,0,1,63,1,'2018-12-03 11:39:59'),(1100,24,0,1,0,1,'2018-12-03 11:37:23'),(1101,9,0,1,48,1,'2018-12-03 11:52:24'),(1101,11,0,1,54,1,'2018-12-03 11:52:55'),(1101,12,0,1,58,1,'2018-12-03 11:53:55'),(1101,13,0,1,59,1,'2018-12-03 11:53:30'),(1101,13,0,1,60,1,'2018-12-03 11:52:09'),(1101,13,0,1,61,1,'2018-12-03 11:53:20'),(1101,23,0,1,0,1,'2018-12-03 11:50:08'),(1101,24,0,1,0,1,'2018-12-03 11:43:57'),(1102,23,292,1,0,1,'2018-12-03 12:51:19'),(1103,13,293,1,61,1,'2018-12-03 14:15:55'),(1103,21,293,1,64,1,'2018-12-03 14:14:52'),(1103,23,293,1,0,1,'2018-12-03 14:11:52'),(1104,23,306,1,0,1,'2018-12-05 02:16:51'),(1105,14,294,1,0,1,'2018-12-03 14:32:17'),(1106,23,0,1,0,1,'2018-12-03 14:35:56'),(1107,23,0,1,0,1,'2018-12-03 15:02:01'),(1108,9,295,1,48,2,'2018-12-03 07:14:37'),(1108,10,295,1,50,1,'2018-12-03 16:05:22'),(1108,10,295,1,51,2,'2018-12-03 16:14:25'),(1109,23,0,1,0,1,'2018-12-03 15:42:17'),(1110,9,0,1,48,1,'2018-12-03 16:10:18'),(1110,13,0,1,60,1,'2018-12-03 16:10:31'),(1111,8,0,1,0,1,'2018-12-03 16:46:34'),(1112,11,297,1,54,2,'2018-12-03 08:05:18'),(1112,18,297,1,0,1,'2018-12-03 17:04:24'),(1112,23,297,1,0,2,'2018-12-03 17:04:59'),(1113,8,0,1,0,2,'2018-12-03 09:54:03'),(1113,9,0,1,48,1,'2018-12-03 18:54:31'),(1114,20,298,1,0,1,'2018-12-03 19:28:01'),(1115,11,323,1,54,1,'2018-12-08 15:15:15'),(1115,23,323,1,0,1,'2018-12-03 20:13:11'),(1116,18,299,1,0,1,'2018-12-03 21:13:10'),(1116,23,299,1,0,1,'2018-12-03 21:11:20'),(1117,8,0,1,0,1,'2018-12-03 21:45:32'),(1118,8,300,1,0,1,'2018-12-04 08:34:11'),(1118,21,300,1,64,2,'2018-12-04 00:01:46'),(1119,8,0,1,0,1,'2018-12-04 08:41:10'),(1120,8,0,1,0,1,'2018-12-04 09:52:39'),(1121,14,0,1,0,2,'2018-12-04 00:58:25'),(1122,22,301,1,0,1,'2018-12-04 10:02:45'),(1123,8,0,1,0,1,'2018-12-04 10:19:10'),(1123,14,0,1,0,1,'2018-12-04 10:18:51'),(1124,10,0,1,51,1,'2018-12-04 10:53:36'),(1124,23,0,1,0,1,'2018-12-04 10:52:42'),(1125,13,0,1,60,4,'2018-12-04 11:04:20'),(1125,23,0,1,0,1,'2018-12-04 11:07:17'),(1127,9,0,1,47,1,'2018-12-04 14:58:41'),(1127,13,0,1,61,1,'2018-12-04 15:03:02'),(1127,23,0,1,0,1,'2018-12-04 14:57:40'),(1128,8,0,1,0,1,'2018-12-04 15:14:24'),(1129,23,303,1,0,1,'2018-12-04 15:20:07'),(1130,20,304,1,0,1,'2018-12-04 15:34:30'),(1131,9,305,1,55,2,'2018-12-04 17:15:53'),(1131,14,305,1,0,1,'2018-12-04 17:05:08'),(1131,21,305,1,62,2,'2018-12-04 17:17:36'),(1132,14,360,1,0,1,'2018-12-04 17:24:23'),(1133,23,0,1,0,1,'2018-12-04 17:40:28'),(1134,8,0,1,0,1,'2018-12-04 19:56:02'),(1134,10,0,1,50,1,'2018-12-04 19:56:25'),(1135,23,0,1,0,1,'2018-12-04 20:08:37'),(1136,23,0,1,0,1,'2018-12-04 22:10:41'),(1137,9,0,1,48,1,'2018-12-05 00:23:55'),(1137,18,0,1,0,1,'2018-12-05 00:24:51'),(1137,21,0,1,64,1,'2018-12-05 00:24:22'),(1137,23,0,1,0,1,'2018-12-05 00:23:13'),(1138,23,307,1,0,1,'2018-12-12 03:42:26'),(1139,8,0,1,0,1,'2018-12-05 07:27:49'),(1139,9,0,1,48,1,'2018-12-05 07:28:01'),(1139,10,0,1,50,1,'2018-12-05 07:29:31'),(1140,8,0,1,0,1,'2018-12-05 08:48:05'),(1142,18,308,1,0,1,'2018-12-05 10:46:33'),(1142,23,308,1,0,1,'2018-12-05 10:43:48'),(1143,20,311,1,0,1,'2018-12-05 13:05:08'),(1144,8,0,1,0,2,'2018-12-05 13:13:46'),(1144,14,0,1,0,3,'2018-12-07 19:41:13'),(1144,15,0,1,0,3,'2018-12-07 19:41:40'),(1144,18,0,1,0,5,'2018-12-07 10:42:59'),(1144,20,0,1,0,2,'2018-12-05 13:15:20'),(1145,9,312,1,48,1,'2018-12-05 13:17:13'),(1145,18,312,1,0,1,'2018-12-05 13:17:30'),(1145,21,312,1,64,1,'2018-12-05 13:17:41'),(1145,23,312,1,0,1,'2018-12-05 13:18:32'),(1146,8,0,1,0,1,'2018-12-05 15:26:50'),(1147,23,321,1,0,1,'2018-12-07 08:19:34'),(1148,14,0,1,0,1,'2018-12-05 16:27:49'),(1149,16,0,1,0,1,'2018-12-05 16:53:11'),(1150,23,0,1,0,1,'2018-12-05 19:19:55'),(1151,9,281,1,48,1,'2018-12-05 19:21:39'),(1152,14,0,1,0,1,'2018-12-05 19:53:16'),(1153,8,0,1,0,1,'2018-12-05 22:41:54'),(1153,17,0,1,0,1,'2018-12-05 22:42:34'),(1154,8,0,1,0,1,'2018-12-05 23:31:04'),(1155,9,0,1,48,1,'2018-12-06 00:29:42'),(1156,8,0,1,0,1,'2018-12-06 11:06:44'),(1157,8,0,1,0,1,'2018-12-06 11:07:35'),(1157,9,0,1,47,1,'2018-12-06 11:10:32'),(1157,21,0,1,62,1,'2018-12-06 11:11:01'),(1158,8,0,1,0,1,'2018-12-06 14:31:46'),(1159,23,315,1,0,1,'2018-12-06 07:56:13'),(1160,8,0,1,0,1,'2018-12-06 17:31:00'),(1161,23,320,1,0,1,'2018-12-07 05:18:08'),(1162,8,0,1,0,1,'2018-12-06 18:22:38'),(1163,23,0,1,0,1,'2018-12-06 18:22:38'),(1164,22,0,1,0,2,'2018-12-06 09:44:07'),(1165,8,0,1,0,1,'2018-12-06 18:44:06'),(1166,9,0,1,48,1,'2018-12-06 18:44:07'),(1167,23,0,1,0,1,'2018-12-06 18:44:07'),(1168,23,316,1,0,1,'2018-12-06 20:27:21'),(1169,23,317,1,0,1,'2018-12-06 21:44:20'),(1170,8,0,1,0,1,'2018-12-07 04:10:23'),(1171,18,0,1,0,1,'2018-12-07 08:49:00'),(1172,10,318,1,50,1,'2018-12-07 08:59:33'),(1172,11,318,1,54,1,'2018-12-07 08:57:18'),(1172,14,318,1,0,1,'2018-12-07 08:58:32'),(1173,8,319,1,0,1,'2018-12-07 09:14:13'),(1173,9,319,1,48,2,'2018-12-07 00:14:32'),(1174,22,0,1,0,1,'2018-12-07 13:22:55'),(1175,8,0,1,0,1,'2018-12-07 13:42:36'),(1176,8,0,1,0,1,'2018-12-07 16:43:07'),(1178,8,0,1,0,1,'2018-12-07 19:55:14'),(1179,12,0,1,58,1,'2018-12-07 22:22:16'),(1179,23,0,1,0,1,'2018-12-07 22:18:42'),(1180,9,0,1,48,1,'2018-12-08 02:14:54'),(1181,14,0,1,0,1,'2018-12-08 08:18:49'),(1182,14,0,1,0,1,'2018-12-08 15:47:13'),(1183,21,0,1,63,1,'2018-12-08 14:09:44'),(1183,21,0,1,64,2,'2018-12-08 14:09:29'),(1184,8,322,1,0,1,'2018-12-08 15:00:27'),(1184,9,322,1,55,1,'2018-12-08 15:06:19'),(1184,10,322,1,51,1,'2018-12-08 15:08:10'),(1184,15,322,1,0,1,'2018-12-08 15:07:16'),(1185,8,0,1,0,1,'2018-12-08 15:52:14'),(1186,8,0,1,0,1,'2018-12-08 19:23:09'),(1186,21,0,1,63,1,'2018-12-08 19:24:50'),(1186,21,0,1,64,1,'2018-12-08 19:25:09'),(1187,8,324,1,0,1,'2018-12-08 21:12:21'),(1187,15,324,1,0,1,'2018-12-08 21:12:14'),(1187,17,324,1,0,1,'2018-12-08 21:12:00'),(1187,21,324,1,64,2,'2018-12-08 21:10:49'),(1188,18,0,1,0,1,'2018-12-09 05:58:12'),(1188,23,0,1,0,1,'2018-12-09 05:57:22'),(1189,23,0,1,0,1,'2018-12-09 08:54:40'),(1190,14,0,1,0,1,'2018-12-09 08:59:39'),(1191,10,0,1,50,1,'2018-12-09 10:18:14'),(1191,10,0,1,51,1,'2018-12-09 10:16:14'),(1191,14,0,1,0,1,'2018-12-09 10:14:19'),(1193,8,325,1,0,1,'2018-12-09 11:32:52'),(1193,9,325,1,48,1,'2018-12-09 11:34:50'),(1193,13,325,1,60,1,'2018-12-09 11:35:15'),(1193,15,325,1,0,1,'2018-12-09 11:33:12'),(1194,9,326,1,48,1,'2018-12-09 04:25:54'),(1194,18,326,1,0,1,'2018-12-09 13:26:33'),(1194,23,326,1,0,1,'2018-12-09 13:25:18'),(1195,8,0,1,0,1,'2018-12-09 14:12:28'),(1196,8,327,1,0,1,'2018-12-09 16:15:12'),(1197,8,0,1,0,1,'2018-12-09 17:56:16'),(1198,8,0,1,0,1,'2018-12-09 18:15:02'),(1199,8,0,1,0,1,'2018-12-09 21:19:21'),(1200,18,372,1,0,1,'2018-12-15 14:27:28'),(1200,23,372,1,0,1,'2018-12-15 14:27:05'),(1201,9,0,1,48,1,'2018-12-09 22:42:54'),(1201,18,0,1,0,1,'2018-12-09 22:43:10'),(1201,23,0,1,0,1,'2018-12-09 22:43:28'),(1202,14,328,1,0,2,'2018-12-09 23:47:45'),(1203,8,0,1,0,1,'2018-12-09 23:43:00'),(1204,8,0,1,0,1,'2018-12-09 23:54:50'),(1204,9,0,1,48,1,'2018-12-09 23:54:40'),(1204,22,0,1,0,1,'2018-12-09 23:54:38'),(1204,23,0,1,0,1,'2018-12-09 23:54:47'),(1205,8,329,1,0,1,'2018-12-10 10:14:17'),(1205,9,329,1,48,1,'2018-12-10 10:16:47'),(1205,10,329,1,50,1,'2018-12-10 10:16:01'),(1205,11,329,1,53,1,'2018-12-10 10:16:23'),(1205,12,329,1,57,1,'2018-12-10 10:15:37'),(1206,8,0,1,0,1,'2018-12-10 02:11:59'),(1207,23,330,1,0,2,'2018-12-10 02:42:49'),(1208,23,0,1,0,2,'2018-12-11 02:08:22'),(1209,8,331,1,0,1,'2018-12-10 17:40:11'),(1210,8,332,1,0,1,'2018-12-10 20:58:14'),(1210,9,332,1,47,1,'2018-12-10 20:56:05'),(1210,9,332,1,48,1,'2018-12-10 20:59:01'),(1210,10,332,1,49,1,'2018-12-10 20:56:21'),(1210,10,332,1,50,1,'2018-12-10 20:59:17'),(1211,9,0,1,55,2,'2018-12-10 21:08:13'),(1211,11,0,1,53,2,'2018-12-10 21:08:38'),(1211,12,0,1,56,2,'2018-12-10 21:07:06'),(1211,23,0,1,0,1,'2018-12-10 21:09:29'),(1212,13,333,1,59,1,'2018-12-10 21:21:07'),(1212,23,333,1,0,1,'2018-12-10 21:16:08'),(1213,23,0,1,0,1,'2018-12-10 22:28:13'),(1214,9,334,1,55,1,'2018-12-10 22:55:20'),(1214,12,334,1,58,1,'2018-12-10 22:53:41'),(1214,23,334,1,0,1,'2018-12-10 22:58:52'),(1215,23,335,1,0,2,'2018-12-10 14:54:25'),(1216,23,0,1,0,1,'2018-12-11 00:29:55'),(1217,22,0,1,0,1,'2018-12-11 02:50:57'),(1218,21,0,1,64,1,'2018-12-11 05:42:02'),(1218,23,0,1,0,1,'2018-12-11 05:30:36'),(1219,14,336,1,0,1,'2018-12-11 06:48:18'),(1219,18,336,1,0,1,'2018-12-11 06:49:01'),(1220,23,0,1,0,1,'2018-12-11 06:49:17'),(1221,8,0,1,0,1,'2018-12-11 07:23:37'),(1221,21,0,1,63,4,'2018-12-11 07:23:26'),(1222,23,0,1,0,1,'2018-12-11 09:52:01'),(1223,8,0,1,0,1,'2018-12-11 09:59:23'),(1223,21,0,1,63,4,'2018-12-11 10:00:12'),(1224,23,337,1,0,1,'2018-12-11 02:26:56'),(1225,16,88,1,0,1,'2018-12-11 11:46:24'),(1225,18,88,1,0,1,'2018-12-11 11:44:52'),(1225,21,88,1,63,3,'2018-12-11 11:45:31'),(1226,8,338,1,0,1,'2018-12-11 11:58:34'),(1227,21,338,1,63,1,'2018-12-11 12:05:39'),(1227,23,338,1,0,1,'2018-12-11 12:04:24'),(1228,8,0,1,0,1,'2018-12-11 13:33:32'),(1229,22,0,1,0,1,'2018-12-11 13:45:35'),(1230,8,0,1,0,1,'2018-12-13 02:39:42'),(1230,9,0,1,48,1,'2018-12-13 11:43:38'),(1230,10,0,1,51,1,'2018-12-13 11:44:57'),(1230,11,0,1,54,1,'2018-12-13 02:40:22'),(1230,13,0,1,60,1,'2018-12-13 02:43:18'),(1231,8,0,1,0,3,'2018-12-11 19:41:18'),(1231,9,0,1,48,1,'2018-12-11 19:48:35'),(1231,11,0,1,53,1,'2018-12-11 19:47:32'),(1231,13,0,1,60,1,'2018-12-11 19:48:01'),(1232,23,0,1,0,1,'2018-12-11 16:39:01'),(1233,23,0,1,0,1,'2018-12-11 18:51:27'),(1234,22,0,1,0,1,'2018-12-12 17:23:59'),(1235,8,339,1,0,1,'2018-12-11 19:11:58'),(1235,9,339,1,48,1,'2018-12-11 19:12:25'),(1236,10,340,1,49,2,'2018-12-11 10:28:50'),(1236,10,340,1,51,1,'2018-12-11 19:29:01'),(1236,22,340,1,0,1,'2018-12-11 19:22:09'),(1237,8,0,1,0,1,'2018-12-11 19:30:45'),(1237,13,0,1,60,1,'2018-12-11 19:29:54'),(1237,21,0,1,63,1,'2018-12-11 19:31:07'),(1238,8,0,1,0,1,'2018-12-11 19:52:15'),(1239,8,342,1,0,1,'2018-12-11 19:56:15'),(1239,15,342,1,0,1,'2018-12-12 16:17:12'),(1240,8,0,1,0,1,'2018-12-11 19:56:38'),(1241,8,0,1,0,1,'2018-12-11 20:28:39'),(1241,21,0,1,63,3,'2018-12-11 20:17:31'),(1242,23,0,1,0,1,'2018-12-11 20:54:10'),(1243,8,343,1,0,1,'2018-12-11 20:56:04'),(1243,9,343,1,47,1,'2018-12-11 21:03:03'),(1243,9,343,1,48,1,'2018-12-11 20:58:28'),(1243,9,343,1,55,1,'2018-12-11 12:03:53'),(1243,17,343,1,0,1,'2018-12-11 20:57:15'),(1244,23,0,1,0,1,'2018-12-11 21:44:44'),(1245,8,0,1,0,1,'2018-12-11 22:08:50'),(1245,9,0,1,48,1,'2018-12-11 22:08:57'),(1245,23,0,1,0,1,'2018-12-11 22:10:43'),(1246,8,0,1,0,1,'2018-12-11 23:13:41'),(1247,8,0,1,0,4,'2018-12-11 14:13:47'),(1247,12,344,1,58,1,'2018-12-11 23:30:22'),(1247,13,344,1,60,2,'2018-12-11 14:39:51'),(1248,23,0,1,0,1,'2018-12-11 23:54:41'),(1249,23,344,1,0,1,'2018-12-12 00:06:23'),(1250,8,0,1,0,1,'2018-12-12 00:39:32'),(1251,13,0,1,61,1,'2018-12-12 03:16:12'),(1251,21,0,1,64,1,'2018-12-12 03:14:17'),(1251,23,0,1,0,2,'2018-12-12 03:12:33'),(1252,17,0,1,0,1,'2018-12-12 03:26:21'),(1253,15,0,1,0,1,'2018-12-12 03:30:36'),(1254,16,0,1,0,1,'2018-12-12 03:33:41'),(1255,18,0,1,0,1,'2018-12-12 03:43:14'),(1256,23,0,1,0,1,'2018-12-12 06:58:18'),(1257,22,0,1,0,1,'2018-12-12 07:20:57'),(1258,22,345,1,0,1,'2018-12-12 09:24:06'),(1260,8,0,1,0,1,'2018-12-12 10:17:51'),(1260,15,0,1,0,1,'2018-12-12 10:18:59'),(1260,17,0,1,0,1,'2018-12-12 10:18:26'),(1262,14,336,1,0,1,'2018-12-12 10:33:35'),(1262,18,336,1,0,1,'2018-12-12 10:33:35'),(1263,14,336,1,0,1,'2018-12-12 10:33:35'),(1263,18,336,1,0,1,'2018-12-12 10:33:35'),(1264,8,0,1,0,1,'2018-12-12 11:01:26'),(1265,23,348,1,0,1,'2018-12-12 11:34:03'),(1266,13,0,1,60,1,'2018-12-12 12:01:14'),(1266,21,0,1,63,1,'2018-12-12 12:00:25'),(1267,8,0,1,0,1,'2018-12-12 12:23:45'),(1267,18,0,1,0,1,'2018-12-12 12:23:55'),(1268,23,349,1,0,1,'2018-12-12 12:38:36'),(1269,23,350,1,0,1,'2018-12-12 13:46:30'),(1270,8,351,1,0,1,'2018-12-12 13:53:50'),(1271,8,352,1,0,1,'2018-12-12 14:06:45'),(1273,8,0,1,0,1,'2018-12-12 15:18:01'),(1273,22,0,1,0,1,'2018-12-12 15:17:25'),(1274,12,353,1,57,1,'2018-12-12 15:23:54'),(1274,23,353,1,0,1,'2018-12-12 15:22:41'),(1275,23,0,1,0,1,'2018-12-12 16:31:12'),(1276,23,0,1,0,1,'2018-12-12 16:31:17'),(1277,23,0,1,0,1,'2018-12-12 16:31:22'),(1278,8,0,1,0,1,'2018-12-12 20:20:05'),(1278,9,0,1,48,1,'2018-12-12 20:22:41'),(1278,21,0,1,63,1,'2018-12-12 20:26:42'),(1279,8,0,1,0,1,'2018-12-12 20:57:47'),(1280,22,0,1,0,1,'2018-12-12 21:02:42'),(1281,9,0,1,48,1,'2018-12-12 21:04:12'),(1282,23,354,1,0,1,'2018-12-12 21:32:36'),(1283,8,0,1,0,1,'2018-12-12 22:17:16'),(1284,8,0,1,0,1,'2018-12-13 00:33:05'),(1285,17,0,1,0,1,'2018-12-13 03:45:19'),(1286,16,0,1,0,1,'2018-12-13 03:45:51'),(1287,15,0,1,0,1,'2018-12-13 03:46:33'),(1288,14,0,1,0,1,'2018-12-13 07:10:36'),(1289,18,355,1,0,1,'2018-12-13 08:00:25'),(1289,20,355,1,0,1,'2018-12-13 08:01:58'),(1290,8,0,1,0,1,'2018-12-13 08:00:43'),(1291,8,0,1,0,1,'2018-12-13 11:02:07'),(1292,8,0,1,0,1,'2018-12-13 11:42:01'),(1293,8,0,1,0,1,'2018-12-13 12:35:17'),(1293,9,0,1,48,1,'2018-12-13 12:44:01'),(1293,9,0,1,55,1,'2018-12-13 12:46:49'),(1293,21,0,1,63,1,'2018-12-13 12:43:23'),(1294,23,357,1,0,2,'2018-12-13 08:22:55'),(1296,8,0,1,0,1,'2018-12-13 14:13:25'),(1298,8,0,1,0,1,'2018-12-13 17:36:19'),(1299,8,358,1,0,1,'2018-12-13 17:38:31'),(1299,11,358,1,53,1,'2018-12-13 17:41:01'),(1300,8,0,1,0,1,'2018-12-13 21:26:45'),(1301,22,0,1,0,1,'2018-12-13 23:11:42'),(1303,18,0,1,0,1,'2018-12-13 23:22:51'),(1304,14,359,1,0,1,'2018-12-13 23:46:16'),(1305,18,0,1,0,1,'2018-12-14 04:28:30'),(1306,17,0,1,0,1,'2018-12-14 04:29:17'),(1307,15,0,1,0,1,'2018-12-14 04:29:54'),(1308,16,0,1,0,1,'2018-12-14 04:30:34'),(1310,18,361,1,0,1,'2018-12-14 10:14:51'),(1310,21,361,1,64,2,'2018-12-14 10:24:45'),(1310,23,361,1,0,1,'2018-12-14 10:01:13'),(1311,14,0,1,0,1,'2018-12-14 11:45:35'),(1312,9,0,1,55,1,'2018-12-14 11:49:58'),(1312,10,0,1,51,1,'2018-12-14 11:49:32'),(1312,14,0,1,0,1,'2018-12-14 11:48:51'),(1313,21,0,1,63,1,'2018-12-14 12:38:24'),(1313,23,0,1,0,1,'2018-12-14 12:36:50'),(1314,8,0,1,0,1,'2018-12-14 12:52:54'),(1315,14,362,1,0,1,'2018-12-14 12:58:27'),(1316,14,0,1,0,1,'2018-12-14 13:28:42'),(1316,18,0,1,0,1,'2018-12-14 13:28:58'),(1317,22,363,1,0,1,'2018-12-14 13:53:12'),(1318,23,0,1,0,1,'2018-12-14 13:58:40'),(1319,8,364,1,0,1,'2018-12-14 14:23:12'),(1319,10,364,1,50,2,'2018-12-14 14:24:02'),(1320,8,0,1,0,1,'2018-12-14 17:33:18'),(1321,8,365,1,0,1,'2018-12-14 18:22:55'),(1321,21,365,1,64,2,'2018-12-14 18:25:40'),(1322,8,0,1,0,1,'2018-12-14 18:31:28'),(1322,9,0,1,48,1,'2018-12-14 18:32:42'),(1323,22,367,1,0,1,'2018-12-14 19:17:46'),(1324,23,0,1,0,1,'2018-12-14 20:03:52'),(1325,8,366,1,0,1,'2018-12-14 20:22:22'),(1325,9,366,1,48,1,'2018-12-14 20:23:31'),(1325,10,366,1,50,1,'2018-12-14 20:25:00'),(1326,8,0,1,0,2,'2018-12-14 14:26:02'),(1327,14,0,1,0,1,'2018-12-14 23:27:53'),(1328,23,0,1,0,1,'2018-12-15 07:46:11'),(1329,9,0,1,48,1,'2018-12-15 07:53:16'),(1330,14,368,1,0,2,'2018-12-15 10:05:35'),(1332,13,369,1,60,1,'2018-12-15 10:23:24'),(1332,23,369,1,0,1,'2018-12-15 10:19:42'),(1333,8,370,1,0,1,'2018-12-15 11:09:38'),(1333,9,370,1,47,1,'2018-12-15 11:09:18'),(1334,23,0,1,0,1,'2018-12-15 11:09:50'),(1335,23,371,1,0,1,'2018-12-15 11:57:12'),(1336,18,373,1,0,1,'2018-12-15 15:51:39'),(1336,22,373,1,0,1,'2018-12-15 15:52:26'),(1337,8,0,1,0,1,'2018-12-15 16:34:58'),(1337,10,0,1,51,1,'2018-12-15 16:35:21'),(1338,8,0,1,0,1,'2018-12-15 16:45:13'),(1339,8,0,1,0,1,'2018-12-15 17:44:19'),(1340,23,374,1,0,1,'2018-12-15 17:51:20'),(1341,18,0,1,0,1,'2018-12-15 18:13:31'),(1341,23,0,1,0,1,'2018-12-15 18:13:55'),(1342,18,376,1,0,1,'2018-12-15 18:19:18'),(1342,23,376,1,0,1,'2018-12-15 18:18:37'),(1343,18,41,1,0,1,'2018-12-15 21:18:27'),(1343,23,41,1,0,1,'2018-12-15 21:15:28'),(1344,23,0,1,0,1,'2018-12-15 22:45:11'),(1345,8,0,1,0,1,'2018-12-16 00:17:24'),(1346,14,0,1,0,1,'2018-12-16 00:50:36'),(1347,8,0,1,0,1,'2018-12-16 06:29:10'),(1348,8,0,1,0,1,'2018-12-16 07:06:19'),(1349,8,377,1,0,1,'2018-12-16 12:06:03'),(1349,21,377,1,63,1,'2018-12-16 12:09:07'),(1349,23,377,1,0,1,'2018-12-16 12:10:34'),(1350,10,0,1,51,1,'2018-12-16 12:17:16'),(1350,23,0,1,0,1,'2018-12-16 12:14:38'),(1351,22,0,1,0,1,'2018-12-16 13:02:45'),(1351,23,0,1,0,1,'2018-12-16 13:03:19'),(1353,23,378,1,0,1,'2018-12-16 15:32:38'),(1354,23,379,1,0,2,'2018-12-16 06:52:07'),(1355,14,0,1,0,1,'2018-12-16 16:46:04'),(1356,8,0,1,0,2,'2018-12-16 08:55:40'),(1357,23,380,1,0,1,'2018-12-16 18:46:03');

#
# Structure for table "_WCprTUAcart_rule"
#

