CREATE TABLE `_WCprTUAconfiguration_kpi` (
  `id_configuration_kpi` int(10) unsigned NOT NULL AUTO_INCREMENT,
  `id_shop_group` int(11) unsigned DEFAULT NULL,
  `id_shop` int(11) unsigned DEFAULT NULL,
  `name` varchar(64) NOT NULL,
  `value` text,
  `date_add` datetime NOT NULL,
  `date_upd` datetime NOT NULL,
  PRIMARY KEY (`id_configuration_kpi`),
  KEY `name` (`name`),
  KEY `id_shop` (`id_shop`),
  KEY `id_shop_group` (`id_shop_group`)
) ENGINE=InnoDB AUTO_INCREMENT=58 DEFAULT CHARSET=utf8;

#
# Data for table "_WCprTUAconfiguration_kpi"
#

INSERT INTO `_WCprTUAconfiguration_kpi` VALUES (1,NULL,NULL,'DASHGOALS_TRAFFIC_01_2018','600','2018-03-16 17:21:52','2018-03-16 17:21:52'),(2,NULL,NULL,'DASHGOALS_CONVERSION_01_2018','2','2018-03-16 17:21:52','2018-03-16 17:21:52'),(3,NULL,NULL,'DASHGOALS_AVG_CART_VALUE_01_2018','80','2018-03-16 17:21:52','2018-03-16 17:21:52'),(4,NULL,NULL,'DASHGOALS_TRAFFIC_02_2018','600','2018-03-16 17:21:52','2018-03-16 17:21:52'),(5,NULL,NULL,'DASHGOALS_CONVERSION_02_2018','2','2018-03-16 17:21:52','2018-03-16 17:21:52'),(6,NULL,NULL,'DASHGOALS_AVG_CART_VALUE_02_2018','80','2018-03-16 17:21:52','2018-03-16 17:21:52'),(7,NULL,NULL,'DASHGOALS_TRAFFIC_03_2018','600','2018-03-16 17:21:52','2018-03-16 17:21:52'),(8,NULL,NULL,'DASHGOALS_CONVERSION_03_2018','2','2018-03-16 17:21:52','2018-03-16 17:21:52'),(9,NULL,NULL,'DASHGOALS_AVG_CART_VALUE_03_2018','80','2018-03-16 17:21:52','2018-03-16 17:21:52'),(10,NULL,NULL,'DASHGOALS_TRAFFIC_04_2018','600','2018-03-16 17:21:52','2018-03-16 17:21:52'),(11,NULL,NULL,'DASHGOALS_CONVERSION_04_2018','2','2018-03-16 17:21:52','2018-03-16 17:21:52'),(12,NULL,NULL,'DASHGOALS_AVG_CART_VALUE_04_2018','80','2018-03-16 17:21:52','2018-03-16 17:21:52'),(13,NULL,NULL,'DASHGOALS_TRAFFIC_05_2018','600','2018-03-16 17:21:52','2018-03-16 17:21:52'),(14,NULL,NULL,'DASHGOALS_CONVERSION_05_2018','2','2018-03-16 17:21:52','2018-03-16 17:21:52'),(15,NULL,NULL,'DASHGOALS_AVG_CART_VALUE_05_2018','80','2018-03-16 17:21:52','2018-03-16 17:21:52'),(16,NULL,NULL,'DASHGOALS_TRAFFIC_06_2018','600','2018-03-16 17:21:52','2018-03-16 17:21:52'),(17,NULL,NULL,'DASHGOALS_CONVERSION_06_2018','2','2018-03-16 17:21:52','2018-03-16 17:21:52'),(18,NULL,NULL,'DASHGOALS_AVG_CART_VALUE_06_2018','80','2018-03-16 17:21:52','2018-03-16 17:21:52'),(19,NULL,NULL,'DASHGOALS_TRAFFIC_07_2018','600','2018-03-16 17:21:52','2018-03-16 17:21:52'),(20,NULL,NULL,'DASHGOALS_CONVERSION_07_2018','2','2018-03-16 17:21:52','2018-03-16 17:21:52'),(21,NULL,NULL,'DASHGOALS_AVG_CART_VALUE_07_2018','80','2018-03-16 17:21:52','2018-03-16 17:21:52'),(22,NULL,NULL,'DASHGOALS_TRAFFIC_08_2018','600','2018-03-16 17:21:52','2018-03-16 17:21:52'),(23,NULL,NULL,'DASHGOALS_CONVERSION_08_2018','2','2018-03-16 17:21:52','2018-03-16 17:21:52'),(24,NULL,NULL,'DASHGOALS_AVG_CART_VALUE_08_2018','80','2018-03-16 17:21:52','2018-03-16 17:21:52'),(25,NULL,NULL,'DASHGOALS_TRAFFIC_09_2018','600','2018-03-16 17:21:52','2018-03-16 17:21:52'),(26,NULL,NULL,'DASHGOALS_CONVERSION_09_2018','2','2018-03-16 17:21:52','2018-03-16 17:21:52'),(27,NULL,NULL,'DASHGOALS_AVG_CART_VALUE_09_2018','80','2018-03-16 17:21:52','2018-03-16 17:21:52'),(28,NULL,NULL,'DASHGOALS_TRAFFIC_10_2018','600','2018-03-16 17:21:52','2018-03-16 17:21:52'),(29,NULL,NULL,'DASHGOALS_CONVERSION_10_2018','2','2018-03-16 17:21:52','2018-03-16 17:21:52'),(30,NULL,NULL,'DASHGOALS_AVG_CART_VALUE_10_2018','80','2018-03-16 17:21:52','2018-03-16 17:21:52'),(31,NULL,NULL,'DASHGOALS_TRAFFIC_11_2018','600','2018-03-16 17:21:52','2018-03-16 17:21:52'),(32,NULL,NULL,'DASHGOALS_CONVERSION_11_2018','2','2018-03-16 17:21:52','2018-03-16 17:21:52'),(33,NULL,NULL,'DASHGOALS_AVG_CART_VALUE_11_2018','80','2018-03-16 17:21:52','2018-03-16 17:21:52'),(34,NULL,NULL,'DASHGOALS_TRAFFIC_12_2018','600','2018-03-16 17:21:52','2018-03-16 17:21:52'),(35,NULL,NULL,'DASHGOALS_CONVERSION_12_2018','2','2018-03-16 17:21:52','2018-03-16 17:21:52'),(36,NULL,NULL,'DASHGOALS_AVG_CART_VALUE_12_2018','80','2018-03-16 17:21:52','2018-03-16 17:21:52'),(37,NULL,NULL,'UPDATE_MODULES','0','2018-03-21 02:21:09','2018-03-21 02:21:09'),(38,NULL,NULL,'FRONTOFFICE_TRANSLATIONS_EXPIRE','1524754229','2018-03-28 18:56:05','2018-04-26 16:50:29'),(39,NULL,NULL,'TRANSLATE_TOTAL_DEFAULT-BOOTSTRA','892','2018-03-28 18:56:05','2018-04-26 16:50:29'),(40,NULL,NULL,'TRANSLATE_DONE_DEFAULT-BOOTSTRA','878','2018-03-28 18:56:05','2018-04-26 16:50:29'),(41,NULL,NULL,'TRANSLATE_TOTAL_LEO_JKA_IT','172','2018-04-05 16:21:16','2018-04-24 17:18:17'),(42,NULL,NULL,'TRANSLATE_DONE_LEO_JKA_IT','98','2018-04-05 16:21:16','2018-04-24 17:18:17'),(43,NULL,NULL,'INSTALLED_MODULES','69','2018-04-05 17:30:31','2018-04-05 17:30:31'),(44,NULL,NULL,'INSTALLED_MODULES_EXPIRE','1522942351','2018-04-05 17:30:31','2018-04-05 17:30:31'),(45,NULL,NULL,'DISABLED_MODULES','6','2018-04-05 17:30:31','2018-04-05 17:30:31'),(46,NULL,NULL,'DISABLED_MODULES_EXPIRE','1522942351','2018-04-05 17:30:31','2018-04-05 17:30:31'),(47,NULL,NULL,'UPDATE_MODULES_EXPIRE','1522942352','2018-04-05 17:30:32','2018-04-05 17:30:32'),(48,NULL,NULL,'TRANSLATE_TOTAL_LEO_JKA_EN','1089','2018-04-13 16:52:46','2018-04-13 16:52:46'),(49,NULL,NULL,'TRANSLATE_DONE_LEO_JKA_EN','766','2018-04-13 16:52:46','2018-04-13 16:52:46'),(50,NULL,NULL,'ABANDONED_CARTS','1','2018-07-11 11:26:12','2018-07-11 11:26:12'),(51,NULL,NULL,'CONVERSION_RATE','&infin;%','2018-07-11 11:26:12','2018-07-11 11:26:12'),(52,NULL,NULL,'ABANDONED_CARTS_EXPIRE','1531317023','2018-07-11 11:26:12','2018-07-11 14:50:23'),(53,NULL,NULL,'CONVERSION_RATE_EXPIRE','1531346400','2018-07-11 11:26:12','2018-07-11 11:26:12'),(54,NULL,NULL,'AVG_ORDER_VALUE','51,65 €','2018-07-11 11:26:12','2018-07-11 11:26:12'),(55,NULL,NULL,'AVG_ORDER_VALUE_EXPIRE','1531346400','2018-07-11 11:26:12','2018-07-11 11:26:12'),(56,NULL,NULL,'NETPROFIT_VISIT','&infin;','2018-07-11 14:50:23','2018-07-11 14:50:23'),(57,NULL,NULL,'NETPROFIT_VISIT_EXPIRE','1531346400','2018-07-11 14:50:23','2018-07-11 14:50:23');

#
# Structure for table "_WCprTUAconfiguration_kpi_lang"
#

CREATE TABLE `_WCprTUAconfiguration_kpi_lang` (
  `id_configuration_kpi` int(10) unsigned NOT NULL,
  `id_lang` int(10) unsigned NOT NULL,
  `value` text,
  `date_upd` datetime DEFAULT NULL,
  PRIMARY KEY (`id_configuration_kpi`,`id_lang`)
) ENGINE=InnoDB DEFAULT CHARSET=utf8;

#
# Data for table "_WCprTUAconfiguration_kpi_lang"
#

INSERT INTO `_WCprTUAconfiguration_kpi_lang` VALUES (1,1,NULL,NULL),(1,2,NULL,NULL),(1,3,NULL,NULL),(1,4,NULL,NULL),(1,5,NULL,NULL),(1,6,NULL,NULL),(1,7,NULL,NULL),(1,8,NULL,NULL),(2,1,NULL,NULL),(2,2,NULL,NULL),(2,3,NULL,NULL),(2,4,NULL,NULL),(2,5,NULL,NULL),(2,6,NULL,NULL),(2,7,NULL,NULL),(2,8,NULL,NULL),(3,1,NULL,NULL),(3,2,NULL,NULL),(3,3,NULL,NULL),(3,4,NULL,NULL),(3,5,NULL,NULL),(3,6,NULL,NULL),(3,7,NULL,NULL),(3,8,NULL,NULL),(4,1,NULL,NULL),(4,2,NULL,NULL),(4,3,NULL,NULL),(4,4,NULL,NULL),(4,5,NULL,NULL),(4,6,NULL,NULL),(4,7,NULL,NULL),(4,8,NULL,NULL),(5,1,NULL,NULL),(5,2,NULL,NULL),(5,3,NULL,NULL),(5,4,NULL,NULL),(5,5,NULL,NULL),(5,6,NULL,NULL),(5,7,NULL,NULL),(5,8,NULL,NULL),(6,1,NULL,NULL),(6,2,NULL,NULL),(6,3,NULL,NULL),(6,4,NULL,NULL),(6,5,NULL,NULL),(6,6,NULL,NULL),(6,7,NULL,NULL),(6,8,NULL,NULL),(7,1,NULL,NULL),(7,2,NULL,NULL),(7,3,NULL,NULL),(7,4,NULL,NULL),(7,5,NULL,NULL),(7,6,NULL,NULL),(7,7,NULL,NULL),(7,8,NULL,NULL),(8,1,NULL,NULL),(8,2,NULL,NULL),(8,3,NULL,NULL),(8,4,NULL,NULL),(8,5,NULL,NULL),(8,6,NULL,NULL),(8,7,NULL,NULL),(8,8,NULL,NULL),(9,1,NULL,NULL),(9,2,NULL,NULL),(9,3,NULL,NULL),(9,4,NULL,NULL),(9,5,NULL,NULL),(9,6,NULL,NULL),(9,7,NULL,NULL),(9,8,NULL,NULL),(10,1,NULL,NULL),(10,2,NULL,NULL),(10,3,NULL,NULL),(10,4,NULL,NULL),(10,5,NULL,NULL),(10,6,NULL,NULL),(10,7,NULL,NULL),(10,8,NULL,NULL),(11,1,NULL,NULL),(11,2,NULL,NULL),(11,3,NULL,NULL),(11,4,NULL,NULL),(11,5,NULL,NULL),(11,6,NULL,NULL),(11,7,NULL,NULL),(11,8,NULL,NULL),(12,1,NULL,NULL),(12,2,NULL,NULL),(12,3,NULL,NULL),(12,4,NULL,NULL),(12,5,NULL,NULL),(12,6,NULL,NULL),(12,7,NULL,NULL),(12,8,NULL,NULL),(13,1,NULL,NULL),(13,2,NULL,NULL),(13,3,NULL,NULL),(13,4,NULL,NULL),(13,5,NULL,NULL),(13,6,NULL,NULL),(13,7,NULL,NULL),(13,8,NULL,NULL),(14,1,NULL,NULL),(14,2,NULL,NULL),(14,3,NULL,NULL),(14,4,NULL,NULL),(14,5,NULL,NULL),(14,6,NULL,NULL),(14,7,NULL,NULL),(14,8,NULL,NULL),(15,1,NULL,NULL),(15,2,NULL,NULL),(15,3,NULL,NULL),(15,4,NULL,NULL),(15,5,NULL,NULL),(15,6,NULL,NULL),(15,7,NULL,NULL),(15,8,NULL,NULL),(16,1,NULL,NULL),(16,2,NULL,NULL),(16,3,NULL,NULL),(16,4,NULL,NULL),(16,5,NULL,NULL),(16,6,NULL,NULL),(16,7,NULL,NULL),(16,8,NULL,NULL),(17,1,NULL,NULL),(17,2,NULL,NULL),(17,3,NULL,NULL),(17,4,NULL,NULL),(17,5,NULL,NULL),(17,6,NULL,NULL),(17,7,NULL,NULL),(17,8,NULL,NULL),(18,1,NULL,NULL),(18,2,NULL,NULL),(18,3,NULL,NULL),(18,4,NULL,NULL),(18,5,NULL,NULL),(18,6,NULL,NULL),(18,7,NULL,NULL),(18,8,NULL,NULL),(19,1,NULL,NULL),(19,2,NULL,NULL),(19,3,NULL,NULL),(19,4,NULL,NULL),(19,5,NULL,NULL),(19,6,NULL,NULL),(19,7,NULL,NULL),(19,8,NULL,NULL),(20,1,NULL,NULL),(20,2,NULL,NULL),(20,3,NULL,NULL),(20,4,NULL,NULL),(20,5,NULL,NULL),(20,6,NULL,NULL),(20,7,NULL,NULL),(20,8,NULL,NULL),(21,1,NULL,NULL),(21,2,NULL,NULL),(21,3,NULL,NULL),(21,4,NULL,NULL),(21,5,NULL,NULL),(21,6,NULL,NULL),(21,7,NULL,NULL),(21,8,NULL,NULL),(22,1,NULL,NULL),(22,2,NULL,NULL),(22,3,NULL,NULL),(22,4,NULL,NULL),(22,5,NULL,NULL),(22,6,NULL,NULL),(22,7,NULL,NULL),(22,8,NULL,NULL),(23,1,NULL,NULL),(23,2,NULL,NULL),(23,3,NULL,NULL),(23,4,NULL,NULL),(23,5,NULL,NULL),(23,6,NULL,NULL),(23,7,NULL,NULL),(23,8,NULL,NULL),(24,1,NULL,NULL),(24,2,NULL,NULL),(24,3,NULL,NULL),(24,4,NULL,NULL),(24,5,NULL,NULL),(24,6,NULL,NULL),(24,7,NULL,NULL),(24,8,NULL,NULL),(25,1,NULL,NULL),(25,2,NULL,NULL),(25,3,NULL,NULL),(25,4,NULL,NULL),(25,5,NULL,NULL),(25,6,NULL,NULL),(25,7,NULL,NULL),(25,8,NULL,NULL),(26,1,NULL,NULL),(26,2,NULL,NULL),(26,3,NULL,NULL),(26,4,NULL,NULL),(26,5,NULL,NULL),(26,6,NULL,NULL),(26,7,NULL,NULL),(26,8,NULL,NULL),(27,1,NULL,NULL),(27,2,NULL,NULL),(27,3,NULL,NULL),(27,4,NULL,NULL),(27,5,NULL,NULL),(27,6,NULL,NULL),(27,7,NULL,NULL),(27,8,NULL,NULL),(28,1,NULL,NULL),(28,2,NULL,NULL),(28,3,NULL,NULL),(28,4,NULL,NULL),(28,5,NULL,NULL),(28,6,NULL,NULL),(28,7,NULL,NULL),(28,8,NULL,NULL),(29,1,NULL,NULL),(29,2,NULL,NULL),(29,3,NULL,NULL),(29,4,NULL,NULL),(29,5,NULL,NULL),(29,6,NULL,NULL),(29,7,NULL,NULL),(29,8,NULL,NULL),(30,1,NULL,NULL),(30,2,NULL,NULL),(30,3,NULL,NULL),(30,4,NULL,NULL),(30,5,NULL,NULL),(30,6,NULL,NULL),(30,7,NULL,NULL),(30,8,NULL,NULL),(31,1,NULL,NULL),(31,2,NULL,NULL),(31,3,NULL,NULL),(31,4,NULL,NULL),(31,5,NULL,NULL),(31,6,NULL,NULL),(31,7,NULL,NULL),(31,8,NULL,NULL),(32,1,NULL,NULL),(32,2,NULL,NULL),(32,3,NULL,NULL),(32,4,NULL,NULL),(32,5,NULL,NULL),(32,6,NULL,NULL),(32,7,NULL,NULL),(32,8,NULL,NULL),(33,1,NULL,NULL),(33,2,NULL,NULL),(33,3,NULL,NULL),(33,4,NULL,NULL),(33,5,NULL,NULL),(33,6,NULL,NULL),(33,7,NULL,NULL),(33,8,NULL,NULL),(34,1,NULL,NULL),(34,2,NULL,NULL),(34,3,NULL,NULL),(34,4,NULL,NULL),(34,5,NULL,NULL),(34,6,NULL,NULL),(34,7,NULL,NULL),(34,8,NULL,NULL),(35,1,NULL,NULL),(35,2,NULL,NULL),(35,3,NULL,NULL),(35,4,NULL,NULL),(35,5,NULL,NULL),(35,6,NULL,NULL),(35,7,NULL,NULL),(35,8,NULL,NULL),(36,1,NULL,NULL),(36,2,NULL,NULL),(36,3,NULL,NULL),(36,4,NULL,NULL),(36,5,NULL,NULL),(36,6,NULL,NULL),(36,7,NULL,NULL),(36,8,NULL,NULL),(37,1,NULL,NULL),(37,2,NULL,NULL),(37,3,NULL,NULL),(37,4,NULL,NULL),(37,5,NULL,NULL),(37,6,NULL,NULL),(37,7,NULL,NULL),(37,8,NULL,NULL);

#
# Structure for table "_WCprTUAconfiguration_lang"
#

CREATE TABLE `_WCprTUAconfiguration_lang` (
  `id_configuration` int(10) unsigned NOT NULL,
  `id_lang` int(10) unsigned NOT NULL,
  `value` text,
  `date_upd` datetime DEFAULT NULL,
  PRIMARY KEY (`id_configuration`,`id_lang`)
) ENGINE=InnoDB DEFAULT CHARSET=utf8;

#
# Data for table "_WCprTUAconfiguration_lang"
#

INSERT INTO `_WCprTUAconfiguration_lang` VALUES (41,1,'#WC','2018-03-21 02:36:34'),(41,2,'','2018-03-21 10:36:34'),(41,3,'','2018-03-21 10:36:34'),(41,4,'','2018-03-21 10:36:34'),(41,5,'','2018-03-21 10:36:34'),(41,6,'','2018-04-10 18:44:01'),(41,7,'','2018-04-10 18:44:01'),(41,8,'','2018-04-10 18:44:01'),(44,1,'#BU',NULL),(44,2,'','2018-04-09 16:19:18'),(44,3,'','2018-04-09 16:19:18'),(44,4,'','2018-04-09 16:19:18'),(44,5,'','2018-04-09 16:19:18'),(44,6,'','2018-04-09 16:19:18'),(44,7,'','2018-04-09 16:19:18'),(44,8,'','2018-04-09 16:19:18'),(46,1,'#RE',NULL),(52,1,'a|adesso|ai|al|alla|allo|allora|altre|altri|altro|anche|ancora|avere|aveva|avevano|ben|buono|che|chi|cinque|comprare|con|consecutivi|consecutivo|cosa|cui|da|del|della|dello|dentro|deve|devo|di|doppio|due|e|ecco|fare|fine|fino|fra|gente|giu|ha|hai|hanno|ho|il|indietro|invece|io|la|lavoro|le|lei|lo|loro|lui|lungo|ma|me|meglio|molta|molti|molto|nei|nella|no|noi|nome|nostro|nove|nuovi|nuovo|o|oltre|ora|otto|peggio|pero|persone|piu|poco|primo|promesso|qua|quarto|quasi|quattro|quello|questo|qui|quindi|quinto|rispetto|sara|secondo|sei|sembra|sembrava|senza|sette|sia|siamo|siete|solo|sono|sopra|soprattutto|sotto|stati|stato|stesso|su|subito|sul|sulla|tanto|te|tempo|terzo|tra|tre|triplo|ultimo|un|una|uno|va|vai|voi|volte|vostro',NULL),(74,1,'0',NULL),(80,1,'Caro Cliente,\n\nCordiali saluti,\nServizio clienti',NULL),(288,1,'sale70.png','2018-03-16 17:21:51'),(288,2,'sale70.png','2018-03-16 19:49:43'),(288,3,'sale70.png','2018-03-16 19:50:38'),(288,4,'sale70.png','2018-03-16 19:51:16'),(288,5,'sale70.png','2018-03-16 19:51:42'),(289,1,'','2018-03-16 17:21:51'),(289,2,'','2018-03-16 19:49:43'),(289,3,'','2018-03-16 19:50:38'),(289,4,'','2018-03-16 19:51:16'),(289,5,'','2018-03-16 19:51:42'),(290,1,'','2018-03-16 17:21:51'),(290,2,'','2018-03-16 19:49:43'),(290,3,'','2018-03-16 19:50:38'),(290,4,'','2018-03-16 19:51:16'),(290,5,'','2018-03-16 19:51:42'),(360,1,'<p>Copyright 2018 Vacuum S.a.s. - Via Sandro Penna, 116 - 06132 - Perugia - Italy</p>','2018-03-27 07:29:45'),(360,2,'<p>Copyright 2018 Powered by PrestaShop. All Rights Reserved.</p>','2018-03-22 17:00:56'),(360,3,'<p>Copyright 2018 Powered by PrestaShop. All Rights Reserved.</p>','2018-03-22 17:00:56'),(360,4,'<p>Copyright 2018 Powered by PrestaShop. All Rights Reserved.</p>','2018-03-22 17:00:56'),(360,5,'<p>Copyright 2018 Powered by PrestaShop. All Rights Reserved.</p>','2018-03-22 17:00:56'),(360,6,'<p>Copyright 2018 Powered by PrestaShop. All Rights Reserved.</p>','2018-03-27 16:29:45'),(360,7,'<p>Copyright 2018 Powered by PrestaShop. All Rights Reserved.</p>','2018-03-27 16:29:45'),(360,8,'<p>Copyright 2018 Powered by PrestaShop. All Rights Reserved.</p>','2018-03-27 16:29:45'),(445,1,'','2018-03-21 10:36:34'),(445,2,'','2018-03-21 10:36:34'),(445,3,'','2018-03-21 10:36:34'),(445,4,'','2018-03-21 10:36:34'),(445,5,'','2018-03-21 10:36:34'),(445,6,'','2018-04-10 18:44:01'),(445,7,'','2018-04-10 18:44:01'),(445,8,'','2018-04-10 18:44:01'),(446,1,'','2018-03-21 10:36:34'),(446,2,'','2018-03-21 10:36:34'),(446,3,'','2018-03-21 10:36:34'),(446,4,'','2018-03-21 10:36:34'),(446,5,'','2018-03-21 10:36:34'),(446,6,'','2018-04-10 18:44:01'),(446,7,'','2018-04-10 18:44:01'),(446,8,'','2018-04-10 18:44:01'),(539,1,'Per offrire una migliore esperienza di navigazione questo sito utilizza cookie tecnici, analitici e di profilazione, anche di terze parti, continuando la navigazione acconsenti all&rsquo;utilizzo dei cookie. Se vuoi saperne di pi&ugrave; o negare il consenso a tutti o ad alcuni cookie clicca qui.','2018-06-13 09:35:02'),(539,2,'<span id=\"cn-notice-text\">This website uses cookies, necessary to its functioning and required to achieve the purposes illustrated in the cookie policy. By closing this banner, scrolling this page, clicking a link or continuing to browse otherwise, you agree to the use of cookies.</span>','2018-04-12 03:12:50'),(539,3,'','2018-03-30 11:54:12'),(539,4,'','2018-03-30 11:54:12'),(539,5,'','2018-03-30 11:54:12'),(539,6,'','2018-03-30 11:54:12'),(539,7,'','2018-03-30 11:54:12'),(539,8,'','2018-03-30 11:54:12'),(653,1,'Ho letto ed accetto l\\\'informativa sulla privacy','2018-05-25 01:31:45'),(653,2,'I have read and accept Privacy Policy','2018-05-25 10:28:34'),(653,3,'I have read and accept Privacy Policy','2018-05-25 10:28:34'),(653,4,'I have read and accept Privacy Policy','2018-05-25 10:28:34'),(653,5,'I have read and accept Privacy Policy','2018-05-25 10:28:34'),(653,6,'I have read and accept Privacy Policy','2018-05-25 10:28:34'),(653,7,'I have read and accept Privacy Policy','2018-05-25 10:28:34'),(653,8,'I have read and accept Privacy Policy','2018-05-25 10:28:34'),(654,1,'https://www.wacu.it/it/content/8-cookie-policy-wacu','2018-05-25 03:37:05'),(654,2,'https://www.wacu.it/en/content/8-cookie-policy-wacu','2018-05-25 03:37:05'),(654,3,'#','2018-05-25 10:28:34'),(654,4,'#','2018-05-25 10:28:34'),(654,5,'#','2018-05-25 10:28:34'),(654,6,'#','2018-05-25 10:28:34'),(654,7,'#','2018-05-25 10:28:34'),(654,8,'#','2018-05-25 10:28:34'),(655,1,'Leggi la Privacy Policy','2018-05-25 01:31:45'),(655,2,'Read Privacy Policy','2018-05-25 10:28:34'),(655,3,'Read Privacy Policy','2018-05-25 10:28:34'),(655,4,'Read Privacy Policy','2018-05-25 10:28:34'),(655,5,'Read Privacy Policy','2018-05-25 10:28:34'),(655,6,'Read Privacy Policy','2018-05-25 10:28:34'),(655,7,'Read Privacy Policy','2018-05-25 10:28:34'),(655,8,'Read Privacy Policy','2018-05-25 10:28:34'),(656,1,'https://www.wacu.it/it/content/9-contatti','2018-05-25 10:31:45'),(656,2,'https://www.wacu.it/en/content/9-contatti','2018-05-25 10:31:45'),(656,3,'','2018-05-25 10:31:45'),(656,4,'','2018-05-25 10:31:45'),(656,5,'','2018-05-25 10:31:45'),(656,6,'','2018-05-25 10:31:45'),(656,7,'','2018-05-25 10:31:45'),(656,8,'','2018-05-25 10:31:45'),(665,1,'Privacy e Cookies','2018-07-10 16:09:18'),(666,1,'<p>Per offrire una migliore esperienza di navigazione questo sito utilizza cookie tecnici, analitici e di profilazione, anche di terze parti, continuando la navigazione acconsenti all\'utilizzo dei cookie. Se vuoi saperne di più o<span style=\"color: #d4d4d4;\"><strong> <a href=\"https://www.wacu.it/it/content/8-cookie-policy-wacu\" target=\"_blank\"><span style=\"color: #d4d4d4;\">clicca qui</span></a></strong></span>.</p>','2018-07-25 02:32:02'),(686,1,'<h4>Cookie necessari al funzionamento</h4>\r\n<p>I cookie strettamente necessari devono essere sempre attivati in modo da poter salvare le preferenze dell\'utente per le impostazioni dei cookie.</p>\r\n<p><strong>Selezione della lingua - Prestashop</strong><br />Cookie che utilizziamo per offrirti la possibilità di cambiare la lingua dei nostri contenuti. Se il cookie è disabilitato, vedrai il sito nella lingua originale.<br />Durata 30 giorni.</p>\r\n<p><strong>Carrello della spesa - Prestashop</strong> <br />Questo cookie fornisce e mantiene i prodotti all\'interno del tuo carrello. Disattivando questo cookie si fermerebbe l\'autorizzazione degli ordini. Questo cookie non salva alcun dato personale di alcun cliente del negozio.<br />Durata 30 giorni.</p>\r\n<p></p>','2018-07-10 18:37:14'),(687,1,'<h4></h4>\r\n<p></p>','2018-07-10 09:50:17'),(688,1,'<h4>Statistiche</h4>\r\n<p><strong>Google Analytics - Google</strong><br />Tracciamento standard, che fa capire al nostro negozio la necessità e i luoghi in cui migliorare il nostro negozio. <br />Durata 30 giorni.<br /><strong></strong></p>\r\n<p><strong>Google Tag manager Google<br /></strong>Utilizzato da Google Tag Manager per controllare il caricamento di un tag script di Google Analytics.<br />Durata, durata della sessione</p>\r\n<p><strong>Stats Data Prestashop</strong><br />Un cookie Shop, che salva i dati su ordini, carrelli, IP dei clienti. I dati sono conservati all\'interno del back-office e servono esclusivamente come dati statistici per migliorare i nostri servizi e prodotti.<br />Durata 30 giorni</p>','2018-07-10 18:50:17'),(689,1,'<h4>Marketing</h4>\r\n<p><strong>Adwords Tracking Google Inc.</strong><br />Cookie che consente di offrirti pubblicità più dettagliata. Possiamo personalizzare in modo migliore gli annunci che mostriamo, al fine di non essere intrusivi. Utilizzato da Google Adwords per coinvolgere nuovamente i visitatori che probabilmente si convertono in clienti in base al comportamento online del visitatore su tutti i siti web.</p>\r\n<p><strong>Facebook Pixel Facebook</strong><br />Monitoraggio delle conversioni pubblicitarie di Facebook. Ci offre la possibilità di personalizzare i nostri annunci molto meglio in base alle tue esigenze</p>','2018-07-10 18:50:17'),(696,1,'<p>Accetto i termini e condizioni e la privacy policy</p>','2018-07-25 02:38:43'),(697,1,'<p>Registrando un account cliente autorizzi Vacuum S.a.s. all\'utilizzo dei tuoi dati personali. Se vuoi saperne di più o <a href=\"https://www.wacu.it/it/content/8-cookie-policy-wacu\" target=\"_blank\">clicca qui</a>.</p>','2018-07-25 02:38:43'),(698,1,'<p>Per offrire una migliore esperienza di navigazione questo sito utilizza cookie tecnici, analitici e di profilazione, anche di terze parti, inserendo i tuoi dati autorizzi Vacuum S.a.s. all\'utilizzo dei tuoi dati personali. Se vuoi saperne di più o <a href=\"https://www.wacu.it/it/content/8-cookie-policy-wacu\" target=\"_blank\">clicca qui</a>.</p>','2018-07-25 11:25:58'),(699,1,'<p>Accetto i termini e condizioni e la privacy policy</p>','2018-07-25 02:38:43'),(700,1,'Cookie Policy','2018-07-25 11:36:29'),(701,1,'https://www.wacu.it/it/content/8-cookie-policy-wacu','2018-07-25 11:36:29'),(702,1,'Controlla la tua privacy','2018-07-25 11:36:29');

#
# Structure for table "_WCprTUAconnections"
#

CREATE TABLE `_WCprTUAconnections` (
  `id_connections` int(10) unsigned NOT NULL AUTO_INCREMENT,
  `id_shop_group` int(11) unsigned NOT NULL DEFAULT '1',
  `id_shop` int(11) unsigned NOT NULL DEFAULT '1',
  `id_guest` int(10) unsigned NOT NULL,
  `id_page` int(10) unsigned NOT NULL,
  `ip_address` bigint(20) DEFAULT NULL,
  `date_add` datetime NOT NULL,
  `http_referer` varchar(255) DEFAULT NULL,
  PRIMARY KEY (`id_connections`),
  KEY `id_guest` (`id_guest`),
  KEY `date_add` (`date_add`),
  KEY `id_page` (`id_page`)
) ENGINE=InnoDB AUTO_INCREMENT=16 DEFAULT CHARSET=utf8;

#
# Data for table "_WCprTUAconnections"
#

INSERT INTO `_WCprTUAconnections` VALUES (1,1,1,1,1,2130706433,'2018-03-16 17:21:49','https://www.prestashop.com'),(2,1,1,1,1,3168455254,'2018-03-16 18:48:18',''),(3,1,1,3,1,1542483201,'2018-03-17 01:35:11',''),(4,1,1,4,2,1542483201,'2018-03-17 01:36:06',''),(5,1,1,5,2,1542483201,'2018-03-18 01:35:51',''),(6,1,1,6,1,1542483201,'2018-03-18 01:38:38',''),(7,1,1,7,2,1542483201,'2018-03-19 01:38:17',''),(8,1,1,8,1,1542483201,'2018-03-19 01:39:34',''),(9,1,1,1,1,3168455254,'2018-03-19 11:16:59',''),(10,1,1,9,2,3168455254,'2018-03-19 11:17:24',''),(11,1,1,1,1,3168455254,'2018-03-19 16:34:06',''),(12,1,1,10,1,1542483201,'2018-03-20 01:41:21',''),(13,1,1,11,2,1542483201,'2018-03-20 01:41:49',''),(14,1,1,12,1,712157596,'2018-03-20 04:30:13','http://46.37.13.47/plesk-site-preview/wacu.it/46.37.13.47/admin312oororx/index.php?controller=AdminDashboard&token=54b19259b235a81880c0aa59cdef56d4'),(15,1,1,13,1,712157596,'2018-03-20 10:47:33','http://46.37.13.47/plesk-site-preview/wacu.it/46.37.13.47/admin312oororx/index.php?controller=AdminDashboard&token=54b19259b235a81880c0aa59cdef56d4');

#
# Structure for table "_WCprTUAconnections_page"
#

CREATE TABLE `_WCprTUAconnections_page` (
  `id_connections` int(10) unsigned NOT NULL,
  `id_page` int(10) unsigned NOT NULL,
  `time_start` datetime NOT NULL,
  `time_end` datetime DEFAULT NULL,
  PRIMARY KEY (`id_connections`,`id_page`,`time_start`)
) ENGINE=InnoDB DEFAULT CHARSET=utf8;

#
# Data for table "_WCprTUAconnections_page"
#


#
# Structure for table "_WCprTUAconnections_source"
#

CREATE TABLE `_WCprTUAconnections_source` (
  `id_connections_source` int(10) unsigned NOT NULL AUTO_INCREMENT,
  `id_connections` int(10) unsigned NOT NULL,
  `http_referer` varchar(255) DEFAULT NULL,
  `request_uri` varchar(255) DEFAULT NULL,
  `keywords` varchar(255) DEFAULT NULL,
  `date_add` datetime NOT NULL,
  PRIMARY KEY (`id_connections_source`),
  KEY `connections` (`id_connections`),
  KEY `orderby` (`date_add`),
  KEY `http_referer` (`http_referer`),
  KEY `request_uri` (`request_uri`)
) ENGINE=InnoDB AUTO_INCREMENT=9 DEFAULT CHARSET=utf8;

#
# Data for table "_WCprTUAconnections_source"
#

INSERT INTO `_WCprTUAconnections_source` VALUES (1,2,'http://46.37.13.47/plesk-site-preview/wacu.it/46.37.13.47/','wacu.it/home/9-buste-salvaspazio-sottovuoto-business-man.html?content_only=1','','2018-03-16 18:48:34'),(2,2,'http://46.37.13.47/plesk-site-preview/wacu.it/46.37.13.47/home/9-buste-salvaspazio-sottovuoto-business-man.html?content_only=1','wacu.it/ordine?ipa=9','','2018-03-16 18:48:41'),(3,2,'http://46.37.13.47/plesk-site-preview/wacu.it/46.37.13.47/','wacu.it/home/9-buste-salvaspazio-sottovuoto-business-man.html?content_only=1','','2018-03-16 18:48:49'),(4,2,'http://46.37.13.47/plesk-site-preview/wacu.it/46.37.13.47/home/9-buste-salvaspazio-sottovuoto-business-man.html?content_only=1','wacu.it/home/9-buste-salvaspazio-sottovuoto-business-man.html','','2018-03-16 18:49:03'),(5,14,'http://46.37.13.47/plesk-site-preview/wacu.it/46.37.13.47/admin312oororx/index.php?controller=AdminDashboard&token=54b19259b235a81880c0aa59cdef56d4','wacu.it/it/?live_configurator_token=27170ca86d983e7ae47057c51260a858&id_employee=2&id_shop=1','','2018-03-20 04:30:13'),(6,11,'http://46.37.13.47/plesk-site-preview/wacu.it/46.37.13.47/admin312oororx/index.php?controller=AdminDashboard&token=a20a8a476a8239a5868c34889624b445','wacu.it/it/?live_configurator_token=99a2b8f6e817e5dd81b0f5535195cce5&id_employee=1&id_shop=1','','2018-03-20 10:08:32'),(7,15,'http://46.37.13.47/plesk-site-preview/wacu.it/46.37.13.47/admin312oororx/index.php?controller=AdminDashboard&token=54b19259b235a81880c0aa59cdef56d4','wacu.it/it/?live_configurator_token=27170ca86d983e7ae47057c51260a858&id_employee=2&id_shop=1','','2018-03-20 10:47:33'),(8,15,'http://46.37.13.47/plesk-site-preview/wacu.it/46.37.13.47/admin312oororx/index.php?controller=AdminThemes&action=importtheme&token=26676520ce0b5ae8b2e985f31c40f5c2','wacu.it/it/?live_configurator_token=27170ca86d983e7ae47057c51260a858&id_employee=2&id_shop=1','','2018-03-20 11:39:59');

#
# Structure for table "_WCprTUAcontact"
#

CREATE TABLE `_WCprTUAcontact` (
  `id_contact` int(10) unsigned NOT NULL AUTO_INCREMENT,
  `email` varchar(128) NOT NULL,
  `customer_service` tinyint(1) NOT NULL DEFAULT '0',
  `position` tinyint(2) unsigned NOT NULL DEFAULT '0',
  PRIMARY KEY (`id_contact`)
) ENGINE=InnoDB AUTO_INCREMENT=3 DEFAULT CHARSET=utf8;

#
# Data for table "_WCprTUAcontact"
#

INSERT INTO `_WCprTUAcontact` VALUES (1,'info@wacu.it',1,0),(2,'info@wacu.it',1,0);

#
# Structure for table "_WCprTUAcontact_lang"
#

CREATE TABLE `_WCprTUAcontact_lang` (
  `id_contact` int(10) unsigned NOT NULL,
  `id_lang` int(10) unsigned NOT NULL,
  `name` varchar(32) NOT NULL,
  `description` text,
  PRIMARY KEY (`id_contact`,`id_lang`)
) ENGINE=InnoDB DEFAULT CHARSET=utf8;

#
# Data for table "_WCprTUAcontact_lang"
#

INSERT INTO `_WCprTUAcontact_lang` VALUES (1,1,'Diventa partner','Vuoi diventare un rivenditore Wacù?'),(1,2,'Become a retailer','Write to us if you want to become a retailer'),(1,3,'Webmaster','Se si verifica un problema tecnico su questo sito web'),(1,4,'Webmaster','Se si verifica un problema tecnico su questo sito web'),(1,5,'Webmaster','Se si verifica un problema tecnico su questo sito web'),(1,6,'Webmaster','Se si verifica un problema tecnico su questo sito web'),(1,7,'Webmaster','Se si verifica un problema tecnico su questo sito web'),(1,8,'Webmaster','Se si verifica un problema tecnico su questo sito web'),(2,1,'Servizio clienti','Per qualsiasi domanda su un prodotto, un ordine'),(2,2,'Customer service','Ask everything you need'),(2,3,'Servizio clienti','Per qualsiasi domanda su un prodotto, un ordine'),(2,4,'Servizio clienti','Per qualsiasi domanda su un prodotto, un ordine'),(2,5,'Servizio clienti','Per qualsiasi domanda su un prodotto, un ordine'),(2,6,'Servizio clienti','Per qualsiasi domanda su un prodotto, un ordine'),(2,7,'Servizio clienti','Per qualsiasi domanda su un prodotto, un ordine'),(2,8,'Servizio clienti','Per qualsiasi domanda su un prodotto, un ordine');

#
# Structure for table "_WCprTUAcontact_shop"
#

CREATE TABLE `_WCprTUAcontact_shop` (
  `id_contact` int(11) unsigned NOT NULL,
  `id_shop` int(11) unsigned NOT NULL,
  PRIMARY KEY (`id_contact`,`id_shop`),
  KEY `id_shop` (`id_shop`)
) ENGINE=InnoDB DEFAULT CHARSET=utf8;

#
# Data for table "_WCprTUAcontact_shop"
#

INSERT INTO `_WCprTUAcontact_shop` VALUES (1,1),(2,1);

#
# Structure for table "_WCprTUAcountry"
#

CREATE TABLE `_WCprTUAcountry` (
  `id_country` int(10) unsigned NOT NULL AUTO_INCREMENT,
  `id_zone` int(10) unsigned NOT NULL,
  `id_currency` int(10) unsigned NOT NULL DEFAULT '0',
  `iso_code` varchar(3) NOT NULL,
  `call_prefix` int(10) NOT NULL DEFAULT '0',
  `active` tinyint(1) unsigned NOT NULL DEFAULT '0',
  `contains_states` tinyint(1) NOT NULL DEFAULT '0',
  `need_identification_number` tinyint(1) NOT NULL DEFAULT '0',
  `need_zip_code` tinyint(1) NOT NULL DEFAULT '1',
  `zip_code_format` varchar(12) NOT NULL DEFAULT '',
  `display_tax_label` tinyint(1) NOT NULL,
  PRIMARY KEY (`id_country`),
  KEY `country_iso_code` (`iso_code`),
  KEY `country_` (`id_zone`)
) ENGINE=InnoDB AUTO_INCREMENT=245 DEFAULT CHARSET=utf8;

#
# Data for table "_WCprTUAcountry"
#

INSERT INTO `_WCprTUAcountry` VALUES (1,1,0,'DE',49,1,0,0,1,'NNNNN',1),(2,1,0,'AT',43,1,0,0,1,'NNNN',1),(3,1,0,'BE',32,1,0,0,1,'NNNN',1),(4,2,0,'CA',1,1,1,0,1,'LNL NLN',0),(5,3,0,'CN',86,1,0,0,1,'NNNNNN',1),(6,1,0,'ES',34,1,0,1,1,'NNNNN',1),(7,1,0,'FI',358,1,0,0,1,'NNNNN',1),(8,1,0,'FR',33,1,0,0,1,'NNNNN',1),(9,1,0,'GR',30,1,0,0,1,'NNNNN',1),(10,10,0,'IT',39,1,1,0,1,'NNNNN',0),(11,3,0,'JP',81,1,1,0,1,'NNN-NNNN',1),(12,1,0,'LU',352,1,0,0,1,'NNNN',1),(13,1,0,'NL',31,1,0,0,1,'NNNN LL',1),(14,1,0,'PL',48,1,0,0,1,'NN-NNN',1),(15,1,0,'PT',351,1,0,0,1,'NNNN-NNN',1),(16,1,0,'CZ',420,1,0,0,1,'NNN NN',1),(17,1,0,'GB',44,1,0,0,1,'',1),(18,1,0,'SE',46,1,0,0,1,'NNN NN',1),(19,7,0,'CH',41,1,0,0,1,'NNNN',1),(20,1,0,'DK',45,1,0,0,1,'NNNN',1),(21,2,0,'US',1,1,1,0,1,'NNNNN',0),(22,3,2,'HK',852,1,0,0,0,'',1),(23,7,0,'NO',47,1,0,0,1,'NNNN',1),(24,5,0,'AU',61,1,0,0,1,'NNNN',1),(25,3,0,'SG',65,1,0,0,1,'NNNNNN',1),(26,1,0,'IE',353,1,0,0,0,'',1),(27,5,0,'NZ',64,1,0,0,1,'NNNN',1),(28,3,0,'KR',82,1,0,0,1,'NNNNN',1),(29,3,0,'IL',972,1,0,0,1,'NNNNNNN',1),(30,4,0,'ZA',27,1,0,0,1,'NNNN',1),(31,4,0,'NG',234,1,0,0,1,'',1),(32,4,0,'CI',225,1,0,0,1,'',1),(33,4,0,'TG',228,1,0,0,1,'',1),(34,6,0,'BO',591,1,0,0,1,'',1),(35,4,0,'MU',230,1,0,0,1,'',1),(36,1,0,'RO',40,1,0,0,1,'NNNNNN',1),(37,1,0,'SK',421,1,0,0,1,'NNN NN',1),(38,4,0,'DZ',213,1,0,0,1,'NNNNN',1),(39,2,0,'AS',0,1,0,0,1,'',1),(40,7,0,'AD',376,1,0,0,1,'CNNN',1),(41,4,0,'AO',244,1,0,0,0,'',1),(42,8,0,'AI',0,1,0,0,1,'',1),(43,2,0,'AG',0,1,0,0,1,'',1),(44,6,0,'AR',54,1,1,0,1,'LNNNNLLL',1),(45,3,0,'AM',374,1,0,0,1,'NNNN',1),(46,8,0,'AW',297,1,0,0,1,'',1),(47,3,0,'AZ',994,1,0,0,1,'CNNNN',1),(48,2,0,'BS',0,1,0,0,1,'',1),(49,3,0,'BH',973,1,0,0,1,'',1),(50,3,0,'BD',880,1,0,0,1,'NNNN',1),(51,2,0,'BB',0,1,0,0,1,'CNNNNN',1),(52,7,0,'BY',0,1,0,0,1,'NNNNNN',1),(53,8,0,'BZ',501,1,0,0,0,'',1),(54,4,0,'BJ',229,1,0,0,0,'',1),(55,2,0,'BM',0,1,0,0,1,'',1),(56,3,0,'BT',975,1,0,0,1,'',1),(57,4,0,'BW',267,1,0,0,1,'',1),(58,6,0,'BR',55,1,0,0,1,'NNNNN-NNN',1),(59,3,0,'BN',673,1,0,0,1,'LLNNNN',1),(60,4,0,'BF',226,1,0,0,1,'',1),(61,3,0,'MM',95,1,0,0,1,'',1),(62,4,0,'BI',257,1,0,0,1,'',1),(63,3,0,'KH',855,1,0,0,1,'NNNNN',1),(64,4,0,'CM',237,1,0,0,1,'',1),(65,4,0,'CV',238,1,0,0,1,'NNNN',1),(66,4,0,'CF',236,1,0,0,1,'',1),(67,4,0,'TD',235,1,0,0,1,'',1),(68,6,0,'CL',56,1,0,0,1,'NNN-NNNN',1),(69,6,0,'CO',57,1,0,0,1,'NNNNNN',1),(70,4,0,'KM',269,1,0,0,1,'',1),(71,4,0,'CD',242,1,0,0,1,'',1),(72,4,0,'CG',243,1,0,0,1,'',1),(73,8,0,'CR',506,1,0,0,1,'NNNNN',1),(74,7,0,'HR',385,1,0,0,1,'NNNNN',1),(75,8,0,'CU',53,1,0,0,1,'',1),(76,1,0,'CY',357,1,0,0,1,'NNNN',1),(77,4,0,'DJ',253,1,0,0,1,'',1),(78,8,0,'DM',0,1,0,0,1,'',1),(79,8,0,'DO',0,1,0,0,1,'',1),(80,3,0,'TL',670,1,0,0,1,'',1),(81,6,0,'EC',593,1,0,0,1,'CNNNNNN',1),(82,4,0,'EG',20,1,0,0,1,'NNNNN',1),(83,8,0,'SV',503,1,0,0,1,'',1),(84,4,0,'GQ',240,1,0,0,1,'',1),(85,4,0,'ER',291,1,0,0,1,'',1),(86,1,0,'EE',372,1,0,0,1,'NNNNN',1),(87,4,0,'ET',251,1,0,0,1,'',1),(88,8,0,'FK',0,1,0,0,1,'LLLL NLL',1),(89,7,0,'FO',298,1,0,0,1,'',1),(90,5,0,'FJ',679,1,0,0,1,'',1),(91,4,0,'GA',241,1,0,0,1,'',1),(92,4,0,'GM',220,1,0,0,1,'',1),(93,3,0,'GE',995,1,0,0,1,'NNNN',1),(94,4,0,'GH',233,1,0,0,1,'',1),(95,8,0,'GD',0,1,0,0,1,'',1),(96,7,0,'GL',299,1,0,0,1,'',1),(97,7,0,'GI',350,1,0,0,1,'',1),(98,8,0,'GP',590,1,0,0,1,'',1),(99,5,0,'GU',0,1,0,0,1,'',1),(100,8,0,'GT',502,1,0,0,1,'',1),(101,7,0,'GG',0,1,0,0,1,'LLN NLL',1),(102,4,0,'GN',224,1,0,0,1,'',1),(103,4,0,'GW',245,1,0,0,1,'',1),(104,6,0,'GY',592,1,0,0,1,'',1),(105,8,0,'HT',509,1,0,0,1,'',1),(106,5,0,'HM',0,1,0,0,1,'',1),(107,7,0,'VA',379,1,0,0,1,'NNNNN',1),(108,8,0,'HN',504,1,0,0,1,'',1),(109,7,0,'IS',354,1,0,0,1,'NNN',1),(110,3,0,'IN',91,1,0,0,1,'NNN NNN',1),(111,3,0,'ID',62,1,1,0,1,'NNNNN',1),(112,3,0,'IR',98,1,0,0,1,'NNNNN-NNNNN',1),(113,3,0,'IQ',964,1,0,0,1,'NNNNN',1),(114,7,0,'IM',0,1,0,0,1,'CN NLL',1),(115,8,0,'JM',0,1,0,0,1,'',1),(116,7,0,'JE',0,1,0,0,1,'CN NLL',1),(117,3,0,'JO',962,1,0,0,1,'',1),(118,3,0,'KZ',7,1,0,0,1,'NNNNNN',1),(119,4,0,'KE',254,1,0,0,1,'',1),(120,5,0,'KI',686,1,0,0,1,'',1),(121,3,0,'KP',850,1,0,0,1,'',1),(122,3,0,'KW',965,1,0,0,1,'',1),(123,3,0,'KG',996,1,0,0,1,'',1),(124,3,0,'LA',856,1,0,0,1,'',1),(125,1,0,'LV',371,1,0,0,1,'C-NNNN',1),(126,3,0,'LB',961,1,0,0,1,'',1),(127,4,0,'LS',266,1,0,0,1,'',1),(128,4,0,'LR',231,1,0,0,1,'',1),(129,4,0,'LY',218,1,0,0,1,'',1),(130,1,0,'LI',423,1,0,0,1,'NNNN',1),(131,1,0,'LT',370,1,0,0,1,'NNNNN',1),(132,3,0,'MO',853,1,0,0,0,'',1),(133,7,0,'MK',389,1,0,0,1,'',1),(134,4,0,'MG',261,1,0,0,1,'',1),(135,4,0,'MW',265,1,0,0,1,'',1),(136,3,0,'MY',60,1,0,0,1,'NNNNN',1),(137,3,0,'MV',960,1,0,0,1,'',1),(138,4,0,'ML',223,1,0,0,1,'',1),(139,1,0,'MT',356,1,0,0,1,'LLL NNNN',1),(140,5,0,'MH',692,1,0,0,1,'',1),(141,8,0,'MQ',596,1,0,0,1,'',1),(142,4,0,'MR',222,1,0,0,1,'',1),(143,1,0,'HU',36,1,0,0,1,'NNNN',1),(144,4,0,'YT',262,1,0,0,1,'',1),(145,2,0,'MX',52,1,1,1,1,'NNNNN',1),(146,5,0,'FM',691,1,0,0,1,'',1),(147,7,0,'MD',373,1,0,0,1,'C-NNNN',1),(148,7,0,'MC',377,1,0,0,1,'980NN',1),(149,3,0,'MN',976,1,0,0,1,'',1),(150,7,0,'ME',382,1,0,0,1,'NNNNN',1),(151,8,0,'MS',0,1,0,0,1,'',1),(152,4,0,'MA',212,1,0,0,1,'NNNNN',1),(153,4,0,'MZ',258,1,0,0,1,'',1),(154,4,0,'NA',264,1,0,0,1,'',1),(155,5,0,'NR',674,1,0,0,1,'',1),(156,3,0,'NP',977,1,0,0,1,'',1),(157,8,0,'AN',599,1,0,0,1,'',1),(158,5,0,'NC',687,1,0,0,1,'',1),(159,8,0,'NI',505,1,0,0,1,'NNNNNN',1),(160,4,0,'NE',227,1,0,0,1,'',1),(161,5,0,'NU',683,1,0,0,1,'',1),(162,5,0,'NF',0,1,0,0,1,'',1),(163,5,0,'MP',0,1,0,0,1,'',1),(164,3,0,'OM',968,1,0,0,1,'',1),(165,3,0,'PK',92,1,0,0,1,'',1),(166,5,0,'PW',680,1,0,0,1,'',1),(167,3,0,'PS',0,1,0,0,1,'',1),(168,8,0,'PA',507,1,0,0,1,'NNNNNN',1),(169,5,0,'PG',675,1,0,0,1,'',1),(170,6,0,'PY',595,1,0,0,1,'',1),(171,6,0,'PE',51,1,0,0,1,'',1),(172,3,0,'PH',63,1,0,0,1,'NNNN',1),(173,5,0,'PN',0,1,0,0,1,'LLLL NLL',1),(174,8,0,'PR',0,1,0,0,1,'NNNNN',1),(175,3,0,'QA',974,1,0,0,1,'',1),(176,4,0,'RE',262,1,0,0,1,'',1),(177,7,0,'RU',7,1,0,0,1,'NNNNNN',1),(178,4,0,'RW',250,1,0,0,1,'',1),(179,8,0,'BL',0,1,0,0,1,'',1),(180,8,0,'KN',0,1,0,0,1,'',1),(181,8,0,'LC',0,1,0,0,1,'',1),(182,8,0,'MF',0,1,0,0,1,'',1),(183,8,0,'PM',508,1,0,0,1,'',1),(184,8,0,'VC',0,1,0,0,1,'',1),(185,5,0,'WS',685,1,0,0,1,'',1),(186,7,0,'SM',378,1,0,0,1,'NNNNN',1),(187,4,0,'ST',239,1,0,0,1,'',1),(188,3,0,'SA',966,1,0,0,1,'',1),(189,4,0,'SN',221,1,0,0,1,'',1),(190,7,0,'RS',381,1,0,0,1,'NNNNN',1),(191,4,0,'SC',248,1,0,0,1,'',1),(192,4,0,'SL',232,1,0,0,1,'',1),(193,1,0,'SI',386,1,0,0,1,'C-NNNN',1),(194,5,0,'SB',677,1,0,0,1,'',1),(195,4,0,'SO',252,1,0,0,1,'',1),(196,8,0,'GS',0,1,0,0,1,'LLLL NLL',1),(197,3,0,'LK',94,1,0,0,1,'NNNNN',1),(198,4,0,'SD',249,1,0,0,1,'',1),(199,8,0,'SR',597,1,0,0,1,'',1),(200,7,0,'SJ',0,1,0,0,1,'',1),(201,4,0,'SZ',268,1,0,0,1,'',1),(202,3,0,'SY',963,1,0,0,1,'',1),(203,3,0,'TW',886,1,0,0,1,'NNNNN',1),(204,3,0,'TJ',992,1,0,0,1,'',1),(205,4,0,'TZ',255,1,0,0,1,'',1),(206,3,0,'TH',66,1,0,0,1,'NNNNN',1),(207,5,0,'TK',690,1,0,0,1,'',1),(208,5,0,'TO',676,1,0,0,1,'',1),(209,6,0,'TT',0,1,0,0,1,'',1),(210,4,0,'TN',216,1,0,0,1,'',1),(211,7,0,'TR',90,1,0,0,1,'NNNNN',1),(212,3,0,'TM',993,1,0,0,1,'',1),(213,8,0,'TC',0,1,0,0,1,'LLLL NLL',1),(214,5,0,'TV',688,1,0,0,1,'',1),(215,4,0,'UG',256,1,0,0,1,'',1),(216,1,0,'UA',380,1,0,0,1,'NNNNN',1),(217,3,0,'AE',971,1,0,0,1,'',1),(218,6,0,'UY',598,1,0,0,1,'',1),(219,3,0,'UZ',998,1,0,0,1,'',1),(220,5,0,'VU',678,1,0,0,1,'',1),(221,6,0,'VE',58,1,0,0,1,'',1),(222,3,0,'VN',84,1,0,0,1,'NNNNNN',1),(223,2,0,'VG',0,1,0,0,1,'CNNNN',1),(224,2,0,'VI',0,1,0,0,1,'',1),(225,5,0,'WF',681,1,0,0,1,'',1),(226,4,0,'EH',0,1,0,0,1,'',1),(227,3,0,'YE',967,1,0,0,1,'',1),(228,4,0,'ZM',260,1,0,0,1,'',1),(229,4,0,'ZW',263,1,0,0,1,'',1),(230,7,0,'AL',355,1,0,0,1,'NNNN',1),(231,3,0,'AF',93,1,0,0,1,'NNNN',1),(232,5,0,'AQ',0,1,0,0,1,'',1),(233,1,0,'BA',387,1,0,0,1,'',1),(234,5,0,'BV',0,1,0,0,1,'',1),(235,5,0,'IO',0,1,0,0,1,'LLLL NLL',1),(236,1,0,'BG',359,1,0,0,1,'NNNN',1),(237,8,0,'KY',0,1,0,0,1,'',1),(238,3,0,'CX',0,1,0,0,1,'',1),(239,3,0,'CC',0,1,0,0,1,'',1),(240,5,0,'CK',682,1,0,0,1,'',1),(241,6,0,'GF',594,1,0,0,1,'',1),(242,5,0,'PF',689,1,0,0,1,'',1),(243,5,0,'TF',0,1,0,0,1,'',1),(244,7,0,'AX',0,1,0,0,1,'NNNNN',1);

#
# Structure for table "_WCprTUAcountry_lang"
#

CREATE TABLE `_WCprTUAcountry_lang` (
  `id_country` int(10) unsigned NOT NULL,
  `id_lang` int(10) unsigned NOT NULL,
  `name` varchar(64) NOT NULL,
  PRIMARY KEY (`id_country`,`id_lang`)
) ENGINE=InnoDB DEFAULT CHARSET=utf8;

#
# Data for table "_WCprTUAcountry_lang"
#

INSERT INTO `_WCprTUAcountry_lang` VALUES (1,1,'Germania'),(1,2,'Germania'),(1,3,'Germania'),(1,4,'Germania'),(1,5,'Germania'),(1,6,'Germania'),(1,7,'Germania'),(1,8,'Germania'),(2,1,'Austria'),(2,2,'Austria'),(2,3,'Austria'),(2,4,'Austria'),(2,5,'Austria'),(2,6,'Austria'),(2,7,'Austria'),(2,8,'Austria'),(3,1,'Belgio'),(3,2,'Belgio'),(3,3,'Belgio'),(3,4,'Belgio'),(3,5,'Belgio'),(3,6,'Belgio'),(3,7,'Belgio'),(3,8,'Belgio'),(4,1,'Canada'),(4,2,'Canada'),(4,3,'Canada'),(4,4,'Canada'),(4,5,'Canada'),(4,6,'Canada'),(4,7,'Canada'),(4,8,'Canada'),(5,1,'Cina'),(5,2,'Cina'),(5,3,'Cina'),(5,4,'Cina'),(5,5,'Cina'),(5,6,'Cina'),(5,7,'Cina'),(5,8,'Cina'),(6,1,'Spagna'),(6,2,'Spagna'),(6,3,'Spagna'),(6,4,'Spagna'),(6,5,'Spagna'),(6,6,'Spagna'),(6,7,'Spagna'),(6,8,'Spagna'),(7,1,'Finlandia'),(7,2,'Finlandia'),(7,3,'Finlandia'),(7,4,'Finlandia'),(7,5,'Finlandia'),(7,6,'Finlandia'),(7,7,'Finlandia'),(7,8,'Finlandia'),(8,1,'Francia'),(8,2,'Francia'),(8,3,'Francia'),(8,4,'Francia'),(8,5,'Francia'),(8,6,'Francia'),(8,7,'Francia'),(8,8,'Francia'),(9,1,'Grecia'),(9,2,'Grecia'),(9,3,'Grecia'),(9,4,'Grecia'),(9,5,'Grecia'),(9,6,'Grecia'),(9,7,'Grecia'),(9,8,'Grecia'),(10,1,'Italia'),(10,2,'Italia'),(10,3,'Italia'),(10,4,'Italia'),(10,5,'Italia'),(10,6,'Italia'),(10,7,'Italia'),(10,8,'Italia'),(11,1,'Giappone'),(11,2,'Giappone'),(11,3,'Giappone'),(11,4,'Giappone'),(11,5,'Giappone'),(11,6,'Giappone'),(11,7,'Giappone'),(11,8,'Giappone'),(12,1,'Lussemburgo'),(12,2,'Lussemburgo'),(12,3,'Lussemburgo'),(12,4,'Lussemburgo'),(12,5,'Lussemburgo'),(12,6,'Lussemburgo'),(12,7,'Lussemburgo'),(12,8,'Lussemburgo'),(13,1,'Paesi Bassi'),(13,2,'Paesi Bassi'),(13,3,'Paesi Bassi'),(13,4,'Paesi Bassi'),(13,5,'Paesi Bassi'),(13,6,'Paesi Bassi'),(13,7,'Paesi Bassi'),(13,8,'Paesi Bassi'),(14,1,'Polonia'),(14,2,'Polonia'),(14,3,'Polonia'),(14,4,'Polonia'),(14,5,'Polonia'),(14,6,'Polonia'),(14,7,'Polonia'),(14,8,'Polonia'),(15,1,'Portogallo'),(15,2,'Portogallo'),(15,3,'Portogallo'),(15,4,'Portogallo'),(15,5,'Portogallo'),(15,6,'Portogallo'),(15,7,'Portogallo'),(15,8,'Portogallo'),(16,1,'Repubblica Ceca'),(16,2,'Repubblica Ceca'),(16,3,'Repubblica Ceca'),(16,4,'Repubblica Ceca'),(16,5,'Repubblica Ceca'),(16,6,'Repubblica Ceca'),(16,7,'Repubblica Ceca'),(16,8,'Repubblica Ceca'),(17,1,'Regno Unito'),(17,2,'Regno Unito'),(17,3,'Regno Unito'),(17,4,'Regno Unito'),(17,5,'Regno Unito'),(17,6,'Regno Unito'),(17,7,'Regno Unito'),(17,8,'Regno Unito'),(18,1,'Svezia'),(18,2,'Svezia'),(18,3,'Svezia'),(18,4,'Svezia'),(18,5,'Svezia'),(18,6,'Svezia'),(18,7,'Svezia'),(18,8,'Svezia'),(19,1,'Svizzera'),(19,2,'Svizzera'),(19,3,'Svizzera'),(19,4,'Svizzera'),(19,5,'Svizzera'),(19,6,'Svizzera'),(19,7,'Svizzera'),(19,8,'Svizzera'),(20,1,'Danimarca'),(20,2,'Danimarca'),(20,3,'Danimarca'),(20,4,'Danimarca'),(20,5,'Danimarca'),(20,6,'Danimarca'),(20,7,'Danimarca'),(20,8,'Danimarca'),(21,1,'Stati Uniti'),(21,2,'Stati Uniti'),(21,3,'Stati Uniti'),(21,4,'Stati Uniti'),(21,5,'Stati Uniti'),(21,6,'Stati Uniti'),(21,7,'Stati Uniti'),(21,8,'Stati Uniti'),(22,1,'Hong Kong'),(22,2,'Hong Kong'),(22,3,'Hong Kong'),(22,4,'Hong Kong'),(22,5,'Hong Kong'),(22,6,'Hong Kong'),(22,7,'Hong Kong'),(22,8,'Hong Kong'),(23,1,'Norvegia'),(23,2,'Norvegia'),(23,3,'Norvegia'),(23,4,'Norvegia'),(23,5,'Norvegia'),(23,6,'Norvegia'),(23,7,'Norvegia'),(23,8,'Norvegia'),(24,1,'Australia'),(24,2,'Australia'),(24,3,'Australia'),(24,4,'Australia'),(24,5,'Australia'),(24,6,'Australia'),(24,7,'Australia'),(24,8,'Australia'),(25,1,'Singapore'),(25,2,'Singapore'),(25,3,'Singapore'),(25,4,'Singapore'),(25,5,'Singapore'),(25,6,'Singapore'),(25,7,'Singapore'),(25,8,'Singapore'),(26,1,'Irlanda'),(26,2,'Irlanda'),(26,3,'Irlanda'),(26,4,'Irlanda'),(26,5,'Irlanda'),(26,6,'Irlanda'),(26,7,'Irlanda'),(26,8,'Irlanda'),(27,1,'Nuova Zelanda'),(27,2,'Nuova Zelanda'),(27,3,'Nuova Zelanda'),(27,4,'Nuova Zelanda'),(27,5,'Nuova Zelanda'),(27,6,'Nuova Zelanda'),(27,7,'Nuova Zelanda'),(27,8,'Nuova Zelanda'),(28,1,'Corea del Sud'),(28,2,'Corea del Sud'),(28,3,'Corea del Sud'),(28,4,'Corea del Sud'),(28,5,'Corea del Sud'),(28,6,'Corea del Sud'),(28,7,'Corea del Sud'),(28,8,'Corea del Sud'),(29,1,'Israele'),(29,2,'Israele'),(29,3,'Israele'),(29,4,'Israele'),(29,5,'Israele'),(29,6,'Israele'),(29,7,'Israele'),(29,8,'Israele'),(30,1,'Sudafrica'),(30,2,'Sudafrica'),(30,3,'Sudafrica'),(30,4,'Sudafrica'),(30,5,'Sudafrica'),(30,6,'Sudafrica'),(30,7,'Sudafrica'),(30,8,'Sudafrica'),(31,1,'Nigeria'),(31,2,'Nigeria'),(31,3,'Nigeria'),(31,4,'Nigeria'),(31,5,'Nigeria'),(31,6,'Nigeria'),(31,7,'Nigeria'),(31,8,'Nigeria'),(32,1,'Costa d\'Avorio'),(32,2,'Costa d\'Avorio'),(32,3,'Costa d\'Avorio'),(32,4,'Costa d\'Avorio'),(32,5,'Costa d\'Avorio'),(32,6,'Costa d\'Avorio'),(32,7,'Costa d\'Avorio'),(32,8,'Costa d\'Avorio'),(33,1,'Togo'),(33,2,'Togo'),(33,3,'Togo'),(33,4,'Togo'),(33,5,'Togo'),(33,6,'Togo'),(33,7,'Togo'),(33,8,'Togo'),(34,1,'Bolivia'),(34,2,'Bolivia'),(34,3,'Bolivia'),(34,4,'Bolivia'),(34,5,'Bolivia'),(34,6,'Bolivia'),(34,7,'Bolivia'),(34,8,'Bolivia'),(35,1,'Mauritius'),(35,2,'Mauritius'),(35,3,'Mauritius'),(35,4,'Mauritius'),(35,5,'Mauritius'),(35,6,'Mauritius'),(35,7,'Mauritius'),(35,8,'Mauritius'),(36,1,'Romania'),(36,2,'Romania'),(36,3,'Romania'),(36,4,'Romania'),(36,5,'Romania'),(36,6,'Romania'),(36,7,'Romania'),(36,8,'Romania'),(37,1,'Slovacchia'),(37,2,'Slovacchia'),(37,3,'Slovacchia'),(37,4,'Slovacchia'),(37,5,'Slovacchia'),(37,6,'Slovacchia'),(37,7,'Slovacchia'),(37,8,'Slovacchia'),(38,1,'Algeria'),(38,2,'Algeria'),(38,3,'Algeria'),(38,4,'Algeria'),(38,5,'Algeria'),(38,6,'Algeria'),(38,7,'Algeria'),(38,8,'Algeria'),(39,1,'Samoa Americane'),(39,2,'Samoa Americane'),(39,3,'Samoa Americane'),(39,4,'Samoa Americane'),(39,5,'Samoa Americane'),(39,6,'Samoa Americane'),(39,7,'Samoa Americane'),(39,8,'Samoa Americane'),(40,1,'Andorra'),(40,2,'Andorra'),(40,3,'Andorra'),(40,4,'Andorra'),(40,5,'Andorra'),(40,6,'Andorra'),(40,7,'Andorra'),(40,8,'Andorra'),(41,1,'Angola'),(41,2,'Angola'),(41,3,'Angola'),(41,4,'Angola'),(41,5,'Angola'),(41,6,'Angola'),(41,7,'Angola'),(41,8,'Angola'),(42,1,'Anguilla'),(42,2,'Anguilla'),(42,3,'Anguilla'),(42,4,'Anguilla'),(42,5,'Anguilla'),(42,6,'Anguilla'),(42,7,'Anguilla'),(42,8,'Anguilla'),(43,1,'Antigua e Barbuda'),(43,2,'Antigua e Barbuda'),(43,3,'Antigua e Barbuda'),(43,4,'Antigua e Barbuda'),(43,5,'Antigua e Barbuda'),(43,6,'Antigua e Barbuda'),(43,7,'Antigua e Barbuda'),(43,8,'Antigua e Barbuda'),(44,1,'Argentina'),(44,2,'Argentina'),(44,3,'Argentina'),(44,4,'Argentina'),(44,5,'Argentina'),(44,6,'Argentina'),(44,7,'Argentina'),(44,8,'Argentina'),(45,1,'Armenia'),(45,2,'Armenia'),(45,3,'Armenia'),(45,4,'Armenia'),(45,5,'Armenia'),(45,6,'Armenia'),(45,7,'Armenia'),(45,8,'Armenia'),(46,1,'Aruba'),(46,2,'Aruba'),(46,3,'Aruba'),(46,4,'Aruba'),(46,5,'Aruba'),(46,6,'Aruba'),(46,7,'Aruba'),(46,8,'Aruba'),(47,1,'Azerbaijan'),(47,2,'Azerbaijan'),(47,3,'Azerbaijan'),(47,4,'Azerbaijan'),(47,5,'Azerbaijan'),(47,6,'Azerbaijan'),(47,7,'Azerbaijan'),(47,8,'Azerbaijan'),(48,1,'Bahamas'),(48,2,'Bahamas'),(48,3,'Bahamas'),(48,4,'Bahamas'),(48,5,'Bahamas'),(48,6,'Bahamas'),(48,7,'Bahamas'),(48,8,'Bahamas'),(49,1,'Bahrein'),(49,2,'Bahrein'),(49,3,'Bahrein'),(49,4,'Bahrein'),(49,5,'Bahrein'),(49,6,'Bahrein'),(49,7,'Bahrein'),(49,8,'Bahrein'),(50,1,'Bangladesh'),(50,2,'Bangladesh'),(50,3,'Bangladesh'),(50,4,'Bangladesh'),(50,5,'Bangladesh'),(50,6,'Bangladesh'),(50,7,'Bangladesh'),(50,8,'Bangladesh'),(51,1,'Barbados'),(51,2,'Barbados'),(51,3,'Barbados'),(51,4,'Barbados'),(51,5,'Barbados'),(51,6,'Barbados'),(51,7,'Barbados'),(51,8,'Barbados'),(52,1,'Bielorussia'),(52,2,'Bielorussia'),(52,3,'Bielorussia'),(52,4,'Bielorussia'),(52,5,'Bielorussia'),(52,6,'Bielorussia'),(52,7,'Bielorussia'),(52,8,'Bielorussia'),(53,1,'Belize'),(53,2,'Belize'),(53,3,'Belize'),(53,4,'Belize'),(53,5,'Belize'),(53,6,'Belize'),(53,7,'Belize'),(53,8,'Belize'),(54,1,'Benin'),(54,2,'Benin'),(54,3,'Benin'),(54,4,'Benin'),(54,5,'Benin'),(54,6,'Benin'),(54,7,'Benin'),(54,8,'Benin'),(55,1,'Bermuda'),(55,2,'Bermuda'),(55,3,'Bermuda'),(55,4,'Bermuda'),(55,5,'Bermuda'),(55,6,'Bermuda'),(55,7,'Bermuda'),(55,8,'Bermuda'),(56,1,'Bhutan'),(56,2,'Bhutan'),(56,3,'Bhutan'),(56,4,'Bhutan'),(56,5,'Bhutan'),(56,6,'Bhutan'),(56,7,'Bhutan'),(56,8,'Bhutan'),(57,1,'Botswana'),(57,2,'Botswana'),(57,3,'Botswana'),(57,4,'Botswana'),(57,5,'Botswana'),(57,6,'Botswana'),(57,7,'Botswana'),(57,8,'Botswana'),(58,1,'Brasile'),(58,2,'Brasile'),(58,3,'Brasile'),(58,4,'Brasile'),(58,5,'Brasile'),(58,6,'Brasile'),(58,7,'Brasile'),(58,8,'Brasile'),(59,1,'Brunei'),(59,2,'Brunei'),(59,3,'Brunei'),(59,4,'Brunei'),(59,5,'Brunei'),(59,6,'Brunei'),(59,7,'Brunei'),(59,8,'Brunei'),(60,1,'Burkina Faso'),(60,2,'Burkina Faso'),(60,3,'Burkina Faso'),(60,4,'Burkina Faso'),(60,5,'Burkina Faso'),(60,6,'Burkina Faso'),(60,7,'Burkina Faso'),(60,8,'Burkina Faso'),(61,1,'Birmania (Myanmar)'),(61,2,'Birmania (Myanmar)'),(61,3,'Birmania (Myanmar)'),(61,4,'Birmania (Myanmar)'),(61,5,'Birmania (Myanmar)'),(61,6,'Birmania (Myanmar)'),(61,7,'Birmania (Myanmar)'),(61,8,'Birmania (Myanmar)'),(62,1,'Burundi'),(62,2,'Burundi'),(62,3,'Burundi'),(62,4,'Burundi'),(62,5,'Burundi'),(62,6,'Burundi'),(62,7,'Burundi'),(62,8,'Burundi'),(63,1,'Cambogia'),(63,2,'Cambogia'),(63,3,'Cambogia'),(63,4,'Cambogia'),(63,5,'Cambogia'),(63,6,'Cambogia'),(63,7,'Cambogia'),(63,8,'Cambogia'),(64,1,'Camerun'),(64,2,'Camerun'),(64,3,'Camerun'),(64,4,'Camerun'),(64,5,'Camerun'),(64,6,'Camerun'),(64,7,'Camerun'),(64,8,'Camerun'),(65,1,'Capo Verde'),(65,2,'Capo Verde'),(65,3,'Capo Verde'),(65,4,'Capo Verde'),(65,5,'Capo Verde'),(65,6,'Capo Verde'),(65,7,'Capo Verde'),(65,8,'Capo Verde'),(66,1,'Repubblica Centrafricana'),(66,2,'Repubblica Centrafricana'),(66,3,'Repubblica Centrafricana'),(66,4,'Repubblica Centrafricana'),(66,5,'Repubblica Centrafricana'),(66,6,'Repubblica Centrafricana'),(66,7,'Repubblica Centrafricana'),(66,8,'Repubblica Centrafricana'),(67,1,'Ciad'),(67,2,'Ciad'),(67,3,'Ciad'),(67,4,'Ciad'),(67,5,'Ciad'),(67,6,'Ciad'),(67,7,'Ciad'),(67,8,'Ciad'),(68,1,'Cile'),(68,2,'Cile'),(68,3,'Cile'),(68,4,'Cile'),(68,5,'Cile'),(68,6,'Cile'),(68,7,'Cile'),(68,8,'Cile'),(69,1,'Colombia'),(69,2,'Colombia'),(69,3,'Colombia'),(69,4,'Colombia'),(69,5,'Colombia'),(69,6,'Colombia'),(69,7,'Colombia'),(69,8,'Colombia'),(70,1,'Comore'),(70,2,'Comore'),(70,3,'Comore'),(70,4,'Comore'),(70,5,'Comore'),(70,6,'Comore'),(70,7,'Comore'),(70,8,'Comore'),(71,1,'Congo, Repubblica Democratica del'),(71,2,'Congo, Repubblica Democratica del'),(71,3,'Congo, Repubblica Democratica del'),(71,4,'Congo, Repubblica Democratica del'),(71,5,'Congo, Repubblica Democratica del'),(71,6,'Congo, Repubblica Democratica del'),(71,7,'Congo, Repubblica Democratica del'),(71,8,'Congo, Repubblica Democratica del'),(72,1,'Congo, Repubblica del'),(72,2,'Congo, Repubblica del'),(72,3,'Congo, Repubblica del'),(72,4,'Congo, Repubblica del'),(72,5,'Congo, Repubblica del'),(72,6,'Congo, Repubblica del'),(72,7,'Congo, Repubblica del'),(72,8,'Congo, Repubblica del'),(73,1,'Costa Rica'),(73,2,'Costa Rica'),(73,3,'Costa Rica'),(73,4,'Costa Rica'),(73,5,'Costa Rica'),(73,6,'Costa Rica'),(73,7,'Costa Rica'),(73,8,'Costa Rica'),(74,1,'Croazia'),(74,2,'Croazia'),(74,3,'Croazia'),(74,4,'Croazia'),(74,5,'Croazia'),(74,6,'Croazia'),(74,7,'Croazia'),(74,8,'Croazia'),(75,1,'Cuba'),(75,2,'Cuba'),(75,3,'Cuba'),(75,4,'Cuba'),(75,5,'Cuba'),(75,6,'Cuba'),(75,7,'Cuba'),(75,8,'Cuba'),(76,1,'Cipro'),(76,2,'Cipro'),(76,3,'Cipro'),(76,4,'Cipro'),(76,5,'Cipro'),(76,6,'Cipro'),(76,7,'Cipro'),(76,8,'Cipro'),(77,1,'Gibuti'),(77,2,'Gibuti'),(77,3,'Gibuti'),(77,4,'Gibuti'),(77,5,'Gibuti'),(77,6,'Gibuti'),(77,7,'Gibuti'),(77,8,'Gibuti'),(78,1,'Dominica'),(78,2,'Dominica'),(78,3,'Dominica'),(78,4,'Dominica'),(78,5,'Dominica'),(78,6,'Dominica'),(78,7,'Dominica'),(78,8,'Dominica'),(79,1,'Repubblica Dominicana'),(79,2,'Repubblica Dominicana'),(79,3,'Repubblica Dominicana'),(79,4,'Repubblica Dominicana'),(79,5,'Repubblica Dominicana'),(79,6,'Repubblica Dominicana'),(79,7,'Repubblica Dominicana'),(79,8,'Repubblica Dominicana'),(80,1,'Timor Est'),(80,2,'Timor Est'),(80,3,'Timor Est'),(80,4,'Timor Est'),(80,5,'Timor Est'),(80,6,'Timor Est'),(80,7,'Timor Est'),(80,8,'Timor Est'),(81,1,'Ecuador'),(81,2,'Ecuador'),(81,3,'Ecuador'),(81,4,'Ecuador'),(81,5,'Ecuador'),(81,6,'Ecuador'),(81,7,'Ecuador'),(81,8,'Ecuador'),(82,1,'Egitto'),(82,2,'Egitto'),(82,3,'Egitto'),(82,4,'Egitto'),(82,5,'Egitto'),(82,6,'Egitto'),(82,7,'Egitto'),(82,8,'Egitto'),(83,1,'El Salvador'),(83,2,'El Salvador'),(83,3,'El Salvador'),(83,4,'El Salvador'),(83,5,'El Salvador'),(83,6,'El Salvador'),(83,7,'El Salvador'),(83,8,'El Salvador'),(84,1,'Guinea Equatoriale'),(84,2,'Guinea Equatoriale'),(84,3,'Guinea Equatoriale'),(84,4,'Guinea Equatoriale'),(84,5,'Guinea Equatoriale'),(84,6,'Guinea Equatoriale'),(84,7,'Guinea Equatoriale'),(84,8,'Guinea Equatoriale'),(85,1,'Eritrea'),(85,2,'Eritrea'),(85,3,'Eritrea'),(85,4,'Eritrea'),(85,5,'Eritrea'),(85,6,'Eritrea'),(85,7,'Eritrea'),(85,8,'Eritrea'),(86,1,'Estonia'),(86,2,'Estonia'),(86,3,'Estonia'),(86,4,'Estonia'),(86,5,'Estonia'),(86,6,'Estonia'),(86,7,'Estonia'),(86,8,'Estonia'),(87,1,'Etiopia'),(87,2,'Etiopia'),(87,3,'Etiopia'),(87,4,'Etiopia'),(87,5,'Etiopia'),(87,6,'Etiopia'),(87,7,'Etiopia'),(87,8,'Etiopia'),(88,1,'Isole Falkland'),(88,2,'Isole Falkland'),(88,3,'Isole Falkland'),(88,4,'Isole Falkland'),(88,5,'Isole Falkland'),(88,6,'Isole Falkland'),(88,7,'Isole Falkland'),(88,8,'Isole Falkland'),(89,1,'Isole Faroe'),(89,2,'Isole Faroe'),(89,3,'Isole Faroe'),(89,4,'Isole Faroe'),(89,5,'Isole Faroe'),(89,6,'Isole Faroe'),(89,7,'Isole Faroe'),(89,8,'Isole Faroe'),(90,1,'Fiji'),(90,2,'Fiji'),(90,3,'Fiji'),(90,4,'Fiji'),(90,5,'Fiji'),(90,6,'Fiji'),(90,7,'Fiji'),(90,8,'Fiji'),(91,1,'Gabon'),(91,2,'Gabon'),(91,3,'Gabon'),(91,4,'Gabon'),(91,5,'Gabon'),(91,6,'Gabon'),(91,7,'Gabon'),(91,8,'Gabon'),(92,1,'Gambia'),(92,2,'Gambia'),(92,3,'Gambia'),(92,4,'Gambia'),(92,5,'Gambia'),(92,6,'Gambia'),(92,7,'Gambia'),(92,8,'Gambia'),(93,1,'Georgia'),(93,2,'Georgia'),(93,3,'Georgia'),(93,4,'Georgia'),(93,5,'Georgia'),(93,6,'Georgia'),(93,7,'Georgia'),(93,8,'Georgia'),(94,1,'Ghana'),(94,2,'Ghana'),(94,3,'Ghana'),(94,4,'Ghana'),(94,5,'Ghana'),(94,6,'Ghana'),(94,7,'Ghana'),(94,8,'Ghana'),(95,1,'Grenada'),(95,2,'Grenada'),(95,3,'Grenada'),(95,4,'Grenada'),(95,5,'Grenada'),(95,6,'Grenada'),(95,7,'Grenada'),(95,8,'Grenada'),(96,1,'Groenlandia'),(96,2,'Groenlandia'),(96,3,'Groenlandia'),(96,4,'Groenlandia'),(96,5,'Groenlandia'),(96,6,'Groenlandia'),(96,7,'Groenlandia'),(96,8,'Groenlandia'),(97,1,'Gibilterra'),(97,2,'Gibilterra'),(97,3,'Gibilterra'),(97,4,'Gibilterra'),(97,5,'Gibilterra'),(97,6,'Gibilterra'),(97,7,'Gibilterra'),(97,8,'Gibilterra'),(98,1,'Guadalupa'),(98,2,'Guadalupa'),(98,3,'Guadalupa'),(98,4,'Guadalupa'),(98,5,'Guadalupa'),(98,6,'Guadalupa'),(98,7,'Guadalupa'),(98,8,'Guadalupa'),(99,1,'Guam'),(99,2,'Guam'),(99,3,'Guam'),(99,4,'Guam'),(99,5,'Guam'),(99,6,'Guam'),(99,7,'Guam'),(99,8,'Guam'),(100,1,'Guatemala'),(100,2,'Guatemala'),(100,3,'Guatemala'),(100,4,'Guatemala'),(100,5,'Guatemala'),(100,6,'Guatemala'),(100,7,'Guatemala'),(100,8,'Guatemala'),(101,1,'Guernsey'),(101,2,'Guernsey'),(101,3,'Guernsey'),(101,4,'Guernsey'),(101,5,'Guernsey'),(101,6,'Guernsey'),(101,7,'Guernsey'),(101,8,'Guernsey'),(102,1,'Guinea'),(102,2,'Guinea'),(102,3,'Guinea'),(102,4,'Guinea'),(102,5,'Guinea'),(102,6,'Guinea'),(102,7,'Guinea'),(102,8,'Guinea'),(103,1,'Guinea-Bissau'),(103,2,'Guinea-Bissau'),(103,3,'Guinea-Bissau'),(103,4,'Guinea-Bissau'),(103,5,'Guinea-Bissau'),(103,6,'Guinea-Bissau'),(103,7,'Guinea-Bissau'),(103,8,'Guinea-Bissau'),(104,1,'Guyana'),(104,2,'Guyana'),(104,3,'Guyana'),(104,4,'Guyana'),(104,5,'Guyana'),(104,6,'Guyana'),(104,7,'Guyana'),(104,8,'Guyana'),(105,1,'Haiti'),(105,2,'Haiti'),(105,3,'Haiti'),(105,4,'Haiti'),(105,5,'Haiti'),(105,6,'Haiti'),(105,7,'Haiti'),(105,8,'Haiti'),(106,1,'Isole Heard e McDonald'),(106,2,'Isole Heard e McDonald'),(106,3,'Isole Heard e McDonald'),(106,4,'Isole Heard e McDonald'),(106,5,'Isole Heard e McDonald'),(106,6,'Isole Heard e McDonald'),(106,7,'Isole Heard e McDonald'),(106,8,'Isole Heard e McDonald'),(107,1,'Città del Vaticano'),(107,2,'Città del Vaticano'),(107,3,'Città del Vaticano'),(107,4,'Città del Vaticano'),(107,5,'Città del Vaticano'),(107,6,'Città del Vaticano'),(107,7,'Città del Vaticano'),(107,8,'Città del Vaticano'),(108,1,'Honduras'),(108,2,'Honduras'),(108,3,'Honduras'),(108,4,'Honduras'),(108,5,'Honduras'),(108,6,'Honduras'),(108,7,'Honduras'),(108,8,'Honduras'),(109,1,'Islanda'),(109,2,'Islanda'),(109,3,'Islanda'),(109,4,'Islanda'),(109,5,'Islanda'),(109,6,'Islanda'),(109,7,'Islanda'),(109,8,'Islanda'),(110,1,'India'),(110,2,'India'),(110,3,'India'),(110,4,'India'),(110,5,'India'),(110,6,'India'),(110,7,'India'),(110,8,'India'),(111,1,'Indonesia'),(111,2,'Indonesia'),(111,3,'Indonesia'),(111,4,'Indonesia'),(111,5,'Indonesia'),(111,6,'Indonesia'),(111,7,'Indonesia'),(111,8,'Indonesia'),(112,1,'Iran'),(112,2,'Iran'),(112,3,'Iran'),(112,4,'Iran'),(112,5,'Iran'),(112,6,'Iran'),(112,7,'Iran'),(112,8,'Iran'),(113,1,'Iraq'),(113,2,'Iraq'),(113,3,'Iraq'),(113,4,'Iraq'),(113,5,'Iraq'),(113,6,'Iraq'),(113,7,'Iraq'),(113,8,'Iraq'),(114,1,'Isola di Man'),(114,2,'Isola di Man'),(114,3,'Isola di Man'),(114,4,'Isola di Man'),(114,5,'Isola di Man'),(114,6,'Isola di Man'),(114,7,'Isola di Man'),(114,8,'Isola di Man'),(115,1,'Giamaica'),(115,2,'Giamaica'),(115,3,'Giamaica'),(115,4,'Giamaica'),(115,5,'Giamaica'),(115,6,'Giamaica'),(115,7,'Giamaica'),(115,8,'Giamaica'),(116,1,'Jersey'),(116,2,'Jersey'),(116,3,'Jersey'),(116,4,'Jersey'),(116,5,'Jersey'),(116,6,'Jersey'),(116,7,'Jersey'),(116,8,'Jersey'),(117,1,'Giordania'),(117,2,'Giordania'),(117,3,'Giordania'),(117,4,'Giordania'),(117,5,'Giordania'),(117,6,'Giordania'),(117,7,'Giordania'),(117,8,'Giordania'),(118,1,'Kazakistan'),(118,2,'Kazakistan'),(118,3,'Kazakistan'),(118,4,'Kazakistan'),(118,5,'Kazakistan'),(118,6,'Kazakistan'),(118,7,'Kazakistan'),(118,8,'Kazakistan'),(119,1,'Kenya'),(119,2,'Kenya'),(119,3,'Kenya'),(119,4,'Kenya'),(119,5,'Kenya'),(119,6,'Kenya'),(119,7,'Kenya'),(119,8,'Kenya'),(120,1,'Kiribati'),(120,2,'Kiribati'),(120,3,'Kiribati'),(120,4,'Kiribati'),(120,5,'Kiribati'),(120,6,'Kiribati'),(120,7,'Kiribati'),(120,8,'Kiribati'),(121,1,'Corea del Nord'),(121,2,'Corea del Nord'),(121,3,'Corea del Nord'),(121,4,'Corea del Nord'),(121,5,'Corea del Nord'),(121,6,'Corea del Nord'),(121,7,'Corea del Nord'),(121,8,'Corea del Nord'),(122,1,'Kuwait'),(122,2,'Kuwait'),(122,3,'Kuwait'),(122,4,'Kuwait'),(122,5,'Kuwait'),(122,6,'Kuwait'),(122,7,'Kuwait'),(122,8,'Kuwait'),(123,1,'Kirghizistan'),(123,2,'Kirghizistan'),(123,3,'Kirghizistan'),(123,4,'Kirghizistan'),(123,5,'Kirghizistan'),(123,6,'Kirghizistan'),(123,7,'Kirghizistan'),(123,8,'Kirghizistan'),(124,1,'Laos'),(124,2,'Laos'),(124,3,'Laos'),(124,4,'Laos'),(124,5,'Laos'),(124,6,'Laos'),(124,7,'Laos'),(124,8,'Laos'),(125,1,'Lettonia'),(125,2,'Lettonia'),(125,3,'Lettonia'),(125,4,'Lettonia'),(125,5,'Lettonia'),(125,6,'Lettonia'),(125,7,'Lettonia'),(125,8,'Lettonia'),(126,1,'Libano'),(126,2,'Libano'),(126,3,'Libano'),(126,4,'Libano'),(126,5,'Libano'),(126,6,'Libano'),(126,7,'Libano'),(126,8,'Libano'),(127,1,'Lesotho'),(127,2,'Lesotho'),(127,3,'Lesotho'),(127,4,'Lesotho'),(127,5,'Lesotho'),(127,6,'Lesotho'),(127,7,'Lesotho'),(127,8,'Lesotho'),(128,1,'Liberia'),(128,2,'Liberia'),(128,3,'Liberia'),(128,4,'Liberia'),(128,5,'Liberia'),(128,6,'Liberia'),(128,7,'Liberia'),(128,8,'Liberia'),(129,1,'Libia'),(129,2,'Libia'),(129,3,'Libia'),(129,4,'Libia'),(129,5,'Libia'),(129,6,'Libia'),(129,7,'Libia'),(129,8,'Libia'),(130,1,'Liechtenstein'),(130,2,'Liechtenstein'),(130,3,'Liechtenstein'),(130,4,'Liechtenstein'),(130,5,'Liechtenstein'),(130,6,'Liechtenstein'),(130,7,'Liechtenstein'),(130,8,'Liechtenstein'),(131,1,'Lituania'),(131,2,'Lituania'),(131,3,'Lituania'),(131,4,'Lituania'),(131,5,'Lituania'),(131,6,'Lituania'),(131,7,'Lituania'),(131,8,'Lituania'),(132,1,'Macao'),(132,2,'Macao'),(132,3,'Macao'),(132,4,'Macao'),(132,5,'Macao'),(132,6,'Macao'),(132,7,'Macao'),(132,8,'Macao'),(133,1,'Macedonia'),(133,2,'Macedonia'),(133,3,'Macedonia'),(133,4,'Macedonia'),(133,5,'Macedonia'),(133,6,'Macedonia'),(133,7,'Macedonia'),(133,8,'Macedonia'),(134,1,'Madagascar'),(134,2,'Madagascar'),(134,3,'Madagascar'),(134,4,'Madagascar'),(134,5,'Madagascar'),(134,6,'Madagascar'),(134,7,'Madagascar'),(134,8,'Madagascar'),(135,1,'Malawi'),(135,2,'Malawi'),(135,3,'Malawi'),(135,4,'Malawi'),(135,5,'Malawi'),(135,6,'Malawi'),(135,7,'Malawi'),(135,8,'Malawi'),(136,1,'Malesia'),(136,2,'Malesia'),(136,3,'Malesia'),(136,4,'Malesia'),(136,5,'Malesia'),(136,6,'Malesia'),(136,7,'Malesia'),(136,8,'Malesia'),(137,1,'Maldive'),(137,2,'Maldive'),(137,3,'Maldive'),(137,4,'Maldive'),(137,5,'Maldive'),(137,6,'Maldive'),(137,7,'Maldive'),(137,8,'Maldive'),(138,1,'Mali'),(138,2,'Mali'),(138,3,'Mali'),(138,4,'Mali'),(138,5,'Mali'),(138,6,'Mali'),(138,7,'Mali'),(138,8,'Mali'),(139,1,'Malta'),(139,2,'Malta'),(139,3,'Malta'),(139,4,'Malta'),(139,5,'Malta'),(139,6,'Malta'),(139,7,'Malta'),(139,8,'Malta'),(140,1,'Isole Marshall'),(140,2,'Isole Marshall'),(140,3,'Isole Marshall'),(140,4,'Isole Marshall'),(140,5,'Isole Marshall'),(140,6,'Isole Marshall'),(140,7,'Isole Marshall'),(140,8,'Isole Marshall'),(141,1,'Martinica'),(141,2,'Martinica'),(141,3,'Martinica'),(141,4,'Martinica'),(141,5,'Martinica'),(141,6,'Martinica'),(141,7,'Martinica'),(141,8,'Martinica'),(142,1,'Mauritania'),(142,2,'Mauritania'),(142,3,'Mauritania'),(142,4,'Mauritania'),(142,5,'Mauritania'),(142,6,'Mauritania'),(142,7,'Mauritania'),(142,8,'Mauritania'),(143,1,'Ungheria'),(143,2,'Ungheria'),(143,3,'Ungheria'),(143,4,'Ungheria'),(143,5,'Ungheria'),(143,6,'Ungheria'),(143,7,'Ungheria'),(143,8,'Ungheria'),(144,1,'Mayotte'),(144,2,'Mayotte'),(144,3,'Mayotte'),(144,4,'Mayotte'),(144,5,'Mayotte'),(144,6,'Mayotte'),(144,7,'Mayotte'),(144,8,'Mayotte'),(145,1,'Messico'),(145,2,'Messico'),(145,3,'Messico'),(145,4,'Messico'),(145,5,'Messico'),(145,6,'Messico'),(145,7,'Messico'),(145,8,'Messico'),(146,1,'Micronesia'),(146,2,'Micronesia'),(146,3,'Micronesia'),(146,4,'Micronesia'),(146,5,'Micronesia'),(146,6,'Micronesia'),(146,7,'Micronesia'),(146,8,'Micronesia'),(147,1,'Moldavia'),(147,2,'Moldavia'),(147,3,'Moldavia'),(147,4,'Moldavia'),(147,5,'Moldavia'),(147,6,'Moldavia'),(147,7,'Moldavia'),(147,8,'Moldavia'),(148,1,'Monaco'),(148,2,'Monaco'),(148,3,'Monaco'),(148,4,'Monaco'),(148,5,'Monaco'),(148,6,'Monaco'),(148,7,'Monaco'),(148,8,'Monaco'),(149,1,'Mongolia'),(149,2,'Mongolia'),(149,3,'Mongolia'),(149,4,'Mongolia'),(149,5,'Mongolia'),(149,6,'Mongolia'),(149,7,'Mongolia'),(149,8,'Mongolia'),(150,1,'Montenegro'),(150,2,'Montenegro'),(150,3,'Montenegro'),(150,4,'Montenegro'),(150,5,'Montenegro'),(150,6,'Montenegro'),(150,7,'Montenegro'),(150,8,'Montenegro'),(151,1,'Montserrat'),(151,2,'Montserrat'),(151,3,'Montserrat'),(151,4,'Montserrat'),(151,5,'Montserrat'),(151,6,'Montserrat'),(151,7,'Montserrat'),(151,8,'Montserrat'),(152,1,'Marocco'),(152,2,'Marocco'),(152,3,'Marocco'),(152,4,'Marocco'),(152,5,'Marocco'),(152,6,'Marocco'),(152,7,'Marocco'),(152,8,'Marocco'),(153,1,'Mozambico'),(153,2,'Mozambico'),(153,3,'Mozambico'),(153,4,'Mozambico'),(153,5,'Mozambico'),(153,6,'Mozambico'),(153,7,'Mozambico'),(153,8,'Mozambico'),(154,1,'Namibia'),(154,2,'Namibia'),(154,3,'Namibia'),(154,4,'Namibia'),(154,5,'Namibia'),(154,6,'Namibia'),(154,7,'Namibia'),(154,8,'Namibia'),(155,1,'Nauru'),(155,2,'Nauru'),(155,3,'Nauru'),(155,4,'Nauru'),(155,5,'Nauru'),(155,6,'Nauru'),(155,7,'Nauru'),(155,8,'Nauru'),(156,1,'Nepal'),(156,2,'Nepal'),(156,3,'Nepal'),(156,4,'Nepal'),(156,5,'Nepal'),(156,6,'Nepal'),(156,7,'Nepal'),(156,8,'Nepal'),(157,1,'Antille Olandesi'),(157,2,'Antille Olandesi'),(157,3,'Antille Olandesi'),(157,4,'Antille Olandesi'),(157,5,'Antille Olandesi'),(157,6,'Antille Olandesi'),(157,7,'Antille Olandesi'),(157,8,'Antille Olandesi'),(158,1,'Nuova Caledonia'),(158,2,'Nuova Caledonia'),(158,3,'Nuova Caledonia'),(158,4,'Nuova Caledonia'),(158,5,'Nuova Caledonia'),(158,6,'Nuova Caledonia'),(158,7,'Nuova Caledonia'),(158,8,'Nuova Caledonia'),(159,1,'Nicaragua'),(159,2,'Nicaragua'),(159,3,'Nicaragua'),(159,4,'Nicaragua'),(159,5,'Nicaragua'),(159,6,'Nicaragua'),(159,7,'Nicaragua'),(159,8,'Nicaragua'),(160,1,'Niger'),(160,2,'Niger'),(160,3,'Niger'),(160,4,'Niger'),(160,5,'Niger'),(160,6,'Niger'),(160,7,'Niger'),(160,8,'Niger'),(161,1,'Niue'),(161,2,'Niue'),(161,3,'Niue'),(161,4,'Niue'),(161,5,'Niue'),(161,6,'Niue'),(161,7,'Niue'),(161,8,'Niue'),(162,1,'Isola Norfolk'),(162,2,'Isola Norfolk'),(162,3,'Isola Norfolk'),(162,4,'Isola Norfolk'),(162,5,'Isola Norfolk'),(162,6,'Isola Norfolk'),(162,7,'Isola Norfolk'),(162,8,'Isola Norfolk'),(163,1,'Isole Marianne Settentrionali'),(163,2,'Isole Marianne Settentrionali'),(163,3,'Isole Marianne Settentrionali'),(163,4,'Isole Marianne Settentrionali'),(163,5,'Isole Marianne Settentrionali'),(163,6,'Isole Marianne Settentrionali'),(163,7,'Isole Marianne Settentrionali'),(163,8,'Isole Marianne Settentrionali'),(164,1,'Oman'),(164,2,'Oman'),(164,3,'Oman'),(164,4,'Oman'),(164,5,'Oman'),(164,6,'Oman'),(164,7,'Oman'),(164,8,'Oman'),(165,1,'Pakistan'),(165,2,'Pakistan'),(165,3,'Pakistan'),(165,4,'Pakistan'),(165,5,'Pakistan'),(165,6,'Pakistan'),(165,7,'Pakistan'),(165,8,'Pakistan'),(166,1,'Palau'),(166,2,'Palau'),(166,3,'Palau'),(166,4,'Palau'),(166,5,'Palau'),(166,6,'Palau'),(166,7,'Palau'),(166,8,'Palau'),(167,1,'Territori Palestinesi'),(167,2,'Territori Palestinesi'),(167,3,'Territori Palestinesi'),(167,4,'Territori Palestinesi'),(167,5,'Territori Palestinesi'),(167,6,'Territori Palestinesi'),(167,7,'Territori Palestinesi'),(167,8,'Territori Palestinesi'),(168,1,'Panama'),(168,2,'Panama'),(168,3,'Panama'),(168,4,'Panama'),(168,5,'Panama'),(168,6,'Panama'),(168,7,'Panama'),(168,8,'Panama'),(169,1,'Papua Nuova Guinea'),(169,2,'Papua Nuova Guinea'),(169,3,'Papua Nuova Guinea'),(169,4,'Papua Nuova Guinea'),(169,5,'Papua Nuova Guinea'),(169,6,'Papua Nuova Guinea'),(169,7,'Papua Nuova Guinea'),(169,8,'Papua Nuova Guinea'),(170,1,'Paraguay'),(170,2,'Paraguay'),(170,3,'Paraguay'),(170,4,'Paraguay'),(170,5,'Paraguay'),(170,6,'Paraguay'),(170,7,'Paraguay'),(170,8,'Paraguay'),(171,1,'Perù'),(171,2,'Perù'),(171,3,'Perù'),(171,4,'Perù'),(171,5,'Perù'),(171,6,'Perù'),(171,7,'Perù'),(171,8,'Perù'),(172,1,'Filippine'),(172,2,'Filippine'),(172,3,'Filippine'),(172,4,'Filippine'),(172,5,'Filippine'),(172,6,'Filippine'),(172,7,'Filippine'),(172,8,'Filippine'),(173,1,'Pitcairn'),(173,2,'Pitcairn'),(173,3,'Pitcairn'),(173,4,'Pitcairn'),(173,5,'Pitcairn'),(173,6,'Pitcairn'),(173,7,'Pitcairn'),(173,8,'Pitcairn'),(174,1,'Porto Rico'),(174,2,'Porto Rico'),(174,3,'Porto Rico'),(174,4,'Porto Rico'),(174,5,'Porto Rico'),(174,6,'Porto Rico'),(174,7,'Porto Rico'),(174,8,'Porto Rico'),(175,1,'Qatar'),(175,2,'Qatar'),(175,3,'Qatar'),(175,4,'Qatar'),(175,5,'Qatar'),(175,6,'Qatar'),(175,7,'Qatar'),(175,8,'Qatar'),(176,1,'Riunione, La'),(176,2,'Riunione, La'),(176,3,'Riunione, La'),(176,4,'Riunione, La'),(176,5,'Riunione, La'),(176,6,'Riunione, La'),(176,7,'Riunione, La'),(176,8,'Riunione, La'),(177,1,'Russia'),(177,2,'Russia'),(177,3,'Russia'),(177,4,'Russia'),(177,5,'Russia'),(177,6,'Russia'),(177,7,'Russia'),(177,8,'Russia'),(178,1,'Ruanda'),(178,2,'Ruanda'),(178,3,'Ruanda'),(178,4,'Ruanda'),(178,5,'Ruanda'),(178,6,'Ruanda'),(178,7,'Ruanda'),(178,8,'Ruanda'),(179,1,'Saint-Barthélemy'),(179,2,'Saint-Barthélemy'),(179,3,'Saint-Barthélemy'),(179,4,'Saint-Barthélemy'),(179,5,'Saint-Barthélemy'),(179,6,'Saint-Barthélemy'),(179,7,'Saint-Barthélemy'),(179,8,'Saint-Barthélemy'),(180,1,'Saint Kitts e Nevis'),(180,2,'Saint Kitts e Nevis'),(180,3,'Saint Kitts e Nevis'),(180,4,'Saint Kitts e Nevis'),(180,5,'Saint Kitts e Nevis'),(180,6,'Saint Kitts e Nevis'),(180,7,'Saint Kitts e Nevis'),(180,8,'Saint Kitts e Nevis'),(181,1,'Santa Lucia'),(181,2,'Santa Lucia'),(181,3,'Santa Lucia'),(181,4,'Santa Lucia'),(181,5,'Santa Lucia'),(181,6,'Santa Lucia'),(181,7,'Santa Lucia'),(181,8,'Santa Lucia'),(182,1,'Saint Martin'),(182,2,'Saint Martin'),(182,3,'Saint Martin'),(182,4,'Saint Martin'),(182,5,'Saint Martin'),(182,6,'Saint Martin'),(182,7,'Saint Martin'),(182,8,'Saint Martin'),(183,1,'Saint-Pierre e Miquelon'),(183,2,'Saint-Pierre e Miquelon'),(183,3,'Saint-Pierre e Miquelon'),(183,4,'Saint-Pierre e Miquelon'),(183,5,'Saint-Pierre e Miquelon'),(183,6,'Saint-Pierre e Miquelon'),(183,7,'Saint-Pierre e Miquelon'),(183,8,'Saint-Pierre e Miquelon'),(184,1,'Saint Vincent e Grenadine'),(184,2,'Saint Vincent e Grenadine'),(184,3,'Saint Vincent e Grenadine'),(184,4,'Saint Vincent e Grenadine'),(184,5,'Saint Vincent e Grenadine'),(184,6,'Saint Vincent e Grenadine'),(184,7,'Saint Vincent e Grenadine'),(184,8,'Saint Vincent e Grenadine'),(185,1,'Samoa'),(185,2,'Samoa'),(185,3,'Samoa'),(185,4,'Samoa'),(185,5,'Samoa'),(185,6,'Samoa'),(185,7,'Samoa'),(185,8,'Samoa'),(186,1,'San Marino'),(186,2,'San Marino'),(186,3,'San Marino'),(186,4,'San Marino'),(186,5,'San Marino'),(186,6,'San Marino'),(186,7,'San Marino'),(186,8,'San Marino'),(187,1,'São Tomé e Príncipe'),(187,2,'São Tomé e Príncipe'),(187,3,'São Tomé e Príncipe'),(187,4,'São Tomé e Príncipe'),(187,5,'São Tomé e Príncipe'),(187,6,'São Tomé e Príncipe'),(187,7,'São Tomé e Príncipe'),(187,8,'São Tomé e Príncipe'),(188,1,'Arabia Saudita'),(188,2,'Arabia Saudita'),(188,3,'Arabia Saudita'),(188,4,'Arabia Saudita'),(188,5,'Arabia Saudita'),(188,6,'Arabia Saudita'),(188,7,'Arabia Saudita'),(188,8,'Arabia Saudita'),(189,1,'Senegal'),(189,2,'Senegal'),(189,3,'Senegal'),(189,4,'Senegal'),(189,5,'Senegal'),(189,6,'Senegal'),(189,7,'Senegal'),(189,8,'Senegal'),(190,1,'Serbia'),(190,2,'Serbia'),(190,3,'Serbia'),(190,4,'Serbia'),(190,5,'Serbia'),(190,6,'Serbia'),(190,7,'Serbia'),(190,8,'Serbia'),(191,1,'Seychelles'),(191,2,'Seychelles'),(191,3,'Seychelles'),(191,4,'Seychelles'),(191,5,'Seychelles'),(191,6,'Seychelles'),(191,7,'Seychelles'),(191,8,'Seychelles'),(192,1,'Sierra Leone'),(192,2,'Sierra Leone'),(192,3,'Sierra Leone'),(192,4,'Sierra Leone'),(192,5,'Sierra Leone'),(192,6,'Sierra Leone'),(192,7,'Sierra Leone'),(192,8,'Sierra Leone'),(193,1,'Slovenia'),(193,2,'Slovenia'),(193,3,'Slovenia'),(193,4,'Slovenia'),(193,5,'Slovenia'),(193,6,'Slovenia'),(193,7,'Slovenia'),(193,8,'Slovenia'),(194,1,'Isole Salomone'),(194,2,'Isole Salomone'),(194,3,'Isole Salomone'),(194,4,'Isole Salomone'),(194,5,'Isole Salomone'),(194,6,'Isole Salomone'),(194,7,'Isole Salomone'),(194,8,'Isole Salomone'),(195,1,'Somalia'),(195,2,'Somalia'),(195,3,'Somalia'),(195,4,'Somalia'),(195,5,'Somalia'),(195,6,'Somalia'),(195,7,'Somalia'),(195,8,'Somalia'),(196,1,'Georgia del Sud e Isole Sandwich Meridionali'),(196,2,'Georgia del Sud e Isole Sandwich Meridionali'),(196,3,'Georgia del Sud e Isole Sandwich Meridionali'),(196,4,'Georgia del Sud e Isole Sandwich Meridionali'),(196,5,'Georgia del Sud e Isole Sandwich Meridionali'),(196,6,'Georgia del Sud e Isole Sandwich Meridionali'),(196,7,'Georgia del Sud e Isole Sandwich Meridionali'),(196,8,'Georgia del Sud e Isole Sandwich Meridionali'),(197,1,'Sri Lanka'),(197,2,'Sri Lanka'),(197,3,'Sri Lanka'),(197,4,'Sri Lanka'),(197,5,'Sri Lanka'),(197,6,'Sri Lanka'),(197,7,'Sri Lanka'),(197,8,'Sri Lanka'),(198,1,'Sudan'),(198,2,'Sudan'),(198,3,'Sudan'),(198,4,'Sudan'),(198,5,'Sudan'),(198,6,'Sudan'),(198,7,'Sudan'),(198,8,'Sudan'),(199,1,'Suriname'),(199,2,'Suriname'),(199,3,'Suriname'),(199,4,'Suriname'),(199,5,'Suriname'),(199,6,'Suriname'),(199,7,'Suriname'),(199,8,'Suriname'),(200,1,'Svalbard e Jan Mayen'),(200,2,'Svalbard e Jan Mayen'),(200,3,'Svalbard e Jan Mayen'),(200,4,'Svalbard e Jan Mayen'),(200,5,'Svalbard e Jan Mayen'),(200,6,'Svalbard e Jan Mayen'),(200,7,'Svalbard e Jan Mayen'),(200,8,'Svalbard e Jan Mayen'),(201,1,'Swaziland'),(201,2,'Swaziland'),(201,3,'Swaziland'),(201,4,'Swaziland'),(201,5,'Swaziland'),(201,6,'Swaziland'),(201,7,'Swaziland'),(201,8,'Swaziland'),(202,1,'Siria'),(202,2,'Siria'),(202,3,'Siria'),(202,4,'Siria'),(202,5,'Siria'),(202,6,'Siria'),(202,7,'Siria'),(202,8,'Siria'),(203,1,'Taiwan'),(203,2,'Taiwan'),(203,3,'Taiwan'),(203,4,'Taiwan'),(203,5,'Taiwan'),(203,6,'Taiwan'),(203,7,'Taiwan'),(203,8,'Taiwan'),(204,1,'Tagikistan'),(204,2,'Tagikistan'),(204,3,'Tagikistan'),(204,4,'Tagikistan'),(204,5,'Tagikistan'),(204,6,'Tagikistan'),(204,7,'Tagikistan'),(204,8,'Tagikistan'),(205,1,'Tanzania'),(205,2,'Tanzania'),(205,3,'Tanzania'),(205,4,'Tanzania'),(205,5,'Tanzania'),(205,6,'Tanzania'),(205,7,'Tanzania'),(205,8,'Tanzania'),(206,1,'Thailandia'),(206,2,'Thailandia'),(206,3,'Thailandia'),(206,4,'Thailandia'),(206,5,'Thailandia'),(206,6,'Thailandia'),(206,7,'Thailandia'),(206,8,'Thailandia'),(207,1,'Tokelau'),(207,2,'Tokelau'),(207,3,'Tokelau'),(207,4,'Tokelau'),(207,5,'Tokelau'),(207,6,'Tokelau'),(207,7,'Tokelau'),(207,8,'Tokelau'),(208,1,'Tonga'),(208,2,'Tonga'),(208,3,'Tonga'),(208,4,'Tonga'),(208,5,'Tonga'),(208,6,'Tonga'),(208,7,'Tonga'),(208,8,'Tonga'),(209,1,'Trinidad e Tobago'),(209,2,'Trinidad e Tobago'),(209,3,'Trinidad e Tobago'),(209,4,'Trinidad e Tobago'),(209,5,'Trinidad e Tobago'),(209,6,'Trinidad e Tobago'),(209,7,'Trinidad e Tobago'),(209,8,'Trinidad e Tobago'),(210,1,'Tunisia'),(210,2,'Tunisia'),(210,3,'Tunisia'),(210,4,'Tunisia'),(210,5,'Tunisia'),(210,6,'Tunisia'),(210,7,'Tunisia'),(210,8,'Tunisia'),(211,1,'Turchia'),(211,2,'Turchia'),(211,3,'Turchia'),(211,4,'Turchia'),(211,5,'Turchia'),(211,6,'Turchia'),(211,7,'Turchia'),(211,8,'Turchia'),(212,1,'Turkmenistan'),(212,2,'Turkmenistan'),(212,3,'Turkmenistan'),(212,4,'Turkmenistan'),(212,5,'Turkmenistan'),(212,6,'Turkmenistan'),(212,7,'Turkmenistan'),(212,8,'Turkmenistan'),(213,1,'Turks e Caicos'),(213,2,'Turks e Caicos'),(213,3,'Turks e Caicos'),(213,4,'Turks e Caicos'),(213,5,'Turks e Caicos'),(213,6,'Turks e Caicos'),(213,7,'Turks e Caicos'),(213,8,'Turks e Caicos'),(214,1,'Tuvalu'),(214,2,'Tuvalu'),(214,3,'Tuvalu'),(214,4,'Tuvalu'),(214,5,'Tuvalu'),(214,6,'Tuvalu'),(214,7,'Tuvalu'),(214,8,'Tuvalu'),(215,1,'Uganda'),(215,2,'Uganda'),(215,3,'Uganda'),(215,4,'Uganda'),(215,5,'Uganda'),(215,6,'Uganda'),(215,7,'Uganda'),(215,8,'Uganda'),(216,1,'Ucraina'),(216,2,'Ucraina'),(216,3,'Ucraina'),(216,4,'Ucraina'),(216,5,'Ucraina'),(216,6,'Ucraina'),(216,7,'Ucraina'),(216,8,'Ucraina'),(217,1,'Emirati Arabi Uniti'),(217,2,'Emirati Arabi Uniti'),(217,3,'Emirati Arabi Uniti'),(217,4,'Emirati Arabi Uniti'),(217,5,'Emirati Arabi Uniti'),(217,6,'Emirati Arabi Uniti'),(217,7,'Emirati Arabi Uniti'),(217,8,'Emirati Arabi Uniti'),(218,1,'Uruguay'),(218,2,'Uruguay'),(218,3,'Uruguay'),(218,4,'Uruguay'),(218,5,'Uruguay'),(218,6,'Uruguay'),(218,7,'Uruguay'),(218,8,'Uruguay'),(219,1,'Uzbekistan'),(219,2,'Uzbekistan'),(219,3,'Uzbekistan'),(219,4,'Uzbekistan'),(219,5,'Uzbekistan'),(219,6,'Uzbekistan'),(219,7,'Uzbekistan'),(219,8,'Uzbekistan'),(220,1,'Vanuatu'),(220,2,'Vanuatu'),(220,3,'Vanuatu'),(220,4,'Vanuatu'),(220,5,'Vanuatu'),(220,6,'Vanuatu'),(220,7,'Vanuatu'),(220,8,'Vanuatu'),(221,1,'Venezuela'),(221,2,'Venezuela'),(221,3,'Venezuela'),(221,4,'Venezuela'),(221,5,'Venezuela'),(221,6,'Venezuela'),(221,7,'Venezuela'),(221,8,'Venezuela'),(222,1,'Vietnam'),(222,2,'Vietnam'),(222,3,'Vietnam'),(222,4,'Vietnam'),(222,5,'Vietnam'),(222,6,'Vietnam'),(222,7,'Vietnam'),(222,8,'Vietnam'),(223,1,'Isole Vergini Britanniche'),(223,2,'Isole Vergini Britanniche'),(223,3,'Isole Vergini Britanniche'),(223,4,'Isole Vergini Britanniche'),(223,5,'Isole Vergini Britanniche'),(223,6,'Isole Vergini Britanniche'),(223,7,'Isole Vergini Britanniche'),(223,8,'Isole Vergini Britanniche'),(224,1,'Isole Vergini Statunitensi'),(224,2,'Isole Vergini Statunitensi'),(224,3,'Isole Vergini Statunitensi'),(224,4,'Isole Vergini Statunitensi'),(224,5,'Isole Vergini Statunitensi'),(224,6,'Isole Vergini Statunitensi'),(224,7,'Isole Vergini Statunitensi'),(224,8,'Isole Vergini Statunitensi'),(225,1,'Wallis e Futuna'),(225,2,'Wallis e Futuna'),(225,3,'Wallis e Futuna'),(225,4,'Wallis e Futuna'),(225,5,'Wallis e Futuna'),(225,6,'Wallis e Futuna'),(225,7,'Wallis e Futuna'),(225,8,'Wallis e Futuna'),(226,1,'Sahara Occidentale'),(226,2,'Sahara Occidentale'),(226,3,'Sahara Occidentale'),(226,4,'Sahara Occidentale'),(226,5,'Sahara Occidentale'),(226,6,'Sahara Occidentale'),(226,7,'Sahara Occidentale'),(226,8,'Sahara Occidentale'),(227,1,'Yemen'),(227,2,'Yemen'),(227,3,'Yemen'),(227,4,'Yemen'),(227,5,'Yemen'),(227,6,'Yemen'),(227,7,'Yemen'),(227,8,'Yemen'),(228,1,'Zambia'),(228,2,'Zambia'),(228,3,'Zambia'),(228,4,'Zambia'),(228,5,'Zambia'),(228,6,'Zambia'),(228,7,'Zambia'),(228,8,'Zambia'),(229,1,'Zimbabwe'),(229,2,'Zimbabwe'),(229,3,'Zimbabwe'),(229,4,'Zimbabwe'),(229,5,'Zimbabwe'),(229,6,'Zimbabwe'),(229,7,'Zimbabwe'),(229,8,'Zimbabwe'),(230,1,'Albania'),(230,2,'Albania'),(230,3,'Albania'),(230,4,'Albania'),(230,5,'Albania'),(230,6,'Albania'),(230,7,'Albania'),(230,8,'Albania'),(231,1,'Afghanistan'),(231,2,'Afghanistan'),(231,3,'Afghanistan'),(231,4,'Afghanistan'),(231,5,'Afghanistan'),(231,6,'Afghanistan'),(231,7,'Afghanistan'),(231,8,'Afghanistan'),(232,1,'Antartide'),(232,2,'Antartide'),(232,3,'Antartide'),(232,4,'Antartide'),(232,5,'Antartide'),(232,6,'Antartide'),(232,7,'Antartide'),(232,8,'Antartide'),(233,1,'Bosnia ed Erzegovina'),(233,2,'Bosnia ed Erzegovina'),(233,3,'Bosnia ed Erzegovina'),(233,4,'Bosnia ed Erzegovina'),(233,5,'Bosnia ed Erzegovina'),(233,6,'Bosnia ed Erzegovina'),(233,7,'Bosnia ed Erzegovina'),(233,8,'Bosnia ed Erzegovina'),(234,1,'Isola Bouvet'),(234,2,'Isola Bouvet'),(234,3,'Isola Bouvet'),(234,4,'Isola Bouvet'),(234,5,'Isola Bouvet'),(234,6,'Isola Bouvet'),(234,7,'Isola Bouvet'),(234,8,'Isola Bouvet'),(235,1,'Territorio Britannico dell\'Oceano Indiano'),(235,2,'Territorio Britannico dell\'Oceano Indiano'),(235,3,'Territorio Britannico dell\'Oceano Indiano'),(235,4,'Territorio Britannico dell\'Oceano Indiano'),(235,5,'Territorio Britannico dell\'Oceano Indiano'),(235,6,'Territorio Britannico dell\'Oceano Indiano'),(235,7,'Territorio Britannico dell\'Oceano Indiano'),(235,8,'Territorio Britannico dell\'Oceano Indiano'),(236,1,'Bulgaria'),(236,2,'Bulgaria'),(236,3,'Bulgaria'),(236,4,'Bulgaria'),(236,5,'Bulgaria'),(236,6,'Bulgaria'),(236,7,'Bulgaria'),(236,8,'Bulgaria'),(237,1,'Isole Cayman'),(237,2,'Isole Cayman'),(237,3,'Isole Cayman'),(237,4,'Isole Cayman'),(237,5,'Isole Cayman'),(237,6,'Isole Cayman'),(237,7,'Isole Cayman'),(237,8,'Isole Cayman'),(238,1,'Isola di Natale'),(238,2,'Isola di Natale'),(238,3,'Isola di Natale'),(238,4,'Isola di Natale'),(238,5,'Isola di Natale'),(238,6,'Isola di Natale'),(238,7,'Isola di Natale'),(238,8,'Isola di Natale'),(239,1,'Isole Cocos (Keeling)'),(239,2,'Isole Cocos (Keeling)'),(239,3,'Isole Cocos (Keeling)'),(239,4,'Isole Cocos (Keeling)'),(239,5,'Isole Cocos (Keeling)'),(239,6,'Isole Cocos (Keeling)'),(239,7,'Isole Cocos (Keeling)'),(239,8,'Isole Cocos (Keeling)'),(240,1,'Isole Cook'),(240,2,'Isole Cook'),(240,3,'Isole Cook'),(240,4,'Isole Cook'),(240,5,'Isole Cook'),(240,6,'Isole Cook'),(240,7,'Isole Cook'),(240,8,'Isole Cook'),(241,1,'Guyana Francese'),(241,2,'Guyana Francese'),(241,3,'Guyana Francese'),(241,4,'Guyana Francese'),(241,5,'Guyana Francese'),(241,6,'Guyana Francese'),(241,7,'Guyana Francese'),(241,8,'Guyana Francese'),(242,1,'Polinesia Francese'),(242,2,'Polinesia Francese'),(242,3,'Polinesia Francese'),(242,4,'Polinesia Francese'),(242,5,'Polinesia Francese'),(242,6,'Polinesia Francese'),(242,7,'Polinesia Francese'),(242,8,'Polinesia Francese'),(243,1,'Terre australi e antartiche francesi'),(243,2,'Terre australi e antartiche francesi'),(243,3,'Terre australi e antartiche francesi'),(243,4,'Terre australi e antartiche francesi'),(243,5,'Terre australi e antartiche francesi'),(243,6,'Terre australi e antartiche francesi'),(243,7,'Terre australi e antartiche francesi'),(243,8,'Terre australi e antartiche francesi'),(244,1,'Isole Åland'),(244,2,'Isole Åland'),(244,3,'Isole Åland'),(244,4,'Isole Åland'),(244,5,'Isole Åland'),(244,6,'Isole Åland'),(244,7,'Isole Åland'),(244,8,'Isole Åland');

#
# Structure for table "_WCprTUAcountry_shop"
#

CREATE TABLE `_WCprTUAcountry_shop` (
  `id_country` int(11) unsigned NOT NULL,
  `id_shop` int(11) unsigned NOT NULL,
  PRIMARY KEY (`id_country`,`id_shop`),
  KEY `id_shop` (`id_shop`)
) ENGINE=InnoDB DEFAULT CHARSET=utf8;

#
# Data for table "_WCprTUAcountry_shop"
#

INSERT INTO `_WCprTUAcountry_shop` VALUES (1,1),(2,1),(3,1),(4,1),(5,1),(6,1),(7,1),(8,1),(9,1),(10,1),(11,1),(12,1),(13,1),(14,1),(15,1),(16,1),(17,1),(18,1),(19,1),(20,1),(21,1),(22,1),(23,1),(24,1),(25,1),(26,1),(27,1),(28,1),(29,1),(30,1),(31,1),(32,1),(33,1),(34,1),(35,1),(36,1),(37,1),(38,1),(39,1),(40,1),(41,1),(42,1),(43,1),(44,1),(45,1),(46,1),(47,1),(48,1),(49,1),(50,1),(51,1),(52,1),(53,1),(54,1),(55,1),(56,1),(57,1),(58,1),(59,1),(60,1),(61,1),(62,1),(63,1),(64,1),(65,1),(66,1),(67,1),(68,1),(69,1),(70,1),(71,1),(72,1),(73,1),(74,1),(75,1),(76,1),(77,1),(78,1),(79,1),(80,1),(81,1),(82,1),(83,1),(84,1),(85,1),(86,1),(87,1),(88,1),(89,1),(90,1),(91,1),(92,1),(93,1),(94,1),(95,1),(96,1),(97,1),(98,1),(99,1),(100,1),(101,1),(102,1),(103,1),(104,1),(105,1),(106,1),(107,1),(108,1),(109,1),(110,1),(111,1),(112,1),(113,1),(114,1),(115,1),(116,1),(117,1),(118,1),(119,1),(120,1),(121,1),(122,1),(123,1),(124,1),(125,1),(126,1),(127,1),(128,1),(129,1),(130,1),(131,1),(132,1),(133,1),(134,1),(135,1),(136,1),(137,1),(138,1),(139,1),(140,1),(141,1),(142,1),(143,1),(144,1),(145,1),(146,1),(147,1),(148,1),(149,1),(150,1),(151,1),(152,1),(153,1),(154,1),(155,1),(156,1),(157,1),(158,1),(159,1),(160,1),(161,1),(162,1),(163,1),(164,1),(165,1),(166,1),(167,1),(168,1),(169,1),(170,1),(171,1),(172,1),(173,1),(174,1),(175,1),(176,1),(177,1),(178,1),(179,1),(180,1),(181,1),(182,1),(183,1),(184,1),(185,1),(186,1),(187,1),(188,1),(189,1),(190,1),(191,1),(192,1),(193,1),(194,1),(195,1),(196,1),(197,1),(198,1),(199,1),(200,1),(201,1),(202,1),(203,1),(204,1),(205,1),(206,1),(207,1),(208,1),(209,1),(210,1),(211,1),(212,1),(213,1),(214,1),(215,1),(216,1),(217,1),(218,1),(219,1),(220,1),(221,1),(222,1),(223,1),(224,1),(225,1),(226,1),(227,1),(228,1),(229,1),(230,1),(231,1),(232,1),(233,1),(234,1),(235,1),(236,1),(237,1),(238,1),(239,1),(240,1),(241,1),(242,1),(243,1),(244,1);

#
# Structure for table "_WCprTUAcurrency"
#

CREATE TABLE `_WCprTUAcurrency` (
  `id_currency` int(10) unsigned NOT NULL AUTO_INCREMENT,
  `name` varchar(32) NOT NULL,
  `iso_code` varchar(3) NOT NULL DEFAULT '0',
  `iso_code_num` varchar(3) NOT NULL DEFAULT '0',
  `sign` varchar(8) NOT NULL,
  `blank` tinyint(1) unsigned NOT NULL DEFAULT '0',
  `format` tinyint(1) unsigned NOT NULL DEFAULT '0',
  `decimals` tinyint(1) unsigned NOT NULL DEFAULT '1',
  `conversion_rate` decimal(13,6) NOT NULL,
  `deleted` tinyint(1) unsigned NOT NULL DEFAULT '0',
  `active` tinyint(1) unsigned NOT NULL DEFAULT '1',
  PRIMARY KEY (`id_currency`)
) ENGINE=InnoDB AUTO_INCREMENT=6 DEFAULT CHARSET=utf8;

#
# Data for table "_WCprTUAcurrency"
#

INSERT INTO `_WCprTUAcurrency` VALUES (1,'Euro','EUR','978','€',1,2,1,1.000000,0,1),(2,'香港圓 - Hong Kong dollar','HKD','344','HK$',0,1,1,9.720503,0,1),(3,'US Dollar','USD','840','$',0,1,1,1.238392,0,1),(4,'新臺幣 - New Taiwan dollar','TWD','901','NT$',0,1,1,36.256376,0,1),(5,'Dollar (CAD)','CAD','124','CAD$',0,1,1,1.563445,0,0);

#
# Structure for table "_WCprTUAcurrency_shop"
#

CREATE TABLE `_WCprTUAcurrency_shop` (
  `id_currency` int(11) unsigned NOT NULL,
  `id_shop` int(11) unsigned NOT NULL,
  `conversion_rate` decimal(13,6) NOT NULL,
  PRIMARY KEY (`id_currency`,`id_shop`),
  KEY `id_shop` (`id_shop`)
) ENGINE=InnoDB DEFAULT CHARSET=utf8;

#
# Data for table "_WCprTUAcurrency_shop"
#

INSERT INTO `_WCprTUAcurrency_shop` VALUES (1,1,1.000000),(2,1,9.720503),(3,1,1.238392),(4,1,36.256376),(5,1,1.563445);

#
# Structure for table "_WCprTUAcustomer"
#

CREATE TABLE `_WCprTUAcustomer` (
  `id_customer` int(10) unsigned NOT NULL AUTO_INCREMENT,
  `id_shop_group` int(11) unsigned NOT NULL DEFAULT '1',
  `id_shop` int(11) unsigned NOT NULL DEFAULT '1',
  `id_gender` int(10) unsigned NOT NULL,
  `id_default_group` int(10) unsigned NOT NULL DEFAULT '1',
  `id_lang` int(10) unsigned DEFAULT NULL,
  `id_risk` int(10) unsigned NOT NULL DEFAULT '1',
  `company` varchar(64) DEFAULT NULL,
  `siret` varchar(14) DEFAULT NULL,
  `ape` varchar(5) DEFAULT NULL,
  `firstname` varchar(32) NOT NULL,
  `lastname` varchar(32) NOT NULL,
  `email` varchar(128) NOT NULL,
  `passwd` varchar(32) NOT NULL,
  `last_passwd_gen` timestamp NOT NULL DEFAULT CURRENT_TIMESTAMP,
  `birthday` date DEFAULT NULL,
  `newsletter` tinyint(1) unsigned NOT NULL DEFAULT '0',
  `ip_registration_newsletter` varchar(15) DEFAULT NULL,
  `newsletter_date_add` datetime DEFAULT NULL,
  `optin` tinyint(1) unsigned NOT NULL DEFAULT '0',
  `website` varchar(128) DEFAULT NULL,
  `outstanding_allow_amount` decimal(20,6) NOT NULL DEFAULT '0.000000',
  `show_public_prices` tinyint(1) unsigned NOT NULL DEFAULT '0',
  `max_payment_days` int(10) unsigned NOT NULL DEFAULT '60',
  `secure_key` varchar(32) NOT NULL DEFAULT '-1',
  `note` text,
  `active` tinyint(1) unsigned NOT NULL DEFAULT '0',
  `is_guest` tinyint(1) NOT NULL DEFAULT '0',
  `deleted` tinyint(1) NOT NULL DEFAULT '0',
  `date_add` datetime NOT NULL,
  `date_upd` datetime NOT NULL,
  PRIMARY KEY (`id_customer`),
  KEY `customer_email` (`email`),
  KEY `customer_login` (`email`,`passwd`),
  KEY `id_customer_passwd` (`id_customer`,`passwd`),
  KEY `id_gender` (`id_gender`),
  KEY `id_shop_group` (`id_shop_group`),
  KEY `id_shop` (`id_shop`,`date_add`)
) ENGINE=InnoDB AUTO_INCREMENT=340 DEFAULT CHARSET=utf8;

#
# Data for table "_WCprTUAcustomer"
#

INSERT INTO `_WCprTUAcustomer` VALUES (1,1,1,1,3,1,0,NULL,NULL,NULL,'John','DOE','pub@prestashop.com','c75b73d863ca8da8905f4aca6a8e20c0','2018-03-16 11:21:49','1970-01-15',1,NULL,'2013-12-13 08:19:15',1,NULL,0.000000,0,0,'ec3bc22eb13381ef026cd10e0ab69036',NULL,1,0,0,'2018-03-16 17:21:49','2018-05-25 15:25:56'),(2,1,1,0,3,1,0,NULL,NULL,NULL,'Michele','Bazzarri','mki@libero.it','157b4a4df38ed1f4cd58023a597f58cf','2018-08-23 11:25:45','1987-04-04',1,NULL,'2018-03-22 16:53:57',1,NULL,0.000000,0,0,'8751e0c76517ddfc90d9510e3a37d36b',NULL,1,0,0,'2018-03-22 16:53:57','2018-09-26 18:29:46'),(3,1,1,2,3,2,0,NULL,NULL,NULL,'Valentina','Spirito','salentina.v@libero.it','8e81039b39824edef89dfd0000b875e6','2018-04-05 10:08:51','1980-05-07',1,'188.15.42.106','2018-04-05 16:08:51',1,NULL,0.000000,0,0,'d1a5b49d8f84bf16eaaf1a82bc841351',NULL,1,0,0,'2018-04-05 16:08:51','2018-04-13 16:21:16'),(4,1,1,1,3,1,0,NULL,NULL,NULL,'Emanuele','lana','emanuelelana.pg@gmail.com','c86515934cc918c19d48b758d562ecac','2018-04-06 11:25:31','1979-06-28',1,'95.248.255.73','2018-04-06 17:25:30',1,NULL,0.000000,0,0,'c530df51366963555090dab89fedfe18',NULL,1,0,0,'2018-04-06 17:25:31','2018-04-06 17:25:31'),(5,1,1,1,3,1,0,NULL,NULL,NULL,'Alban','Xhaferllari','albanx@gmail.com','a19416598002443217238002f7e0da13','2018-04-07 14:39:27','0000-00-00',0,NULL,'0000-00-00 00:00:00',0,NULL,0.000000,0,0,'fba9388c2eceee4f691c89d8c5cdb9f4',NULL,1,0,0,'2018-04-07 20:39:27','2018-04-07 20:39:27'),(6,1,1,2,2,1,0,NULL,NULL,NULL,'Rita','Martini','ritabitbol@gmail.com','6a933d668c315f6e8282b0618002c06a','2018-04-09 10:57:18','1954-06-21',0,NULL,'0000-00-00 00:00:00',0,NULL,0.000000,0,0,'1ad20645fab8175aa90c9788965252ed',NULL,1,1,0,'2018-04-09 16:57:18','2018-04-09 16:57:18'),(7,1,1,1,3,1,0,NULL,NULL,NULL,'Michele','Goretti','michelegoretti.pg@gmail.com','e119dbd24bb16ac02556ed6c4fa161f6','2018-04-10 15:08:26','1972-06-17',1,'80.116.22.100','2018-04-10 21:08:26',1,NULL,0.000000,0,0,'ba5be8fea916f34fbc41a6160f7cb6f5',NULL,1,0,0,'2018-04-10 21:08:26','2018-05-17 10:20:49'),(8,1,1,0,3,1,0,NULL,NULL,NULL,'Alessandro','Salerno','alessandro@fattoriacreativa.it','d03074d8b3ed90cb5674a48833bcb7ad','2018-04-18 08:22:09','1934-04-09',1,'109.73.94.49','2018-04-18 14:22:09',1,NULL,0.000000,0,0,'cb475a3de965b2a01a5b7b4867fe7458',NULL,1,0,0,'2018-04-18 14:22:09','2018-04-23 12:09:44'),(9,1,1,1,2,1,0,NULL,NULL,NULL,'Gildo','Giuliani','gildo@fattoriacreativa.it','f1a473d0e8cc19f93ffd0d46f002ca3a','2018-04-19 04:44:28','0000-00-00',1,'109.73.94.49','2018-04-19 01:56:08',0,NULL,0.000000,0,0,'1416ca785aed46638f9ee56191e9ba94',NULL,1,1,0,'2018-04-19 10:44:28','2018-04-19 10:44:28'),(10,1,1,1,2,1,0,NULL,NULL,NULL,'Nello','Senatore','nellosenatore@libero.it','24017ca21e570b09e84f90232423f823','2018-04-20 14:01:10','0000-00-00',1,'93.32.139.27','2018-04-20 20:01:10',0,NULL,0.000000,0,0,'fbc5593baf11ad047ac8bb9b6b002b82',NULL,1,1,0,'2018-04-20 20:01:10','2018-04-20 20:01:10'),(11,1,1,1,2,1,0,NULL,NULL,NULL,'Miguel','Sanchez','mki@rgbmultimedia.com','cd743dfb5e0e7a291e871c98605ca2c4','2018-05-02 04:58:43','2001-04-15',0,'37.117.90.158','2018-05-02 10:58:43',0,NULL,0.000000,0,0,'e978430170e5c936dcaf1cc10d2f131a',NULL,1,1,0,'2018-05-02 10:58:43','2018-05-02 10:58:53'),(12,1,1,1,3,2,0,NULL,NULL,NULL,'Ezio','martelli','ezio.martelli@mac.com','289b0c3c7f943a25f0294ffe8f4a6c84','2018-05-12 05:50:11','1973-09-06',0,NULL,'0000-00-00 00:00:00',0,NULL,0.000000,0,0,'b1e8337a8b5e2f4f2b9609842d37701d',NULL,1,0,0,'2018-05-12 11:50:11','2018-05-12 11:50:11'),(13,1,1,2,2,1,0,NULL,NULL,NULL,'antonella','murru','antonellamurru@yahoo.it','601ea0ea5218b9d3d215f6a75b093c9c','2018-05-18 01:18:36','1963-08-03',1,'5.90.37.82','2018-05-18 07:18:36',1,NULL,0.000000,0,0,'c31813588e386f91f6e1cf63f1bf0413',NULL,1,1,0,'2018-05-18 07:18:36','2018-05-18 07:18:36'),(14,1,1,2,3,1,0,NULL,NULL,NULL,'Federica','Fresca','federica.fresca@gmail.com','d42c1835d7ce2b2347f51ac3ed7da6a0','2018-05-27 11:21:50','1989-09-15',0,NULL,'0000-00-00 00:00:00',1,NULL,0.000000,0,0,'f137629815345df5d0ce3d60b3094525',NULL,1,0,0,'2018-05-27 17:21:50','2018-05-27 17:21:50'),(15,1,1,2,3,1,0,NULL,NULL,NULL,'Tiziana','Paris','tiziana.paris61@tiscali.it','890a7243a612010a9aae08f1b2099a45','2018-06-02 10:11:25','1961-05-08',0,NULL,'0000-00-00 00:00:00',0,NULL,0.000000,0,0,'4f1fadc0f0c8bdab83d5bb0cece7e7a2',NULL,1,0,0,'2018-06-02 16:11:25','2018-06-02 16:11:25'),(16,1,1,1,2,1,0,NULL,NULL,NULL,'Tech','Ecommerce','tech.ecommerce@nexi.it','d92c9c095363137b5890a687fcf584bd','2018-06-13 06:41:52','1940-06-06',0,NULL,'0000-00-00 00:00:00',0,NULL,0.000000,0,0,'728963fd871363a988ec88a5633acb73',NULL,1,1,0,'2018-06-13 12:41:52','2018-06-13 12:41:52'),(17,1,1,1,3,1,0,NULL,NULL,NULL,'Tech','ecomm','tech.ecommerce@nexi.it','7267c26f59f1f81dc33a1fca9a1bf01d','2018-07-24 11:26:44','1960-04-11',0,NULL,'0000-00-00 00:00:00',0,NULL,0.000000,0,0,'6abe877d2398cc70994d4747f953c76c',NULL,1,0,0,'2018-06-13 12:44:25','2018-07-24 11:26:44'),(18,1,1,2,2,1,0,NULL,NULL,NULL,'Jen-Wen','Hsu','number2327@gmail.com','2d57daf1c36698f93ae7d2239b6ba4e0','2018-06-21 18:35:36','1994-11-03',0,NULL,'0000-00-00 00:00:00',0,NULL,0.000000,0,0,'f3f7b48c8e0dc78f7a76e40539583351',NULL,1,0,0,'2018-06-22 00:35:36','2018-06-25 11:59:47'),(19,1,1,2,2,1,0,NULL,NULL,NULL,'laura','rondini','laurarondini10@gmail.com','e4c49d7d366b05b74ae7052f70a1356a','2018-06-28 08:59:38','1987-10-24',1,'109.73.94.49','2018-06-28 14:59:38',1,NULL,0.000000,0,0,'dc1cb65fe0067869b9c13186a16c665b',NULL,1,1,0,'2018-06-28 14:59:38','2018-06-28 14:59:38'),(20,1,1,1,3,1,0,NULL,NULL,NULL,'Giuseppe','Di Gaetano','giuseppe_dg@libero.it','5073cc8763872ef09cf1bd95370c1bfc','2018-07-08 13:37:47','1966-11-30',1,'95.248.50.58','2018-07-08 19:37:47',0,NULL,0.000000,0,0,'229a4bf73fa8cd6380681c7c273f22dd',NULL,1,0,0,'2018-07-08 19:37:47','2018-07-08 19:37:47'),(21,1,1,1,3,2,0,'Eurografica snc',NULL,NULL,'Daniele','Vaccarecci','daniele.vaccarecci@gmail.com','6a5be8650024f5c1496e076a2e5d76e9','2018-07-09 10:32:09','1986-12-01',1,'87.13.94.67','2018-07-09 16:32:09',1,NULL,0.000000,0,0,'4e933b11c2b5912a8e58565ea1f0ee7e',NULL,1,0,0,'2018-07-09 16:32:09','2018-07-10 14:13:25'),(22,1,1,0,3,1,0,NULL,NULL,NULL,'Mauro','Lamberti','lambertimauro@hotmail.it','c028dd0f6a74b8ead11a157b6a00ca19','2018-07-10 06:54:57','1992-04-15',0,NULL,'0000-00-00 00:00:00',0,NULL,0.000000,0,0,'414ed8a3adc8192c730ad03a19525452',NULL,1,0,0,'2018-07-10 12:54:57','2018-07-10 12:54:57'),(23,1,1,1,3,1,0,NULL,NULL,NULL,'roberto','di lonardo','roberto.dilonardo@gmail.com','9f8171af662473af6333e1be9f971ce6','2018-07-10 16:13:20','1998-06-16',0,NULL,'0000-00-00 00:00:00',0,NULL,0.000000,0,0,'8f20c862bec83a7d94a26f7e957c7b26',NULL,1,0,0,'2018-07-10 22:13:20','2018-07-10 22:13:20'),(24,1,1,2,3,1,0,'PER REGINA',NULL,NULL,'REGINA','AUDANO','dolcizia@yahoo.it','134e4f48ad1a4467f3ef711526c82158','2018-07-11 12:24:02','0000-00-00',0,NULL,'0000-00-00 00:00:00',0,NULL,0.000000,0,0,'39d22e9a5be2ee4643612dd7a9ff34bb',NULL,1,0,0,'2018-07-11 18:24:02','2018-07-11 18:24:02'),(25,1,1,2,2,1,0,NULL,NULL,NULL,'Rossella','Molitierno','rossellamolitierno@libero.it','6c631d11b331437279dd938ff966d583','2018-07-11 16:18:15','2000-02-25',0,NULL,'0000-00-00 00:00:00',0,NULL,0.000000,0,0,'6e54ae4a6c4ea40aae4113d12c62ddcf',NULL,1,1,0,'2018-07-11 22:18:15','2018-07-11 22:23:40'),(26,1,1,2,3,1,0,NULL,NULL,NULL,'Rossella','Molitierno','rossellamolitierno@libero.it','bd7707659c59c2b509fa8c39265dc2e7','2018-07-11 19:38:25','2000-02-25',0,NULL,'0000-00-00 00:00:00',0,NULL,0.000000,0,0,'1acf38cc7ae0c8e8867178297e1f3154',NULL,1,0,0,'2018-07-12 01:38:25','2018-07-12 01:38:25'),(27,1,1,1,3,1,0,NULL,NULL,NULL,'Luca Tommaso','Timorati','luca.timorati@gmail.com','dda1e70a1ab2cf81f665877fe6f41c9c','2018-07-12 10:25:39','1988-05-22',0,NULL,'0000-00-00 00:00:00',0,NULL,0.000000,0,0,'0f647b2037d6e90d8e1199e52e5d8be0',NULL,1,0,0,'2018-07-12 16:25:39','2018-07-12 16:25:39'),(28,1,1,1,3,2,0,'C:o sottosopra',NULL,NULL,'Alessio','Tomberli ','Itimbe@gmail.com','5d71c6582a4a5e31118ebaa6fd233498','2018-07-13 02:09:07','1972-09-07',0,NULL,'0000-00-00 00:00:00',0,NULL,0.000000,0,0,'0fb67716a61f705dc3223609f78facba',NULL,1,0,0,'2018-07-13 08:09:07','2018-07-18 06:58:35'),(29,1,1,0,3,1,0,NULL,NULL,NULL,'mario','picozza','mario.picozza@gmail.com','c8048ab90cc0e9d0fb82d6a921d8e288','2018-07-14 08:27:27','0000-00-00',0,NULL,'0000-00-00 00:00:00',0,NULL,0.000000,0,0,'d839b2dca7a3022682c89deda78e2ebb',NULL,1,0,0,'2018-07-14 14:27:27','2018-07-14 14:27:27'),(30,1,1,2,2,1,0,'studio notarile',NULL,NULL,'Regina','Audano','audano@me.com','3d87fdc2e72703ccb6f38cc9375b69d0','2018-07-14 10:40:39','0000-00-00',0,NULL,'0000-00-00 00:00:00',0,NULL,0.000000,0,0,'a5cbadfa8cbd7ac12d096fb7b3dfc0ea',NULL,1,0,0,'2018-07-14 16:40:39','2018-07-16 14:44:49'),(31,1,1,2,2,1,0,NULL,NULL,NULL,'Sara','Musciacchio','s.musciacchio@gmail.com','0e66176b533b4b072c1077a59079af75','2018-07-15 07:08:42','1989-09-11',0,NULL,'0000-00-00 00:00:00',0,NULL,0.000000,0,0,'0a4cae849f8798451acd2e45462851fd',NULL,1,1,0,'2018-07-15 13:08:42','2018-07-15 13:08:42'),(32,1,1,1,3,1,0,NULL,NULL,NULL,'Alessandro','Sassi','ale.sassi87@gmail.com','12d36f0b8ab0fc0abe53ebf7c6f0106f','2018-07-15 13:48:57','1987-04-01',0,NULL,'0000-00-00 00:00:00',0,NULL,0.000000,0,0,'f57c576edc105b1c8d8ea518a18e9bc5',NULL,1,0,0,'2018-07-15 19:48:57','2018-07-15 19:48:57'),(33,1,1,0,3,2,0,NULL,NULL,NULL,'Halli','Lombardi','halli4@mac.com','5356c01e515821833ad4dccd52a0e4f1','2018-07-16 00:58:50','0000-00-00',0,NULL,'0000-00-00 00:00:00',0,NULL,0.000000,0,0,'a8aa9d1aa40073ae986d3c9618640487',NULL,1,0,0,'2018-07-16 06:58:50','2018-07-16 06:58:50'),(34,1,1,1,3,1,0,NULL,NULL,NULL,'Roberto','crisafulli','fully64@gmail.com','792c09f77e505747b7daaf90977de311','2018-12-15 21:25:00','1964-06-08',0,NULL,'0000-00-00 00:00:00',0,NULL,0.000000,0,0,'dbce4c1da14aaf280c7a5d7be1ba5d2d',NULL,1,0,0,'2018-07-16 08:22:55','2018-12-15 21:25:00'),(35,1,1,1,2,1,0,'Tabaccheria n 1',NULL,NULL,'Alessandro','Custodero','alessandro.custodero@gmail.com','3f99603ba9ff54e78a633d46ed27a36b','2018-07-17 06:56:29','1986-04-03',0,NULL,'0000-00-00 00:00:00',1,NULL,0.000000,0,0,'b298eb4881adcc5a7304fcff39fa7188',NULL,1,1,0,'2018-07-17 12:56:29','2018-07-17 12:56:29'),(36,1,1,1,3,1,0,NULL,NULL,NULL,'GUARINO','LEANDRO','guarino.leandro@gmail.com','1cdb023952eddc60c6c7379860f07252','2018-07-17 12:39:25','1967-01-26',0,NULL,'0000-00-00 00:00:00',1,NULL,0.000000,0,0,'0dbf27119c06996eda5bde408754cf24',NULL,1,0,0,'2018-07-17 18:39:25','2018-07-17 18:39:25'),(37,1,1,0,3,1,0,NULL,NULL,NULL,'Andrea','Scali','anscali@alice.it','22aa9f111caade383289d2048e2ea659','2018-07-17 16:24:54','0000-00-00',0,NULL,'0000-00-00 00:00:00',0,NULL,0.000000,0,0,'f7cb9ea7f7e64a5561c396aab083d947',NULL,1,0,0,'2018-07-17 22:24:54','2018-07-17 22:24:54'),(38,1,1,0,3,2,0,NULL,NULL,NULL,'cecilia maria ','cipitì','cecilia935@hotmail.com','be2a12ff4a647b9b848758a37780ace5','2018-07-18 04:38:06','1993-10-29',0,NULL,'0000-00-00 00:00:00',0,NULL,0.000000,0,0,'f1c9d500647a4f5e0bded584927c45f6',NULL,1,0,0,'2018-07-18 10:38:06','2018-07-18 10:38:06'),(39,1,1,1,3,2,0,NULL,NULL,NULL,'Domenico','Pudia','domenico@pudia.it','10caf98338b7df3e04d3a0f98984e01c','2018-07-18 05:46:23','1985-12-23',0,NULL,'0000-00-00 00:00:00',0,NULL,0.000000,0,0,'79edd6b12c56800c5b235d7594613245',NULL,1,0,0,'2018-07-18 11:46:23','2018-07-19 08:29:19'),(40,1,1,2,2,1,0,NULL,NULL,NULL,'erica','biffi','erica.biffi@gmail.com','1451ad2bd359e690b691ecb6c32f2127','2018-07-18 16:48:28','1980-03-21',1,'5.170.45.156','2018-07-18 22:48:28',1,NULL,0.000000,0,0,'f5ca295aa3133db94a48435db2f068a9',NULL,1,1,0,'2018-07-18 22:48:28','2018-07-18 22:51:18'),(41,1,1,2,2,1,0,NULL,NULL,NULL,'Tiziana','Gaglianone','tiziana.gaglianone@libero.it','bd2693af00351e6abc9db243ab685150','2018-07-18 16:52:03','1974-02-28',0,NULL,'0000-00-00 00:00:00',0,NULL,0.000000,0,0,'de17aa56dca2adeaf7143243788fe30b',NULL,1,1,0,'2018-07-18 22:52:03','2018-07-18 22:57:03'),(42,1,1,2,2,1,0,NULL,NULL,NULL,'erica','biffi','erica.biffi@gmail.com','95a659485bc654722746cff71bfbb5f4','2018-07-18 17:04:36','1980-03-21',1,'176.200.144.14','2018-07-18 23:04:36',1,NULL,0.000000,0,0,'129cc1e552a7c8363a57626b2fb99a45',NULL,1,1,0,'2018-07-18 23:04:36','2018-07-20 00:32:57'),(43,1,1,2,2,2,0,NULL,NULL,NULL,'DANIELA','ROMAGNOLI','dan.romag@gmail.com','381c823624b225723b76be1016b30108','2018-07-19 04:43:58','1963-01-16',0,NULL,'0000-00-00 00:00:00',0,NULL,0.000000,0,0,'ae8e4ed2ee92288c9450893b30d476db',NULL,1,0,0,'2018-07-19 10:43:58','2018-07-20 15:44:24'),(44,1,1,0,3,1,0,NULL,NULL,NULL,'paola','raffaglio','paolaraffag@gmail.com','d586701ba1da8257b23c6fcbcdea18b1','2018-07-19 10:58:04','0000-00-00',0,NULL,'0000-00-00 00:00:00',0,NULL,0.000000,0,0,'99cdb3d9afc4af6cf87e0e8954a543c1',NULL,1,0,0,'2018-07-19 16:58:04','2018-07-19 16:58:04'),(45,1,1,1,2,1,0,NULL,NULL,NULL,'Marco','Bergamin','bergaminmarco79@gmail.com','9836c6f09fb9314621bf232a1b5114b3','2018-07-20 03:21:21','1979-10-06',0,NULL,'0000-00-00 00:00:00',0,NULL,0.000000,0,0,'aec1b5bc2b8fc3904f0d65f1d06a2a0d',NULL,1,1,0,'2018-07-20 09:21:21','2018-07-20 09:21:56'),(46,1,1,2,2,1,0,'c/o ',NULL,NULL,'anna','cervone','anna.cervone@gmail.com','831f95a42f0318872b0737446492b8cc','2018-07-20 08:10:00','1962-03-25',0,NULL,'0000-00-00 00:00:00',0,NULL,0.000000,0,0,'2e32da40522915368292bb4f1eefd300',NULL,1,1,0,'2018-07-20 14:10:00','2018-07-20 14:10:00'),(47,1,1,2,3,1,0,'C/O STARBENE SENZA GLUTINE',NULL,NULL,'Sara','Grandi','sara.grandi89@gmail.com','af75c4587b40d639d7fb4e6bb1dbc1b7','2018-07-20 11:23:19','1989-07-25',1,'82.187.12.34','2018-07-20 17:23:19',0,NULL,0.000000,0,0,'0c8368e67248b3475004788f2b19c954',NULL,1,0,0,'2018-07-20 17:23:19','2018-07-20 17:23:19'),(48,1,1,2,3,1,0,NULL,NULL,NULL,'Cristina ','Carolo','carolo.cristina@gmail.com','0b6b047bb8c8648084e4a33310f3eb4e','2018-07-20 16:51:53','1974-07-26',1,'158.148.74.232','2018-07-20 22:51:53',1,NULL,0.000000,0,0,'e982d7a6afaea37698809ab01a8cda81',NULL,1,0,0,'2018-07-20 22:51:53','2018-07-20 22:51:53'),(49,1,1,2,2,1,0,NULL,NULL,NULL,'laura','rondini','laurarondini10@gmail.com','7aacbebae8ece875bbe4be56ac1abeea','2018-07-21 03:28:34','1987-10-24',1,'95.250.45.106','2018-07-21 09:28:34',1,NULL,0.000000,0,0,'05782a803ff2944ed78df61a65705636',NULL,1,1,0,'2018-07-21 09:28:34','2018-07-21 09:28:34'),(50,1,1,2,2,1,0,NULL,NULL,NULL,'Marina','Salvia','noemisalvia@libero.it','f84ab100592bf2d0e82c9f242f44df2e','2018-07-21 13:33:57','1984-08-13',0,NULL,'0000-00-00 00:00:00',0,NULL,0.000000,0,0,'e3b6b881e8af0b16fa53dfd32e7a60bb',NULL,1,1,0,'2018-07-21 19:33:57','2018-07-21 19:33:57'),(51,1,1,2,2,1,0,NULL,NULL,NULL,'Marina','Salvia','noemisalvia@libero.it','74ac9878b7c0f686007d511a3c386db2','2018-07-21 13:49:45','1984-08-13',0,NULL,'0000-00-00 00:00:00',0,NULL,0.000000,0,0,'b5ece8f420b61595e72d3f1c5b2779c0',NULL,1,1,0,'2018-07-21 19:49:45','2018-07-21 19:49:45'),(52,1,1,1,3,1,0,NULL,NULL,NULL,'Diego','magistrini','magistrinidiego@gmail.com','632782cdd9fe1db113d43166912f4f91','2018-07-21 14:51:29','1976-07-10',1,'5.90.203.221','2018-07-21 20:51:29',1,NULL,0.000000,0,0,'cb2b7e7ade1506a791ede42ce6330719',NULL,1,0,0,'2018-07-21 20:51:29','2018-07-21 20:51:29'),(53,1,1,2,2,1,0,NULL,NULL,NULL,'Elisa','Rossi','elisa.rossi.112358132134@gmail.com','6ab8985f3e82176e01c3c6384e264eec','2018-07-22 10:39:42','1987-02-27',0,NULL,'0000-00-00 00:00:00',0,NULL,0.000000,0,0,'ae8d1bcbe4bb1234e815f62422b5d41c',NULL,1,1,0,'2018-07-22 16:39:42','2018-07-22 16:39:42'),(54,1,1,2,2,1,0,NULL,NULL,NULL,'federica','spirito','Hashhaze17@gmail.com','04214b796b98c6fde0e88ba6080bb8a2','2018-07-22 12:08:17','1994-12-17',0,NULL,'0000-00-00 00:00:00',0,NULL,0.000000,0,0,'1f75757d8a7331068815729e56b585dc',NULL,1,1,0,'2018-07-22 18:08:17','2018-07-22 18:08:17'),(55,1,1,1,2,1,0,NULL,NULL,NULL,'Raffaele ','Viccaro ','raffaeleviccaro@libero.it','03d50f35023d5e112f35fa8fa4107893','2018-07-23 02:02:23','1975-03-25',0,NULL,'0000-00-00 00:00:00',0,NULL,0.000000,0,0,'986bc9d713f359bf2d11a9bc12c2e656',NULL,1,1,0,'2018-07-23 08:02:23','2018-07-23 08:03:08'),(56,1,1,2,2,1,0,NULL,NULL,NULL,'Vera','Gargiulo','vera@studiodimaio.it','5a48a92c6100bc04660cdd8cbc7112f8','2018-07-23 05:58:14','0000-00-00',0,NULL,'0000-00-00 00:00:00',0,NULL,0.000000,0,0,'461b1f04bc74c89071fe8dd8a08c653a',NULL,1,1,0,'2018-07-23 11:58:14','2018-07-23 11:58:14'),(57,1,1,0,3,2,0,NULL,NULL,NULL,'Melissa','Cardarelli','melissacardarelli97@gmail.com','ec9e33bfd9726d5dc12199fc3a5f09da','2018-07-23 07:23:29','0000-00-00',0,NULL,'0000-00-00 00:00:00',0,NULL,0.000000,0,0,'476ea0efeb67ab9ff1fe8886392aca93',NULL,1,0,0,'2018-07-23 13:23:29','2018-07-23 13:23:29'),(58,1,1,2,3,1,0,NULL,NULL,NULL,'rosalba','gariboldi','rosalbagariboldi@hotmail.com','d1f350d27977ed41396b94190c40e9a8','2018-07-23 09:13:21','1954-05-06',1,'5.170.107.132','2018-07-23 15:13:21',1,NULL,0.000000,0,0,'0c3d3fb405f0a8b808de9eceba83b5a9',NULL,1,0,0,'2018-07-23 15:13:21','2018-07-23 15:13:21'),(59,1,1,1,2,1,0,'Lorenzo Razzino',NULL,NULL,'Lorenzo','Razzino','lorenzo.razzino@gmail.com','8cb44950daa478efb0720438c06debad','2018-07-23 10:20:27','1982-09-28',0,NULL,'0000-00-00 00:00:00',0,NULL,0.000000,0,0,'e580f8cddfa79d716eb52056b0377940',NULL,1,1,0,'2018-07-23 16:20:27','2018-07-23 16:20:27'),(60,1,1,1,3,1,0,NULL,NULL,NULL,'nazzareno','sposetti','karma@migamma.it','46ef23857880a73cb947e5b70089f223','2018-07-24 01:16:45','1973-07-06',0,NULL,'0000-00-00 00:00:00',0,NULL,0.000000,0,0,'f63722f01e75094e80cb641404f43da3',NULL,1,0,0,'2018-07-24 07:16:45','2018-07-24 07:16:45'),(61,1,1,0,3,1,0,'1961',NULL,NULL,'Renato','Giraudo','renatogiraudo@gmail.com','211749b117139e697119f11ead2e9400','2018-07-25 01:20:59','0000-00-00',1,'5.90.53.239','2018-07-25 07:20:59',0,NULL,0.000000,0,0,'46d741404ac6218966d0cfe309d3b868',NULL,1,0,0,'2018-07-25 07:20:59','2018-07-25 07:20:59'),(62,1,1,1,3,1,0,NULL,NULL,NULL,'Giorgio','Marconcini','grgmarconcini@gmail.com','61a9e80b36a08b1a1abd9cd58bb0508a','2018-07-25 03:47:00','1956-06-06',0,NULL,'0000-00-00 00:00:00',0,NULL,0.000000,0,0,'415132850baa711f18a47b2f07a58fd7',NULL,1,0,0,'2018-07-25 09:47:00','2018-07-25 09:47:00'),(63,1,1,1,2,1,0,NULL,NULL,NULL,'Simone','Gatti','simo@rgbmultimedia.com','f2b3e76208f46d0276b1e49de5e02a21','2018-07-26 04:55:54','1977-08-17',0,NULL,'0000-00-00 00:00:00',0,NULL,0.000000,0,0,'5e2c79222589ba6d09351d0dfb9197ad',NULL,1,1,0,'2018-07-26 10:55:54','2018-07-26 10:55:54'),(64,1,1,1,2,1,0,'metal shearing snc',NULL,NULL,'bruno','ossiani','bruno.ossiani@libero.it','e953b0e2630c96b0623810881429e66c','2018-07-26 07:38:08','1957-11-01',1,'94.33.4.236','2018-07-26 13:38:08',0,NULL,0.000000,0,0,'a5020affe354f0d121cc2d2f6af04194',NULL,1,1,0,'2018-07-26 13:38:08','2018-07-26 13:38:08'),(65,1,1,2,3,1,0,NULL,NULL,NULL,'Valentina','Arietti','slide2001@hotmail.it','9a2a3b478aaf04e80fecf4d88cb85b39','2018-07-27 10:35:27','1977-08-12',1,'93.56.166.143','2018-07-27 16:35:27',1,NULL,0.000000,0,0,'4eb373f3aadfde35ee348cb7f6a1a7c3',NULL,1,0,0,'2018-07-27 16:35:27','2018-07-27 16:35:27'),(66,1,1,1,3,1,0,NULL,NULL,NULL,'Paolo','Palmieri','joybee@libero.it','1be9b7339d4ccec45596dc2bc164ece2','2018-07-28 16:10:00','1961-02-18',0,NULL,'0000-00-00 00:00:00',0,NULL,0.000000,0,0,'fb54a1068d6dd070408f15bcbac63aed',NULL,1,0,0,'2018-07-28 22:10:00','2018-07-28 22:10:00'),(67,1,1,1,2,1,0,NULL,NULL,NULL,'Daniele','Mura','dani.danielemura@gmail.com','8ddd411e5e3a06c7b17b9c20fcc8356c','2018-07-29 04:36:36','0000-00-00',1,'94.163.172.164','2018-07-29 10:36:36',1,NULL,0.000000,0,0,'fff44f860f1ab318eb40de9389478db9',NULL,1,1,0,'2018-07-29 10:36:36','2018-07-29 10:36:36'),(68,1,1,0,3,1,0,NULL,NULL,NULL,'Florindo','Morsa','florindo.morsa@gmail.com','5f80d019ec1167ab698036617106d97f','2018-07-29 05:18:20','0000-00-00',0,NULL,'0000-00-00 00:00:00',0,NULL,0.000000,0,0,'b0dd2c23ad29c7b7153d9db46746f67f',NULL,1,0,0,'2018-07-29 11:18:20','2018-07-29 11:18:20'),(69,1,1,1,2,1,0,NULL,NULL,NULL,'fabio','miatti','fabiomiatti@gmail.com','f32bfc276c1a9bd40badd9ad161c7536','2018-07-29 13:45:22','1966-10-14',0,NULL,'0000-00-00 00:00:00',1,NULL,0.000000,0,0,'37b79970b283c63692208917c9edfd7d',NULL,1,1,0,'2018-07-29 19:45:22','2018-07-29 19:46:34'),(70,1,1,1,3,1,0,NULL,NULL,NULL,'Andrea','SCALI','andrea.scali84@gmail.com','aad4e6ab2bf605d0ace96a19c57f23e1','2018-07-30 07:34:03','1971-08-07',0,NULL,'0000-00-00 00:00:00',1,NULL,0.000000,0,0,'0b83ca432f4258bdc1e131ec77c9078a',NULL,1,0,0,'2018-07-30 13:34:03','2018-07-30 13:34:03'),(71,1,1,0,3,1,0,NULL,NULL,NULL,'andrea','camuso','camu-90@hotmail.it','178a4f81b44fa42bd7d26e504500f737','2018-07-30 12:46:54','0000-00-00',0,NULL,'0000-00-00 00:00:00',0,NULL,0.000000,0,0,'cd456b46a90c54181f20fe5ad0465d3d',NULL,1,0,0,'2018-07-30 18:46:54','2018-07-30 18:46:54'),(72,1,1,0,3,1,0,NULL,NULL,NULL,'Lorenzo','Smerieri','l.smerieri@managementeconsulting.it','408e00f1832631a8a79c5cb247483d16','2018-07-31 12:30:36','0000-00-00',0,NULL,'0000-00-00 00:00:00',0,NULL,0.000000,0,0,'4ce811c86a3a39b8657ca09a97f3f3b3',NULL,1,0,0,'2018-07-31 18:30:36','2018-07-31 18:30:36'),(73,1,1,1,2,1,0,NULL,NULL,NULL,'matteo','piccoli','matteo.piccoli@mediaset.it','48eb242e5925c161aa9c234c2a1c2fac','2018-07-31 12:49:33','1984-02-07',0,NULL,'0000-00-00 00:00:00',0,NULL,0.000000,0,0,'f68474f1c2bf4a19a1ac1e4cbdfc4b3c',NULL,1,0,0,'2018-07-31 18:49:33','2018-08-01 11:01:26'),(74,1,1,1,3,1,0,NULL,NULL,NULL,'Marco','Baldini','marcopegaso@gmail.com','0a0796256328aad7b5e7deeb2412278e','2018-08-01 08:01:37','1963-06-11',1,'5.171.54.156','2018-08-01 14:01:36',1,NULL,0.000000,0,0,'d259966885a1c46f8714319027bcd573',NULL,1,0,0,'2018-08-01 14:01:37','2018-08-01 14:01:37'),(75,1,1,1,3,1,0,NULL,NULL,NULL,'simone','neri','nerisimone79@gmail.com','71093da89387451f427f2ea74555b1d6','2018-08-01 15:01:37','1979-01-18',1,'87.18.120.17','2018-08-01 21:01:37',1,NULL,0.000000,0,0,'2f2d855d82164e6a5566592d83ca78fd',NULL,1,0,0,'2018-08-01 21:01:37','2018-08-01 21:01:37'),(76,1,1,0,3,1,0,NULL,NULL,NULL,'Alessandro','battista','blex007@gmail.com','20dad771e3b229820c65ce3b283c1da9','2018-08-03 02:01:14','0000-00-00',0,NULL,'0000-00-00 00:00:00',0,NULL,0.000000,0,0,'5bbe281786dc857fdc0bd6e3428fccbf',NULL,1,0,0,'2018-08-02 00:48:17','2018-08-03 02:01:14'),(77,1,1,1,3,1,0,NULL,NULL,NULL,'Enrico','Odano','enrico.odano@gmail.com','ff5683c483801b15561bef00fc0d825e','2018-08-02 05:09:48','1964-09-20',1,'188.152.73.177','2018-08-02 11:09:48',0,NULL,0.000000,0,0,'f80f71baaf04af35b865601dceb64a96',NULL,1,0,0,'2018-08-02 11:09:48','2018-08-02 11:09:48'),(78,1,1,2,3,1,0,'c/o engineering s.p.a.',NULL,NULL,'antonietta','leone','leone.ant@hotmail.it','c049a8360f48f1e05b777dabb80fdad5','2018-08-02 17:44:48','1984-04-03',0,NULL,'0000-00-00 00:00:00',1,NULL,0.000000,0,0,'3ed7659aec9a2f95ee8ebe3b5591a9d1',NULL,1,0,0,'2018-08-02 23:44:48','2018-08-02 23:44:48'),(79,1,1,0,3,1,0,'Padovani servizi',NULL,NULL,'Diego ','Ravagnolo','diego642009@libero.it','379a52c67e31f9edd950387da4799277','2018-08-03 01:11:37','1964-07-03',0,NULL,'0000-00-00 00:00:00',1,NULL,0.000000,0,0,'ce6283bb3f593f590e4e56e20d7e3e24',NULL,1,0,0,'2018-08-03 07:11:37','2018-08-03 07:11:37'),(80,1,1,1,2,1,0,NULL,NULL,NULL,'Simone','Baronti','barontisimone@gmail.com','f63b6d41d5ecce08a52c6f5276a6966e','2018-08-04 08:03:24','1978-09-27',1,'79.3.66.53','2018-08-04 14:03:24',1,NULL,0.000000,0,0,'878c117a43c2add34d701d1cdfb8a17e',NULL,1,1,0,'2018-08-04 14:03:24','2018-08-04 14:03:24'),(81,1,1,2,2,1,0,NULL,NULL,NULL,'Alessia','Zino','al3ss1a.sbk@gmail.com','13d2c4c29563b8e03f48806f4c76dfdf','2018-08-04 11:56:58','1989-09-24',1,'93.42.26.59','2018-08-04 17:56:58',0,NULL,0.000000,0,0,'fe821f6891e31f9d7fb73551db6c4f67',NULL,1,1,0,'2018-08-04 17:56:58','2018-08-04 17:56:58'),(82,1,1,1,3,1,0,NULL,NULL,NULL,'Luigi','Gabriele','l.gabriele59@libero.it','7fb713abe6ed2418999ecd1954f1784e','2018-08-04 13:55:38','1959-11-23',1,'93.39.138.21','2018-08-04 19:55:38',1,NULL,0.000000,0,0,'5e90cddd30cbbee88747737f5c740601',NULL,1,0,0,'2018-08-04 19:55:38','2018-08-04 19:55:38'),(83,1,1,2,2,1,0,NULL,NULL,NULL,'Raffaela','Muriello','raffaelamuriello@gmail.com','f15bfc3d11a06d61b4b207e23c796ba0','2018-08-04 18:54:45','1990-04-09',0,NULL,'0000-00-00 00:00:00',0,NULL,0.000000,0,0,'3857cd6cd2f66a240a2ee462399b8207',NULL,1,1,0,'2018-08-05 00:54:45','2018-08-05 00:54:45'),(84,1,1,0,3,2,0,NULL,NULL,NULL,'Viola','Malara','viola.malara94@gmail.com','0c7fabbe43c2df889b78ff2ca7572554','2018-08-05 05:00:39','0000-00-00',0,NULL,'0000-00-00 00:00:00',0,NULL,0.000000,0,0,'d87545759159fd3df58a09f3fb5157e8',NULL,1,0,0,'2018-08-05 11:00:39','2018-08-05 11:00:39'),(85,1,1,1,2,1,0,NULL,NULL,NULL,'giuseppe','Tomasella','arch.tomasella@live.it','57c502ce5875c6e370de205db2047614','2018-08-05 08:52:22','1955-12-02',0,NULL,'0000-00-00 00:00:00',1,NULL,0.000000,0,0,'ef46d12c66f811f9ffb42bcb1c8f5d86',NULL,1,1,0,'2018-08-05 14:52:22','2018-08-05 14:52:22'),(86,1,1,1,3,1,0,NULL,NULL,NULL,'Giuseppe','Tomasella','arch.tomasella@live.it','64261a2d4448425372fa8b394a35695e','2018-08-05 09:04:21','1955-12-02',0,NULL,'0000-00-00 00:00:00',1,NULL,0.000000,0,0,'a63b26655aa8d1ae9e67604c92ad120a',NULL,1,0,0,'2018-08-05 15:04:21','2018-08-05 15:04:21'),(87,1,1,1,2,1,0,NULL,NULL,NULL,'Massimiliano','Panetta','massimiliano.panetta71@gmail.com','c419f8cb6e809976e04472eacc815665','2018-08-05 12:08:47','1971-12-17',1,'82.53.175.97','2018-08-05 18:08:47',1,NULL,0.000000,0,0,'2d2f64fc3f24ba034c63adb691ae58cb',NULL,1,1,0,'2018-08-05 18:08:47','2018-08-05 18:08:47'),(88,1,1,0,3,1,0,NULL,NULL,NULL,'francesco','fratini','fratinifrancesco@alice.it','04dddaade1977306e2566b766a159cf8','2018-08-06 07:14:25','0000-00-00',0,NULL,'0000-00-00 00:00:00',0,NULL,0.000000,0,0,'9c4b285f081cd065cc7347ea60968551',NULL,1,0,0,'2018-08-06 13:14:25','2018-08-06 13:14:25'),(89,1,1,0,3,1,0,'ceccarelli giovanni',NULL,NULL,'giovanni','ceccarelli','giovanni.ceccarelli@icloud.com','29662d08cd8d55f4eb0050dc312e49b5','2018-08-06 07:16:15','1987-07-27',0,NULL,'0000-00-00 00:00:00',0,NULL,0.000000,0,0,'6b00e11576191215b498e3370293cecb',NULL,1,0,0,'2018-08-06 13:16:15','2018-08-06 13:16:15'),(90,1,1,2,2,1,0,NULL,NULL,NULL,'Stella','Marzano','stella.marzano89@gmail.com','e492a9d863cd7ac753478593c2536999','2018-08-06 07:20:06','1989-05-27',0,NULL,'0000-00-00 00:00:00',0,NULL,0.000000,0,0,'8b39a2a478c1be324a0beb6e1ece31a5',NULL,1,0,0,'2018-08-06 13:20:06','2018-08-06 13:47:45'),(91,1,1,0,2,1,0,NULL,NULL,NULL,'ROBERTO','BRIGNETTI','errebi@elbalink.it','82014574f6f6bcbea960a08b756f63fe','2018-08-06 13:02:59','1954-08-25',0,NULL,'0000-00-00 00:00:00',0,NULL,0.000000,0,0,'db07e0c2b35288ee35758ee45b6a0b5d',NULL,1,1,0,'2018-08-06 19:02:59','2018-08-06 19:02:59'),(92,1,1,2,3,1,0,NULL,NULL,NULL,'Manuela','gucciardo','manuanto1@icloud.com','da5817d9435b893b436243f9e8c1b1e4','2018-08-07 04:57:53','1991-06-16',1,'82.54.35.124','2018-08-07 10:57:53',1,NULL,0.000000,0,0,'f36a0a2b5018bc69813ec6a6a4c96ea9',NULL,1,0,0,'2018-08-07 10:57:53','2018-08-07 10:57:53'),(93,1,1,1,2,1,0,NULL,NULL,NULL,'Paolo','Pedretti','paolo.pedretti60@gmail.com','62739c7960733e0eb1d0416ee43ecc88','2018-08-07 13:32:03','1960-10-04',0,NULL,'0000-00-00 00:00:00',1,NULL,0.000000,0,0,'56b0153e521803c6687c145418aa8c3e',NULL,1,1,0,'2018-08-07 19:32:03','2018-08-07 19:34:29'),(94,1,1,0,2,1,0,NULL,NULL,NULL,'sergio ','pignatta','espsmn@tiscali.it','3d8aceb8742f159f441023b6d5628c39','2018-08-08 03:22:47','1956-12-21',0,NULL,'0000-00-00 00:00:00',0,NULL,0.000000,0,0,'81ba87e9daf8b1c9a687d8c548bd315d',NULL,1,1,0,'2018-08-08 09:22:47','2018-08-08 09:22:47'),(95,1,1,1,2,1,0,'Rai radiotelevisione italiana ',NULL,NULL,'Paolo','Pagani','papaga@gmail.com','aef5869064da4feda24121c18331b361','2018-08-08 03:32:37','1963-08-08',1,'151.25.194.174','2018-08-08 09:32:37',0,NULL,0.000000,0,0,'57d675aef28198c36a999dbe61766de7',NULL,1,0,0,'2018-08-08 09:32:37','2018-08-08 13:27:15'),(96,1,1,2,3,1,0,NULL,NULL,NULL,'Alessandra','Cicioni','alessandra.cicioni@gmail.com','8bd8281c186d328f68675d7e36ff377f','2018-08-08 05:47:19','1973-01-01',0,NULL,'0000-00-00 00:00:00',0,NULL,0.000000,0,0,'a7c68577a3733bf179c3ce4798422895',NULL,1,0,0,'2018-08-08 11:47:19','2018-08-08 11:47:19'),(97,1,1,1,3,1,0,NULL,NULL,NULL,'Roberto','Patrizi','roberto.patrizi@gmail.com','3c3f5cfcfa60ff1dc61f6ddcf24e721d','2018-08-08 06:49:45','0000-00-00',0,NULL,'0000-00-00 00:00:00',0,NULL,0.000000,0,0,'b96f1ce8be21fbe30a7982f5ec7f2194',NULL,1,0,0,'2018-08-08 12:49:45','2018-08-08 12:49:45'),(98,1,1,1,3,1,0,NULL,NULL,NULL,'Bruno','Bernabo\'','bernabo@tin.it','b0d3330092520ccd897c6526a0324aa8','2018-08-08 12:14:14','1963-10-18',1,'93.40.224.174','2018-08-08 18:14:14',1,NULL,0.000000,0,0,'af1905c9715c4bd6e021c0d6f58974ce',NULL,1,0,0,'2018-08-08 18:14:14','2018-08-08 18:14:14'),(99,1,1,0,3,1,0,NULL,NULL,NULL,'Mario','Cantisani','civediamodamario@gmail.com','39fd647ee5e31dc03fbf7c0d4b787bbb','2018-08-08 14:45:03','0000-00-00',0,NULL,'0000-00-00 00:00:00',0,NULL,0.000000,0,0,'427260f1825def0f2cb0cbee98a181e4',NULL,1,0,0,'2018-08-08 20:45:03','2018-08-08 20:45:03'),(100,1,1,2,3,1,0,'c/o La scuola dei campioni',NULL,NULL,'marina','vitti','marina.vitti@fastwebnet.it','8609384711d5a69c1d2a583e7af85603','2018-08-08 23:39:01','1968-07-16',0,NULL,'0000-00-00 00:00:00',1,NULL,0.000000,0,0,'a9fc24d64624dbab1fe612550649d751',NULL,1,0,0,'2018-08-09 05:39:01','2018-08-09 05:39:01'),(101,1,1,1,3,1,0,NULL,NULL,NULL,'Francesco','Pardo','francescopardo@gmail.com','3ce3f046a5aaa15f54b4534c1f6f5de1','2018-08-09 10:41:58','1982-01-23',0,NULL,'0000-00-00 00:00:00',0,NULL,0.000000,0,0,'69bca413b3a2926329fc3b35a37b22e5',NULL,1,0,0,'2018-08-09 16:41:58','2018-08-09 16:41:58'),(102,1,1,0,2,1,0,'autoteam spa',NULL,NULL,'paolo','strabello','paolo.strabello@autoteam.it','fd65c11302f5afbfc6b3367e176b6074','2018-08-09 12:21:38','1963-04-28',1,'5.150.129.207','2018-08-09 18:21:38',1,NULL,0.000000,0,0,'a5dfdfa7f6273d150d283cf5c922c140',NULL,1,1,0,'2018-08-09 18:21:38','2018-08-09 18:21:55'),(103,1,1,0,3,1,0,NULL,NULL,NULL,'Guido ','Sieff ','sieffguido@gmail.com','06f2455de93919c5236fd000adf05592','2018-08-09 16:26:38','0000-00-00',0,NULL,'0000-00-00 00:00:00',0,NULL,0.000000,0,0,'fd1c991ea05a9a8146f222e1923d242f',NULL,1,0,0,'2018-08-09 22:26:38','2018-08-09 22:26:38'),(104,1,1,1,3,1,0,NULL,NULL,NULL,'Filippo','Martinelli','fil.martinelli96@gmail.com','05b83564473515095226f930269e9f5e','2018-08-10 05:14:52','1996-04-05',1,'87.1.222.37','2018-08-10 11:14:52',0,NULL,0.000000,0,0,'b14cc18608e1bb3d16e72771f7c9648f',NULL,1,0,0,'2018-08-10 11:14:52','2018-08-10 11:14:52'),(105,1,1,1,3,1,0,NULL,NULL,NULL,'Niccoló','Zanzottera','niccolo.zanzottera@gmail.com','246aba815fbac0f591a47159bee95f31','2018-08-11 04:34:06','1985-11-09',1,'5.90.33.157','2018-08-11 10:34:06',0,NULL,0.000000,0,0,'22418af68d421acd9075089dfe44da38',NULL,1,0,0,'2018-08-11 10:34:06','2018-08-11 10:34:06'),(106,1,1,2,2,2,0,NULL,NULL,NULL,'Fiorella','Fiorelli','studiofiorelli@iinwind.it','908634512cdb88b0053c8077321cabe4','2018-08-12 02:01:37','1954-12-24',1,'151.29.48.148','2018-08-12 08:01:37',0,NULL,0.000000,0,0,'eeffa6373cf6d0cc57ecb38ab280e0d0',NULL,1,1,0,'2018-08-12 08:01:37','2018-08-12 08:01:37'),(107,1,1,1,2,1,0,NULL,NULL,NULL,'Marco','Maffei','marcomaffo@tiscali.it','ee73b698d136a4c135ed6b30db8cd268','2018-08-12 05:12:55','1978-10-23',0,NULL,'0000-00-00 00:00:00',0,NULL,0.000000,0,0,'6b11bb82b973243b235a93d1d012e2d0',NULL,1,1,0,'2018-08-12 11:12:55','2018-08-12 11:31:58'),(108,1,1,1,2,1,0,NULL,NULL,NULL,'Marco','Maffei','marcomaffo@tiscali.it','5333557174d4d815c75ee2a4735acdcb','2018-08-12 05:36:47','1978-10-23',0,NULL,'0000-00-00 00:00:00',0,NULL,0.000000,0,0,'390b5c2dc83db8b3c5d401987210994b',NULL,1,1,0,'2018-08-12 11:36:47','2018-08-12 11:43:23'),(109,1,1,0,3,1,0,NULL,NULL,NULL,'lorena','barchetti','lorenabarchetti@gmail.com','28c040fa376e437b472a782e49e52314','2018-08-12 12:14:49','0000-00-00',0,NULL,'0000-00-00 00:00:00',0,NULL,0.000000,0,0,'1e86e650fc3cadb5e29a479168828270',NULL,1,0,0,'2018-08-12 18:14:49','2018-08-12 18:14:49'),(110,1,1,1,3,1,0,NULL,NULL,NULL,'Andrea','De Maria','andreademaria1@gmail.com','ae63f0a33edd1bc5bcdc93220691532f','2018-08-12 13:20:47','1987-01-08',0,NULL,'0000-00-00 00:00:00',1,NULL,0.000000,0,0,'94e6ca2bc7ab0d00604bf36ec13945d6',NULL,1,0,0,'2018-08-12 19:20:47','2018-08-12 19:20:47'),(111,1,1,1,2,1,0,NULL,NULL,NULL,'angelo','marchetti','angelomarchetti25@gmail.com','84618afcd03c4e7d6e087885d349d060','2018-08-12 15:10:07','1976-08-20',1,'5.169.103.131','2018-08-12 21:10:07',1,NULL,0.000000,0,0,'d65193f7e263f027a45a9fad47089700',NULL,1,1,0,'2018-08-12 21:10:07','2018-08-12 21:10:07'),(112,1,1,2,2,1,0,NULL,NULL,NULL,'ALESSANDRA','COSTANTOPULOS','angalex@alice.it','b75867febf250d64606f49d9cdc0ccdb','2018-08-13 02:08:23','1973-08-11',1,'79.27.128.98','2018-08-13 08:08:23',1,NULL,0.000000,0,0,'5db4c725ca8d28eb83536c9383e48414',NULL,1,1,0,'2018-08-13 08:08:23','2018-08-13 08:08:23'),(113,1,1,2,2,1,0,NULL,NULL,NULL,'JUDITH','PINNOCK','judith.pinnock.jp@gmail.com','757703293c928e6dd436d06f23721d8a','2018-08-13 08:13:26','1955-01-21',0,NULL,'0000-00-00 00:00:00',0,NULL,0.000000,0,0,'44e7b0bfefbbdca5a33f8866a26542bf',NULL,1,1,0,'2018-08-13 14:13:26','2018-08-13 14:13:26'),(114,1,1,2,2,1,0,'1997',NULL,NULL,'Chiara','Bui','bui.chiara16@gmail.com','e721d1533b2fc1acd807e1ce973ac222','2018-08-13 12:18:05','1997-04-24',0,NULL,'0000-00-00 00:00:00',0,NULL,0.000000,0,0,'784f7e221cc50f461e7da71b543fc01f',NULL,1,1,0,'2018-08-13 18:18:05','2018-08-13 20:27:07'),(115,1,1,1,2,1,0,NULL,NULL,NULL,'Antonino','Di Maio','info@ilgiardinosorrento.com','e063da20984d4b6da81d758a33331952','2018-08-13 16:09:38','1960-01-27',0,NULL,'0000-00-00 00:00:00',0,NULL,0.000000,0,0,'f8deed0caf632261aa223211d218f0e4',NULL,1,1,0,'2018-08-13 22:09:38','2018-08-13 22:09:38'),(116,1,1,2,3,1,0,NULL,NULL,NULL,'Chiara','Bui','bui.chiara16@gmail.com','17caba1f85f26f0ec1e2301017e07015','2018-08-13 16:30:48','1997-04-24',0,NULL,'0000-00-00 00:00:00',0,NULL,0.000000,0,0,'d00958b86ad566b5cbb26979d1aee232',NULL,1,0,0,'2018-08-13 22:30:48','2018-08-13 22:30:48'),(117,1,1,0,3,1,0,NULL,NULL,NULL,'anna','vilardi','vilard66@inwind.it','438c65f12d266066b28810abb8888e5f','2018-08-14 04:50:49','0000-00-00',0,NULL,'0000-00-00 00:00:00',0,NULL,0.000000,0,0,'9c1fbbfa0cd8cc99700e219d8029d542',NULL,1,0,0,'2018-08-14 10:50:49','2018-08-14 10:50:49'),(118,1,1,1,3,1,0,NULL,NULL,NULL,'Riccardo','Romano','ri_kyro@yahoo.it','178f2c8d1167206eed0fa78a14b83f32','2018-08-15 03:48:44','1988-05-29',0,NULL,'0000-00-00 00:00:00',1,NULL,0.000000,0,0,'10bb09faa3fccbe24ab92bd52d7c228d',NULL,1,0,0,'2018-08-15 09:48:44','2018-10-08 17:02:29'),(119,1,1,1,2,1,0,'℅ DLA Piper Studio legale e Tributario Associato',NULL,NULL,'agostino','papa','agostino.papa@gmail.com','6a043529f075f7a2b520a541c04a0aeb','2018-08-15 10:18:57','1978-05-01',0,NULL,'0000-00-00 00:00:00',0,NULL,0.000000,0,0,'676aff274fec14d701a5c896b7005f87',NULL,1,1,0,'2018-08-15 16:18:57','2018-08-15 16:18:57'),(120,1,1,0,3,1,0,NULL,NULL,NULL,'Matteo','Cellini','matteo.cellini@gmail.com','c6e0b5c346972044ff962b73585559d9','2018-08-16 01:25:47','0000-00-00',0,NULL,'0000-00-00 00:00:00',0,NULL,0.000000,0,0,'7f5b924fcfc93924bb5ed68fe990f9ce',NULL,1,0,0,'2018-08-16 07:25:47','2018-08-16 07:25:47'),(121,1,1,2,2,1,0,'Ninetynine srl',NULL,NULL,'Lucia','Sorrentino','lucia_srn@hotmail.it','59340c76e6fbfc42b42c87f2cd46ac02','2018-08-16 05:01:06','1988-09-27',0,NULL,'0000-00-00 00:00:00',1,NULL,0.000000,0,0,'87ad0a0c5598916c2433c0af99d9384f',NULL,1,1,0,'2018-08-16 11:01:06','2018-08-16 11:01:06'),(122,1,1,1,2,1,0,NULL,NULL,NULL,'Alessio','Lazzeri','alessiolazzeri@yahoo.it','6f3028ff03bbf23d75c0a1345b7a22ec','2018-08-17 03:19:01','1983-02-13',0,NULL,'0000-00-00 00:00:00',1,NULL,0.000000,0,0,'2e3c755fd1a1f37aa8ac9e63ec34a16b',NULL,1,0,0,'2018-08-17 09:19:01','2018-08-17 09:22:40'),(123,1,1,1,2,1,0,'C/O Mail Boxes etc.',NULL,NULL,'Bernardo','Dalle Ore','bedalleore@alice.it','d631016c5389786b65c11686fdc05da6','2018-08-17 06:36:26','1962-01-10',0,NULL,'0000-00-00 00:00:00',0,NULL,0.000000,0,0,'c34779bdd5405d30e475e12a918330e3',NULL,1,1,0,'2018-08-17 12:36:26','2018-08-17 12:36:26'),(124,1,1,1,2,1,0,NULL,NULL,NULL,'Ciro','Pugliese','cipu1972@gmail.com','a815a5dba30b085346b7f90c8a27dec2','2018-08-17 07:44:31','1972-01-22',0,NULL,'0000-00-00 00:00:00',0,NULL,0.000000,0,0,'e82fd93bed74a242680846ae4f3d3588',NULL,1,1,0,'2018-08-17 13:44:31','2018-08-17 13:48:29'),(125,1,1,2,3,1,0,NULL,NULL,NULL,'mariateresa','puglionisi','puglionisi@icloud.com','0761590567a44ec1a134ab77f36973d5','2018-08-17 08:55:43','1944-05-05',1,'93.67.13.15','2018-08-17 14:55:43',0,NULL,0.000000,0,0,'7344b5065c1b8cbc610e68ea2ae663ce',NULL,1,0,0,'2018-08-17 14:55:43','2018-08-17 14:55:43'),(126,1,1,1,2,1,0,NULL,NULL,NULL,'RUSCONI','CLAUDIO','rusconi.claudio@libero.it','a34664aed76366d4c80f84830f85c770','2018-08-17 11:30:57','1973-03-31',0,NULL,'0000-00-00 00:00:00',0,NULL,0.000000,0,0,'9277241d9d3dd441fb86c5e7a74eb781',NULL,1,1,0,'2018-08-17 17:30:57','2018-08-17 17:30:57'),(127,1,1,0,3,1,0,NULL,NULL,NULL,'Ciro','Pugliese','cipu1972@gmail.it','dcfa0db94e80e81920f2682727d998a9','2018-08-17 12:59:31','0000-00-00',0,NULL,'0000-00-00 00:00:00',0,NULL,0.000000,0,0,'c1892295f110c6ecd069aa99ed4e1ea5',NULL,1,0,0,'2018-08-17 18:59:31','2018-08-17 18:59:31'),(128,1,1,2,3,1,0,NULL,NULL,NULL,'Barbara','Pirina','barbara.pirina@gmail.com','3a1557838a7b4db72e3b9ae9f6935287','2018-08-18 03:35:17','1985-07-19',0,NULL,'0000-00-00 00:00:00',0,NULL,0.000000,0,0,'4343800c84a62200d787e4841cefa917',NULL,1,0,0,'2018-08-18 09:35:17','2018-08-18 09:35:17'),(129,1,1,2,2,1,0,NULL,NULL,NULL,'luciana ','carretta','lu_ly@hotmail.it','c6ec5ef78a60a7108f56f1601e236995','2018-08-18 05:27:04','1991-09-26',0,NULL,'0000-00-00 00:00:00',0,NULL,0.000000,0,0,'c87a0bb4c7ff11d40dd84a83978dd57b',NULL,1,1,0,'2018-08-18 11:27:04','2018-08-18 11:27:04'),(130,1,1,0,3,1,0,NULL,NULL,NULL,'Davide','Virgilio','davidelascolastica@gmail.com','d85502b738358c9b1e3811c89b7f2926','2018-08-18 06:17:33','0000-00-00',0,NULL,'0000-00-00 00:00:00',0,NULL,0.000000,0,0,'a004be636fcfb5ec6fdcb1c383b0a133',NULL,1,0,0,'2018-08-18 12:17:33','2018-08-18 12:17:33'),(131,1,1,2,2,1,0,NULL,NULL,NULL,'claudia','calderini','claudia.calderini@gmail.com','5449db8f509a4f6421d2dcbe69859cf1','2018-08-18 07:21:49','0000-00-00',1,'79.26.44.92','2018-08-18 05:34:28',0,NULL,0.000000,0,0,'dc6fc65fd670b021f33ac61a6291ab77',NULL,1,1,0,'2018-08-18 13:21:49','2018-08-18 13:21:49'),(132,1,1,0,2,1,0,NULL,NULL,NULL,'Mirko','Petrelli','mirko.petrelli@outlook.it','622455b560d016247e8f2cf67fd6f74a','2018-08-18 14:31:08','1992-09-13',0,NULL,'0000-00-00 00:00:00',0,NULL,0.000000,0,0,'cd9fe85fc14f59f1d98388f8c31e2938',NULL,1,1,0,'2018-08-18 20:31:08','2018-08-18 20:31:08'),(133,1,1,0,3,1,0,NULL,NULL,NULL,'arianna','Colapinto','riri07@hotmail.it','f08c3bbae931d580803a3d459245f369','2018-08-19 05:32:26','0000-00-00',0,NULL,'0000-00-00 00:00:00',0,NULL,0.000000,0,0,'aab28b46dc5ddb57aa8f799d645ce4f0',NULL,1,0,0,'2018-08-19 11:32:26','2018-08-19 11:32:26'),(134,1,1,0,2,1,0,NULL,NULL,NULL,'maurizio','pino','m.pino@mac.com','2badb742a4848e331066eab090a39031','2018-08-19 11:02:11','1958-02-24',0,NULL,'0000-00-00 00:00:00',0,NULL,0.000000,0,0,'d8c8d72fb400fae48b84c9e4772cc290',NULL,1,0,0,'2018-08-19 17:02:11','2018-08-19 17:04:12'),(135,1,1,1,3,1,0,NULL,NULL,NULL,'Massimiliano','Panetta','massimiliano.panetta71@gmail.com','9b1a50bed44634fdaa5a62d66034d2df','2018-08-19 11:03:29','1971-12-17',1,'87.7.229.170','2018-08-19 17:03:29',1,NULL,0.000000,0,0,'45060e4bc46e31c354a29faa6e3383e1',NULL,1,0,0,'2018-08-19 17:03:29','2018-08-19 17:03:29'),(136,1,1,2,2,1,0,NULL,NULL,NULL,'francesca','bove','francesca@edire.it','bc99ff74a3ee143f217b6bdea651ad6a','2018-08-19 17:40:22','1975-11-24',1,'2.40.211.139','2018-08-19 23:40:21',1,NULL,0.000000,0,0,'8e27067d82198a5a81c796899766bda5',NULL,1,1,0,'2018-08-19 23:40:22','2018-08-19 23:40:22'),(137,1,1,2,3,1,0,NULL,NULL,NULL,'Francesca','bove','francesca@edire.it','c5e52b09a65fd30c34b32d38c3fe70d4','2018-08-25 08:14:06','1975-11-24',1,'2.40.211.139','2018-08-19 23:45:02',1,NULL,0.000000,0,0,'832ce7a054ab122e7e89d73f31376df0',NULL,1,0,0,'2018-08-19 23:45:02','2018-08-25 08:14:06'),(138,1,1,1,3,1,0,NULL,NULL,NULL,'Giulio','Cristani','giuliocristani@live.it','b93cb76c9bbdf64a6d0f99b4ff106438','2018-08-21 03:58:10','1982-04-06',1,'151.3.53.10','2018-08-21 09:58:10',1,NULL,0.000000,0,0,'91f4a04b3082852535add440cb4dc3c8',NULL,1,0,0,'2018-08-21 09:58:10','2018-08-21 09:58:10'),(139,1,1,2,2,1,0,NULL,NULL,NULL,'Sonia','Samorì','sonia.samori@libero.it','a9d74ee8d6644e02f70aff71d579db25','2018-08-21 05:36:56','1984-09-13',1,'79.3.10.86','2018-08-21 11:36:56',1,NULL,0.000000,0,0,'49cf2703cc29770bd51d08262a7a5feb',NULL,1,1,0,'2018-08-21 11:36:56','2018-08-21 11:36:56'),(140,1,1,2,3,1,0,NULL,NULL,NULL,'elisa','genovesi','elisa.genovesi8@gmail.com','e21b1b16e9a8aa02ba35c89574f601f4','2018-08-21 09:10:16','0000-00-00',0,NULL,'0000-00-00 00:00:00',0,NULL,0.000000,0,0,'d771b6287a6028ac3c319a709caf0755',NULL,1,0,0,'2018-08-21 15:10:16','2018-08-21 15:10:16'),(141,1,1,1,3,1,0,NULL,NULL,NULL,'Fabrizio','Caniglia','fabrizio.caniglia@tin.it','0ffdcd4940127d71e506226b42102a83','2018-08-21 13:59:11','1972-04-28',1,'95.252.90.47','2018-08-21 19:59:10',1,NULL,0.000000,0,0,'e98414c279b8dd40994dd903ea4909ea',NULL,1,0,0,'2018-08-21 19:59:11','2018-08-21 19:59:11'),(142,1,1,0,2,1,0,NULL,NULL,NULL,'Lucia','Basilotta','lucia.basilotta@gmqil.com','0642edfce1ef38e4b33012afbb7116f4','2018-08-21 16:25:42','1957-09-07',0,NULL,'0000-00-00 00:00:00',0,NULL,0.000000,0,0,'530b7e28cf706192ef46f40083a98158',NULL,1,1,0,'2018-08-21 22:25:42','2018-08-21 22:26:20'),(143,1,1,0,3,1,0,NULL,NULL,NULL,'Luca','De Ioris','ciauscolo@yahoo.it','9148b7497e64b318f9a7bcb4b855b8ea','2018-08-22 02:01:31','0000-00-00',0,NULL,'0000-00-00 00:00:00',0,NULL,0.000000,0,0,'57ef553938243ef187bc02d8c175d6c7',NULL,1,0,0,'2018-08-22 08:01:31','2018-08-22 08:01:31'),(144,1,1,0,3,1,0,NULL,NULL,NULL,'emilio','ferrari','info@granbouc.it','55abc345dd0476ba36b511a8458af051','2018-08-22 05:29:31','0000-00-00',0,NULL,'0000-00-00 00:00:00',0,NULL,0.000000,0,0,'b180297e5ae252e6f6473dd6af94b066',NULL,1,0,0,'2018-08-22 11:29:31','2018-08-22 11:29:31'),(145,1,1,2,3,1,0,NULL,NULL,NULL,'Serena','Busco','serena.busco@gmail.com','5506b2d5ee5d8c6f63ee5b89e96b215d','2018-08-22 08:12:38','1985-05-22',1,'82.51.13.218','2018-08-22 14:12:37',0,NULL,0.000000,0,0,'4ce374cdf25b330c38d28c291350d076',NULL,1,0,0,'2018-08-22 14:12:38','2018-08-22 14:12:38'),(146,1,1,0,3,1,0,NULL,NULL,NULL,'Metilde','Caffetto','avv.caffetto@libero.it','5ba4f591558cc8a4b91a6235c0857252','2018-08-22 14:46:02','0000-00-00',0,NULL,'0000-00-00 00:00:00',0,NULL,0.000000,0,0,'04d69c68ddcb178e0aa38837d8a35338',NULL,1,0,0,'2018-08-22 20:46:02','2018-08-22 20:46:02'),(147,1,1,1,3,1,0,NULL,NULL,NULL,'Luca','De Giorgis','luca.deg@live.it','5abd158b0ab6c95ffaececedfecf6ff2','2018-08-22 16:14:57','1983-09-13',1,'37.160.18.241','2018-08-22 22:14:57',0,NULL,0.000000,0,0,'3b9dc2eb7da8afdaa94a5ac30683464c',NULL,1,0,0,'2018-08-22 22:14:57','2018-08-22 22:14:57'),(148,1,1,0,3,1,0,NULL,NULL,NULL,'Alessia','Bussolotto','alebusso90@hotmail.it','9eb96c6c23e6b2e32fc3c58295721b84','2018-08-23 05:48:01','0000-00-00',0,NULL,'0000-00-00 00:00:00',0,NULL,0.000000,0,0,'460fcc17fe6620ad10fd502366cf8e24',NULL,1,0,0,'2018-08-23 11:48:01','2018-08-23 11:48:01'),(149,1,1,1,2,1,0,NULL,NULL,NULL,'Michele','Bombino','michele.bombino1@libero.it','85d83ac9d4f2919817bcd57d13b196a1','2018-08-23 09:17:04','1947-05-03',0,NULL,'0000-00-00 00:00:00',0,NULL,0.000000,0,0,'6b702b08d89b74be4da5e373f96b34d9',NULL,1,1,0,'2018-08-23 15:17:04','2018-08-23 15:17:27'),(150,1,1,2,3,1,0,NULL,NULL,NULL,'Tonia','Di Pietro','toniadipietro93@gmail.com','96211c657ea34a1a1aa399d17f552e88','2018-08-23 10:21:34','1993-12-18',0,NULL,'0000-00-00 00:00:00',1,NULL,0.000000,0,0,'dfa05c0351795b9acb6c2c590fcae05c',NULL,1,0,0,'2018-08-23 16:21:34','2018-08-23 16:21:34'),(151,1,1,2,2,1,0,NULL,NULL,NULL,'concetta','artale ','silvana.artale@virgilio.it','3311a1e37c414fc5d19ae6a2ca873f01','2018-08-23 10:56:50','1961-08-03',1,'78.134.10.236','2018-08-23 16:56:50',0,NULL,0.000000,0,0,'7e5dc02c9d71eebbbf3b50622f4c7064',NULL,1,1,0,'2018-08-23 16:56:50','2018-08-23 16:56:50'),(152,1,1,2,3,1,0,'C/o volksbank',NULL,NULL,'Deborah','Pernat','Deborah.pernat@gmail.com','56cc0d2e4927ba129a3a66bf498ddcc1','2018-08-23 14:54:55','1983-10-30',1,'91.253.142.102','2018-08-23 20:54:55',0,NULL,0.000000,0,0,'e614d12dcb05c20719d1859cb9bd55fe',NULL,1,0,0,'2018-08-23 20:54:55','2018-08-23 20:54:55'),(153,1,1,2,2,1,0,NULL,NULL,NULL,'Sonia','Palladino','soniapalla81@gmail.com','7e48cb1f5a6bb13dfb9a865f5cd54a78','2018-08-23 23:32:39','1981-05-01',0,NULL,'0000-00-00 00:00:00',1,NULL,0.000000,0,0,'7d619efb43c40da175a174579b1ea290',NULL,1,1,0,'2018-08-24 05:32:39','2018-08-24 05:32:39'),(154,1,1,0,3,1,0,NULL,NULL,NULL,'Luca Joel','Guerriero','lucajoelguerriero@gmail.com','7d2a03702beab696c86cfa5f7d02ee49','2018-08-24 04:08:42','0000-00-00',0,NULL,'0000-00-00 00:00:00',0,NULL,0.000000,0,0,'1c624741f341b89bb1b14f1ae2238f4b',NULL,1,0,0,'2018-08-24 10:08:42','2018-08-24 10:08:42'),(155,1,1,0,2,1,0,NULL,NULL,NULL,'katia','marinaro','katiamarinaro@libero.it','3173d5cdec05d7654b0513e0b9748bc0','2018-08-24 09:06:07','1982-03-10',1,'79.23.36.162','2018-08-24 15:06:07',1,NULL,0.000000,0,0,'16d57e61bcec338572b4a9d83e474c02',NULL,1,1,0,'2018-08-24 15:06:07','2018-08-24 15:06:07'),(156,1,1,1,2,2,0,NULL,NULL,NULL,'Adriano Cesare','Filippini','adrianocesarefilippini@cmail.com','0ca9b67d941d7d072f238e242660f8ee','2018-08-24 13:24:02','0000-00-00',0,NULL,'0000-00-00 00:00:00',0,NULL,0.000000,0,0,'486fd1f016ff4542398138f97427046c',NULL,1,1,0,'2018-08-24 19:24:02','2018-08-28 21:06:56'),(157,1,1,1,3,2,0,NULL,NULL,NULL,'Ip','Denny','dennyswy@netvigator.com','f496ea014934887469f611d0e7c2a912','2018-08-25 01:26:35','1963-10-18',0,NULL,'0000-00-00 00:00:00',0,NULL,0.000000,0,0,'9f765f6146fbd89dd989d1dabc85fd2e',NULL,1,0,0,'2018-08-25 07:26:35','2018-08-25 07:26:35'),(158,1,1,2,2,1,0,NULL,NULL,NULL,'Martina','Meloni','mmelonifernandez@gmail.com','924f9f88a4db92c2d01b6d73cffebef2','2018-08-25 05:45:57','1994-02-20',0,NULL,'0000-00-00 00:00:00',0,NULL,0.000000,0,0,'591e783c552a7101cb6251527d41904c',NULL,1,1,0,'2018-08-25 11:45:57','2018-08-25 11:45:57'),(159,1,1,2,3,1,0,NULL,NULL,NULL,'Gilda','Ruzzi','gildaruzzi@gmail.com','b0ee2f2590dd9a0ebc4d1c7762324882','2018-08-25 07:53:10','1985-06-09',1,'91.253.144.1','2018-08-25 13:53:10',1,NULL,0.000000,0,0,'b4a1a1b38daf5662b122dd33aadc604e',NULL,1,0,0,'2018-08-25 13:53:10','2018-08-25 13:53:10'),(160,1,1,1,2,1,0,NULL,NULL,NULL,'Marco','Candelotto','candelotto.marco@gmail.com','82bbb41c754b0f67e8886302efca190f','2018-08-25 13:43:57','0000-00-00',0,NULL,'0000-00-00 00:00:00',0,NULL,0.000000,0,0,'eac9feca1e6abd0efefc2a9bdd26e6d4',NULL,1,1,0,'2018-08-25 19:43:57','2018-08-25 19:43:57'),(161,1,1,1,3,1,0,NULL,NULL,NULL,'Marco','Candelotto','candelotto.marco@gmail.com','356fbdbd26ebc69d733b536517383a01','2018-08-25 14:14:18','1972-03-03',0,NULL,'0000-00-00 00:00:00',0,NULL,0.000000,0,0,'49a98d1f723e57d8ef84a4e2fb2f4614',NULL,1,0,0,'2018-08-25 20:14:18','2018-08-25 20:14:18'),(162,1,1,2,3,1,0,NULL,NULL,NULL,'Lucilla','Baglivo','lbaglivo77@gmail.com','26a72666cd55ca74dfd182149f527a79','2018-08-26 03:34:58','1977-06-13',0,NULL,'0000-00-00 00:00:00',0,NULL,0.000000,0,0,'f016f5ce701a7376e02cbf7e5996fa86',NULL,1,0,0,'2018-08-26 09:34:58','2018-08-26 09:34:58'),(163,1,1,2,3,1,0,NULL,NULL,NULL,'Elena','ROMANELLI','romanellelena@gmail.com','b519532600df30898bdca62728912e28','2018-08-26 05:28:00','1965-09-22',0,NULL,'0000-00-00 00:00:00',0,NULL,0.000000,0,0,'177845e29327213e27feeb7a51d1acd6',NULL,1,0,0,'2018-08-26 11:28:00','2018-08-26 11:28:00'),(164,1,1,0,3,1,0,NULL,NULL,NULL,'Stefano','Spinetti','stespinetti@gmail.com','489679a00c1df9be97acfc2171964d9d','2018-08-26 10:09:54','0000-00-00',0,NULL,'0000-00-00 00:00:00',0,NULL,0.000000,0,0,'782f9219991bd39ae4f2ae1fc224ae3d',NULL,1,0,0,'2018-08-26 16:09:54','2018-08-26 16:09:54'),(165,1,1,2,2,1,0,NULL,NULL,NULL,'francesca','canneddu','ffrraacc@gmail.com','e523688c2c1f59d3d257e3f4f63bafd3','2018-08-27 05:27:33','1996-01-09',1,'82.107.15.84','2018-08-27 11:27:33',1,NULL,0.000000,0,0,'4a1b1c41217ac433a0f97edbae09e1c2',NULL,1,1,0,'2018-08-27 11:27:33','2018-08-27 11:27:33'),(166,1,1,1,3,1,0,NULL,NULL,NULL,'Matteo','Sironi','sironimatteo@gmail.com','fed78267ae4647804923b95258b5570c','2018-08-27 06:55:07','1978-10-31',0,NULL,'0000-00-00 00:00:00',0,NULL,0.000000,0,0,'371e3500cd6ea13f2da5fc0a58d137e3',NULL,1,0,0,'2018-08-27 12:55:07','2018-08-27 12:55:07'),(167,1,1,2,2,1,0,NULL,NULL,NULL,'Miriana','Raiano','miriana.raiano@virgilio.it','a340e0850ba374266181fce285772faa','2018-08-28 03:35:41','1994-01-22',0,NULL,'0000-00-00 00:00:00',0,NULL,0.000000,0,0,'bf6301b8c08f2868a47560768665eef1',NULL,1,1,0,'2018-08-28 09:35:41','2018-08-28 09:35:41'),(168,1,1,2,2,1,0,NULL,NULL,NULL,'Miriana','Raiano','miriana.raiano@virgilio.it','c4557a00226a6dc9b57f1abd438575f5','2018-08-28 03:36:01','1994-01-22',0,NULL,'0000-00-00 00:00:00',0,NULL,0.000000,0,0,'1c3bdf29e93cb24b0a07478d58c1c090',NULL,1,1,0,'2018-08-28 09:36:01','2018-08-28 09:36:01'),(169,1,1,0,3,1,0,NULL,NULL,NULL,'Armando','Limongiello','armando.limongiello@alice.it','873292b6e6d9226c0368b0d8bb5bcb2a','2018-08-28 09:44:51','0000-00-00',0,NULL,'0000-00-00 00:00:00',0,NULL,0.000000,0,0,'3e0135cbabbddb32d4b734c1dd024f8f',NULL,1,0,0,'2018-08-28 15:44:51','2018-08-28 15:44:51'),(170,1,1,2,3,1,0,NULL,NULL,NULL,'Miriana','Raiano','miriana.raiano@virgilio.it','6c690af4a6eff668cd3e26abca3525c1','2018-08-28 11:22:11','1994-01-22',0,NULL,'0000-00-00 00:00:00',0,NULL,0.000000,0,0,'0952ed75e5d217ffb766bbb4e928bf4d',NULL,1,0,0,'2018-08-28 17:22:11','2018-08-28 17:22:11'),(171,1,1,2,3,1,0,NULL,NULL,NULL,'Gaia','Accorsi','gaia.accorsi74@gmail.com','4643ffe4b88858b4cd355ff626241b03','2018-08-28 14:49:53','1974-01-27',0,NULL,'0000-00-00 00:00:00',1,NULL,0.000000,0,0,'009a0cbe382955b0e9b9683e79e7753a',NULL,1,0,0,'2018-08-28 20:49:53','2018-08-28 20:49:53'),(172,1,1,2,2,1,0,NULL,NULL,NULL,'alessandra','favaro','alessandra.favaro@gmail.com','2917680332c9036e635b80ebc5fe54ad','2018-08-28 16:47:21','0000-00-00',0,NULL,'0000-00-00 00:00:00',0,NULL,0.000000,0,0,'db4a72ea426c47fbc00f557475d5dc0c',NULL,1,1,0,'2018-08-28 22:47:21','2018-08-28 22:47:21'),(173,1,1,1,3,1,0,NULL,NULL,NULL,'carlo','caci','ciacci79@yahoo.it','448ef3d449c34784a36d806751ea13ad','2018-08-29 02:07:40','1979-01-20',1,'5.170.143.24','2018-08-29 08:07:40',1,NULL,0.000000,0,0,'b9ff56e831f6cc5b6b860a73ba261be4',NULL,1,0,0,'2018-08-29 08:07:40','2018-08-29 08:07:40'),(174,1,1,1,2,1,0,NULL,NULL,NULL,'riccardo','lo cascio','riccardo_lo_cascio@hotmail.com','13fbf97a1b04ed85e850acdfae385e53','2018-08-29 10:06:16','1978-04-04',0,NULL,'0000-00-00 00:00:00',0,NULL,0.000000,0,0,'1ae708db9aa972d4abaf06671ad9cdcf',NULL,1,1,0,'2018-08-29 16:06:16','2018-08-29 16:06:16'),(175,1,1,1,2,1,0,NULL,NULL,NULL,'corrado','Lanino','corrado@lanino.it','49a861fe42a544d0e735a83f35a9d538','2018-08-30 03:00:58','1976-03-24',0,NULL,'0000-00-00 00:00:00',1,NULL,0.000000,0,0,'cec0dff23a306726ecb9863cc37a6f12',NULL,1,1,0,'2018-08-30 09:00:58','2018-08-30 09:00:58'),(176,1,1,1,3,1,0,'C/o Accenture S.p.A.',NULL,NULL,'Raffaele','Freda','raffre17@gmail.com','d62f0a78406c5d0a0c40411fe113a995','2018-08-30 14:22:50','1987-06-12',0,NULL,'0000-00-00 00:00:00',1,NULL,0.000000,0,0,'42cb8a3a886f7ea9244f30677b313bc5',NULL,1,0,0,'2018-08-30 20:22:50','2018-08-30 20:28:23'),(177,1,1,1,3,1,0,NULL,NULL,NULL,'Saverio','simonazzi','saveriosimonazzi@fastwebnet.it','fd0d33ea08c8006483b78dc5cde3fcd6','2018-09-03 09:05:42','1961-07-09',0,NULL,'0000-00-00 00:00:00',0,NULL,0.000000,0,0,'f312830630e2161a5c5a2d08b2e72c26',NULL,1,0,0,'2018-09-03 15:05:42','2018-09-03 15:05:42'),(178,1,1,0,3,1,0,NULL,NULL,NULL,'ANNA','ARNHOLD','arnhold62@libero.it','6ab3e1a32b117adf901f6e34df285309','2018-09-05 06:27:20','0000-00-00',0,NULL,'0000-00-00 00:00:00',0,NULL,0.000000,0,0,'1a9cf04003f87d1a0609e9e0adcd67ea',NULL,1,0,0,'2018-09-05 12:27:20','2018-09-05 12:27:20'),(179,1,1,2,3,1,0,NULL,NULL,NULL,'Raffaella','RESBELLI','raffaresb@gmail.com','a465f3c121ff5fe42b01c623c9925c76','2018-09-08 09:41:39','1952-08-21',1,'79.24.95.21','2018-09-08 15:41:39',1,NULL,0.000000,0,0,'d8646bc7aca254ce5ae97cab86b02f68',NULL,1,0,0,'2018-09-08 15:41:39','2018-09-08 15:45:03'),(180,1,1,1,2,1,0,NULL,NULL,NULL,'corrado','lanino','corrado.lanino@gmail.com','a605f3de68600ac8be77098c434639c9','2018-09-09 04:11:05','1976-03-24',0,NULL,'0000-00-00 00:00:00',0,NULL,0.000000,0,0,'5404b58a2efee2119d534869e7c51212',NULL,1,1,0,'2018-09-09 10:11:05','2018-09-22 09:40:55'),(181,1,1,1,3,1,0,NULL,NULL,NULL,'Mauro','Patrignani','mpatrix@hotmail.com','3c7e3dbab10658933fbefa0a5ff4e46a','2018-09-11 20:43:47','1979-04-21',0,NULL,'0000-00-00 00:00:00',1,NULL,0.000000,0,0,'aad684814d53f9ba622bd088cb9f28fe',NULL,1,0,0,'2018-09-12 02:43:47','2018-09-12 02:43:47'),(182,1,1,2,3,2,0,NULL,NULL,NULL,'Piera','LONGO','gl.condomini2@gmail.com','78dd4ff9b2be6bf274166c2338b4fbc5','2018-09-21 14:49:49','1959-02-05',0,NULL,'0000-00-00 00:00:00',0,NULL,0.000000,0,0,'a9eb6f6ea376b532f505ade23dabd463',NULL,1,0,0,'2018-09-21 20:49:49','2018-09-21 20:49:49'),(183,1,1,0,3,1,0,NULL,NULL,NULL,'Alessandro','Greppi','greppialessandro@gmail.com','880afc08be338d9f3cc36af6790d0391','2018-09-26 09:43:14','0000-00-00',0,NULL,'0000-00-00 00:00:00',0,NULL,0.000000,0,0,'979bce5219077dded7fcc665a89d9b80',NULL,1,0,0,'2018-09-26 15:43:14','2018-09-26 15:43:14'),(184,1,1,2,3,1,0,NULL,NULL,NULL,'Giulia','Ulissi','giuliaulissi@yahoo.it','9e9bd1f9bb8c38665b917125d37ea202','2018-09-27 19:29:42','1992-02-08',1,'151.35.90.106','2018-09-28 01:29:41',1,NULL,0.000000,0,0,'1879ee403f92234d444cbb31da046be6',NULL,1,0,0,'2018-09-28 01:29:42','2018-09-28 01:29:42'),(185,1,1,0,3,1,0,NULL,NULL,NULL,'Pamela','russo','pamela.r@virgilio.it','47b2f5ae613ffe79d3c983af6183ef3d','2018-09-28 04:12:00','1966-02-01',1,'93.63.165.5','2018-09-28 10:12:00',1,NULL,0.000000,0,0,'fbd1618a2db7393097e3b9f1b7391941',NULL,1,0,0,'2018-09-28 10:12:00','2018-09-28 10:12:00'),(186,1,1,0,3,1,0,NULL,NULL,NULL,'Francesco','Mazzetti','fr.mazzetti@gmail.com','e24efb1bf3df1d7ff00760918a9ecc67','2018-09-29 10:02:02','0000-00-00',0,NULL,'0000-00-00 00:00:00',0,NULL,0.000000,0,0,'3713d58a77b6b7ec36046dbb6356503b',NULL,1,0,0,'2018-09-29 16:02:02','2018-09-29 16:02:02'),(187,1,1,2,3,1,0,NULL,NULL,NULL,'Melissa','Falzoni','melissa.falzoni@gmail.com','8d7bb7b8063f4d4c7bd4cc7918768b35','2018-10-04 19:10:17','1973-08-15',1,'37.160.111.94','2018-10-05 01:10:17',1,NULL,0.000000,0,0,'fc7d897319cd4a764556f010b652addf',NULL,1,0,0,'2018-10-05 01:10:17','2018-10-05 01:10:17'),(188,1,1,1,3,1,0,NULL,NULL,NULL,'federico','cunegatti','cunegatti.federico@icloud.com','e71c78aacf4c9e962eb3aa033027aaca','2018-10-05 14:11:40','1997-03-22',0,NULL,'0000-00-00 00:00:00',1,NULL,0.000000,0,0,'210a83c76954268ec4ea3a4c26c4e468',NULL,1,0,0,'2018-10-05 20:11:40','2018-10-05 20:11:40'),(189,1,1,1,3,1,0,NULL,NULL,NULL,'Simone','Baronti','barontisimone@gmail.com','592be69776b8fb62f3b6193609321c6f','2018-10-10 12:48:45','1978-09-27',1,'62.19.188.138','2018-10-10 18:48:44',1,NULL,0.000000,0,0,'d32b4615fcc094b6b90c556b2eae12c5',NULL,1,0,0,'2018-10-10 18:48:45','2018-10-10 18:48:45'),(190,1,1,1,2,1,0,NULL,NULL,NULL,'Stefano','Lanteri','s.lanteri@outlook.it','81b8264ff6aeafb62efbc449f3c670ef','2018-10-11 13:35:50','1994-05-07',0,NULL,'0000-00-00 00:00:00',0,NULL,0.000000,0,0,'79985e3dd0d53d9c4dd8639b919bc5d3',NULL,1,1,0,'2018-10-11 19:35:50','2018-10-11 19:35:50'),(191,1,1,1,3,1,0,NULL,NULL,NULL,'Stefano','Lanteri','s.lanteri@outlook.it','e0335df990d62167c1205ccdd75060ac','2018-10-12 07:54:55','1994-05-07',0,NULL,'0000-00-00 00:00:00',0,NULL,0.000000,0,0,'d807c4eafe3c9a3894100712291eba9e',NULL,1,0,0,'2018-10-12 13:54:55','2018-10-12 13:54:55'),(192,1,1,1,2,1,0,'c/o feba service',NULL,NULL,'francesco paolo ','vassallo','info@ragvassallo.it','1518e6bcd185bb5e312d771e7cd9f696','2018-10-13 21:26:42','1992-04-24',0,NULL,'0000-00-00 00:00:00',1,NULL,0.000000,0,0,'f423cb2790b1d16aef8c534a4d060772',NULL,1,0,0,'2018-10-14 03:26:42','2018-10-14 03:31:46'),(193,1,1,0,3,1,0,NULL,NULL,NULL,'Domenico','Dascanio','dascaniodomenico@me.com','12f87ab4bc15d770b7543f85b29f33c5','2018-10-14 05:26:59','1971-03-28',1,'91.253.73.75','2018-10-14 11:26:59',0,NULL,0.000000,0,0,'8f78b39565a6e819a56e777bc427327d',NULL,1,0,0,'2018-10-14 11:26:59','2018-10-14 11:26:59'),(194,1,1,0,3,1,0,NULL,NULL,NULL,'Chiara','De Bene','kiara_yaya@yahoo.it','0febe674991667a066a6f03679a6d7d0','2018-10-18 02:28:36','0000-00-00',0,NULL,'0000-00-00 00:00:00',0,NULL,0.000000,0,0,'872b1e1d1895eb96dec402cb6fab4431',NULL,1,0,0,'2018-10-18 08:28:36','2018-10-18 08:28:36'),(195,1,1,1,2,1,0,NULL,NULL,NULL,'Corrado','Lanino','corrado@lanino.it','aedb8f82873938a70155eb06d157be1d','2018-10-18 09:07:27','1976-03-24',0,NULL,'0000-00-00 00:00:00',0,NULL,0.000000,0,0,'3f06eec292b7270fb66050220f6ca5d4',NULL,1,1,0,'2018-10-18 15:07:27','2018-10-18 15:07:27'),(196,1,1,2,2,1,0,NULL,NULL,NULL,'Alessandra','Meloni','alessandrameloni15@gmail.com','a6814088ee54ee794e49e78ad6f7d040','2018-10-22 08:37:46','1995-02-27',0,NULL,'0000-00-00 00:00:00',0,NULL,0.000000,0,0,'63c679ae4f9c3df07cb45b934eb3eaf1',NULL,1,1,0,'2018-10-22 14:37:46','2018-10-22 14:37:46'),(197,1,1,2,2,1,0,NULL,NULL,NULL,'Alessandra','Meloni','alessandrameloni15@gmail.com','82e90b2556594d02e228fe95759c4b7c','2018-10-25 02:41:26','1995-02-27',0,NULL,'0000-00-00 00:00:00',0,NULL,0.000000,0,0,'bdea3b8aec225879ef2ab3b52fbf8457',NULL,1,1,0,'2018-10-25 08:41:26','2018-10-25 08:41:26'),(198,1,1,1,3,1,0,NULL,NULL,NULL,'Fabrizio','Rosso','redfabri@alice.it','bdc5a5e55d1aa9f6163af6718cf7321f','2018-10-28 14:13:56','1987-07-08',1,'185.51.139.61','2018-10-28 20:13:56',1,NULL,0.000000,0,0,'82c5747e3e88fe0bd3fdc1422e5b0279',NULL,1,0,0,'2018-10-28 20:13:56','2018-10-28 20:13:56'),(199,1,1,0,3,1,0,NULL,NULL,NULL,'ermanno','di carlo','ermanno.one@inwind.it','b72500fa29b44925a8a81ff7903f0c90','2018-10-30 08:06:02','0000-00-00',0,NULL,'0000-00-00 00:00:00',0,NULL,0.000000,0,0,'8bbc9b9bc076fac570e5ef0723dd07a6',NULL,1,0,0,'2018-10-30 14:06:02','2018-10-30 14:06:02'),(200,1,1,0,2,1,0,NULL,NULL,NULL,'emanuele','lana','lana.emanuele@alice.it','9f517aa46e39f09a9a835773c62f15db','2018-11-06 11:00:18','0000-00-00',0,NULL,'0000-00-00 00:00:00',0,NULL,0.000000,0,0,'dae3fe0dff3526f1af67fc46c35a2f68',NULL,1,1,0,'2018-11-06 17:00:18','2018-11-06 17:00:18'),(201,1,1,2,2,1,0,NULL,NULL,NULL,'Beatrice','Ielmoni','bea021989@gmail.com','c8aa4ca536ad6591c97659cf51c205d1','2018-11-08 10:48:19','1989-02-25',0,NULL,'0000-00-00 00:00:00',0,NULL,0.000000,0,0,'ca117a5da7b409a93e3da0ba9ca91c6d',NULL,1,1,0,'2018-11-08 16:48:19','2018-11-09 17:37:50'),(202,1,1,2,2,1,0,'c/o CAF ANMIL SRL ',NULL,NULL,'francesca','cortesini','francesca_cortesini@hotmail.it','3d3b8ab163806c162469fedcf982a8f4','2018-11-21 11:49:44','1988-12-05',0,NULL,'0000-00-00 00:00:00',0,NULL,0.000000,0,0,'d6b4076559ccec2639605ec29419eb6c',NULL,1,0,0,'2018-11-21 17:49:44','2018-11-22 13:49:28'),(203,1,1,2,2,1,0,NULL,NULL,NULL,'Alessia','Lai','alessia_lai@outlook.it','4b01e963bb2c27cfce8d413d017107c0','2018-11-23 11:12:49','1988-08-24',0,NULL,'0000-00-00 00:00:00',0,NULL,0.000000,0,0,'378fb51a6c0fedcecb8334a860826b3b',NULL,1,0,0,'2018-11-23 17:12:49','2018-11-24 12:22:44'),(204,1,1,2,3,1,0,NULL,NULL,NULL,'martina','carosi','martina.carosi80@gmail.com','7c44a0db3631d010315c2d62907e0f71','2018-11-23 11:49:51','1980-04-04',0,NULL,'0000-00-00 00:00:00',0,NULL,0.000000,0,0,'0abe19b89baf682e5dcd820c755e8990',NULL,1,0,0,'2018-11-23 17:49:51','2018-11-23 17:49:51'),(205,1,1,0,3,1,0,'mcands sas',NULL,NULL,'walter','montone','walter.montone@gmail.com','b0fdcfd000687d1fa3b1df64d896f4a0','2018-11-23 13:19:37','1980-06-05',0,NULL,'0000-00-00 00:00:00',0,NULL,0.000000,0,0,'394bff33b6d52bd29290d3b579eb38d4',NULL,1,0,0,'2018-11-23 19:19:37','2018-11-23 19:19:37'),(206,1,1,1,3,1,0,NULL,NULL,NULL,'Angelantonio','Maglio','angelantonio.maglio@icloud.com','f6972a92554f97946f2294017147c345','2018-11-23 14:04:29','1986-12-07',0,NULL,'0000-00-00 00:00:00',0,NULL,0.000000,0,0,'08adee1de3ffc64627ef4571a7f26251',NULL,1,0,0,'2018-11-23 20:04:29','2018-11-23 20:04:29'),(207,1,1,1,2,1,0,NULL,NULL,NULL,'maurizio','chialastri','mchialastri@me.com','3d55ba283893f10015ee9114523a84da','2018-11-23 14:15:24','1956-01-27',0,NULL,'0000-00-00 00:00:00',1,NULL,0.000000,0,0,'398fbc460e58b938447d603bc035159a',NULL,1,1,0,'2018-11-23 20:15:24','2018-11-23 20:15:24'),(208,1,1,0,3,1,0,NULL,NULL,NULL,'Andrea','Berlusconi','berlusconi.andrea@gmail.com','514ad26bed251a331bcae44f1ae95482','2018-11-23 15:03:41','0000-00-00',0,NULL,'0000-00-00 00:00:00',0,NULL,0.000000,0,0,'319d955ba1cd77562a414e4f5c509da3',NULL,1,0,0,'2018-11-23 21:03:41','2018-11-23 21:03:41'),(209,1,1,2,2,1,0,NULL,NULL,NULL,'Alessia','Zino','al3ss1a.sbk@gmail.com','26a7f0891b28677df0d56f22841bf496','2018-11-23 15:09:49','1989-09-24',1,'93.50.74.180','2018-11-23 21:09:49',1,NULL,0.000000,0,0,'b11dc82b45e0f54db7893c8480d2a9ef',NULL,1,1,0,'2018-11-23 21:09:49','2018-11-23 21:09:49'),(210,1,1,1,2,1,0,NULL,NULL,NULL,'Giordano','Volpini','giordanovolpini@gmail.com','0013408bdf379b7c4695b67ccfbb69e6','2018-11-23 16:30:46','0000-00-00',0,NULL,'0000-00-00 00:00:00',0,NULL,0.000000,0,0,'6d4e61da54ecd76c5b18756c80506d40',NULL,1,1,0,'2018-11-23 22:30:46','2018-11-23 22:30:46'),(211,1,1,1,2,1,0,'defilippi bocca giovanni snc',NULL,NULL,'paolo','defilippi bocca','liaison.debo@gmail.com','0f991a9b5359ed9b8321ea4d927abded','2018-11-24 02:00:46','1971-11-22',0,NULL,'0000-00-00 00:00:00',0,NULL,0.000000,0,0,'f0ad9d69021d48c139357a25ccbe39d9',NULL,1,1,0,'2018-11-24 08:00:46','2018-11-24 08:00:46'),(212,1,1,2,3,1,0,NULL,NULL,NULL,'daniela','magliano','magliano.daniela@libero.it','37decb3d2dcd89a313857d8ebe2cefe2','2018-11-24 03:25:17','1971-08-03',1,'82.54.203.219','2018-11-24 09:25:17',1,NULL,0.000000,0,0,'1cb66e1079e5984fbfa3e873cc4e8a98',NULL,1,0,0,'2018-11-24 09:25:17','2018-11-24 09:25:17'),(213,1,1,0,2,1,0,NULL,NULL,NULL,'Alessandro','D\'Ambrosio','alexander.dambrosio@gmail.com','7f239d8f9dcd25c6674a0d7fdded41bd','2018-11-24 06:15:46','0000-00-00',0,NULL,'0000-00-00 00:00:00',0,NULL,0.000000,0,0,'d6b002506e5004af7e21e9b2599430fc',NULL,1,1,0,'2018-11-24 12:15:46','2018-11-24 12:15:46'),(214,1,1,2,3,1,0,NULL,NULL,NULL,'Serena','De Maio','serenadema@hotmail.it','11a1b604c66b776ed64a4d1ead6aa3df','2018-11-24 06:18:34','1985-06-04',1,'151.53.191.133','2018-11-24 12:18:34',1,NULL,0.000000,0,0,'c1fb433ccc54989d396f9a52275d720a',NULL,1,0,0,'2018-11-24 12:18:34','2018-11-24 12:18:34'),(215,1,1,1,3,1,0,'ATS ',NULL,NULL,'marco','tagliavacche','marco.tagliavacche@gmail.com','576171069339a6cf1d77aca6ca081d07','2018-11-24 06:21:55','1976-03-16',0,NULL,'0000-00-00 00:00:00',1,NULL,0.000000,0,0,'ee69dcd343c3807ed8a7e4a8c6bddc6a',NULL,1,0,0,'2018-11-24 12:21:55','2018-11-24 12:21:55'),(216,1,1,1,2,1,0,'edenred italia srl',NULL,NULL,'gennaro','del duca','gennaro.delduca@edenred.com','dce454681da74cf2622eedd3c469cdb0','2018-11-24 07:32:42','1975-04-05',0,NULL,'0000-00-00 00:00:00',0,NULL,0.000000,0,0,'bd87324f114fb14dae75c5daf96027f5',NULL,1,1,0,'2018-11-24 13:32:42','2018-11-24 13:35:48'),(217,1,1,1,2,1,0,NULL,NULL,NULL,'gennaro','del duca','gennaro.delduca@edenred.com','61462a9880ceb0aca0270b9f3c112f62','2018-11-24 09:45:58','1975-04-05',0,NULL,'0000-00-00 00:00:00',0,NULL,0.000000,0,0,'3536737f954bb69a33febcce0d7c9966',NULL,1,1,0,'2018-11-24 15:45:58','2018-11-24 15:45:58'),(218,1,1,1,2,1,0,'edenred italia srl',NULL,NULL,'gennaro','del duca','gennaro.delduca@edenred.com','fee66c31edd63e76f7ad79055960b6e2','2018-11-24 09:48:51','1975-04-05',0,NULL,'0000-00-00 00:00:00',0,NULL,0.000000,0,0,'67823506bcdfdafa62fcf92ed6ce8a20',NULL,1,1,0,'2018-11-24 15:48:51','2018-11-24 15:48:51'),(219,1,1,1,3,1,0,NULL,NULL,NULL,'Gennaro','del duca','gennaro.delduca@edenred.com','8a8f939d94ebd8fd3c56db3318bc290f','2018-11-24 10:05:28','1975-04-05',0,NULL,'0000-00-00 00:00:00',0,NULL,0.000000,0,0,'74c8c7d84901af2183f85371bd9f3a7f',NULL,1,0,0,'2018-11-24 16:05:28','2018-11-24 16:05:28'),(220,1,1,1,3,1,0,NULL,NULL,NULL,'Gennaro','del duca','gennaro.delduca@edenred.com','8a8f939d94ebd8fd3c56db3318bc290f','2018-11-24 10:05:28','1975-04-05',0,NULL,'0000-00-00 00:00:00',0,NULL,0.000000,0,0,'f8997ac08e11faf2696a14a9f75353ad',NULL,1,0,0,'2018-11-24 16:05:28','2018-11-24 16:05:28'),(221,1,1,1,3,1,0,NULL,NULL,NULL,'Emanuele','Panarelli','emanuele.panarelli@libero.it','ebc6816819a677342a060839327955e9','2018-11-24 11:24:41','1990-04-13',0,NULL,'0000-00-00 00:00:00',0,NULL,0.000000,0,0,'d9d4c8ffe6f3e0914fcc84593fc4e7bb',NULL,1,0,0,'2018-11-24 17:24:41','2018-11-24 17:24:41'),(222,1,1,2,3,1,0,NULL,NULL,NULL,'ilaria','panarari','ilaria.panarari@yahoo.it','59c8e8ccb8f0798075d6eb7f565af44e','2018-11-24 12:18:40','1975-08-11',1,'93.144.235.113','2018-11-24 18:18:40',1,NULL,0.000000,0,0,'6629666bbea9e6815802be9757e5bedd',NULL,1,0,0,'2018-11-24 18:18:40','2018-11-24 18:18:40'),(223,1,1,0,3,1,0,NULL,NULL,NULL,'Caterina','Callai','caterina.callai@libero.it','785f63b87bed94d33a31434a0764f004','2018-11-24 12:27:59','1970-11-25',1,'2.39.196.200','2018-11-24 18:27:59',0,NULL,0.000000,0,0,'e09da4bdde71730ade255ba33b29a5f2',NULL,1,0,0,'2018-11-24 18:27:59','2018-11-24 18:27:59'),(224,1,1,1,3,1,0,'ma vie est ma srls ',NULL,NULL,'daniele','andreozzi','mavieestma@icloud.com','fe6ba9f645d4df90dc9772c40e49562e','2018-11-24 13:03:41','1988-05-10',0,NULL,'0000-00-00 00:00:00',0,NULL,0.000000,0,0,'427fa0c03afe0856bcac73ea7bc14153',NULL,1,0,0,'2018-11-24 19:03:41','2018-11-24 19:03:41'),(225,1,1,2,3,1,0,NULL,NULL,NULL,'Giulia ','La Corte','giulialacorte1995@gmail.com','3cd1a2259a89460286b09f481b79f423','2018-11-24 15:33:38','1995-06-30',1,'151.54.184.112','2018-11-24 21:33:38',1,NULL,0.000000,0,0,'ed5d6fd41b3fbf2ce2b6b659cb736b0c',NULL,1,0,0,'2018-11-24 21:33:38','2018-11-24 21:33:38'),(226,1,1,1,3,1,0,NULL,NULL,NULL,'Simone','Berna','simoneberna.013@gmail.com','41af6c56f689a38f3a79962f800b3b75','2018-11-24 15:47:14','1985-08-13',0,NULL,'0000-00-00 00:00:00',0,NULL,0.000000,0,0,'e5eddbeb6a3ffecdd096a3974f0d5f66',NULL,1,0,0,'2018-11-24 21:47:14','2018-11-24 21:47:14'),(227,1,1,2,2,1,0,NULL,NULL,NULL,'Rita','Redai','ritaredai@gmail.com','c5a00f5eebc999a00472cfb672a74859','2018-11-24 20:32:12','1968-03-16',0,NULL,'0000-00-00 00:00:00',0,NULL,0.000000,0,0,'945c937f2c2a753aeac530ec5b421686',NULL,1,1,0,'2018-11-25 02:32:12','2018-11-25 02:32:12'),(228,1,1,1,3,1,0,NULL,NULL,NULL,'Corrado','Lanino','corrado.lanino@gmail.com','ae131379e79c5128b6147ca1c588f823','2018-11-25 03:09:34','1976-03-24',0,NULL,'0000-00-00 00:00:00',1,NULL,0.000000,0,0,'7e91e4e7267b66665c7171937c0e792b',NULL,1,0,0,'2018-11-25 09:09:34','2018-11-25 09:09:34'),(229,1,1,2,3,1,0,NULL,NULL,NULL,'Anna','Rota','anna_rota.88@hotmail.it','f09279c50a83fcb8ca944dd24e92bdc5','2018-11-25 06:13:25','1988-10-19',0,NULL,'0000-00-00 00:00:00',0,NULL,0.000000,0,0,'c7963d65ea006622d1bce7ad3496761e',NULL,1,0,0,'2018-11-25 12:13:25','2018-11-25 12:13:25'),(230,1,1,2,2,1,0,NULL,NULL,NULL,'Manuela','Mondelli','manu24.1@hotmail.it','c958dda197689c076d3b1030071df82d','2018-11-25 07:37:35','1992-01-24',0,NULL,'0000-00-00 00:00:00',1,NULL,0.000000,0,0,'3b2fa392b78e0acab111391c1a69b77d',NULL,1,0,0,'2018-11-25 13:37:35','2018-12-01 22:54:46'),(231,1,1,0,3,1,0,NULL,NULL,NULL,'Marco','Rancati','marco.rancati1@gmail.com','b6a12e9239724c764b90a6d8485ca43f','2018-11-25 08:26:02','0000-00-00',0,NULL,'0000-00-00 00:00:00',0,NULL,0.000000,0,0,'90b7c879537a8a64e81d7d4955d72d64',NULL,1,0,0,'2018-11-25 14:26:02','2018-11-25 14:26:02'),(232,1,1,1,2,1,0,'tabaccheria 80 Redentore',NULL,NULL,'alessandro','pozzi','a.pozzi2512@gmail.com','39780d37ab875f8f32e98657edfbcb39','2018-11-25 08:50:32','0000-00-00',0,NULL,'0000-00-00 00:00:00',0,NULL,0.000000,0,0,'59134e057045b774b1a258e57927fe2b',NULL,1,1,0,'2018-11-25 14:50:32','2018-11-25 14:50:32'),(233,1,1,2,3,1,0,NULL,NULL,NULL,'Donatella','montagna','donatellamontagna@virgilio.it','cd23eb9df9fea9f192690b2c55a36439','2018-11-25 10:39:50','1970-01-11',1,'151.26.40.158','2018-11-25 16:39:50',0,NULL,0.000000,0,0,'2d36d3545c2214ab18452755b20e5873',NULL,1,0,0,'2018-11-25 16:39:50','2018-11-25 16:39:50'),(234,1,1,0,3,1,0,NULL,NULL,NULL,'DANIELA','DELLO RUSSO','dellorusso.daniela@gmail.com','cbf425dae5b4639a1206572c75be3e53','2018-11-25 13:10:27','0000-00-00',0,NULL,'0000-00-00 00:00:00',0,NULL,0.000000,0,0,'e7b8aa5d6c2373d1ca32d86270e3fd7a',NULL,1,0,0,'2018-11-25 19:10:27','2018-11-25 19:10:27'),(235,1,1,1,3,1,0,NULL,NULL,NULL,'Simone','Visentin','simonvise@gmail.com','dff1034242165f847c4a33f731533556','2018-11-25 14:54:17','1991-11-05',1,'176.206.218.1','2018-11-25 20:54:17',1,NULL,0.000000,0,0,'4303848d946eaa2e79984a5cc32bbdc5',NULL,1,0,0,'2018-11-25 20:54:17','2018-11-25 20:54:17'),(236,1,1,2,2,1,0,NULL,NULL,NULL,'Elena','Biagini','elbi78@hotmail.it','1dcbb2d8c06d33e76cb0b598e9a39a58','2018-11-25 15:36:08','1978-07-08',0,NULL,'0000-00-00 00:00:00',0,NULL,0.000000,0,0,'ac3dbc3f447aac5fd0bf37baee2ce3d1',NULL,1,1,0,'2018-11-25 21:36:08','2018-11-25 21:36:08'),(237,1,1,2,3,1,0,NULL,NULL,NULL,'Raffaella','Cinti','raffaellacinti@alice.it','a141c873df63439352e8e465ede3741e','2018-11-25 17:28:08','1967-09-26',1,'5.170.106.98','2018-11-25 23:28:08',1,NULL,0.000000,0,0,'4d8085c58a2cbdbd4fc5eeb816f2140c',NULL,1,0,0,'2018-11-25 23:28:08','2018-11-25 23:28:08'),(238,1,1,0,3,1,0,NULL,NULL,NULL,'vincenzo','alessi','shoei@tin.it','b919db75b931b28fe0d9b774bfa3da01','2018-11-25 17:50:42','0000-00-00',0,NULL,'0000-00-00 00:00:00',0,NULL,0.000000,0,0,'f4b7eb2fa3bba925b177a71919bfd94b',NULL,1,0,0,'2018-11-25 23:50:42','2018-11-25 23:50:42'),(239,1,1,2,2,1,0,'c/o River Advertising Srl',NULL,NULL,'Silvia','ungari','silviaundici@alice.it','a4618946ec606755533ef9105683a25b','2018-11-25 18:13:55','1988-10-11',0,NULL,'0000-00-00 00:00:00',0,NULL,0.000000,0,0,'fc2b81ea76f5b9d708a0655e935f9c70',NULL,1,1,0,'2018-11-26 00:13:55','2018-11-26 00:13:55'),(240,1,1,1,2,1,0,NULL,NULL,NULL,'giacomo','ciccarone','giacomo.ciccarone@hotmail.it','a868ffbf7c38898d8a38709c6eb5a05d','2018-11-25 19:45:18','1987-08-09',0,NULL,'0000-00-00 00:00:00',1,NULL,0.000000,0,0,'0135bdc8b902deaa489b53c623120068',NULL,1,0,0,'2018-11-26 01:45:18','2018-11-26 01:50:30'),(241,1,1,2,2,1,0,NULL,NULL,NULL,'silvia','milone','silvia.milone.81@gmail.com','dfb859a428efb3c6240797ac84ceb342','2018-11-26 03:28:47','0000-00-00',0,NULL,'0000-00-00 00:00:00',0,NULL,0.000000,0,0,'d2246da7339f2b8b30feaed23a3d5f7d',NULL,1,1,0,'2018-11-26 09:28:47','2018-11-26 09:28:47'),(242,1,1,2,2,1,0,NULL,NULL,NULL,'Ylenia','Bonomi','ylenia.bonomi@gmail.com','ad8c743d6d3e4976e9fa1ade3131ae69','2018-11-26 06:00:28','1991-08-21',0,NULL,'0000-00-00 00:00:00',0,NULL,0.000000,0,0,'1f1bb2db02f101f68f3516e0b59140ba',NULL,1,1,0,'2018-11-26 12:00:28','2018-11-26 12:00:28'),(243,1,1,0,3,1,0,NULL,NULL,NULL,'gabriele','amato','ga.amato@gmail.com','b063cf394ce5be82e0131ea111f59bf0','2018-11-26 07:34:55','0000-00-00',1,'93.44.199.144','2018-11-26 04:36:14',0,NULL,0.000000,0,0,'4635f984af323bb64119d9df56577bc9',NULL,1,0,0,'2018-11-26 13:34:55','2018-11-26 13:34:55'),(244,1,1,2,3,1,0,NULL,NULL,NULL,'Chiara','Renzullo','crenzullo@hotmail.it','df7abb166c4e217c6ecb4d7f8bf1291a','2018-11-26 13:25:49','1985-11-04',0,NULL,'0000-00-00 00:00:00',0,NULL,0.000000,0,0,'f7d85de02142b93c37276d758effeb5b',NULL,1,0,0,'2018-11-26 19:25:49','2018-11-26 19:25:49'),(245,1,1,2,2,1,0,'avvocato rossella cavalieri',NULL,NULL,'Rossella','Cavalieri','rossellacavalieri@yahoo.it','37bcfcf58fc4aa3d3f51a00b64f4523a','2018-11-26 14:40:49','1982-02-05',0,NULL,'0000-00-00 00:00:00',0,NULL,0.000000,0,0,'3f4ef00fdb41d3ae1e8692fdd31bbcb1',NULL,1,1,0,'2018-11-26 20:40:49','2018-11-26 20:49:46'),(246,1,1,2,3,1,0,'Studio Legale Avv. Silvia Reda',NULL,NULL,'Silvia','Reda','avv.silviareda@gmail.com','4fc512a9ecdd1924418b3da62acca88b','2018-11-26 14:50:46','1985-06-27',0,NULL,'0000-00-00 00:00:00',0,NULL,0.000000,0,0,'7d08fb9e8e0bb7959da3f827b3a55467',NULL,1,0,0,'2018-11-26 20:50:46','2018-11-26 20:50:46'),(247,1,1,0,3,1,0,NULL,NULL,NULL,'dario','Melzi','dario.melzi@alice.it','b58af17e9375ae735c6ebd433b822116','2018-11-26 16:35:20','0000-00-00',0,NULL,'0000-00-00 00:00:00',0,NULL,0.000000,0,0,'3e28f96584c1011d20386bbdc0be4828',NULL,1,0,0,'2018-11-26 22:35:20','2018-11-26 22:35:20'),(248,1,1,2,3,1,0,NULL,NULL,NULL,'Graziana','Lotito','quisilina@hotmail.it','f5eb57a8a3fc555c1e99a5340b0cc834','2018-12-01 06:27:28','1991-07-26',0,NULL,'0000-00-00 00:00:00',0,NULL,0.000000,0,0,'a36202c81230ff4b73b2953de98a8432',NULL,1,0,0,'2018-12-01 12:27:28','2018-12-01 12:27:28'),(249,1,1,2,2,1,0,NULL,NULL,NULL,'Ilaria Bianca ','Canella ','ilamatrix@hotmal.it','cb21a8fd0e6ab32e6452aac972df7725','2018-12-01 08:56:28','1987-01-21',0,NULL,'0000-00-00 00:00:00',0,NULL,0.000000,0,0,'673f670750c648c33f661179f0d98705',NULL,1,1,0,'2018-12-01 14:56:28','2018-12-01 14:56:28'),(250,1,1,0,3,1,0,NULL,NULL,NULL,'Carlo','Dessi\'','ca.dessi@tiscali.it','63d6c3915467adf9dbf3addb69ec7111','2018-12-02 03:22:09','0000-00-00',0,NULL,'0000-00-00 00:00:00',0,NULL,0.000000,0,0,'73383d9c8fbde0a3ff28f45480246fcf',NULL,1,0,0,'2018-12-02 09:22:09','2018-12-02 09:22:09'),(251,1,1,2,3,1,0,NULL,NULL,NULL,'Valentina','Tranchese','micdp984@gmail.com','2f263c89077ebce7fc76ba6946db46de','2018-12-02 13:26:38','1985-03-08',0,NULL,'0000-00-00 00:00:00',0,NULL,0.000000,0,0,'f1b68669ac5519f91021a4724154acaa',NULL,1,0,0,'2018-12-02 19:26:38','2018-12-02 19:26:38'),(252,1,1,1,2,1,0,NULL,NULL,NULL,'Angelo','Paglia','angalex@alice.it','f6938cd413a251188bf3fb1096bace6b','2018-12-02 14:16:58','1970-10-06',0,NULL,'0000-00-00 00:00:00',0,NULL,0.000000,0,0,'281041fe9d78b9c42dd634e8e79c6da2',NULL,1,1,0,'2018-12-02 20:16:58','2018-12-02 20:16:58'),(253,1,1,2,3,1,0,'C/O STUDIO RISSO',NULL,NULL,'Mariacarola','Ruggeri','mariacarolaruggeri1@gmail.com','dc010d22fce5d2e299c0edeb15dbfe3d','2018-12-02 16:40:10','1994-07-20',1,'93.39.137.128','2018-12-02 22:40:10',0,NULL,0.000000,0,0,'22a10a67c7155b747ca4b722470d8b04',NULL,1,0,0,'2018-12-02 22:40:10','2018-12-02 22:40:10'),(254,1,1,1,2,1,0,NULL,NULL,NULL,'Alessio','Genovese','a.genovese96@gmail.com','c7b55a7b42a3b6795c7a87d92c5ccd87','2018-12-02 21:49:40','1996-10-09',0,NULL,'0000-00-00 00:00:00',0,NULL,0.000000,0,0,'b64c69084b7b48dcbef511bc531f3be9',NULL,1,1,0,'2018-12-03 03:49:40','2018-12-03 03:50:11'),(255,1,1,2,3,1,0,NULL,NULL,NULL,'Giada','Fossati','fossati.giada87@gmail.com','4409cdde620ad031dace91fb9a1244bb','2018-12-03 04:55:31','1987-10-24',0,NULL,'0000-00-00 00:00:00',0,NULL,0.000000,0,0,'73cb5766beb1085303b710b8e3bec4e7',NULL,1,0,0,'2018-12-03 10:55:31','2018-12-03 10:55:31'),(256,1,1,2,3,1,0,NULL,NULL,NULL,'Ilaria','Nocentini','ilaria0405@hotmail.com','385264558e73dfff7268e204a695d5ca','2018-12-03 05:09:04','1973-05-04',0,NULL,'0000-00-00 00:00:00',0,NULL,0.000000,0,0,'8f56343dc44dd0b3c6f3a687e8c52d04',NULL,1,0,0,'2018-12-03 11:09:04','2018-12-03 11:09:04'),(257,1,1,1,2,1,0,NULL,NULL,NULL,'alessandri','bonaga','a_bonaga@virgilio.it','83364756772793a6fff613454c6f5092','2018-12-03 08:21:54','1977-03-18',0,NULL,'0000-00-00 00:00:00',0,NULL,0.000000,0,0,'2b05b502d3625eaccf0a58ed6f0b9755',NULL,1,1,0,'2018-12-03 14:21:54','2018-12-03 14:21:54'),(258,1,1,1,2,1,0,NULL,NULL,NULL,'alessandro','bonaga','a_bonaga@virgilio.it','b825155f06b99b2b4468cad4dee0d480','2018-12-03 09:12:09','1970-03-20',0,NULL,'0000-00-00 00:00:00',0,NULL,0.000000,0,0,'66a0e88519a52670ef5bff2ba1f06f85',NULL,1,1,0,'2018-12-03 15:12:09','2018-12-03 15:12:09'),(259,1,1,1,3,1,0,NULL,NULL,NULL,'Roberto','Sichera','rhobis@gmail.com','024f3a331c63022bacf5b7f0a15d83a9','2018-12-03 09:57:19','1989-08-09',0,NULL,'0000-00-00 00:00:00',1,NULL,0.000000,0,0,'5ea0cc4c8ac73d2385115153dd3e61f4',NULL,1,0,0,'2018-12-03 15:57:19','2018-12-03 15:57:19'),(260,1,1,2,3,1,0,NULL,NULL,NULL,'Serena','Lauricella','serezazie@gmail.com','bfbffe1fd0a720f40262cd62e142ca1e','2018-12-03 11:18:40','1986-11-25',0,NULL,'0000-00-00 00:00:00',1,NULL,0.000000,0,0,'3425a1eb4a833df0f9c49a5d9cb48554',NULL,1,0,0,'2018-12-03 17:18:40','2018-12-03 17:18:40'),(261,1,1,1,3,1,0,NULL,NULL,NULL,'Mattia','Abbiati','gautamamster@gmail.com','97ecc0f6f77f71470ddfc66b6db98038','2018-12-03 13:31:21','1988-02-09',0,NULL,'0000-00-00 00:00:00',1,NULL,0.000000,0,0,'72923150d578882822c0825fb5eda329',NULL,1,0,0,'2018-12-03 19:31:21','2018-12-03 19:31:21'),(262,1,1,0,3,1,0,NULL,NULL,NULL,'Lisa','Lussignoli','lisalussi@gmail.com','941091b6e494710c304eb501a65b5782','2018-12-03 15:29:45','0000-00-00',0,NULL,'0000-00-00 00:00:00',0,NULL,0.000000,0,0,'f0674c80f3e89bbc2b914bc13c526b88',NULL,1,0,0,'2018-12-03 21:29:45','2018-12-03 21:29:45'),(263,1,1,2,3,1,0,NULL,NULL,NULL,'Sabrina','Maffi','sabrina.maffi21@gmail.com','a76d48c5d2ecd03839354b60e01f37d4','2018-12-04 03:05:30','1990-11-21',0,NULL,'0000-00-00 00:00:00',0,NULL,0.000000,0,0,'92622ff426878473a82a7f7167f986f7',NULL,1,0,0,'2018-12-04 09:05:30','2018-12-04 09:05:30'),(264,1,1,1,2,1,0,'D.IT DISTRIBUZIONE ITALIANA SOC. COOP.',NULL,NULL,'Raffaele','Serra','raffaele.serra@gmail.com','fb5049deb2f983f54114dab6ecd54042','2018-12-04 04:04:02','1987-10-26',0,NULL,'0000-00-00 00:00:00',0,NULL,0.000000,0,0,'9f9227fccdb8c9c589f381b7e28d4fed',NULL,1,1,0,'2018-12-04 10:04:02','2018-12-04 10:04:02'),(265,1,1,0,3,1,0,NULL,NULL,NULL,'Luisa','Zero','zerolu9@gmail.com','fe4427500e27eea2d7a38b7a2bdb375f','2018-12-04 09:27:57','0000-00-00',0,NULL,'0000-00-00 00:00:00',0,NULL,0.000000,0,0,'7abaa17b06cf2a943be28e7abb97cc3c',NULL,1,0,0,'2018-12-04 15:27:57','2018-12-04 15:27:57'),(266,1,1,2,3,1,0,NULL,NULL,NULL,'Anna Maria','Contini','rosidell@hotmail.it','b91b75f44e7bd1cbdb6ad077a1f097f4','2018-12-04 09:37:32','1963-07-14',0,NULL,'0000-00-00 00:00:00',1,NULL,0.000000,0,0,'b52494ff1b59b44413d9ccfabb4dc9ba',NULL,1,0,0,'2018-12-04 15:37:32','2018-12-04 15:37:32'),(267,1,1,2,2,1,0,NULL,NULL,NULL,'Federica','Vavassori','vavafede@gmail.com','75a1dcfcb56d1af652b8dbde3d4ddc43','2018-12-04 11:19:50','1978-10-03',0,NULL,'0000-00-00 00:00:00',0,NULL,0.000000,0,0,'637cb8cfb537b383aca4b6e112f60cae',NULL,1,1,0,'2018-12-04 17:19:50','2018-12-04 17:19:50'),(268,1,1,1,2,1,0,NULL,NULL,NULL,'Alessandro','Costanzino','alessandrocostanzino87@gmail.com','dd01f0cab46d0fed057fc0acbc9d32f3','2018-12-04 20:19:09','1997-01-27',0,NULL,'0000-00-00 00:00:00',0,NULL,0.000000,0,0,'ffac93a7f4a75be6c4254c1e1127410d',NULL,1,1,0,'2018-12-05 02:19:09','2018-12-05 02:19:09'),(269,1,1,1,2,1,0,NULL,NULL,NULL,'Alessandro','Costanzino','alessandrocostanzino87@gmail.com','7f10fef937723c9e81d425f0e649de5f','2018-12-04 20:25:27','1997-01-27',0,NULL,'0000-00-00 00:00:00',0,NULL,0.000000,0,0,'1ecd63d420ca4d833105122a1da7a1cf',NULL,1,1,0,'2018-12-05 02:25:27','2018-12-12 03:42:58'),(270,1,1,1,3,1,0,NULL,NULL,NULL,'Carlo Ludovico','Masia','carloludovico.masia@gmail.com','305b9caa8a3220728305d397cb70f2fa','2018-12-05 04:50:21','1989-02-05',1,'141.6.11.23','2018-12-05 01:50:50',0,NULL,0.000000,0,0,'a095b21489a0dd89109fa3ec47f53593',NULL,1,0,0,'2018-12-05 10:50:21','2018-12-05 10:50:21'),(271,1,1,1,2,1,0,NULL,NULL,NULL,'Francesco ','Silvestri ','nibbio51970@libero.it','ff1817043812e906bea81a789bc3bd7b','2018-12-05 06:15:32','1970-07-18',0,NULL,'0000-00-00 00:00:00',0,NULL,0.000000,0,0,'97e64983beb225905d6a742bdf1745d2',NULL,1,1,0,'2018-12-05 12:15:32','2018-12-05 12:15:32'),(272,1,1,1,2,1,0,NULL,NULL,NULL,'Massimiliano','Alloisi','maxalloisi@gmail.com','0cafd47db6d0f7ed3a723d87774fe3b8','2018-12-05 07:11:40','1973-06-08',0,NULL,'0000-00-00 00:00:00',0,NULL,0.000000,0,0,'af47d8e7ae002a9a16576171ac7a0422',NULL,1,1,0,'2018-12-05 13:11:40','2018-12-05 13:11:40'),(273,1,1,2,3,1,0,NULL,NULL,NULL,'Marzia','Mangiarotti','m.mangiarotti83@gmail.com','ce2453adc94818bec5e8415fd0dd42b0','2018-12-05 07:14:07','1983-12-24',0,NULL,'0000-00-00 00:00:00',0,NULL,0.000000,0,0,'5dd03468f7ab4abb38c02e71d3cb1a8f',NULL,1,0,0,'2018-12-05 13:14:07','2018-12-05 13:14:07'),(274,1,1,2,3,1,0,NULL,NULL,NULL,'Alessandra','chiavegato','ale_ssandra86@libero.it','1d64a3ad978630b2c91e058a31e4f3ba','2018-12-06 05:14:28','1986-06-27',1,'176.200.61.84','2018-12-06 11:14:28',1,NULL,0.000000,0,0,'ac990a7a19628ab2e84c41beb49a44ba',NULL,1,0,0,'2018-12-06 11:14:28','2018-12-06 11:14:28'),(275,1,1,2,3,1,0,NULL,NULL,NULL,'Monica','Samori','monica.samori@libero.it','132c7ad7ec04a229ec2eb2290e7d4e14','2018-12-06 11:07:49','1968-08-07',1,'151.65.175.240','2018-12-06 17:07:49',1,NULL,0.000000,0,0,'3efb89b2e9f716cf0ba7f0b0e7955692',NULL,1,0,0,'2018-12-06 17:07:49','2018-12-06 17:07:49'),(276,1,1,0,3,1,0,NULL,NULL,NULL,'Veronica','Benigno','benigno.veronica@gmail.com','65559c2b7a41f0164af1accffe7ae055','2018-12-06 14:29:29','0000-00-00',0,NULL,'0000-00-00 00:00:00',0,NULL,0.000000,0,0,'c7bc06ad8c9adcf879f84646616e3281',NULL,1,0,0,'2018-12-06 20:29:29','2018-12-06 20:29:29'),(277,1,1,2,2,1,0,'c/o Jpstore negozio',NULL,NULL,'silvia','giraudi','giraudisilvia@yahoo.it','10bbc61c3609bab3fb578894938f78b9','2018-12-06 15:47:00','1994-10-21',0,NULL,'0000-00-00 00:00:00',1,NULL,0.000000,0,0,'58f2c32ab9ae20f7cdd45161b5da0639',NULL,1,1,0,'2018-12-06 21:47:00','2018-12-06 21:51:30'),(278,1,1,2,2,1,0,NULL,NULL,NULL,'Michela','Cortini','mic.cortini@gmail.com','9c50ea45b3274923d14c6a6c4786e89f','2018-12-07 03:09:33','1981-04-09',0,NULL,'0000-00-00 00:00:00',0,NULL,0.000000,0,0,'1e2560a562da25d060ae88011bf583ec',NULL,1,1,0,'2018-12-07 09:09:33','2018-12-07 09:09:33'),(279,1,1,2,3,1,0,NULL,NULL,NULL,'Martina','ramundo','ramundomartina@live.it','9171945ab5b44e74f96e950271fbf5fa','2018-12-07 03:12:19','1994-05-04',0,NULL,'0000-00-00 00:00:00',0,NULL,0.000000,0,0,'368b86eae697e542260204351d9ee6b8',NULL,1,0,0,'2018-12-07 09:12:19','2018-12-07 09:12:19'),(280,1,1,0,3,1,0,'Candilora Michela',NULL,NULL,'Michela','Candilora','michy.c85@tiscali.it','825764cf837bc961cf6303f04498347e','2018-12-07 08:25:00','1985-04-23',1,'79.22.133.146','2018-12-07 14:25:00',1,NULL,0.000000,0,0,'61c155d1eece6caffec2d3e7910f421e',NULL,1,0,0,'2018-12-07 14:25:00','2018-12-07 14:25:00'),(281,1,1,2,3,1,0,NULL,NULL,NULL,'Barbara','Deriu','bderiu@tiscali.it','62805d485eae5ec2c7bd7f6e33a6d379','2018-12-07 16:14:28','1975-11-19',1,'87.6.129.247','2018-12-07 22:14:28',1,NULL,0.000000,0,0,'c763e4708c2d58a9da65fabda1fc44f8',NULL,1,0,0,'2018-12-07 22:14:28','2018-12-07 22:14:28'),(282,1,1,1,2,1,0,NULL,NULL,NULL,'Marco','Capucci','markomagno@hotmail.it','8cbc5e82a5ca7a0171e9d6aa52ad2ca8','2018-12-08 03:17:22','1987-06-05',0,NULL,'0000-00-00 00:00:00',1,NULL,0.000000,0,0,'77dc1da3accc4929868021eca49b4248',NULL,1,1,0,'2018-12-08 09:17:22','2018-12-08 09:17:22'),(283,1,1,2,2,1,0,'State Street Bank S.p.A.',NULL,NULL,'Gaia','Pesare','gaia.pesare@gmail.com','5492fc42a087a9c9780c309a574b4493','2018-12-08 09:11:03','0000-00-00',0,NULL,'0000-00-00 00:00:00',0,NULL,0.000000,0,0,'e7fcb71c06fdcdffe3aab1280a3bc126',NULL,1,1,0,'2018-12-08 15:11:03','2018-12-08 15:11:03'),(284,1,1,2,3,1,0,NULL,NULL,NULL,'Alessia','de Ruggiero','Alessia.deruggiero@gmail.com','d67688a9f70ef522b1867ad034c085ff','2018-12-08 10:09:08','1975-08-13',0,NULL,'0000-00-00 00:00:00',1,NULL,0.000000,0,0,'2d9b0ac37d015544b44e0b9a39a13d3d',NULL,1,0,0,'2018-12-08 16:09:08','2018-12-08 16:09:08'),(285,1,1,2,2,1,0,NULL,NULL,NULL,'Laura','Vestri','vestrilaura@yahoo.it','3ed8348df0fe7efb9a8554d1b7f79796','2018-12-08 15:16:00','1950-05-16',0,NULL,'0000-00-00 00:00:00',0,NULL,0.000000,0,0,'11f774ef9508b59adf39bd9163d7ff62',NULL,1,1,0,'2018-12-08 21:16:00','2018-12-08 21:16:00'),(286,1,1,2,2,1,0,NULL,NULL,NULL,'Cristiana','Guastavino','cristiana.guastavino@gmail.com','350143bed9f6f50df370a8902a195cec','2018-12-09 05:37:16','1964-07-24',0,NULL,'0000-00-00 00:00:00',0,NULL,0.000000,0,0,'ccde6a21b43218e1313d2c2dddd75b77',NULL,1,1,0,'2018-12-09 11:37:16','2018-12-09 11:37:16'),(287,1,1,2,2,1,0,'Big Bus Tours ',NULL,NULL,'Viola','Cecera','viola.cecera@yahoo.it','0e88a2f426ac7d7c21ddae2d115f967b','2018-12-09 07:29:19','1991-07-18',0,NULL,'0000-00-00 00:00:00',0,NULL,0.000000,0,0,'a6267f21bf20cbad37dcbcce238b40af',NULL,1,1,0,'2018-12-09 13:29:19','2018-12-09 13:31:31'),(288,1,1,1,2,1,0,'c/o Gelateria Santarosa',NULL,NULL,'Mattia','Gasparini','aittam08@gmail.com','4120007a8f6717ddc1dafcfa5f0e4f24','2018-12-09 10:17:46','1980-07-04',0,NULL,'0000-00-00 00:00:00',0,NULL,0.000000,0,0,'ae583db91545b4bbe3086f9dbde41b59',NULL,1,1,0,'2018-12-09 16:17:46','2018-12-09 16:17:46'),(289,1,1,0,3,1,0,NULL,NULL,NULL,'Stefano','Pistoia','stepist64@gmail.com','9d751fde18d8b38f4c07ac06601e89e4','2018-12-09 17:56:28','1964-09-01',0,NULL,'0000-00-00 00:00:00',0,NULL,0.000000,0,0,'e5ac36396bd066ce1e27dd90bf2bbd9b',NULL,1,0,0,'2018-12-09 23:56:28','2018-12-09 23:56:28'),(290,1,1,1,2,1,0,'Engineering',NULL,NULL,'Daniele','Pietrobelli','daniele.pietrobelli@gmail.com','28e72d5c4e2c6f94f0a33d50eb7a9b6a','2018-12-10 04:22:50','1973-09-22',0,NULL,'0000-00-00 00:00:00',0,NULL,0.000000,0,0,'572f7c0a4d77ce13b8518d3bc2f4294a',NULL,1,1,0,'2018-12-10 10:22:50','2018-12-10 10:22:50'),(291,1,1,2,2,1,0,NULL,NULL,NULL,'Benedetta','Guidi','guidinet@hotmail.com','c85f7ed51c244a00f029d3d4e6efcafb','2018-12-10 06:19:34','1973-05-12',0,NULL,'0000-00-00 00:00:00',0,NULL,0.000000,0,0,'db8b53d813286c22fec701bb6dd29a8f',NULL,1,1,0,'2018-12-10 12:19:34','2018-12-10 13:42:03'),(292,1,1,2,2,1,0,NULL,NULL,NULL,'laura','ribdubu','laura@fattoriacreativa.it','526510966547d04ca0d342b51534c301','2018-12-10 11:41:47','1967-02-03',1,'109.73.94.49','2018-12-10 17:41:47',0,NULL,0.000000,0,0,'6b60b403e4803366a0b019469611004d',NULL,1,1,0,'2018-12-10 17:41:47','2018-12-10 17:41:47'),(293,1,1,1,3,1,0,NULL,NULL,NULL,'Federico','Pisanu','Federico.giuseppe.pisanu@gmail.com','3a3fb662d6c337bb18fe1755b98b95f1','2018-12-10 15:00:45','1994-03-05',0,NULL,'0000-00-00 00:00:00',0,NULL,0.000000,0,0,'a432c9a3ab4c2c67ffa41839585f22a2',NULL,1,0,0,'2018-12-10 21:00:45','2018-12-10 21:00:45'),(294,1,1,2,2,1,0,'Big Bus Tours',NULL,NULL,'viola','cecera','viola.cecera@yahoo.it','71dd73eeaf76136a30a0d7c4987a440c','2018-12-10 15:45:13','1991-07-18',0,NULL,'0000-00-00 00:00:00',0,NULL,0.000000,0,0,'0f3e9c421c85a1695c23ec1f4eba81b7',NULL,1,1,0,'2018-12-10 21:45:13','2018-12-10 21:45:23'),(295,1,1,1,2,1,0,NULL,NULL,NULL,'Gianluca','Oliva','oliva.gianluca93@gmail.com','c604e981f28b98486351a75da5e6cfee','2018-12-10 17:01:26','1993-01-15',0,NULL,'0000-00-00 00:00:00',0,NULL,0.000000,0,0,'9278ceacb54f1cbf6f67633615359bb3',NULL,1,1,0,'2018-12-10 23:01:26','2018-12-10 23:01:26'),(296,1,1,1,2,1,0,NULL,NULL,NULL,'antonio','grassi','blackfoot@libero.it','c45314ee4dd9aae8d0e4b935adb3d7f2','2018-12-10 18:01:59','1957-11-13',0,NULL,'0000-00-00 00:00:00',0,NULL,0.000000,0,0,'c3a7867799d38d3f37f1a43cc8e3467d',NULL,1,1,0,'2018-12-11 00:01:59','2018-12-11 00:01:59'),(297,1,1,0,3,1,0,NULL,NULL,NULL,'Rosa','basile','rosaba1953@libero.it','c8b95741fe88be831edd89fb20ead2cb','2018-12-12 10:24:38','1953-01-21',0,NULL,'0000-00-00 00:00:00',1,NULL,0.000000,0,0,'f9160a7f1946b8f386f9af2234a59eb6',NULL,1,0,0,'2018-12-11 06:59:32','2018-12-12 10:31:04'),(298,1,1,2,2,1,0,'Milia ',NULL,NULL,'mariagrazia','grova','grova.mariagrazia@hotmail.it','279a2acca06bb8c1749bab5e78c048f2','2018-12-11 05:28:38','1988-05-20',0,NULL,'0000-00-00 00:00:00',0,NULL,0.000000,0,0,'ce2abef69694abf48ee75af82253dc38',NULL,1,1,0,'2018-12-11 11:28:38','2018-12-11 11:28:38'),(299,1,1,0,3,1,0,NULL,NULL,NULL,'Erica','Redaelli','amethista69@gmail.com','b802fbcbae59fa3adfe314584246fbd8','2018-12-11 06:12:11','1984-01-10',0,NULL,'0000-00-00 00:00:00',1,NULL,0.000000,0,0,'59f27619dae4c32631ac88542f08e442',NULL,1,0,0,'2018-12-11 12:12:11','2018-12-11 12:12:11'),(300,1,1,2,3,1,0,NULL,NULL,NULL,'Francesca','Bosco','francescab107@gmail.com','90990c4524703744bc6d451c55979d03','2018-12-11 13:19:09','1956-07-02',0,NULL,'0000-00-00 00:00:00',0,NULL,0.000000,0,0,'97f9675c7cae8e3dc1dcf968e1779292',NULL,1,0,0,'2018-12-11 19:19:09','2018-12-11 19:19:09'),(301,1,1,1,3,1,0,NULL,NULL,NULL,'Giuseppe ','Barrella ','gbarrella47@tiscali.it','051c421e730bc764942baf2e5ac7ec22','2018-12-11 13:44:54','1947-07-31',1,'82.55.156.157','2018-12-11 19:44:54',1,NULL,0.000000,0,0,'bfb2d1ea959d833d99af1560860fa371',NULL,1,0,0,'2018-12-11 19:44:54','2018-12-11 19:44:54'),(302,1,1,1,3,1,0,NULL,NULL,NULL,'Alberto','Forcolin','albertof11@yahoo.it','7071a0a66de5a3fc924ada0920c509af','2018-12-11 13:54:34','0000-00-00',0,NULL,'0000-00-00 00:00:00',0,NULL,0.000000,0,0,'f8e0d8fc578b54f988a877de24a0b8a5',NULL,1,0,0,'2018-12-11 19:54:34','2018-12-11 19:54:34'),(303,1,1,2,3,1,0,NULL,NULL,NULL,'federica','mauri','federicamauri@msn.com','3707a78daf0d584f5a2434562405db8b','2018-12-11 14:01:19','1984-07-10',1,'93.40.195.25','2018-12-11 20:01:19',1,NULL,0.000000,0,0,'d7b259dc48c3cce43c6a0ff3c8485d06',NULL,1,0,0,'2018-12-11 20:01:19','2018-12-11 20:01:19'),(304,1,1,2,3,1,0,NULL,NULL,NULL,'Claudia','Mortigliengo','claudiamortigliengo@gmail.com','bda38b32250021d0e89aa88d8e914c65','2018-12-11 15:09:50','1963-03-30',0,NULL,'0000-00-00 00:00:00',0,NULL,0.000000,0,0,'717591dbaf108b20dfbfcc1f4ff5e57f',NULL,1,0,0,'2018-12-11 21:09:50','2018-12-11 21:09:50'),(305,1,1,2,3,1,0,NULL,NULL,NULL,'Federica','Masoni','fedi71@yahoo.it','38beaa8024412a385515d5c76652b765','2018-12-11 17:11:19','1971-09-07',1,'151.50.246.239','2018-12-11 23:11:19',1,NULL,0.000000,0,0,'484cb1ec998ee21b2dc4398d31f2808b',NULL,1,0,0,'2018-12-11 23:11:19','2018-12-11 23:11:19'),(306,1,1,2,3,1,0,NULL,NULL,NULL,'Sonia','Motta','sonia.cangu@gmail.com','6ca846c7610cba99780fb8bde65f9c9d','2018-12-12 03:26:34','1997-07-24',0,NULL,'0000-00-00 00:00:00',0,NULL,0.000000,0,0,'f1a84d8fedb23f017fcd7fcfab62bc68',NULL,1,0,0,'2018-12-12 09:26:34','2018-12-12 09:26:34'),(307,1,1,2,3,1,0,'FRIGERIO VIAGGI',NULL,NULL,'silvia','colombo','silvycolombo214@gmail.com','2bbb6f3ee6e2473ad4de2266d1e7ad41','2018-12-12 03:30:45','1983-08-30',0,NULL,'0000-00-00 00:00:00',0,NULL,0.000000,0,0,'fed67c95b59851b0a4f3b824cb68ccd3',NULL,1,0,0,'2018-12-12 09:30:45','2018-12-12 09:30:45'),(308,1,1,1,3,1,0,'negozio Baisi',NULL,NULL,'Natalia','Semenova','adell_2007@mail.ru','b5bfc96a8924cd0b8dc1e64313c1d605','2018-12-12 05:41:16','0000-00-00',1,'151.60.110.178','2018-12-12 11:41:16',0,NULL,0.000000,0,0,'889658cb0fe71b605b42e650a3e33a2c',NULL,1,0,0,'2018-12-12 11:41:16','2018-12-12 11:41:16'),(309,1,1,0,3,1,0,NULL,NULL,NULL,'roberta','rapetti','robertarapetti64@gmail.com','7d1d78da0d85cef6af5a2687cb723803','2018-12-12 06:44:51','0000-00-00',0,NULL,'0000-00-00 00:00:00',0,NULL,0.000000,0,0,'842a568e0d461d53297b7427d845d14b',NULL,1,0,0,'2018-12-12 12:44:51','2018-12-12 12:44:51'),(310,1,1,0,2,1,0,NULL,NULL,NULL,'Maria Vittoria','Varriale','mvarriale11@gmail.com','874d3e839b29162ef95ac1a0d90cc6cb','2018-12-12 07:51:27','1997-11-27',0,NULL,'0000-00-00 00:00:00',0,NULL,0.000000,0,0,'79cf4494b903e95eff34d9f1494e6b37',NULL,1,1,0,'2018-12-12 13:51:27','2018-12-12 13:51:27'),(311,1,1,2,2,1,0,NULL,NULL,NULL,'alessandra','costa','alessandracosta061100@gmail.com','688b9173876b2263688b8cfa3c1adeac','2018-12-12 07:56:35','2000-11-06',0,NULL,'0000-00-00 00:00:00',0,NULL,0.000000,0,0,'dbe0f0dfc7c6d6d3901243bfe6f07f70',NULL,1,1,0,'2018-12-12 13:56:35','2018-12-12 13:56:35'),(312,1,1,2,2,1,0,NULL,NULL,NULL,'Alessandra ','Costa ','alessandracosta061100@gmail.com','3cf305aa37775629003df2996bce1f2f','2018-12-12 08:08:41','2000-11-06',0,NULL,'0000-00-00 00:00:00',0,NULL,0.000000,0,0,'3cd1cef9775dea95c77c316d8c09e378',NULL,1,1,0,'2018-12-12 14:08:41','2018-12-12 14:11:30'),(313,1,1,2,2,1,0,NULL,NULL,NULL,'MONIA','QUARANTINI','quarantinim@gmail.com','bbfe698c4b69e86f83db0cf3b9c20ed2','2018-12-12 09:25:50','1971-11-08',0,NULL,'0000-00-00 00:00:00',0,NULL,0.000000,0,0,'9c7ab32f764954d733ab47473d5e0613',NULL,1,1,0,'2018-12-12 15:25:50','2018-12-12 15:25:50'),(314,1,1,2,3,1,0,'milia',NULL,NULL,'mariagrazia','grova','grova.mariagrazia@hotmail.it','f42e090abf39eb6e52571ecc5b228c61','2018-12-12 15:35:10','1988-05-20',0,NULL,'0000-00-00 00:00:00',1,NULL,0.000000,0,0,'5912be4f574c8c41445439a1c371aafa',NULL,1,0,0,'2018-12-12 21:35:10','2018-12-12 21:35:10'),(315,1,1,1,3,1,0,NULL,NULL,NULL,' Massimo','Occhino','massimo.occhino@yahoo.it','2585fa823c52df5fc23030cd1d6e41f7','2018-12-13 02:13:36','1967-09-24',0,NULL,'0000-00-00 00:00:00',0,NULL,0.000000,0,0,'6a0d36b10ea1d8aa1cefb6a13e0c9666',NULL,1,0,0,'2018-12-13 08:13:36','2018-12-13 08:13:36'),(316,1,1,1,3,1,0,NULL,NULL,NULL,'Roberto','Casaretti','r.casaretti@gmail.com','8d2c2698918fd104051d14b45d8fc833','2018-12-13 06:56:14','1966-01-12',1,'130.25.148.45','2018-12-13 12:56:14',1,NULL,0.000000,0,0,'a506a42a3896efc2f4051fea59e2d578',NULL,1,0,0,'2018-12-13 12:56:14','2018-12-13 12:56:14'),(317,1,1,1,2,1,0,NULL,NULL,NULL,'Gabriele','Galbato Muscio','gabrielegalbato@icloud.com','daf0d52868191242dae23934e4c062e2','2018-12-13 11:32:56','1997-04-27',0,NULL,'0000-00-00 00:00:00',0,NULL,0.000000,0,0,'284b94b2ed5f18ea25f8a87c93ea429c',NULL,1,1,0,'2018-12-13 17:32:56','2018-12-13 17:32:56'),(318,1,1,0,2,1,0,NULL,NULL,NULL,'Enrica','Mazza','mazzaenrica@gmail.com','388cc328a621bc3c97193110112632c4','2018-12-13 11:44:37','1959-03-06',0,NULL,'0000-00-00 00:00:00',1,NULL,0.000000,0,0,'3f7539eb13e1d8b7dc1bc7a19fd99c23',NULL,1,1,0,'2018-12-13 17:44:37','2018-12-13 17:46:33'),(319,1,1,1,3,1,0,NULL,NULL,NULL,'Andrea','VENICA','venicandrea@gmail.com','cec2bb2c04a4f293d745d6191ae4e031','2018-12-13 17:35:59','1987-01-11',0,NULL,'0000-00-00 00:00:00',0,NULL,0.000000,0,0,'14287ca938d474a8f1d3d5f9c999124c',NULL,1,0,0,'2018-12-13 23:35:59','2018-12-13 23:35:59'),(320,1,1,2,3,1,0,NULL,NULL,NULL,'Manuela','Pintus','manuelapintus@hotmail.it','2e767887f968f1c925eb0b258d432953','2018-12-14 04:26:40','1968-10-28',1,'94.38.184.19','2018-12-14 10:26:40',0,NULL,0.000000,0,0,'6d4e7148ac123e007d1d141a8e6804be',NULL,1,0,0,'2018-12-14 10:26:40','2018-12-14 10:26:40'),(321,1,1,2,2,1,0,NULL,NULL,NULL,'Barbara','Gregori','barbara.gregori1@gmail.com','11c15e8760f06b72d846056d24bcbaac','2018-12-14 07:01:57','1969-05-19',0,NULL,'0000-00-00 00:00:00',0,NULL,0.000000,0,0,'94f13ba62f6266f786a811aba8147144',NULL,1,1,0,'2018-12-14 13:01:57','2018-12-14 13:01:57'),(322,1,1,2,2,1,0,NULL,NULL,NULL,'monica','munari','rbonadies2@gmail.com','3175c35e68096afceb3199bdf9848719','2018-12-14 08:18:40','1979-01-23',0,NULL,'0000-00-00 00:00:00',1,NULL,0.000000,0,0,'a5cc015fe5603a8809d2cbe8b39d027d',NULL,1,1,0,'2018-12-14 14:18:40','2018-12-14 14:18:40'),(323,1,1,1,2,1,0,NULL,NULL,NULL,'alessio','erro','ale95_alessio@hotmail.it','c85276cf359bdddb7f1ae5fec7ce4240','2018-12-14 08:26:49','1995-02-28',0,NULL,'0000-00-00 00:00:00',0,NULL,0.000000,0,0,'e08a487e08ee713754a325376a3742e4',NULL,1,1,0,'2018-12-14 14:26:49','2018-12-14 14:26:49'),(324,1,1,1,3,1,0,NULL,NULL,NULL,'Federico','Sanseverino','fefe41099@gmail.com','7183c136abaf0ba7ee4f966c5cebd0c2','2018-12-14 12:36:31','1999-10-04',0,NULL,'0000-00-00 00:00:00',0,NULL,0.000000,0,0,'a20ae5823a75078fb4202cdf197a0194',NULL,1,0,0,'2018-12-14 18:36:31','2018-12-14 18:36:31'),(325,1,1,0,3,1,0,NULL,NULL,NULL,'MARA','CATTANEO','maracattaneo@alice.it','6e5bb435800ea5a9b20924a0110302cb','2018-12-14 14:26:43','0000-00-00',0,NULL,'0000-00-00 00:00:00',0,NULL,0.000000,0,0,'94a603000b2ee35399166913bc48f524',NULL,1,0,0,'2018-12-14 20:26:43','2018-12-14 20:26:43'),(326,1,1,2,2,1,0,NULL,NULL,NULL,'Veronica','Raucci','veronica.raucci@gmail.com','964685598d8cf5c414d321f6b0f309f7','2018-12-15 04:05:12','1987-10-22',0,NULL,'0000-00-00 00:00:00',0,NULL,0.000000,0,0,'0efd9613d8967f51050708645d209bdc',NULL,1,1,0,'2018-12-15 10:05:12','2018-12-15 10:05:12'),(327,1,1,1,2,1,0,NULL,NULL,NULL,'Michele','Guzzo','michele.guzzo1@gmail.com','115764013ad8f1e9241fb3bb8eccc34d','2018-12-15 04:09:32','0000-00-00',0,NULL,'0000-00-00 00:00:00',0,NULL,0.000000,0,0,'a02f996a2cbb67a7a7dc1280b4430178',NULL,1,1,0,'2018-12-15 10:09:32','2018-12-15 10:09:32'),(328,1,1,2,3,1,0,NULL,NULL,NULL,'nicole','greppi','nicolegreppi@hotmail.it','beec8cf2bced28e2cfb30b2df4c20810','2018-12-15 04:27:10','0000-00-00',0,NULL,'0000-00-00 00:00:00',0,NULL,0.000000,0,0,'1eccaf0dfb3a3201214c174394987c33',NULL,1,0,0,'2018-12-15 10:27:10','2018-12-15 10:27:10'),(329,1,1,2,2,1,0,NULL,NULL,NULL,'Silvia ','Fresch ','s.fresch95@gmail.com','36fe4b45f5f77b25083dfc21aab3b905','2018-12-15 05:14:29','1995-12-26',0,NULL,'0000-00-00 00:00:00',0,NULL,0.000000,0,0,'2c1ce0090ee9484a2e4f7903adf2996c',NULL,1,1,0,'2018-12-15 11:14:29','2018-12-15 11:14:29'),(330,1,1,2,2,1,0,NULL,NULL,NULL,'Antonella ','Mondino ','mondino.anto@gmail.com','ea9da29123790222e6cfb39f4bffb466','2018-12-15 06:00:44','0000-00-00',0,NULL,'0000-00-00 00:00:00',0,NULL,0.000000,0,0,'de0c5dfe45696fab72b88de81aca2a46',NULL,1,1,0,'2018-12-15 12:00:44','2018-12-15 12:00:44'),(331,1,1,2,2,1,0,NULL,NULL,NULL,'Adriana','Cenci','denise.biasiol@gmail.com','0a918b8951eac8d8f90fc1b127700a7f','2018-12-15 08:29:56','0000-00-00',1,'151.51.25.54','2018-12-15 14:29:56',1,NULL,0.000000,0,0,'9460dfeb6b7675b536bae0c65a5b22b2',NULL,1,1,0,'2018-12-15 14:29:56','2018-12-15 14:29:56'),(332,1,1,0,2,1,0,NULL,NULL,NULL,'Lia','Bassi Bedocchi','liabedocchi@libero.it','eeb84e3ab02d5da6c967563dd549fb89','2018-12-15 09:58:07','1946-08-27',0,NULL,'0000-00-00 00:00:00',0,NULL,0.000000,0,0,'e96610404d487110126645d53c6efb25',NULL,1,1,0,'2018-12-15 15:58:07','2018-12-15 15:58:07'),(333,1,1,0,3,1,0,NULL,NULL,NULL,'Ida','Picchioni','idapicchioni@gmail.com','1ef97de805eff4343826a08cc6ff5a96','2018-12-15 11:52:14','0000-00-00',0,NULL,'0000-00-00 00:00:00',0,NULL,0.000000,0,0,'3d7bd935c62def82ae144097124ea97a',NULL,1,0,0,'2018-12-15 17:52:14','2018-12-15 17:52:14'),(334,1,1,2,2,1,0,NULL,NULL,NULL,'Floris','Marta','mirtas78@gmail.com','c5388cf14bdbc1ae296e979089a28113','2018-12-15 12:21:06','0000-00-00',0,NULL,'0000-00-00 00:00:00',0,NULL,0.000000,0,0,'6685f9ba81526acbb3986b91f93f2b2e',NULL,1,1,0,'2018-12-15 18:21:06','2018-12-15 18:24:01'),(335,1,1,2,2,1,0,NULL,NULL,NULL,'alessia','cerreta','alessiacerreta@hotmail.it','39f0a52e79f4e4c6d7e243dd97af38e9','2018-12-16 06:14:12','1997-08-23',0,NULL,'0000-00-00 00:00:00',1,NULL,0.000000,0,0,'4427a90fddaba4f94fa9c30c6c9fce82',NULL,1,1,0,'2018-12-16 12:14:12','2018-12-16 12:14:12'),(336,1,1,0,2,1,0,'\"Panificio Zappia\"',NULL,NULL,'Pasquale','Acampora','acamporaale@gmail.com','09a7583626c43b382583a80d0dca1906','2018-12-16 09:48:07','1992-05-06',0,NULL,'0000-00-00 00:00:00',0,NULL,0.000000,0,0,'d46fc484f9ef650a1ec406edf3610362',NULL,1,1,0,'2018-12-16 15:48:07','2018-12-16 15:48:07'),(337,1,1,1,2,1,0,NULL,NULL,NULL,'claudio','sgorlon','giaduzfre@gmail.com','cbb9ba430f4db8fccb519ef42659fd17','2018-12-16 09:54:23','1990-11-03',0,NULL,'0000-00-00 00:00:00',0,NULL,0.000000,0,0,'d37233f23ef8505ee2abcc48975f9a87',NULL,1,1,0,'2018-12-16 15:54:23','2018-12-16 15:54:23'),(338,1,1,1,3,1,0,NULL,NULL,NULL,'Claudio','sgorlon','giaduzfre@gmail.com','bca6e1d18609ab6612a11a43ae7ef05e','2018-12-16 09:58:54','1990-11-03',1,'93.34.144.195','2018-12-16 15:58:54',1,NULL,0.000000,0,0,'9cda473c7893d7bbef739545011e2ce3',NULL,1,0,0,'2018-12-16 15:58:54','2018-12-16 15:58:54'),(339,1,1,1,2,1,0,'kermes salotti',NULL,NULL,'giuseppe','cannito','giuseppecannito@kermessalotti.it','8a127ea46cc7f347353e4fac393ee945','2018-12-16 12:31:40','1983-09-13',0,NULL,'0000-00-00 00:00:00',0,NULL,0.000000,0,0,'fc471e61cbcde568e603044e64b3b975',NULL,1,1,0,'2018-12-16 18:31:40','2018-12-16 18:44:10');

#
# Structure for table "_WCprTUAcustomer_group"
#

CREATE TABLE `_WCprTUAcustomer_group` (
  `id_customer` int(10) unsigned NOT NULL,
  `id_group` int(10) unsigned NOT NULL,
  PRIMARY KEY (`id_customer`,`id_group`),
  KEY `customer_login` (`id_group`),
  KEY `id_customer` (`id_customer`)
) ENGINE=InnoDB DEFAULT CHARSET=utf8;

#
# Data for table "_WCprTUAcustomer_group"
#

INSERT INTO `_WCprTUAcustomer_group` VALUES (1,3),(2,1),(2,2),(2,3),(3,3),(4,3),(5,3),(6,2),(7,3),(8,3),(9,2),(10,2),(11,2),(12,3),(13,2),(14,3),(15,3),(16,2),(17,3),(18,3),(19,2),(20,3),(21,3),(22,3),(23,3),(24,3),(25,2),(26,3),(27,3),(28,3),(29,3),(30,3),(31,2),(32,3),(33,3),(34,3),(35,2),(36,3),(37,3),(38,3),(39,3),(40,2),(41,2),(42,2),(43,3),(44,3),(45,2),(46,2),(47,3),(48,3),(49,2),(50,2),(51,2),(52,3),(53,2),(54,2),(55,2),(56,2),(57,3),(58,3),(59,2),(60,3),(61,3),(62,3),(63,2),(64,2),(65,3),(66,3),(67,2),(68,3),(69,2),(70,3),(71,3),(72,3),(73,3),(74,3),(75,3),(76,3),(77,3),(78,3),(79,3),(80,2),(81,2),(82,3),(83,2),(84,3),(85,2),(86,3),(87,2),(88,3),(89,3),(90,3),(91,2),(92,3),(93,2),(94,2),(95,3),(96,3),(97,3),(98,3),(99,3),(100,3),(101,3),(102,2),(103,3),(104,3),(105,3),(106,2),(107,2),(108,2),(109,3),(110,3),(111,2),(112,2),(113,2),(114,2),(115,2),(116,3),(117,3),(118,3),(119,2),(120,3),(121,2),(122,3),(123,2),(124,2),(125,3),(126,2),(127,3),(128,3),(129,2),(130,3),(131,2),(132,2),(133,3),(134,3),(135,3),(136,2),(137,3),(138,3),(139,2),(140,3),(141,3),(142,2),(143,3),(144,3),(145,3),(146,3),(147,3),(148,3),(149,2),(150,3),(151,2),(152,3),(153,2),(154,3),(155,2),(156,2),(157,3),(158,2),(159,3),(160,2),(161,3),(162,3),(163,3),(164,3),(165,2),(166,3),(167,2),(168,2),(169,3),(170,3),(171,3),(172,2),(173,3),(174,2),(175,2),(176,3),(177,3),(178,3),(179,3),(180,2),(181,3),(182,3),(183,3),(184,3),(185,3),(186,3),(187,3),(188,3),(189,3),(190,2),(191,3),(192,3),(193,3),(194,3),(195,2),(196,2),(197,2),(198,3),(199,3),(200,2),(201,2),(202,3),(203,3),(204,3),(205,3),(206,3),(207,2),(208,3),(209,2),(210,2),(211,2),(212,3),(213,2),(214,3),(215,3),(216,2),(217,2),(218,2),(219,3),(220,3),(221,3),(222,3),(223,3),(224,3),(225,3),(226,3),(227,2),(228,3),(229,3),(230,3),(231,3),(232,2),(233,3),(234,3),(235,3),(236,2),(237,3),(238,3),(239,2),(240,3),(241,2),(242,2),(243,3),(244,3),(245,2),(246,3),(247,3),(248,3),(249,2),(250,3),(251,3),(252,2),(253,3),(254,2),(255,3),(256,3),(257,2),(258,2),(259,3),(260,3),(261,3),(262,3),(263,3),(264,2),(265,3),(266,3),(267,2),(268,2),(269,2),(270,3),(271,2),(272,2),(273,3),(274,3),(275,3),(276,3),(277,2),(278,2),(279,3),(280,3),(281,3),(282,2),(283,2),(284,3),(285,2),(286,2),(287,2),(288,2),(289,3),(290,2),(291,2),(292,2),(293,3),(294,2),(295,2),(296,2),(297,3),(298,2),(299,3),(300,3),(301,3),(302,3),(303,3),(304,3),(305,3),(306,3),(307,3),(308,3),(309,3),(310,2),(311,2),(312,2),(313,2),(314,3),(315,3),(316,3),(317,2),(318,2),(319,3),(320,3),(321,2),(322,2),(323,2),(324,3),(325,3),(326,2),(327,2),(328,3),(329,2),(330,2),(331,2),(332,2),(333,3),(334,2),(335,2),(336,2),(337,2),(338,3),(339,2);

#
# Structure for table "_WCprTUAcustomer_message"
#

CREATE TABLE `_WCprTUAcustomer_message` (
  `id_customer_message` int(10) unsigned NOT NULL AUTO_INCREMENT,
  `id_customer_thread` int(11) DEFAULT NULL,
  `id_employee` int(10) unsigned DEFAULT NULL,
  `message` mediumtext NOT NULL,
  `file_name` varchar(18) DEFAULT NULL,
  `ip_address` varchar(16) DEFAULT NULL,
  `user_agent` varchar(128) DEFAULT NULL,
  `date_add` datetime NOT NULL,
  `date_upd` datetime NOT NULL,
  `private` tinyint(4) NOT NULL DEFAULT '0',
  `read` tinyint(1) NOT NULL DEFAULT '0',
  PRIMARY KEY (`id_customer_message`),
  KEY `id_customer_thread` (`id_customer_thread`),
  KEY `id_employee` (`id_employee`)
) ENGINE=InnoDB AUTO_INCREMENT=58 DEFAULT CHARSET=utf8;

#
# Data for table "_WCprTUAcustomer_message"
#

INSERT INTO `_WCprTUAcustomer_message` VALUES (1,1,0,'No entregar de sábado y domingo\nGracias Rita Martini','','','','2018-04-09 16:58:37','2018-04-09 16:58:37',0,0),(2,2,0,'Acquisto di Prova - Test Fattoria Creativa','','','','2018-05-04 16:22:33','2018-05-04 16:22:33',0,0),(3,3,0,'Prova per Nexi e spedizione','','','','2018-05-28 10:04:11','2018-05-28 10:04:11',0,0),(4,4,0,'Prova Nexi con orario a 2 cifre e carta Visa','','','','2018-05-28 16:01:13','2018-05-28 16:01:13',0,0),(5,5,0,'Prova NEXI con orario a due cifre e carta MasterCard','','','','2018-05-28 16:03:54','2018-05-28 16:03:54',0,0),(6,6,0,'Prova Nexi con Visa da browser pulito','','','','2018-05-28 16:12:42','2018-05-28 16:12:42',0,0),(7,7,0,'Prova Nexi con carta Mastercard','','','','2018-05-28 16:13:58','2018-05-28 16:13:58',0,0),(8,8,0,'PROVA CON CARTA VISA DA NEXI CON WACU SENZA ACCENTO','','','','2018-06-04 16:45:03','2018-06-04 16:45:03',0,0),(9,9,0,'Prova Visa prima delle 10','','','','2018-06-05 09:05:33','2018-06-05 09:05:33',0,0),(10,10,0,'Prova con Mastercard prima delle 10','','','','2018-06-05 09:06:45','2018-06-05 09:06:45',0,0),(11,11,0,'ACQUISTO DI PROVA PER NEXI CON VISA','','','','2018-06-13 11:10:59','2018-06-13 11:10:59',0,0),(12,12,0,'PROVA PAGAMENTO NEXI CON VISA E CHARSET ISO-8859-1','','','','2018-06-13 11:25:25','2018-06-13 11:25:25',0,0),(13,13,0,'ULTIMO TENTATIVO NEXI CON VISA E CHARSET ISO8859-1','','','','2018-06-13 11:40:16','2018-06-13 11:40:16',0,0),(14,14,0,'I am not sure if I chose the right nation. The address is located in Netherlands. Just in case I did it wrong, thanks.','','','','2018-06-22 00:42:07','2018-06-22 00:42:07',0,0),(15,15,0,'consegna presso ditta Eurografica snc','','','','2018-07-09 16:33:49','2018-07-09 16:33:49',0,0),(16,16,0,'Citofonare Aimone/Ossola/Marmello','','','','2018-07-12 16:35:22','2018-07-12 16:35:22',0,0),(17,17,0,'Orario negozio ','','','','2018-07-13 08:10:33','2018-07-13 08:10:33',0,0),(18,18,0,'citofono Avv. Picozza Mapelli, scala A 4° piano interno 10','','','','2018-07-14 14:28:58','2018-07-14 14:28:58',0,0),(19,19,0,'Orario di ufficio 8.30-12.30 15.30-19.30','','','','2018-07-14 16:42:23','2018-07-14 16:42:23',0,0),(20,19,0,'Vi prego di spedire al più presto perché sabato mattina parto alle 7 e ho bisogno di ridurre al minimo il bagaglio a mano. Grazie','','1587913939','','2018-07-16 23:19:17','2018-07-16 23:19:17',0,0),(21,20,0,'consegna dal lunedì al venerdì','','','','2018-07-19 11:06:08','2018-07-19 11:06:08',0,0),(22,20,0,'IL PACCO APPENA RICEVUTO CONTENEVA 3 SACCHETTI, LA CUSTODIO E UNA SCATOLETTA VUOTA!!!!!! MANCA IL DIPSOSITIVO PER SOTTOVUOTO!!!! ATTENDO URGENTEMENTE CHIARIMENTI','','3251366148','','2018-07-20 12:16:17','2018-07-20 12:16:17',0,0),(23,21,0,'CONSEGNA PRESSO UFFICO COMM. CHIUSO SABATO E DOMENICA.\nGRAZIE','','','','2018-07-20 14:19:41','2018-07-20 14:19:41',0,0),(24,22,0,'Consegna presso\nSTARBENE SENZA GLUTINE \nVia Vignolese 870/A\n41125 Modena','','','','2018-07-20 17:28:47','2018-07-20 17:28:47',0,0),(25,23,0,'CONSEGNA ORARI NEGOZIO (9-13 e 17-19)','','','','2018-07-22 16:49:59','2018-07-22 16:49:59',0,0),(26,24,0,'Consegnare al portiere','','','','2018-07-23 16:21:41','2018-07-23 16:21:41',0,0),(27,25,0,'Suonare eventualmente ad entrambi i citofoni. Grazie.','','','','2018-07-27 18:10:33','2018-07-27 18:10:33',0,0),(28,26,0,'Si prega di consegnare entro le ore 11. Grazie\n','','','','2018-08-04 18:22:20','2018-08-04 18:22:20',0,0),(29,27,0,'In caso di assenza consegnare Bar Milù via Tenivelli 19 Moncalieri','','','','2018-08-04 20:01:15','2018-08-04 20:01:15',0,0),(30,28,0,'R-Store 10/14 - 16/20','','','','2018-08-05 00:56:25','2018-08-05 00:56:25',0,0),(31,29,0,'Consegna negli orari di negozio 9,00 /12,30---- 15,30 /19,00','','','','2018-08-08 09:26:09','2018-08-08 09:26:09',0,0),(32,30,0,'Vi prego di farmelo arrivare entro il 14 agosto. Grazie.','','','','2018-08-08 09:35:12','2018-08-08 09:35:12',0,0),(33,30,0,'All\'indirizzo di spedizione, non si riceve posta e pacchi, ne di sabato, ne di domenica. Grazie.','','3567411780','','2018-08-08 13:30:21','2018-08-08 13:30:21',0,0),(34,31,0,'Se possibile consegnare lunedì  20 agosto 2018','','','','2018-08-12 08:07:32','2018-08-12 08:07:32',0,0),(35,32,0,'Consegna possibilmente entro ore 14,00','','','','2018-08-18 14:07:44','2018-08-18 14:07:44',0,0),(36,33,0,'Consegna possibilmente entro ore 14,00','','','','2018-08-18 14:07:44','2018-08-18 14:07:44',0,0),(37,34,0,'In assenza mia o dei miei familiari consegnare al portiere','','','','2018-08-22 08:07:42','2018-08-22 08:07:42',0,0),(38,35,0,'Prova per coupon sconto influencer Melissa','','','','2018-08-23 11:27:29','2018-08-23 11:27:29',0,0),(39,36,0,'\n','','','','2018-08-24 10:10:55','2018-08-24 10:10:55',0,0),(40,37,0,'Buongiorno,\nvorrei avere qualche informazione sui tempi della spedizione.\nHo acquistato il prodotto per un regalo...\nElena Romanelli','','95089251','','2018-08-26 11:48:53','2018-08-26 11:48:53',0,0),(41,38,0,'Suonare anche a ortodossi e tommasi','','','','2018-10-05 20:17:09','2018-10-05 20:17:09',0,0),(42,39,0,'In consegna, Chiamare al nr rilasciato','','','','2018-10-18 08:28:52','2018-10-18 08:28:52',0,0),(43,40,0,'Ora della consegna dalle 6 alle 14','','','','2018-11-09 17:38:27','2018-11-09 17:38:27',0,0),(44,41,0,'PER LA CONSEGNA SUONARE CAMPANELLO ROTA - RIVA ','','','','2018-11-25 12:46:23','2018-11-25 12:46:23',0,0),(45,42,0,'sul citofono è scritto Cinti/Pomante','','','','2018-11-25 23:37:47','2018-11-25 23:37:47',0,0),(46,43,0,'consegnare durante  orario di ufficio 9:13-14:18, grazie ','','','','2018-11-26 00:15:53','2018-11-26 00:15:53',0,0),(47,44,0,'di prega si consegnare al portiere per la ditta C.G.T. srl ','','','','2018-11-26 01:48:31','2018-11-26 01:48:31',0,0),(48,45,0,'Consegnare in fascia oraria 9:00-13:00 da lunedì a venerdì ','','','','2018-11-26 20:52:29','2018-11-26 20:52:29',0,0),(49,46,0,'Salve la fatturazione dovrebbe essere effettuata per la società:\nMa vie est ma Srls \nVia Tacito 14 Aversa CE 81031\nP.IVA 04131710610','','','','2018-11-26 23:59:53','2018-11-26 23:59:53',0,0),(50,47,0,'Se non presenti in casa al momento del tentativo di consegna, per favore chiamare al n. di cellulare. grazie','','','','2018-12-03 17:25:48','2018-12-03 17:25:48',0,0),(51,48,0,'Il punto di consegna si trova posteriore all’entrata del Ristorante Al Mulino (Via Olivetta 15).','','','','2018-12-08 09:19:41','2018-12-08 09:19:41',0,0),(52,49,0,'Consegnare portiere o Clara Sernesi','','','','2018-12-10 13:44:38','2018-12-10 13:44:38',0,0),(53,50,0,'Citofonare a Big Bus Tours','','','','2018-12-10 21:49:40','2018-12-10 21:49:40',0,0),(54,51,0,'Lasciare alla segreteria del negozio “Baisi”','','','','2018-12-12 11:58:29','2018-12-12 11:58:29',0,0),(55,52,0,'In caso di assenza al mio domicilio, gentilmente consegnare alla vicina (prima casa a sinistra, signora Pasqua).','','','','2018-12-13 17:35:29','2018-12-13 17:35:29',0,0),(56,53,0,'consegnare gentilmente presso il Blue Caffe\'','','','','2018-12-14 10:41:20','2018-12-14 10:41:20',0,0),(57,54,0,'Consegna presso \"PANIFICIO ZAPPIA\" ','','','','2018-12-16 15:49:10','2018-12-16 15:49:10',0,0);

#
# Structure for table "_WCprTUAcustomer_message_sync_imap"
#

CREATE TABLE `_WCprTUAcustomer_message_sync_imap` (
  `md5_header` varbinary(32) NOT NULL,
  KEY `md5_header_index` (`md5_header`(4))
) ENGINE=InnoDB DEFAULT CHARSET=utf8;

#
# Data for table "_WCprTUAcustomer_message_sync_imap"
#


#
# Structure for table "_WCprTUAcustomer_thread"
#

CREATE TABLE `_WCprTUAcustomer_thread` (
  `id_customer_thread` int(11) unsigned NOT NULL AUTO_INCREMENT,
  `id_shop` int(11) unsigned NOT NULL DEFAULT '1',
  `id_lang` int(10) unsigned NOT NULL,
  `id_contact` int(10) unsigned NOT NULL,
  `id_customer` int(10) unsigned DEFAULT NULL,
  `id_order` int(10) unsigned DEFAULT NULL,
  `id_product` int(10) unsigned DEFAULT NULL,
  `status` enum('open','closed','pending1','pending2') NOT NULL DEFAULT 'open',
  `email` varchar(128) NOT NULL,
  `token` varchar(12) DEFAULT NULL,
  `date_add` datetime NOT NULL,
  `date_upd` datetime NOT NULL,
  PRIMARY KEY (`id_customer_thread`),
  KEY `id_shop` (`id_shop`),
  KEY `id_lang` (`id_lang`),
  KEY `id_contact` (`id_contact`),
  KEY `id_customer` (`id_customer`),
  KEY `id_order` (`id_order`),
  KEY `id_product` (`id_product`)
) ENGINE=InnoDB AUTO_INCREMENT=55 DEFAULT CHARSET=utf8;

#
# Data for table "_WCprTUAcustomer_thread"
#

INSERT INTO `_WCprTUAcustomer_thread` VALUES (1,1,1,0,6,11,0,'open','ritabitbol@gmail.com','EMw7XMQXZ5uB','2018-04-09 16:58:37','2018-04-09 16:58:37'),(2,1,1,0,8,36,0,'open','alessandro@fattoriacreativa.it','H7XUmKgH1Y10','2018-05-04 16:22:33','2018-05-04 16:22:33'),(3,1,1,0,2,46,0,'open','mki@libero.it','q1p9RRItcWhr','2018-05-28 10:04:11','2018-05-28 10:04:11'),(4,1,1,0,2,47,0,'open','mki@libero.it','0tWNb8CM519U','2018-05-28 16:01:13','2018-05-28 16:01:13'),(5,1,1,0,2,48,0,'open','mki@libero.it','xSRNYeXZ3QRw','2018-05-28 16:03:54','2018-05-28 16:03:54'),(6,1,1,0,2,49,0,'open','mki@libero.it','Mz5ThhFB3Cvb','2018-05-28 16:12:42','2018-05-28 16:12:42'),(7,1,1,0,2,50,0,'open','mki@libero.it','EWFVqUMsO02y','2018-05-28 16:13:58','2018-05-28 16:13:58'),(8,1,1,0,2,52,0,'open','mki@libero.it','2jXPSpMvkPkY','2018-06-04 16:45:03','2018-06-04 16:45:03'),(9,1,1,0,2,53,0,'open','mki@libero.it','sCXTWkTivAjg','2018-06-05 09:05:33','2018-06-05 09:05:33'),(10,1,1,0,2,54,0,'open','mki@libero.it','u8UcPb3J147R','2018-06-05 09:06:45','2018-06-05 09:06:45'),(11,1,1,0,2,55,0,'open','mki@libero.it','x4RoyDTfN7AL','2018-06-13 11:10:59','2018-06-13 11:10:59'),(12,1,1,0,2,56,0,'open','mki@libero.it','eokKKDIQwO1J','2018-06-13 11:25:25','2018-06-13 11:25:25'),(13,1,1,0,2,57,0,'open','mki@libero.it','3XgfSnOzedhJ','2018-06-13 11:40:16','2018-06-13 11:40:16'),(14,1,1,0,18,62,0,'open','number2327@gmail.com','IdFQECu10h0S','2018-06-22 00:42:07','2018-06-22 00:42:07'),(15,1,1,0,21,63,0,'open','daniele.vaccarecci@gmail.com','5qDjyTS193WW','2018-07-09 16:33:49','2018-07-09 16:33:49'),(16,1,1,0,27,68,0,'open','luca.timorati@gmail.com','qYnvIhP60rfd','2018-07-12 16:35:22','2018-07-12 16:35:22'),(17,1,2,0,28,69,0,'open','Itimbe@gmail.com','BcqG65cz2PaG','2018-07-13 08:10:33','2018-07-13 08:10:33'),(18,1,1,0,29,70,0,'open','mario.picozza@gmail.com','0MRbt5ZjpnV1','2018-07-14 14:28:58','2018-07-14 14:28:58'),(19,1,1,0,30,71,0,'open','audano@me.com','URZjSWRDJ3Hu','2018-07-14 16:42:23','2018-07-16 23:19:17'),(20,1,1,0,43,80,0,'open','dan.romag@gmail.com','YpeipnWE4gpt','2018-07-19 11:06:08','2018-07-20 12:16:17'),(21,1,1,0,46,82,0,'open','anna.cervone@gmail.com','iKKmRY5PDZIr','2018-07-20 14:19:41','2018-07-20 14:19:41'),(22,1,1,0,47,83,0,'open','sara.grandi89@gmail.com','HiIaJgueHGTt','2018-07-20 17:28:47','2018-07-20 17:28:47'),(23,1,1,0,53,86,0,'open','elisa.rossi.112358132134@gmail.com','dprU01SKUWF1','2018-07-22 16:49:59','2018-07-22 16:49:59'),(24,1,1,0,59,92,0,'open','lorenzo.razzino@gmail.com','aBOv38nkaa6c','2018-07-23 16:21:41','2018-07-23 16:21:41'),(25,1,1,0,65,97,0,'open','slide2001@hotmail.it','hpvc50w2x93o','2018-07-27 18:10:33','2018-07-27 18:10:33'),(26,1,1,0,81,112,0,'open','al3ss1a.sbk@gmail.com','Gjmt2kvUkbgJ','2018-08-04 18:22:20','2018-08-04 18:22:20'),(27,1,1,0,82,113,0,'open','l.gabriele59@libero.it','m4mXtxg0tYSp','2018-08-04 20:01:15','2018-08-04 20:01:15'),(28,1,1,0,83,114,0,'open','raffaelamuriello@gmail.com','3qsYU78ZeqO3','2018-08-05 00:56:25','2018-08-05 00:56:25'),(29,1,1,0,94,122,0,'open','espsmn@tiscali.it','VwwycpNx2KXT','2018-08-08 09:26:09','2018-08-08 09:26:09'),(30,1,1,0,95,123,0,'open','papaga@gmail.com','jrQznT78y0fn','2018-08-08 09:35:12','2018-08-08 13:30:21'),(31,1,2,0,106,133,0,'open','studiofiorelli@iinwind.it','byXhdmLLgqRh','2018-08-12 08:07:32','2018-08-12 08:07:32'),(32,1,1,0,131,148,0,'open','claudia.calderini@gmail.com','PILyNG3rTI0r','2018-08-18 14:07:44','2018-08-18 14:07:44'),(33,1,1,0,131,149,0,'open','claudia.calderini@gmail.com','WdnKXuuRppeH','2018-08-18 14:07:44','2018-08-18 14:07:44'),(34,1,1,0,143,160,0,'open','ciauscolo@yahoo.it','I1IYdxKmQJ4Y','2018-08-22 08:07:42','2018-08-22 08:07:42'),(35,1,1,0,2,163,0,'open','mki@libero.it','4abZyyjyWj2h','2018-08-23 11:27:29','2018-08-23 11:27:29'),(36,1,1,0,154,169,0,'open','lucajoelguerriero@gmail.com','kLimXstrAZJ7','2018-08-24 10:10:55','2018-08-24 10:10:55'),(37,1,1,0,163,173,0,'open','romanellelena@gmail.com','OGSIFJJTRUbj','2018-08-26 11:48:53','2018-08-26 11:48:53'),(38,1,1,0,188,191,0,'open','cunegatti.federico@icloud.com','IE5kONuGNrIh','2018-10-05 20:17:09','2018-10-05 20:17:09'),(39,1,1,0,194,195,0,'open','kiara_yaya@yahoo.it','44vDRV0oopnP','2018-10-18 08:28:52','2018-10-18 08:28:52'),(40,1,1,0,201,200,0,'open','bea021989@gmail.com','b4jmOIDeBxfz','2018-11-09 17:38:27','2018-11-09 17:38:27'),(41,1,1,0,229,219,0,'open','anna_rota.88@hotmail.it','OTm067xoM4eR','2018-11-25 12:46:23','2018-11-25 12:46:23'),(42,1,1,0,237,226,0,'open','raffaellacinti@alice.it','RKh538S1HrJg','2018-11-25 23:37:47','2018-11-25 23:37:47'),(43,1,1,0,239,228,0,'open','silviaundici@alice.it','zWsAuqprosaz','2018-11-26 00:15:53','2018-11-26 00:15:53'),(44,1,1,0,240,229,0,'open','giacomo.ciccarone@hotmail.it','cFX410YcB227','2018-11-26 01:48:31','2018-11-26 01:48:31'),(45,1,1,0,245,235,0,'open','rossellacavalieri@yahoo.it','nx0wLFkQND1E','2018-11-26 20:52:29','2018-11-26 20:52:29'),(46,1,1,0,224,238,0,'open','mavieestma@icloud.com','C5YrQ8HPUXJt','2018-11-26 23:59:53','2018-11-26 23:59:53'),(47,1,1,0,260,248,0,'open','serezazie@gmail.com','mxPmefbcZ4Ck','2018-12-03 17:25:48','2018-12-03 17:25:48'),(48,1,1,0,282,266,0,'open','markomagno@hotmail.it','HssFxNoPITCk','2018-12-08 09:19:41','2018-12-08 09:19:41'),(49,1,1,0,291,272,0,'open','guidinet@hotmail.com','Fh7wXJ8IPSPI','2018-12-10 13:44:38','2018-12-10 13:44:38'),(50,1,1,0,294,274,0,'open','viola.cecera@yahoo.it','1w5HNTXXhuVe','2018-12-10 21:49:40','2018-12-10 21:49:40'),(51,1,1,0,308,288,0,'open','adell_2007@mail.ru','PPfZ1i1WgASp','2018-12-12 11:58:29','2018-12-12 11:58:29'),(52,1,1,0,317,296,0,'open','gabrielegalbato@icloud.com','fANh8BJSWH15','2018-12-13 17:35:29','2018-12-13 17:35:29'),(53,1,1,0,320,299,0,'open','manuelapintus@hotmail.it','CN4uns2nn01Y','2018-12-14 10:41:20','2018-12-14 10:41:20'),(54,1,1,0,336,315,0,'open','acamporaale@gmail.com','oPySW374xIbF','2018-12-16 15:49:10','2018-12-16 15:49:10');

#
# Structure for table "_WCprTUAcustomization"
#

CREATE TABLE `_WCprTUAcustomization` (
  `id_customization` int(10) unsigned NOT NULL AUTO_INCREMENT,
  `id_product_attribute` int(10) unsigned NOT NULL DEFAULT '0',
  `id_address_delivery` int(10) unsigned NOT NULL DEFAULT '0',
  `id_cart` int(10) unsigned NOT NULL,
  `id_product` int(10) NOT NULL,
  `quantity` int(10) NOT NULL,
  `quantity_refunded` int(11) NOT NULL DEFAULT '0',
  `quantity_returned` int(11) NOT NULL DEFAULT '0',
  `in_cart` tinyint(1) unsigned NOT NULL DEFAULT '0',
  PRIMARY KEY (`id_customization`,`id_cart`,`id_product`,`id_address_delivery`),
  KEY `id_product_attribute` (`id_product_attribute`),
  KEY `id_cart_product` (`id_cart`,`id_product`,`id_product_attribute`)
) ENGINE=InnoDB DEFAULT CHARSET=utf8;

#
# Data for table "_WCprTUAcustomization"
#


#
# Structure for table "_WCprTUAcustomization_field"
#

CREATE TABLE `_WCprTUAcustomization_field` (
  `id_customization_field` int(10) unsigned NOT NULL AUTO_INCREMENT,
  `id_product` int(10) unsigned NOT NULL,
  `type` tinyint(1) NOT NULL,
  `required` tinyint(1) NOT NULL,
  PRIMARY KEY (`id_customization_field`),
  KEY `id_product` (`id_product`)
) ENGINE=InnoDB DEFAULT CHARSET=utf8;

#
# Data for table "_WCprTUAcustomization_field"
#


#
# Structure for table "_WCprTUAcustomization_field_lang"
#

CREATE TABLE `_WCprTUAcustomization_field_lang` (
  `id_customization_field` int(10) unsigned NOT NULL,
  `id_lang` int(10) unsigned NOT NULL,
  `id_shop` int(10) unsigned NOT NULL DEFAULT '1',
  `name` varchar(255) NOT NULL,
  PRIMARY KEY (`id_customization_field`,`id_lang`,`id_shop`)
) ENGINE=InnoDB DEFAULT CHARSET=utf8;

#
# Data for table "_WCprTUAcustomization_field_lang"
#


#
# Structure for table "_WCprTUAcustomized_data"
#

CREATE TABLE `_WCprTUAcustomized_data` (
  `id_customization` int(10) unsigned NOT NULL,
  `type` tinyint(1) NOT NULL,
  `index` int(3) NOT NULL,
  `value` varchar(255) NOT NULL,
  PRIMARY KEY (`id_customization`,`type`,`index`)
) ENGINE=InnoDB DEFAULT CHARSET=utf8;

#
# Data for table "_WCprTUAcustomized_data"
#


#
# Structure for table "_WCprTUAdata_request"
#

CREATE TABLE `_WCprTUAdata_request` (
  `id_data_request` int(11) NOT NULL AUTO_INCREMENT,
  `id_customer` int(11) DEFAULT NULL,
  `id_guest` int(11) DEFAULT NULL,
  `type` int(11) DEFAULT NULL,
  `status` int(11) DEFAULT NULL,
  `created_at` datetime DEFAULT NULL,
  `fulfilled_at` datetime DEFAULT NULL,
  PRIMARY KEY (`id_data_request`)
) ENGINE=InnoDB DEFAULT CHARSET=utf8;

#
# Data for table "_WCprTUAdata_request"
#


#
# Structure for table "_WCprTUAdate_range"
#

CREATE TABLE `_WCprTUAdate_range` (
  `id_date_range` int(10) unsigned NOT NULL AUTO_INCREMENT,
  `time_start` datetime NOT NULL,
  `time_end` datetime NOT NULL,
  PRIMARY KEY (`id_date_range`)
) ENGINE=InnoDB DEFAULT CHARSET=utf8;

#
# Data for table "_WCprTUAdate_range"
#


#
# Structure for table "_WCprTUAdelivery"
#

CREATE TABLE `_WCprTUAdelivery` (
  `id_delivery` int(10) unsigned NOT NULL AUTO_INCREMENT,
  `id_shop` int(10) unsigned DEFAULT NULL,
  `id_shop_group` int(10) unsigned DEFAULT NULL,
  `id_carrier` int(10) unsigned NOT NULL,
  `id_range_price` int(10) unsigned DEFAULT NULL,
  `id_range_weight` int(10) unsigned DEFAULT NULL,
  `id_zone` int(10) unsigned NOT NULL,
  `price` decimal(20,6) NOT NULL,
  PRIMARY KEY (`id_delivery`),
  KEY `id_zone` (`id_zone`),
  KEY `id_carrier` (`id_carrier`,`id_zone`),
  KEY `id_range_price` (`id_range_price`),
  KEY `id_range_weight` (`id_range_weight`)
) ENGINE=InnoDB AUTO_INCREMENT=104 DEFAULT CHARSET=utf8;

#
# Data for table "_WCprTUAdelivery"
#

INSERT INTO `_WCprTUAdelivery` VALUES (1,NULL,NULL,2,0,1,1,5.000000),(2,NULL,NULL,2,0,1,2,5.000000),(3,NULL,NULL,2,1,0,1,5.000000),(4,NULL,NULL,2,1,0,2,5.000000),(5,NULL,NULL,3,NULL,1,4,39.900000),(6,NULL,NULL,3,NULL,1,3,39.900000),(7,NULL,NULL,3,NULL,1,8,39.900000),(8,NULL,NULL,3,NULL,1,1,9.900000),(9,NULL,NULL,3,NULL,1,7,12.900000),(11,NULL,NULL,3,NULL,1,2,19.900000),(12,NULL,NULL,3,NULL,1,5,39.900000),(13,NULL,NULL,3,NULL,1,6,39.900000),(14,NULL,NULL,4,NULL,1,4,39.900000),(15,NULL,NULL,4,NULL,1,3,39.900000),(16,NULL,NULL,4,NULL,1,8,39.900000),(17,NULL,NULL,4,NULL,1,1,9.900000),(18,NULL,NULL,4,NULL,1,7,12.900000),(20,NULL,NULL,4,NULL,1,2,19.900000),(21,NULL,NULL,4,NULL,1,5,39.900000),(22,NULL,NULL,4,NULL,1,6,39.900000),(23,NULL,NULL,5,NULL,1,4,39.900000),(24,NULL,NULL,5,NULL,1,3,39.900000),(25,NULL,NULL,5,NULL,1,8,39.900000),(26,NULL,NULL,5,NULL,1,1,9.900000),(27,NULL,NULL,5,NULL,1,7,12.900000),(28,NULL,NULL,5,NULL,1,10,4.900000),(29,NULL,NULL,5,NULL,1,2,19.900000),(30,NULL,NULL,5,NULL,1,5,39.900000),(31,NULL,NULL,5,NULL,1,6,39.900000),(32,NULL,NULL,6,NULL,1,4,39.900000),(33,NULL,NULL,6,NULL,1,3,39.900000),(34,NULL,NULL,6,NULL,1,8,39.900000),(35,NULL,NULL,6,NULL,1,1,9.900000),(36,NULL,NULL,6,NULL,1,7,12.900000),(37,NULL,NULL,6,NULL,1,10,4.900000),(38,NULL,NULL,6,NULL,1,2,19.900000),(39,NULL,NULL,6,NULL,1,5,39.900000),(40,NULL,NULL,6,NULL,1,6,39.900000),(41,NULL,NULL,7,NULL,1,4,39.900000),(42,NULL,NULL,7,NULL,1,3,39.900000),(43,NULL,NULL,7,NULL,1,8,39.900000),(44,NULL,NULL,7,NULL,1,1,9.900000),(45,NULL,NULL,7,NULL,1,7,12.900000),(46,NULL,NULL,7,NULL,1,10,4.900000),(47,NULL,NULL,7,NULL,1,2,19.900000),(48,NULL,NULL,7,NULL,1,5,39.900000),(49,NULL,NULL,7,NULL,1,6,39.900000),(50,NULL,NULL,8,NULL,1,4,32.705000),(51,NULL,NULL,8,NULL,1,3,32.705000),(52,NULL,NULL,8,NULL,1,8,32.705000),(53,NULL,NULL,8,NULL,1,1,9.900000),(54,NULL,NULL,8,NULL,1,7,8.111500),(55,NULL,NULL,8,NULL,1,10,4.900000),(56,NULL,NULL,8,NULL,1,2,16.310000),(57,NULL,NULL,8,NULL,1,5,32.705000),(58,NULL,NULL,8,NULL,1,6,32.705000),(59,NULL,NULL,9,NULL,1,4,32.705000),(60,NULL,NULL,9,NULL,1,3,32.705000),(61,NULL,NULL,9,NULL,1,8,32.705000),(62,NULL,NULL,9,NULL,1,1,8.115000),(63,NULL,NULL,9,NULL,1,7,8.111500),(64,NULL,NULL,9,NULL,1,10,4.900000),(65,NULL,NULL,9,NULL,1,2,16.310000),(66,NULL,NULL,9,NULL,1,5,32.705000),(67,NULL,NULL,9,NULL,1,6,32.705000),(68,NULL,NULL,10,NULL,1,4,32.705000),(69,NULL,NULL,10,NULL,1,3,32.705000),(70,NULL,NULL,10,NULL,1,8,32.705000),(71,NULL,NULL,10,NULL,1,1,8.115000),(72,NULL,NULL,10,NULL,1,7,8.111500),(73,NULL,NULL,10,NULL,1,10,4.900000),(74,NULL,NULL,10,NULL,1,2,16.310000),(75,NULL,NULL,10,NULL,1,5,32.705000),(76,NULL,NULL,10,NULL,1,6,32.705000),(77,NULL,NULL,11,NULL,1,4,32.705000),(78,NULL,NULL,11,NULL,1,3,32.705000),(79,NULL,NULL,11,NULL,1,8,32.705000),(80,NULL,NULL,11,NULL,1,1,8.115000),(81,NULL,NULL,11,NULL,1,7,8.111500),(82,NULL,NULL,11,NULL,1,10,0.000000),(83,NULL,NULL,11,NULL,1,2,16.310000),(84,NULL,NULL,11,NULL,1,5,32.705000),(85,NULL,NULL,11,NULL,1,6,32.705000),(86,NULL,NULL,12,NULL,1,4,32.705000),(87,NULL,NULL,12,NULL,1,3,32.705000),(88,NULL,NULL,12,NULL,1,8,32.705000),(89,NULL,NULL,12,NULL,1,1,8.115000),(90,NULL,NULL,12,NULL,1,7,8.111500),(91,NULL,NULL,12,NULL,1,10,4.900000),(92,NULL,NULL,12,NULL,1,2,16.310000),(93,NULL,NULL,12,NULL,1,5,32.705000),(94,NULL,NULL,12,NULL,1,6,32.705000),(95,NULL,NULL,13,NULL,1,4,39.900000),(96,NULL,NULL,13,NULL,1,3,39.900000),(97,NULL,NULL,13,NULL,1,8,39.900000),(98,NULL,NULL,13,NULL,1,1,9.900000),(99,NULL,NULL,13,NULL,1,7,9.900000),(100,NULL,NULL,13,NULL,1,10,4.900000),(101,NULL,NULL,13,NULL,1,2,19.900000),(102,NULL,NULL,13,NULL,1,5,39.900000),(103,NULL,NULL,13,NULL,1,6,39.900000);

#
# Structure for table "_WCprTUAemployee"
#

CREATE TABLE `_WCprTUAemployee` (
  `id_employee` int(10) unsigned NOT NULL AUTO_INCREMENT,
  `id_profile` int(10) unsigned NOT NULL,
  `id_lang` int(10) unsigned NOT NULL DEFAULT '0',
  `lastname` varchar(32) NOT NULL,
  `firstname` varchar(32) NOT NULL,
  `email` varchar(128) NOT NULL,
  `passwd` varchar(32) NOT NULL,
  `last_passwd_gen` timestamp NOT NULL DEFAULT CURRENT_TIMESTAMP,
  `stats_date_from` date DEFAULT NULL,
  `stats_date_to` date DEFAULT NULL,
  `stats_compare_from` date DEFAULT NULL,
  `stats_compare_to` date DEFAULT NULL,
  `stats_compare_option` int(1) unsigned NOT NULL DEFAULT '1',
  `preselect_date_range` varchar(32) DEFAULT NULL,
  `bo_color` varchar(32) DEFAULT NULL,
  `bo_theme` varchar(32) DEFAULT NULL,
  `bo_css` varchar(64) DEFAULT NULL,
  `default_tab` int(10) unsigned NOT NULL DEFAULT '0',
  `bo_width` int(10) unsigned NOT NULL DEFAULT '0',
  `bo_menu` tinyint(1) NOT NULL DEFAULT '1',
  `active` tinyint(1) unsigned NOT NULL DEFAULT '0',
  `optin` tinyint(1) unsigned NOT NULL DEFAULT '1',
  `id_last_order` int(10) unsigned NOT NULL DEFAULT '0',
  `id_last_customer_message` int(10) unsigned NOT NULL DEFAULT '0',
  `id_last_customer` int(10) unsigned NOT NULL DEFAULT '0',
  `last_connection_date` date DEFAULT '0000-00-00',
  PRIMARY KEY (`id_employee`),
  KEY `employee_login` (`email`,`passwd`),
  KEY `id_employee_passwd` (`id_employee`,`passwd`),
  KEY `id_profile` (`id_profile`)
) ENGINE=InnoDB AUTO_INCREMENT=11 DEFAULT CHARSET=utf8;

#
# Data for table "_WCprTUAemployee"
#

INSERT INTO `_WCprTUAemployee` VALUES (1,1,1,'Sanchez','Miguel','mki@rgbmultimedia.com','9aa0b37aaf8659ad7a8642795e178d08','2018-03-16 11:21:48','2018-02-16','2018-03-16','0000-00-00','0000-00-00',1,NULL,NULL,'default','admin-theme.css',1,0,1,1,1,162,37,173,'2018-12-10'),(3,1,1,'Rondini','Laura','laura@fattoriacreativa.it','a581d4c5f53f9c0385a8b9cdcc73f8ba','2018-03-21 04:32:02','2018-07-01','2018-08-31','0000-00-00','0000-00-00',1,'','','default','admin-theme.css',1,0,1,1,0,6,0,3,'2018-12-13'),(4,1,2,'Theme','Leo','leotheme4@gmail.com','60f6e99c11ccbf6393bf42a829fee84f','2018-03-21 12:36:45','2018-02-21','2018-03-21','0000-00-00','0000-00-00',1,'','','default','admin-theme.css',1,0,1,0,0,33,1,10,'2018-05-01'),(5,1,1,'Heroes','Presta','team@prestaheroes.com','bc3d07dd19b539c1cefa20a5be39dc3d','2018-03-27 11:18:24','2018-02-27','2018-03-27','0000-00-00','0000-00-00',1,'','','default','admin-theme.css',1,0,1,0,0,6,0,2,'2018-03-27'),(6,2,1,'Creativa','Fattoria','digital@fattoriacreativa.it','2b945ad60f621b5078e23975d7549029','2018-03-30 03:46:14','2018-03-02','2018-03-30','0000-00-00','0000-00-00',1,NULL,NULL,'default','admin-theme.css',1,0,1,1,1,6,0,2,'2018-07-22'),(7,1,1,'Goretti','Michele','michele.goretti@wacu.it','fccc6400d2db68ef02dfb17c5845b61e','2018-04-07 07:30:38','2018-04-10','2018-04-10','0000-00-00','0000-00-00',1,'day','','default','admin-theme.css',1,0,1,1,0,297,56,318,'2018-12-14'),(8,2,1,'Lana','Emanuele','info@wacu.it','3165462bfc7eaec5a4f64377253bc3aa','2018-04-09 06:34:00','2018-03-09','2018-04-09','0000-00-00','0000-00-00',1,'','','default','admin-theme.css',1,0,1,1,0,37,2,12,'2018-12-14'),(9,2,1,'Ottaviani','Bruno','bruno.ottaviani@libero.it','ddb81f368509be270dc412a1d1d35baf','2018-05-14 12:28:00','2018-04-14','2018-05-14','0000-00-00','0000-00-00',1,NULL,NULL,'default','admin-theme.css',1,0,1,1,0,37,2,12,'2018-05-15'),(10,1,2,'law','gdpr','000@gdpr.com','7e4f0a7786bb8d55c6bfe71746e261a6','2018-07-25 05:49:22','2018-06-25','2018-07-25','0000-00-00','0000-00-00',1,NULL,NULL,'default','admin-theme.css',1,0,1,1,0,96,26,62,'2018-07-25');

#
# Structure for table "_WCprTUAemployee_shop"
#

CREATE TABLE `_WCprTUAemployee_shop` (
  `id_employee` int(11) unsigned NOT NULL,
  `id_shop` int(11) unsigned NOT NULL,
  PRIMARY KEY (`id_employee`,`id_shop`),
  KEY `id_shop` (`id_shop`)
) ENGINE=InnoDB DEFAULT CHARSET=utf8;

#
# Data for table "_WCprTUAemployee_shop"
#

INSERT INTO `_WCprTUAemployee_shop` VALUES (1,1),(3,1),(4,1),(5,1),(6,1),(7,1),(8,1),(9,1),(10,1);

#
# Structure for table "_WCprTUAfbadwords"
#

CREATE TABLE `_WCprTUAfbadwords` (
  `id_fbadwords` int(11) NOT NULL AUTO_INCREMENT,
  PRIMARY KEY (`id_fbadwords`)
) ENGINE=InnoDB DEFAULT CHARSET=utf8;

#
# Data for table "_WCprTUAfbadwords"
#


#
# Structure for table "_WCprTUAfeature"
#

CREATE TABLE `_WCprTUAfeature` (
  `id_feature` int(10) unsigned NOT NULL AUTO_INCREMENT,
  `position` int(10) unsigned NOT NULL DEFAULT '0',
  PRIMARY KEY (`id_feature`)
) ENGINE=InnoDB AUTO_INCREMENT=7 DEFAULT CHARSET=utf8;

#
# Data for table "_WCprTUAfeature"
#

INSERT INTO `_WCprTUAfeature` VALUES (1,0),(2,1),(3,2),(4,3),(6,4);

#
# Structure for table "_WCprTUAfeature_lang"
#

CREATE TABLE `_WCprTUAfeature_lang` (
  `id_feature` int(10) unsigned NOT NULL,
  `id_lang` int(10) unsigned NOT NULL,
  `name` varchar(128) DEFAULT NULL,
  PRIMARY KEY (`id_feature`,`id_lang`),
  KEY `id_lang` (`id_lang`,`name`)
) ENGINE=InnoDB DEFAULT CHARSET=utf8;

#
# Data for table "_WCprTUAfeature_lang"
#

INSERT INTO `_WCprTUAfeature_lang` VALUES (1,1,'Altezza'),(1,2,'Altezza'),(1,3,'Altezza'),(1,4,'Altezza'),(1,5,'Altezza'),(1,6,'Altezza'),(1,7,'Altezza'),(1,8,'Altezza'),(2,1,'Larghezza'),(2,2,'Larghezza'),(2,3,'Larghezza'),(2,4,'Larghezza'),(2,5,'Larghezza'),(2,6,'Larghezza'),(2,7,'Larghezza'),(2,8,'Larghezza'),(3,1,'Profondità'),(3,2,'Profondità'),(3,3,'Profondità'),(3,4,'Profondità'),(3,5,'Profondità'),(3,6,'Profondità'),(3,7,'Profondità'),(3,8,'Profondità'),(4,1,'Peso'),(4,2,'Peso'),(4,3,'Peso'),(4,4,'Peso'),(4,5,'Peso'),(4,6,'Peso'),(4,7,'Peso'),(4,8,'Peso'),(6,1,'Modelli'),(6,2,'Modelli'),(6,3,'Modelli'),(6,4,'Modelli'),(6,5,'Modelli'),(6,6,'Modelli'),(6,7,'Modelli'),(6,8,'Modelli');

#
# Structure for table "_WCprTUAfeature_product"
#

CREATE TABLE `_WCprTUAfeature_product` (
  `id_feature` int(10) unsigned NOT NULL,
  `id_product` int(10) unsigned NOT NULL,
  `id_feature_value` int(10) unsigned NOT NULL,
  PRIMARY KEY (`id_feature`,`id_product`),
  KEY `id_feature_value` (`id_feature_value`),
  KEY `id_product` (`id_product`)
) ENGINE=InnoDB DEFAULT CHARSET=utf8;

#
# Data for table "_WCprTUAfeature_product"
#


#
# Structure for table "_WCprTUAfeature_shop"
#

CREATE TABLE `_WCprTUAfeature_shop` (
  `id_feature` int(11) unsigned NOT NULL,
  `id_shop` int(11) unsigned NOT NULL,
  PRIMARY KEY (`id_feature`,`id_shop`),
  KEY `id_shop` (`id_shop`)
) ENGINE=InnoDB DEFAULT CHARSET=utf8;

#
# Data for table "_WCprTUAfeature_shop"
#

INSERT INTO `_WCprTUAfeature_shop` VALUES (1,1),(2,1),(3,1),(4,1),(6,1);

#
# Structure for table "_WCprTUAfeature_value"
#

CREATE TABLE `_WCprTUAfeature_value` (
  `id_feature_value` int(10) unsigned NOT NULL AUTO_INCREMENT,
  `id_feature` int(10) unsigned NOT NULL,
  `custom` tinyint(3) unsigned DEFAULT NULL,
  PRIMARY KEY (`id_feature_value`),
  KEY `feature` (`id_feature`)
) ENGINE=InnoDB AUTO_INCREMENT=34 DEFAULT CHARSET=utf8;

#
# Data for table "_WCprTUAfeature_value"
#

INSERT INTO `_WCprTUAfeature_value` VALUES (10,6,0),(11,6,0),(12,6,0),(13,6,0),(14,6,0),(15,6,0),(16,6,0),(22,1,1),(23,2,1),(24,4,1),(25,3,1),(26,1,1),(27,2,1),(28,4,1),(29,3,1),(30,1,1),(31,2,1),(32,4,1),(33,3,1);

#
# Structure for table "_WCprTUAfeature_value_lang"
#

CREATE TABLE `_WCprTUAfeature_value_lang` (
  `id_feature_value` int(10) unsigned NOT NULL,
  `id_lang` int(10) unsigned NOT NULL,
  `value` varchar(255) DEFAULT NULL,
  PRIMARY KEY (`id_feature_value`,`id_lang`)
) ENGINE=InnoDB DEFAULT CHARSET=utf8;

#
# Data for table "_WCprTUAfeature_value_lang"
#

INSERT INTO `_WCprTUAfeature_value_lang` VALUES (10,1,'Classico'),(10,2,'Classico'),(10,3,'Classico'),(10,4,'Classico'),(10,5,'Classico'),(10,6,'Classico'),(10,7,'Classico'),(10,8,'Classico'),(11,1,'Casual'),(11,2,'Casual'),(11,3,'Casual'),(11,4,'Casual'),(11,5,'Casual'),(11,6,'Casual'),(11,7,'Casual'),(11,8,'Casual'),(12,1,'Militare'),(12,2,'Militare'),(12,3,'Militare'),(12,4,'Militare'),(12,5,'Militare'),(12,6,'Militare'),(12,7,'Militare'),(12,8,'Militare'),(13,1,'Femminile'),(13,2,'Femminile'),(13,3,'Femminile'),(13,4,'Femminile'),(13,5,'Femminile'),(13,6,'Femminile'),(13,7,'Femminile'),(13,8,'Femminile'),(14,1,'Rock'),(14,2,'Rock'),(14,3,'Rock'),(14,4,'Rock'),(14,5,'Rock'),(14,6,'Rock'),(14,7,'Rock'),(14,8,'Rock'),(15,1,'Base'),(15,2,'Base'),(15,3,'Base'),(15,4,'Base'),(15,5,'Base'),(15,6,'Base'),(15,7,'Base'),(15,8,'Base'),(16,1,'Elegante'),(16,2,'Elegante'),(16,3,'Elegante'),(16,4,'Elegante'),(16,5,'Elegante'),(16,6,'Elegante'),(16,7,'Elegante'),(16,8,'Elegante'),(22,1,'2.75 in'),(22,2,'2.75 in'),(22,3,'2.75 in'),(22,4,'2.75 in'),(22,5,'2.75 in'),(22,6,'2.75 in'),(22,7,'2.75 in'),(22,8,'2.75 in'),(23,1,'2.06 in'),(23,2,'2.06 in'),(23,3,'2.06 in'),(23,4,'2.06 in'),(23,5,'2.06 in'),(23,6,'2.06 in'),(23,7,'2.06 in'),(23,8,'2.06 in'),(24,1,'49.2 g'),(24,2,'49.2 g'),(24,3,'49.2 g'),(24,4,'49.2 g'),(24,5,'49.2 g'),(24,6,'49.2 g'),(24,7,'49.2 g'),(24,8,'49.2 g'),(25,1,'0.26 in'),(25,2,'0.26 in'),(25,3,'0.26 in'),(25,4,'0.26 in'),(25,5,'0.26 in'),(25,6,'0.26 in'),(25,7,'0.26 in'),(25,8,'0.26 in'),(26,1,'1.07 in'),(26,2,'1.07 in'),(26,3,'1.07 in'),(26,4,'1.07 in'),(26,5,'1.07 in'),(26,6,'1.07 in'),(26,7,'1.07 in'),(26,8,'1.07 in'),(27,1,'1.62 in'),(27,2,'1.62 in'),(27,3,'1.62 in'),(27,4,'1.62 in'),(27,5,'1.62 in'),(27,6,'1.62 in'),(27,7,'1.62 in'),(27,8,'1.62 in'),(28,1,'15.5 g'),(28,2,'15.5 g'),(28,3,'15.5 g'),(28,4,'15.5 g'),(28,5,'15.5 g'),(28,6,'15.5 g'),(28,7,'15.5 g'),(28,8,'15.5 g'),(29,1,'0.41 in (clip included)'),(29,2,'0.41 in (clip included)'),(29,3,'0.41 in (clip included)'),(29,4,'0.41 in (clip included)'),(29,5,'0.41 in (clip included)'),(29,6,'0.41 in (clip included)'),(29,7,'0.41 in (clip included)'),(29,8,'0.41 in (clip included)'),(30,1,'4.33 in'),(30,2,'4.33 in'),(30,3,'4.33 in'),(30,4,'4.33 in'),(30,5,'4.33 in'),(30,6,'4.33 in'),(30,7,'4.33 in'),(30,8,'4.33 in'),(31,1,'2.76 in'),(31,2,'2.76 in'),(31,3,'2.76 in'),(31,4,'2.76 in'),(31,5,'2.76 in'),(31,6,'2.76 in'),(31,7,'2.76 in'),(31,8,'2.76 in'),(32,1,'120g'),(32,2,'120g'),(32,3,'120g'),(32,4,'120g'),(32,5,'120g'),(32,6,'120g'),(32,7,'120g'),(32,8,'120g'),(33,1,'0.31 in'),(33,2,'0.31 in'),(33,3,'0.31 in'),(33,4,'0.31 in'),(33,5,'0.31 in'),(33,6,'0.31 in'),(33,7,'0.31 in'),(33,8,'0.31 in');

#
# Structure for table "_WCprTUAgadwords"
#

CREATE TABLE `_WCprTUAgadwords` (
  `id_gadwords` int(11) NOT NULL AUTO_INCREMENT,
  PRIMARY KEY (`id_gadwords`)
) ENGINE=InnoDB DEFAULT CHARSET=utf8;

#
# Data for table "_WCprTUAgadwords"
#


#
# Structure for table "_WCprTUAgdpr_activity_log"
#

CREATE TABLE `_WCprTUAgdpr_activity_log` (
  `id_gdpr_activity_log` int(11) NOT NULL AUTO_INCREMENT,
  `id_customer` int(11) DEFAULT NULL,
  `id_guest` int(11) DEFAULT NULL,
  `activity_type` int(11) DEFAULT NULL,
  `activity_subject` text,
  `activity_data` text,
  `date_add` date DEFAULT NULL,
  PRIMARY KEY (`id_gdpr_activity_log`)
) ENGINE=InnoDB AUTO_INCREMENT=310 DEFAULT CHARSET=utf8;

#
# Data for table "_WCprTUAgdpr_activity_log"
#

INSERT INTO `_WCprTUAgdpr_activity_log` VALUES (1,0,0,1,'Signup form consent accepted','','2018-07-26'),(2,2,0,0,'Cookie accepted','{\"blockcart\":\"true\",\"blocklanguages\":\"true\",\"statsdata\":\"true\",\"geotargetingpro\":\"true\",\"facebookconversionpixel\":\"true\",\"phgoogletagmanager\":\"true\"}','2018-07-26'),(3,0,0,1,'Signup form consent accepted','','2018-07-26'),(4,0,0,1,'Signup form consent accepted','','2018-07-27'),(5,0,0,1,'Signup form consent accepted','','2018-07-28'),(6,0,0,1,'Signup form consent accepted','','2018-07-29'),(7,0,0,1,'Signup form consent accepted','','2018-07-29'),(8,37,0,0,'Cookie accepted','{\"blockcart\":\"true\",\"blocklanguages\":\"true\",\"statsdata\":\"true\",\"geotargetingpro\":\"true\",\"facebookconversionpixel\":\"true\",\"phgoogletagmanager\":\"true\"}','2018-07-30'),(9,0,0,1,'Signup form consent accepted','','2018-07-30'),(10,71,0,0,'Cookie accepted','{\"blockcart\":\"true\",\"blocklanguages\":\"true\",\"statsdata\":\"true\",\"geotargetingpro\":\"true\",\"facebookconversionpixel\":\"true\",\"phgoogletagmanager\":\"true\"}','2018-07-30'),(11,0,0,1,'Signup form consent accepted','','2018-07-31'),(12,0,0,1,'Signup form consent accepted','','2018-08-01'),(13,0,0,1,'Signup form consent accepted','','2018-08-01'),(14,0,0,1,'Signup form consent accepted','','2018-08-02'),(15,0,0,1,'Signup form consent accepted','','2018-08-02'),(16,0,0,1,'Signup form consent accepted','','2018-08-03'),(17,0,0,1,'Signup form consent accepted','','2018-08-04'),(18,0,0,1,'Signup form consent accepted','','2018-08-04'),(19,0,0,1,'Signup form consent accepted','','2018-08-04'),(20,0,0,1,'Signup form consent accepted','','2018-08-04'),(21,0,0,1,'Signup form consent accepted','','2018-08-05'),(22,0,0,1,'Signup form consent accepted','','2018-08-05'),(23,85,0,1,'Signup form consent accepted','','2018-08-05'),(24,0,0,1,'Signup form consent accepted','','2018-08-05'),(25,88,0,0,'Cookie accepted','{\"blockcart\":\"true\",\"blocklanguages\":\"true\",\"statsdata\":\"true\",\"geotargetingpro\":\"true\",\"facebookconversionpixel\":\"true\",\"phgoogletagmanager\":\"true\"}','2018-08-06'),(26,0,0,1,'Signup form consent accepted','','2018-08-06'),(27,0,0,1,'Signup form consent accepted','','2018-08-06'),(28,0,0,1,'Signup form consent accepted','','2018-08-06'),(29,0,0,1,'Signup form consent accepted','','2018-08-06'),(30,0,0,1,'Signup form consent accepted','','2018-08-06'),(31,0,0,1,'Signup form consent accepted','','2018-08-06'),(32,0,0,1,'Signup form consent accepted','','2018-08-06'),(33,0,0,1,'Signup form consent accepted','','2018-08-06'),(34,0,0,1,'Signup form consent accepted','','2018-08-06'),(35,0,0,1,'Signup form consent accepted','','2018-08-07'),(36,0,0,1,'Signup form consent accepted','','2018-08-07'),(37,0,0,1,'Signup form consent accepted','','2018-08-07'),(38,0,0,1,'Signup form consent accepted','','2018-08-08'),(39,0,0,1,'Signup form consent accepted','','2018-08-08'),(40,0,0,1,'Signup form consent accepted','','2018-08-08'),(41,0,0,1,'Signup form consent accepted','','2018-08-08'),(42,0,0,1,'Signup form consent accepted','','2018-08-08'),(43,97,0,0,'Cookie accepted','{\"blockcart\":\"true\",\"blocklanguages\":\"true\",\"statsdata\":\"true\",\"geotargetingpro\":\"true\",\"facebookconversionpixel\":\"true\",\"phgoogletagmanager\":\"true\"}','2018-08-08'),(44,0,0,1,'Signup form consent accepted','','2018-08-08'),(45,0,0,1,'Signup form consent accepted','','2018-08-08'),(46,0,0,1,'Signup form consent accepted','','2018-08-08'),(47,99,0,0,'Cookie accepted','{\"blockcart\":\"true\",\"blocklanguages\":\"true\",\"statsdata\":\"true\",\"geotargetingpro\":\"true\",\"facebookconversionpixel\":\"true\",\"phgoogletagmanager\":\"true\"}','2018-08-08'),(48,0,0,1,'Signup form consent accepted','','2018-08-09'),(49,0,0,1,'Signup form consent accepted','','2018-08-09'),(50,0,0,1,'Signup form consent accepted','','2018-08-09'),(51,0,0,1,'Signup form consent accepted','','2018-08-09'),(52,0,0,1,'Signup form consent accepted','','2018-08-10'),(53,0,0,1,'Signup form consent accepted','','2018-08-11'),(54,0,0,1,'Signup form consent accepted','','2018-08-12'),(55,0,0,1,'Signup form consent accepted','','2018-08-12'),(56,0,0,1,'Signup form consent accepted','','2018-08-12'),(57,0,0,1,'Signup form consent accepted','','2018-08-12'),(58,0,0,1,'Signup form consent accepted','','2018-08-12'),(59,0,0,1,'Signup form consent accepted','','2018-08-13'),(60,0,0,1,'Signup form consent accepted','','2018-08-13'),(61,0,0,1,'Signup form consent accepted','','2018-08-13'),(62,0,0,1,'Signup form consent accepted','','2018-08-13'),(63,0,0,1,'Signup form consent accepted','','2018-08-13'),(64,116,0,0,'Cookie accepted','{\"blockcart\":\"true\",\"blocklanguages\":\"true\",\"statsdata\":\"true\",\"geotargetingpro\":\"true\",\"facebookconversionpixel\":\"true\",\"phgoogletagmanager\":\"true\"}','2018-08-13'),(65,117,0,0,'Cookie accepted','{\"blockcart\":\"true\",\"blocklanguages\":\"true\",\"statsdata\":\"true\",\"geotargetingpro\":\"true\",\"facebookconversionpixel\":\"true\",\"phgoogletagmanager\":\"true\"}','2018-08-14'),(66,0,0,1,'Signup form consent accepted','','2018-08-15'),(67,0,0,1,'Signup form consent accepted','','2018-08-15'),(68,0,0,1,'Signup form consent accepted','','2018-08-16'),(69,0,0,1,'Signup form consent accepted','','2018-08-17'),(70,0,0,1,'Signup form consent accepted','','2018-08-17'),(71,0,0,1,'Signup form consent accepted','','2018-08-17'),(72,0,0,1,'Signup form consent accepted','','2018-08-17'),(73,125,0,0,'Cookie accepted','{\"blockcart\":\"true\",\"blocklanguages\":\"true\",\"statsdata\":\"true\",\"geotargetingpro\":\"true\",\"facebookconversionpixel\":\"true\",\"phgoogletagmanager\":\"true\"}','2018-08-17'),(74,0,0,1,'Signup form consent accepted','','2018-08-17'),(75,0,0,1,'Signup form consent accepted','','2018-08-18'),(76,0,0,1,'Signup form consent accepted','','2018-08-18'),(77,0,0,1,'Signup form consent accepted','','2018-08-18'),(78,0,0,1,'Signup form consent accepted','','2018-08-18'),(79,0,0,1,'Signup form consent accepted','','2018-08-18'),(80,0,0,1,'Signup form consent accepted','','2018-08-18'),(81,0,0,1,'Signup form consent accepted','','2018-08-18'),(82,0,0,1,'Signup form consent accepted','','2018-08-18'),(83,0,0,1,'Signup form consent accepted','','2018-08-18'),(84,0,0,1,'Signup form consent accepted','','2018-08-18'),(85,0,0,1,'Signup form consent accepted','','2018-08-19'),(86,0,0,1,'Signup form consent accepted','','2018-08-19'),(87,0,0,1,'Signup form consent accepted','','2018-08-19'),(88,136,0,1,'Signup form consent accepted','','2018-08-19'),(89,0,0,1,'Signup form consent accepted','','2018-08-21'),(90,0,0,1,'Signup form consent accepted','','2018-08-21'),(91,0,0,1,'Signup form consent accepted','','2018-08-21'),(92,0,0,1,'Signup form consent accepted','','2018-08-21'),(93,0,0,1,'Signup form consent accepted','','2018-08-21'),(94,0,0,1,'Signup form consent accepted','','2018-08-22'),(95,0,0,1,'Signup form consent accepted','','2018-08-22'),(96,0,0,1,'Signup form consent accepted','','2018-08-23'),(97,0,0,1,'Signup form consent accepted','','2018-08-23'),(98,0,0,1,'Signup form consent accepted','','2018-08-23'),(99,0,0,1,'Signup form consent accepted','','2018-08-23'),(100,0,0,1,'Signup form consent accepted','','2018-08-23'),(101,0,0,1,'Signup form consent accepted','','2018-08-24'),(102,0,0,1,'Signup form consent accepted','','2018-08-24'),(103,0,0,1,'Signup form consent accepted','','2018-08-24'),(104,0,0,1,'Signup form consent accepted','','2018-08-25'),(105,0,0,1,'Signup form consent accepted','','2018-08-25'),(106,0,0,1,'Signup form consent accepted','','2018-08-25'),(107,0,0,1,'Signup form consent accepted','','2018-08-25'),(108,160,0,1,'Signup form consent accepted','','2018-08-25'),(109,0,0,1,'Signup form consent accepted','','2018-08-26'),(110,0,0,1,'Signup form consent accepted','','2018-08-26'),(111,0,0,1,'Signup form consent accepted','','2018-08-27'),(112,0,0,1,'Signup form consent accepted','','2018-08-27'),(113,0,0,1,'Signup form consent accepted','','2018-08-28'),(114,0,0,1,'Signup form consent accepted','','2018-08-28'),(115,169,0,0,'Cookie accepted','{\"blockcart\":\"true\",\"blocklanguages\":\"true\",\"statsdata\":\"true\",\"geotargetingpro\":\"true\",\"facebookconversionpixel\":\"true\",\"phgoogletagmanager\":\"true\"}','2018-08-28'),(116,0,0,1,'Signup form consent accepted','','2018-08-28'),(117,0,0,1,'Signup form consent accepted','','2018-08-28'),(118,0,0,1,'Signup form consent accepted','','2018-08-28'),(119,0,0,1,'Signup form consent accepted','','2018-08-28'),(120,0,0,1,'Signup form consent accepted','','2018-08-29'),(121,0,0,1,'Signup form consent accepted','','2018-08-29'),(122,0,0,1,'Signup form consent accepted','','2018-08-30'),(123,161,0,0,'Cookie accepted','{\"blockcart\":\"true\",\"blocklanguages\":\"true\",\"statsdata\":\"true\",\"geotargetingpro\":\"true\",\"facebookconversionpixel\":\"true\",\"phgoogletagmanager\":\"true\"}','2018-08-30'),(124,0,0,1,'Signup form consent accepted','','2018-08-30'),(125,176,0,2,'Profile update form consent accepted','','2018-08-30'),(126,176,0,2,'Profile update form consent accepted','','2018-08-30'),(127,176,0,2,'Profile update form consent accepted','','2018-08-30'),(128,0,0,1,'Signup form consent accepted','','2018-09-03'),(129,0,0,1,'Signup form consent accepted','','2018-09-08'),(130,179,0,2,'Profile update form consent accepted','','2018-09-08'),(131,179,0,2,'Profile update form consent accepted','','2018-09-08'),(132,0,0,1,'Signup form consent accepted','','2018-09-09'),(133,0,0,1,'Signup form consent accepted','','2018-09-12'),(134,2,0,0,'Cookie accepted','{\"blockcart\":\"true\",\"blocklanguages\":\"true\",\"statsdata\":\"true\",\"geotargetingpro\":\"true\",\"facebookconversionpixel\":\"true\",\"phgoogletagmanager\":\"true\"}','2018-09-17'),(135,0,0,1,'Signup form consent accepted','','2018-09-21'),(136,0,0,1,'Signup form consent accepted','','2018-09-28'),(137,0,0,1,'Signup form consent accepted','','2018-09-28'),(138,0,0,1,'Signup form consent accepted','','2018-10-05'),(139,0,0,1,'Signup form consent accepted','','2018-10-05'),(140,118,0,2,'Profile update form consent accepted','','2018-10-08'),(141,0,0,1,'Signup form consent accepted','','2018-10-10'),(142,0,0,1,'Signup form consent accepted','','2018-10-10'),(143,0,0,1,'Signup form consent accepted','','2018-10-11'),(144,190,0,1,'Signup form consent accepted','','2018-10-12'),(145,0,0,1,'Signup form consent accepted','','2018-10-14'),(146,0,0,1,'Signup form consent accepted','','2018-10-14'),(147,0,0,1,'Signup form consent accepted','','2018-10-14'),(148,193,0,0,'Cookie accepted','{\"blockcart\":\"true\",\"blocklanguages\":\"true\",\"statsdata\":\"true\",\"geotargetingpro\":\"true\",\"facebookconversionpixel\":\"true\",\"phgoogletagmanager\":\"true\"}','2018-10-14'),(149,0,0,1,'Signup form consent accepted','','2018-10-18'),(150,0,0,1,'Signup form consent accepted','','2018-10-22'),(151,0,0,1,'Signup form consent accepted','','2018-10-25'),(152,0,0,1,'Signup form consent accepted','','2018-10-28'),(153,0,0,1,'Signup form consent accepted','','2018-11-06'),(154,0,0,1,'Signup form consent accepted','','2018-11-06'),(155,0,0,1,'Signup form consent accepted','','2018-11-08'),(156,0,0,1,'Signup form consent accepted','','2018-11-21'),(157,0,0,1,'Signup form consent accepted','','2018-11-23'),(158,0,0,1,'Signup form consent accepted','','2018-11-23'),(159,0,0,1,'Signup form consent accepted','','2018-11-23'),(160,0,0,1,'Signup form consent accepted','','2018-11-23'),(161,0,0,1,'Signup form consent accepted','','2018-11-23'),(162,0,0,1,'Signup form consent accepted','','2018-11-23'),(163,0,0,1,'Signup form consent accepted','','2018-11-23'),(164,0,0,1,'Signup form consent accepted','','2018-11-23'),(165,0,0,1,'Signup form consent accepted','','2018-11-24'),(166,0,0,1,'Signup form consent accepted','','2018-11-24'),(167,0,0,1,'Signup form consent accepted','','2018-11-24'),(168,0,0,1,'Signup form consent accepted','','2018-11-24'),(169,0,0,1,'Signup form consent accepted','','2018-11-24'),(170,0,0,1,'Signup form consent accepted','','2018-11-24'),(171,0,0,1,'Signup form consent accepted','','2018-11-24'),(172,0,0,1,'Signup form consent accepted','','2018-11-24'),(173,0,0,1,'Signup form consent accepted','','2018-11-24'),(174,0,0,1,'Signup form consent accepted','','2018-11-24'),(175,0,0,1,'Signup form consent accepted','','2018-11-24'),(176,0,0,1,'Signup form consent accepted','','2018-11-24'),(177,0,0,1,'Signup form consent accepted','','2018-11-24'),(178,0,0,1,'Signup form consent accepted','','2018-11-24'),(179,0,0,1,'Signup form consent accepted','','2018-11-24'),(180,0,0,1,'Signup form consent accepted','','2018-11-24'),(181,0,0,1,'Signup form consent accepted','','2018-11-24'),(182,0,0,1,'Signup form consent accepted','','2018-11-24'),(183,0,0,1,'Signup form consent accepted','','2018-11-24'),(184,0,0,1,'Signup form consent accepted','','2018-11-24'),(185,0,0,1,'Signup form consent accepted','','2018-11-25'),(186,0,0,1,'Signup form consent accepted','','2018-11-25'),(187,0,0,1,'Signup form consent accepted','','2018-11-25'),(188,0,0,1,'Signup form consent accepted','','2018-11-25'),(189,0,0,1,'Signup form consent accepted','','2018-11-25'),(190,0,0,1,'Signup form consent accepted','','2018-11-25'),(191,0,0,1,'Signup form consent accepted','','2018-11-25'),(192,0,0,1,'Signup form consent accepted','','2018-11-25'),(193,0,0,1,'Signup form consent accepted','','2018-11-25'),(194,0,0,1,'Signup form consent accepted','','2018-11-25'),(195,238,0,0,'Cookie accepted','{\"blockcart\":\"true\",\"blocklanguages\":\"true\",\"statsdata\":\"true\",\"geotargetingpro\":\"true\",\"facebookconversionpixel\":\"true\",\"phgoogletagmanager\":\"true\"}','2018-11-25'),(196,0,0,1,'Signup form consent accepted','','2018-11-26'),(197,0,0,1,'Signup form consent accepted','','2018-11-26'),(198,0,0,1,'Signup form consent accepted','','2018-11-26'),(199,0,0,1,'Signup form consent accepted','','2018-11-26'),(200,0,0,1,'Signup form consent accepted','','2018-11-26'),(201,0,0,1,'Signup form consent accepted','','2018-11-26'),(202,244,0,0,'Cookie accepted','{\"blockcart\":\"true\",\"blocklanguages\":\"true\",\"statsdata\":\"true\",\"geotargetingpro\":\"true\",\"facebookconversionpixel\":\"true\",\"phgoogletagmanager\":\"true\"}','2018-11-26'),(203,0,0,1,'Signup form consent accepted','','2018-11-26'),(204,0,0,1,'Signup form consent accepted','','2018-11-26'),(205,224,0,0,'Cookie accepted','{\"blockcart\":\"true\",\"blocklanguages\":\"true\",\"statsdata\":\"true\",\"geotargetingpro\":\"true\",\"facebookconversionpixel\":\"true\",\"phgoogletagmanager\":\"true\"}','2018-11-26'),(206,0,0,1,'Signup form consent accepted','','2018-12-01'),(207,0,0,1,'Signup form consent accepted','','2018-12-01'),(208,0,0,1,'Signup form consent accepted','','2018-12-01'),(209,0,0,1,'Signup form consent accepted','','2018-12-02'),(210,0,0,1,'Signup form consent accepted','','2018-12-02'),(211,0,0,1,'Signup form consent accepted','','2018-12-02'),(212,0,0,1,'Signup form consent accepted','','2018-12-02'),(213,0,0,1,'Signup form consent accepted','','2018-12-03'),(214,0,0,1,'Signup form consent accepted','','2018-12-03'),(215,0,0,1,'Signup form consent accepted','','2018-12-03'),(216,0,0,1,'Signup form consent accepted','','2018-12-03'),(217,0,0,1,'Signup form consent accepted','','2018-12-03'),(218,0,0,1,'Signup form consent accepted','','2018-12-03'),(219,0,0,1,'Signup form consent accepted','','2018-12-03'),(220,0,0,1,'Signup form consent accepted','','2018-12-03'),(221,0,0,1,'Signup form consent accepted','','2018-12-03'),(222,260,0,0,'Cookie accepted','{\"blockcart\":\"true\",\"blocklanguages\":\"true\",\"statsdata\":\"true\",\"geotargetingpro\":\"true\",\"facebookconversionpixel\":\"true\",\"phgoogletagmanager\":\"true\"}','2018-12-03'),(223,0,0,1,'Signup form consent accepted','','2018-12-03'),(224,0,0,1,'Signup form consent accepted','','2018-12-04'),(225,0,0,1,'Signup form consent accepted','','2018-12-04'),(226,0,0,1,'Signup form consent accepted','','2018-12-04'),(227,0,0,1,'Signup form consent accepted','','2018-12-04'),(228,0,0,1,'Signup form consent accepted','','2018-12-05'),(229,0,0,1,'Signup form consent accepted','','2018-12-05'),(230,0,0,1,'Signup form consent accepted','','2018-12-05'),(231,0,0,1,'Signup form consent accepted','','2018-12-05'),(232,0,0,1,'Signup form consent accepted','','2018-12-05'),(233,0,0,1,'Signup form consent accepted','','2018-12-05'),(234,0,0,1,'Signup form consent accepted','','2018-12-05'),(235,0,0,1,'Signup form consent accepted','','2018-12-06'),(236,0,0,1,'Signup form consent accepted','','2018-12-06'),(237,0,0,1,'Signup form consent accepted','','2018-12-06'),(238,0,0,1,'Signup form consent accepted','','2018-12-07'),(239,0,0,1,'Signup form consent accepted','','2018-12-07'),(240,0,0,1,'Signup form consent accepted','','2018-12-07'),(241,0,0,1,'Signup form consent accepted','','2018-12-07'),(242,0,0,1,'Signup form consent accepted','','2018-12-08'),(243,0,0,1,'Signup form consent accepted','','2018-12-08'),(244,0,0,1,'Signup form consent accepted','','2018-12-08'),(245,0,0,1,'Signup form consent accepted','','2018-12-08'),(246,0,0,1,'Signup form consent accepted','','2018-12-09'),(247,0,0,1,'Signup form consent accepted','','2018-12-09'),(248,0,0,1,'Signup form consent accepted','','2018-12-09'),(249,0,0,1,'Signup form consent accepted','','2018-12-09'),(250,0,0,1,'Signup form consent accepted','','2018-12-10'),(251,0,0,1,'Signup form consent accepted','','2018-12-10'),(252,0,0,1,'Signup form consent accepted','','2018-12-10'),(253,0,0,1,'Signup form consent accepted','','2018-12-10'),(254,0,0,1,'Signup form consent accepted','','2018-12-10'),(255,0,0,1,'Signup form consent accepted','','2018-12-10'),(256,0,0,1,'Signup form consent accepted','','2018-12-10'),(257,0,0,1,'Signup form consent accepted','','2018-12-11'),(258,0,0,1,'Signup form consent accepted','','2018-12-11'),(259,0,0,1,'Signup form consent accepted','','2018-12-11'),(260,0,0,1,'Signup form consent accepted','','2018-12-11'),(261,0,0,1,'Signup form consent accepted','','2018-12-11'),(262,0,0,1,'Signup form consent accepted','','2018-12-11'),(263,0,0,1,'Signup form consent accepted','','2018-12-11'),(264,0,0,1,'Signup form consent accepted','','2018-12-11'),(265,0,0,1,'Signup form consent accepted','','2018-12-11'),(266,0,0,1,'Signup form consent accepted','','2018-12-11'),(267,0,0,1,'Signup form consent accepted','','2018-12-11'),(268,0,0,1,'Signup form consent accepted','','2018-12-11'),(269,0,0,1,'Signup form consent accepted','','2018-12-11'),(270,0,0,1,'Signup form consent accepted','','2018-12-11'),(271,0,0,1,'Signup form consent accepted','','2018-12-11'),(272,0,0,1,'Signup form consent accepted','','2018-12-11'),(273,305,0,0,'Cookie accepted','{\"blockcart\":\"true\",\"blocklanguages\":\"true\",\"statsdata\":\"true\",\"geotargetingpro\":\"true\",\"facebookconversionpixel\":\"true\",\"phgoogletagmanager\":\"true\"}','2018-12-11'),(274,0,0,1,'Signup form consent accepted','','2018-12-12'),(275,0,0,1,'Signup form consent accepted','','2018-12-12'),(276,297,0,2,'Profile update form consent accepted','','2018-12-12'),(277,0,0,1,'Signup form consent accepted','','2018-12-12'),(278,308,0,0,'Cookie accepted','{\"blockcart\":\"true\",\"blocklanguages\":\"true\",\"statsdata\":\"true\",\"geotargetingpro\":\"true\",\"facebookconversionpixel\":\"true\",\"phgoogletagmanager\":\"true\"}','2018-12-12'),(279,297,0,2,'Profile update form consent accepted','','2018-12-12'),(280,0,0,1,'Signup form consent accepted','','2018-12-12'),(281,0,0,1,'Signup form consent accepted','','2018-12-12'),(282,0,0,1,'Signup form consent accepted','','2018-12-12'),(283,0,0,1,'Signup form consent accepted','','2018-12-12'),(284,0,0,1,'Signup form consent accepted','','2018-12-12'),(285,0,0,1,'Signup form consent accepted','','2018-12-13'),(286,0,0,1,'Signup form consent accepted','','2018-12-13'),(287,0,0,1,'Signup form consent accepted','','2018-12-13'),(288,0,0,1,'Signup form consent accepted','','2018-12-13'),(289,0,0,1,'Signup form consent accepted','','2018-12-13'),(290,0,0,1,'Signup form consent accepted','','2018-12-14'),(291,0,0,1,'Signup form consent accepted','','2018-12-14'),(292,0,0,1,'Signup form consent accepted','','2018-12-14'),(293,0,0,1,'Signup form consent accepted','','2018-12-14'),(294,0,0,1,'Signup form consent accepted','','2018-12-14'),(295,0,0,1,'Signup form consent accepted','','2018-12-15'),(296,0,0,1,'Signup form consent accepted','','2018-12-15'),(297,0,0,1,'Signup form consent accepted','','2018-12-15'),(298,0,0,1,'Signup form consent accepted','','2018-12-15'),(299,0,0,1,'Signup form consent accepted','','2018-12-15'),(300,0,0,1,'Signup form consent accepted','','2018-12-15'),(301,0,0,1,'Signup form consent accepted','','2018-12-15'),(302,0,0,1,'Signup form consent accepted','','2018-12-15'),(303,0,0,1,'Signup form consent accepted','','2018-12-15'),(304,0,0,1,'Signup form consent accepted','','2018-12-15'),(305,0,0,1,'Signup form consent accepted','','2018-12-16'),(306,0,0,1,'Signup form consent accepted','','2018-12-16'),(307,0,0,1,'Signup form consent accepted','','2018-12-16'),(308,0,0,1,'Signup form consent accepted','','2018-12-16'),(309,0,0,1,'Signup form consent accepted','','2018-12-16');

#
# Structure for table "_WCprTUAgender"
#

CREATE TABLE `_WCprTUAgender` (
  `id_gender` int(11) NOT NULL AUTO_INCREMENT,
  `type` tinyint(1) NOT NULL,
  PRIMARY KEY (`id_gender`)
) ENGINE=InnoDB AUTO_INCREMENT=3 DEFAULT CHARSET=utf8;

#
# Data for table "_WCprTUAgender"
#

INSERT INTO `_WCprTUAgender` VALUES (1,0),(2,1);

#
# Structure for table "_WCprTUAgender_lang"
#

CREATE TABLE `_WCprTUAgender_lang` (
  `id_gender` int(10) unsigned NOT NULL,
  `id_lang` int(10) unsigned NOT NULL,
  `name` varchar(20) NOT NULL,
  PRIMARY KEY (`id_gender`,`id_lang`),
  KEY `id_gender` (`id_gender`)
) ENGINE=InnoDB DEFAULT CHARSET=utf8;

#
# Data for table "_WCprTUAgender_lang"
#

INSERT INTO `_WCprTUAgender_lang` VALUES (1,1,'Sig.'),(1,2,'Sig.'),(1,3,'Sig.'),(1,4,'Sig.'),(1,5,'Sig.'),(1,6,'Sig.'),(1,7,'Sig.'),(1,8,'Sig.'),(2,1,'Sig.ra'),(2,2,'Sig.ra'),(2,3,'Sig.ra'),(2,4,'Sig.ra'),(2,5,'Sig.ra'),(2,6,'Sig.ra'),(2,7,'Sig.ra'),(2,8,'Sig.ra');

#
# Structure for table "_WCprTUAgroup"
#

CREATE TABLE `_WCprTUAgroup` (
  `id_group` int(10) unsigned NOT NULL AUTO_INCREMENT,
  `reduction` decimal(17,2) NOT NULL DEFAULT '0.00',
  `price_display_method` tinyint(4) NOT NULL DEFAULT '0',
  `show_prices` tinyint(1) unsigned NOT NULL DEFAULT '1',
  `date_add` datetime NOT NULL,
  `date_upd` datetime NOT NULL,
  PRIMARY KEY (`id_group`)
) ENGINE=InnoDB AUTO_INCREMENT=4 DEFAULT CHARSET=utf8;

#
# Data for table "_WCprTUAgroup"
#

INSERT INTO `_WCprTUAgroup` VALUES (1,0.00,0,1,'2018-03-16 17:21:47','2018-03-16 17:21:47'),(2,0.00,0,1,'2018-03-16 17:21:47','2018-03-16 17:21:47'),(3,0.00,0,1,'2018-03-16 17:21:47','2018-03-16 17:21:47');

#
# Structure for table "_WCprTUAgroup_lang"
#

CREATE TABLE `_WCprTUAgroup_lang` (
  `id_group` int(10) unsigned NOT NULL,
  `id_lang` int(10) unsigned NOT NULL,
  `name` varchar(32) NOT NULL,
  PRIMARY KEY (`id_group`,`id_lang`)
) ENGINE=InnoDB DEFAULT CHARSET=utf8;

#
# Data for table "_WCprTUAgroup_lang"
#

INSERT INTO `_WCprTUAgroup_lang` VALUES (1,1,'Visitatore'),(1,2,'Visitatore'),(1,3,'Visitatore'),(1,4,'Visitatore'),(1,5,'Visitatore'),(1,6,'Visitatore'),(1,7,'Visitatore'),(1,8,'Visitatore'),(2,1,'Ospite'),(2,2,'Ospite'),(2,3,'Ospite'),(2,4,'Ospite'),(2,5,'Ospite'),(2,6,'Ospite'),(2,7,'Ospite'),(2,8,'Ospite'),(3,1,'Cliente'),(3,2,'Cliente'),(3,3,'Cliente'),(3,4,'Cliente'),(3,5,'Cliente'),(3,6,'Cliente'),(3,7,'Cliente'),(3,8,'Cliente');

#
# Structure for table "_WCprTUAgroup_reduction"
#

CREATE TABLE `_WCprTUAgroup_reduction` (
  `id_group_reduction` mediumint(8) unsigned NOT NULL AUTO_INCREMENT,
  `id_group` int(10) unsigned NOT NULL,
  `id_category` int(10) unsigned NOT NULL,
  `reduction` decimal(4,3) NOT NULL,
  PRIMARY KEY (`id_group_reduction`),
  UNIQUE KEY `id_group` (`id_group`,`id_category`)
) ENGINE=InnoDB DEFAULT CHARSET=utf8;

#
# Data for table "_WCprTUAgroup_reduction"
#


#
# Structure for table "_WCprTUAgroup_shop"
#

CREATE TABLE `_WCprTUAgroup_shop` (
  `id_group` int(11) unsigned NOT NULL,
  `id_shop` int(11) unsigned NOT NULL,
  PRIMARY KEY (`id_group`,`id_shop`),
  KEY `id_shop` (`id_shop`)
) ENGINE=InnoDB DEFAULT CHARSET=utf8;

#
# Data for table "_WCprTUAgroup_shop"
#

INSERT INTO `_WCprTUAgroup_shop` VALUES (1,1),(2,1),(3,1);

#
# Structure for table "_WCprTUAguest"
#

CREATE TABLE `_WCprTUAguest` (
  `id_guest` int(10) unsigned NOT NULL AUTO_INCREMENT,
  `id_operating_system` int(10) unsigned DEFAULT NULL,
  `id_web_browser` int(10) unsigned DEFAULT NULL,
  `id_customer` int(10) unsigned DEFAULT NULL,
  `javascript` tinyint(1) DEFAULT '0',
  `screen_resolution_x` smallint(5) unsigned DEFAULT NULL,
  `screen_resolution_y` smallint(5) unsigned DEFAULT NULL,
  `screen_color` tinyint(3) unsigned DEFAULT NULL,
  `sun_java` tinyint(1) DEFAULT NULL,
  `adobe_flash` tinyint(1) DEFAULT NULL,
  `adobe_director` tinyint(1) DEFAULT NULL,
  `apple_quicktime` tinyint(1) DEFAULT NULL,
  `real_player` tinyint(1) DEFAULT NULL,
  `windows_media` tinyint(1) DEFAULT NULL,
  `accept_language` varchar(8) DEFAULT NULL,
  `mobile_theme` tinyint(1) NOT NULL DEFAULT '0',
  PRIMARY KEY (`id_guest`),
  KEY `id_customer` (`id_customer`),
  KEY `id_operating_system` (`id_operating_system`),
  KEY `id_web_browser` (`id_web_browser`)
) ENGINE=InnoDB AUTO_INCREMENT=14 DEFAULT CHARSET=utf8;

#
# Data for table "_WCprTUAguest"
#

INSERT INTO `_WCprTUAguest` VALUES (1,0,0,1,0,0,0,0,0,0,0,0,0,0,'',0),(3,5,3,0,0,0,0,0,0,0,0,0,0,0,'it',0),(4,3,3,0,0,0,0,0,0,0,0,0,0,0,'it',0),(5,0,10,0,0,0,0,0,0,0,0,0,0,0,'it',0),(6,5,3,0,0,0,0,0,0,0,0,0,0,0,'it',0),(7,3,3,0,0,0,0,0,0,0,0,0,0,0,'it',0),(8,5,11,0,0,0,0,0,0,0,0,0,0,0,'it',0),(9,3,11,0,0,0,0,0,0,0,0,0,0,0,'it',0),(10,3,3,0,0,0,0,0,0,0,0,0,0,0,'it',0),(11,3,11,0,0,0,0,0,0,0,0,0,0,0,'it',0),(12,3,11,0,0,0,0,0,0,0,0,0,0,0,'en',0),(13,0,11,0,0,0,0,0,0,0,0,0,0,0,'en',0);

#
# Structure for table "_WCprTUAhomeslider"
#

CREATE TABLE `_WCprTUAhomeslider` (
  `id_homeslider_slides` int(10) unsigned NOT NULL AUTO_INCREMENT,
  `id_shop` int(10) unsigned NOT NULL,
  PRIMARY KEY (`id_homeslider_slides`,`id_shop`)
) ENGINE=InnoDB AUTO_INCREMENT=4 DEFAULT CHARSET=utf8;

#
# Data for table "_WCprTUAhomeslider"
#

INSERT INTO `_WCprTUAhomeslider` VALUES (1,1),(2,1),(3,1);

#
# Structure for table "_WCprTUAhomeslider_slides"
#

CREATE TABLE `_WCprTUAhomeslider_slides` (
  `id_homeslider_slides` int(10) unsigned NOT NULL AUTO_INCREMENT,
  `position` int(10) unsigned NOT NULL DEFAULT '0',
  `active` tinyint(1) unsigned NOT NULL DEFAULT '0',
  PRIMARY KEY (`id_homeslider_slides`)
) ENGINE=InnoDB AUTO_INCREMENT=4 DEFAULT CHARSET=utf8;

#
# Data for table "_WCprTUAhomeslider_slides"
#

INSERT INTO `_WCprTUAhomeslider_slides` VALUES (1,1,1),(2,2,1),(3,3,1);

#
# Structure for table "_WCprTUAhomeslider_slides_lang"
#

CREATE TABLE `_WCprTUAhomeslider_slides_lang` (
  `id_homeslider_slides` int(10) unsigned NOT NULL,
  `id_lang` int(10) unsigned NOT NULL,
  `title` varchar(255) NOT NULL,
  `description` text NOT NULL,
  `legend` varchar(255) NOT NULL,
  `url` varchar(255) NOT NULL,
  `image` varchar(255) NOT NULL,
  PRIMARY KEY (`id_homeslider_slides`,`id_lang`)
) ENGINE=InnoDB DEFAULT CHARSET=utf8;

#
# Data for table "_WCprTUAhomeslider_slides_lang"
#

INSERT INTO `_WCprTUAhomeslider_slides_lang` VALUES (1,1,'Sample 1','<h2>EXCEPTEUR<br />OCCAECAT</h2>\n\t\t\t\t<p>Lorem ipsum dolor sit amet, consectetur adipiscing elit. Proin tristique in tortor et dignissim. Quisque non tempor leo. Maecenas egestas sem elit</p>\n\t\t\t\t<p><button class=\"btn btn-default\" type=\"button\">Shop now !</button></p>','sample-1','http://www.prestashop.com/?utm_source=back-office&utm_medium=v16_homeslider&utm_campaign=back-office-IT&utm_content=download','sample-1.jpg'),(1,2,'Sample 1','<h2>EXCEPTEUR<br />OCCAECAT</h2>\n\t\t\t\t<p>Lorem ipsum dolor sit amet, consectetur adipiscing elit. Proin tristique in tortor et dignissim. Quisque non tempor leo. Maecenas egestas sem elit</p>\n\t\t\t\t<p><button class=\"btn btn-default\" type=\"button\">Shop now !</button></p>','sample-1','http://www.prestashop.com/?utm_source=back-office&utm_medium=v16_homeslider&utm_campaign=back-office-IT&utm_content=download','sample-1.jpg'),(1,3,'Sample 1','<h2>EXCEPTEUR<br />OCCAECAT</h2>\n\t\t\t\t<p>Lorem ipsum dolor sit amet, consectetur adipiscing elit. Proin tristique in tortor et dignissim. Quisque non tempor leo. Maecenas egestas sem elit</p>\n\t\t\t\t<p><button class=\"btn btn-default\" type=\"button\">Shop now !</button></p>','sample-1','http://www.prestashop.com/?utm_source=back-office&utm_medium=v16_homeslider&utm_campaign=back-office-IT&utm_content=download','sample-1.jpg'),(1,4,'Sample 1','<h2>EXCEPTEUR<br />OCCAECAT</h2>\n\t\t\t\t<p>Lorem ipsum dolor sit amet, consectetur adipiscing elit. Proin tristique in tortor et dignissim. Quisque non tempor leo. Maecenas egestas sem elit</p>\n\t\t\t\t<p><button class=\"btn btn-default\" type=\"button\">Shop now !</button></p>','sample-1','http://www.prestashop.com/?utm_source=back-office&utm_medium=v16_homeslider&utm_campaign=back-office-IT&utm_content=download','sample-1.jpg'),(1,5,'Sample 1','<h2>EXCEPTEUR<br />OCCAECAT</h2>\n\t\t\t\t<p>Lorem ipsum dolor sit amet, consectetur adipiscing elit. Proin tristique in tortor et dignissim. Quisque non tempor leo. Maecenas egestas sem elit</p>\n\t\t\t\t<p><button class=\"btn btn-default\" type=\"button\">Shop now !</button></p>','sample-1','http://www.prestashop.com/?utm_source=back-office&utm_medium=v16_homeslider&utm_campaign=back-office-IT&utm_content=download','sample-1.jpg'),(1,6,'Sample 1','<h2>EXCEPTEUR<br />OCCAECAT</h2>\n\t\t\t\t<p>Lorem ipsum dolor sit amet, consectetur adipiscing elit. Proin tristique in tortor et dignissim. Quisque non tempor leo. Maecenas egestas sem elit</p>\n\t\t\t\t<p><button class=\"btn btn-default\" type=\"button\">Shop now !</button></p>','sample-1','http://www.prestashop.com/?utm_source=back-office&utm_medium=v16_homeslider&utm_campaign=back-office-IT&utm_content=download','sample-1.jpg'),(1,7,'Sample 1','<h2>EXCEPTEUR<br />OCCAECAT</h2>\n\t\t\t\t<p>Lorem ipsum dolor sit amet, consectetur adipiscing elit. Proin tristique in tortor et dignissim. Quisque non tempor leo. Maecenas egestas sem elit</p>\n\t\t\t\t<p><button class=\"btn btn-default\" type=\"button\">Shop now !</button></p>','sample-1','http://www.prestashop.com/?utm_source=back-office&utm_medium=v16_homeslider&utm_campaign=back-office-IT&utm_content=download','sample-1.jpg'),(1,8,'Sample 1','<h2>EXCEPTEUR<br />OCCAECAT</h2>\n\t\t\t\t<p>Lorem ipsum dolor sit amet, consectetur adipiscing elit. Proin tristique in tortor et dignissim. Quisque non tempor leo. Maecenas egestas sem elit</p>\n\t\t\t\t<p><button class=\"btn btn-default\" type=\"button\">Shop now !</button></p>','sample-1','http://www.prestashop.com/?utm_source=back-office&utm_medium=v16_homeslider&utm_campaign=back-office-IT&utm_content=download','sample-1.jpg'),(2,1,'Sample 2','<h2>EXCEPTEUR<br />OCCAECAT</h2>\n\t\t\t\t<p>Lorem ipsum dolor sit amet, consectetur adipiscing elit. Proin tristique in tortor et dignissim. Quisque non tempor leo. Maecenas egestas sem elit</p>\n\t\t\t\t<p><button class=\"btn btn-default\" type=\"button\">Shop now !</button></p>','sample-2','http://www.prestashop.com/?utm_source=back-office&utm_medium=v16_homeslider&utm_campaign=back-office-IT&utm_content=download','sample-2.jpg'),(2,2,'Sample 2','<h2>EXCEPTEUR<br />OCCAECAT</h2>\n\t\t\t\t<p>Lorem ipsum dolor sit amet, consectetur adipiscing elit. Proin tristique in tortor et dignissim. Quisque non tempor leo. Maecenas egestas sem elit</p>\n\t\t\t\t<p><button class=\"btn btn-default\" type=\"button\">Shop now !</button></p>','sample-2','http://www.prestashop.com/?utm_source=back-office&utm_medium=v16_homeslider&utm_campaign=back-office-IT&utm_content=download','sample-2.jpg'),(2,3,'Sample 2','<h2>EXCEPTEUR<br />OCCAECAT</h2>\n\t\t\t\t<p>Lorem ipsum dolor sit amet, consectetur adipiscing elit. Proin tristique in tortor et dignissim. Quisque non tempor leo. Maecenas egestas sem elit</p>\n\t\t\t\t<p><button class=\"btn btn-default\" type=\"button\">Shop now !</button></p>','sample-2','http://www.prestashop.com/?utm_source=back-office&utm_medium=v16_homeslider&utm_campaign=back-office-IT&utm_content=download','sample-2.jpg'),(2,4,'Sample 2','<h2>EXCEPTEUR<br />OCCAECAT</h2>\n\t\t\t\t<p>Lorem ipsum dolor sit amet, consectetur adipiscing elit. Proin tristique in tortor et dignissim. Quisque non tempor leo. Maecenas egestas sem elit</p>\n\t\t\t\t<p><button class=\"btn btn-default\" type=\"button\">Shop now !</button></p>','sample-2','http://www.prestashop.com/?utm_source=back-office&utm_medium=v16_homeslider&utm_campaign=back-office-IT&utm_content=download','sample-2.jpg'),(2,5,'Sample 2','<h2>EXCEPTEUR<br />OCCAECAT</h2>\n\t\t\t\t<p>Lorem ipsum dolor sit amet, consectetur adipiscing elit. Proin tristique in tortor et dignissim. Quisque non tempor leo. Maecenas egestas sem elit</p>\n\t\t\t\t<p><button class=\"btn btn-default\" type=\"button\">Shop now !</button></p>','sample-2','http://www.prestashop.com/?utm_source=back-office&utm_medium=v16_homeslider&utm_campaign=back-office-IT&utm_content=download','sample-2.jpg'),(2,6,'Sample 2','<h2>EXCEPTEUR<br />OCCAECAT</h2>\n\t\t\t\t<p>Lorem ipsum dolor sit amet, consectetur adipiscing elit. Proin tristique in tortor et dignissim. Quisque non tempor leo. Maecenas egestas sem elit</p>\n\t\t\t\t<p><button class=\"btn btn-default\" type=\"button\">Shop now !</button></p>','sample-2','http://www.prestashop.com/?utm_source=back-office&utm_medium=v16_homeslider&utm_campaign=back-office-IT&utm_content=download','sample-2.jpg'),(2,7,'Sample 2','<h2>EXCEPTEUR<br />OCCAECAT</h2>\n\t\t\t\t<p>Lorem ipsum dolor sit amet, consectetur adipiscing elit. Proin tristique in tortor et dignissim. Quisque non tempor leo. Maecenas egestas sem elit</p>\n\t\t\t\t<p><button class=\"btn btn-default\" type=\"button\">Shop now !</button></p>','sample-2','http://www.prestashop.com/?utm_source=back-office&utm_medium=v16_homeslider&utm_campaign=back-office-IT&utm_content=download','sample-2.jpg'),(2,8,'Sample 2','<h2>EXCEPTEUR<br />OCCAECAT</h2>\n\t\t\t\t<p>Lorem ipsum dolor sit amet, consectetur adipiscing elit. Proin tristique in tortor et dignissim. Quisque non tempor leo. Maecenas egestas sem elit</p>\n\t\t\t\t<p><button class=\"btn btn-default\" type=\"button\">Shop now !</button></p>','sample-2','http://www.prestashop.com/?utm_source=back-office&utm_medium=v16_homeslider&utm_campaign=back-office-IT&utm_content=download','sample-2.jpg'),(3,1,'Sample 3','<h2>EXCEPTEUR<br />OCCAECAT</h2>\n\t\t\t\t<p>Lorem ipsum dolor sit amet, consectetur adipiscing elit. Proin tristique in tortor et dignissim. Quisque non tempor leo. Maecenas egestas sem elit</p>\n\t\t\t\t<p><button class=\"btn btn-default\" type=\"button\">Shop now !</button></p>','sample-3','http://www.prestashop.com/?utm_source=back-office&utm_medium=v16_homeslider&utm_campaign=back-office-IT&utm_content=download','sample-3.jpg'),(3,2,'Sample 3','<h2>EXCEPTEUR<br />OCCAECAT</h2>\n\t\t\t\t<p>Lorem ipsum dolor sit amet, consectetur adipiscing elit. Proin tristique in tortor et dignissim. Quisque non tempor leo. Maecenas egestas sem elit</p>\n\t\t\t\t<p><button class=\"btn btn-default\" type=\"button\">Shop now !</button></p>','sample-3','http://www.prestashop.com/?utm_source=back-office&utm_medium=v16_homeslider&utm_campaign=back-office-IT&utm_content=download','sample-3.jpg'),(3,3,'Sample 3','<h2>EXCEPTEUR<br />OCCAECAT</h2>\n\t\t\t\t<p>Lorem ipsum dolor sit amet, consectetur adipiscing elit. Proin tristique in tortor et dignissim. Quisque non tempor leo. Maecenas egestas sem elit</p>\n\t\t\t\t<p><button class=\"btn btn-default\" type=\"button\">Shop now !</button></p>','sample-3','http://www.prestashop.com/?utm_source=back-office&utm_medium=v16_homeslider&utm_campaign=back-office-IT&utm_content=download','sample-3.jpg'),(3,4,'Sample 3','<h2>EXCEPTEUR<br />OCCAECAT</h2>\n\t\t\t\t<p>Lorem ipsum dolor sit amet, consectetur adipiscing elit. Proin tristique in tortor et dignissim. Quisque non tempor leo. Maecenas egestas sem elit</p>\n\t\t\t\t<p><button class=\"btn btn-default\" type=\"button\">Shop now !</button></p>','sample-3','http://www.prestashop.com/?utm_source=back-office&utm_medium=v16_homeslider&utm_campaign=back-office-IT&utm_content=download','sample-3.jpg'),(3,5,'Sample 3','<h2>EXCEPTEUR<br />OCCAECAT</h2>\n\t\t\t\t<p>Lorem ipsum dolor sit amet, consectetur adipiscing elit. Proin tristique in tortor et dignissim. Quisque non tempor leo. Maecenas egestas sem elit</p>\n\t\t\t\t<p><button class=\"btn btn-default\" type=\"button\">Shop now !</button></p>','sample-3','http://www.prestashop.com/?utm_source=back-office&utm_medium=v16_homeslider&utm_campaign=back-office-IT&utm_content=download','sample-3.jpg'),(3,6,'Sample 3','<h2>EXCEPTEUR<br />OCCAECAT</h2>\n\t\t\t\t<p>Lorem ipsum dolor sit amet, consectetur adipiscing elit. Proin tristique in tortor et dignissim. Quisque non tempor leo. Maecenas egestas sem elit</p>\n\t\t\t\t<p><button class=\"btn btn-default\" type=\"button\">Shop now !</button></p>','sample-3','http://www.prestashop.com/?utm_source=back-office&utm_medium=v16_homeslider&utm_campaign=back-office-IT&utm_content=download','sample-3.jpg'),(3,7,'Sample 3','<h2>EXCEPTEUR<br />OCCAECAT</h2>\n\t\t\t\t<p>Lorem ipsum dolor sit amet, consectetur adipiscing elit. Proin tristique in tortor et dignissim. Quisque non tempor leo. Maecenas egestas sem elit</p>\n\t\t\t\t<p><button class=\"btn btn-default\" type=\"button\">Shop now !</button></p>','sample-3','http://www.prestashop.com/?utm_source=back-office&utm_medium=v16_homeslider&utm_campaign=back-office-IT&utm_content=download','sample-3.jpg'),(3,8,'Sample 3','<h2>EXCEPTEUR<br />OCCAECAT</h2>\n\t\t\t\t<p>Lorem ipsum dolor sit amet, consectetur adipiscing elit. Proin tristique in tortor et dignissim. Quisque non tempor leo. Maecenas egestas sem elit</p>\n\t\t\t\t<p><button class=\"btn btn-default\" type=\"button\">Shop now !</button></p>','sample-3','http://www.prestashop.com/?utm_source=back-office&utm_medium=v16_homeslider&utm_campaign=back-office-IT&utm_content=download','sample-3.jpg');

#
# Structure for table "_WCprTUAhook"
#

CREATE TABLE `_WCprTUAhook` (
  `id_hook` int(10) unsigned NOT NULL AUTO_INCREMENT,
  `name` varchar(64) NOT NULL,
  `title` varchar(64) NOT NULL,
  `description` text,
  `position` tinyint(1) NOT NULL DEFAULT '1',
  `live_edit` tinyint(1) NOT NULL DEFAULT '0',
  PRIMARY KEY (`id_hook`),
  UNIQUE KEY `hook_name` (`name`)
) ENGINE=InnoDB AUTO_INCREMENT=178 DEFAULT CHARSET=utf8;

#
# Data for table "_WCprTUAhook"
#

INSERT INTO `_WCprTUAhook` VALUES (1,'displayPayment','Payment','This hook displays new elements on the payment page',1,1),(2,'actionValidateOrder','New orders','',1,0),(3,'displayMaintenance','Maintenance Page','This hook displays new elements on the maintenance page',1,0),(4,'actionPaymentConfirmation','Payment confirmation','This hook displays new elements after the payment is validated',1,0),(5,'displayPaymentReturn','Payment return','',1,0),(6,'actionUpdateQuantity','Quantity update','Quantity is updated only when a customer effectively places their order',1,0),(7,'displayRightColumn','Right column blocks','This hook displays new elements in the right-hand column',1,1),(8,'displayLeftColumn','Left column blocks','This hook displays new elements in the left-hand column',1,1),(9,'displayHome','Homepage content','This hook displays new elements on the homepage',1,1),(10,'Header','Pages html head section','This hook adds additional elements in the head section of your pages (head section of html)',1,0),(11,'actionCartSave','Cart creation and update','This hook is displayed when a product is added to the cart or if the cart\'s content is modified',1,0),(12,'actionAuthentication','Successful customer authentication','This hook is displayed after a customer successfully signs in',1,0),(13,'actionProductAdd','Product creation','This hook is displayed after a product is created',1,0),(14,'actionProductUpdate','Product update','This hook is displayed after a product has been updated',1,0),(15,'displayTop','Top of pages','This hook displays additional elements at the top of your pages',1,1),(16,'displayRightColumnProduct','New elements on the product page (right column)','This hook displays new elements in the right-hand column of the product page',1,0),(17,'actionProductDelete','Product deletion','This hook is called when a product is deleted',1,0),(18,'displayFooterProduct','Product footer','This hook adds new blocks under the product\'s description',1,1),(19,'displayInvoice','Invoice','This hook displays new blocks on the invoice (order)',1,0),(20,'actionOrderStatusUpdate','Order status update - Event','This hook launches modules when the status of an order changes.',1,0),(21,'displayAdminOrder','Display new elements in the Back Office, tab AdminOrder','This hook launches modules when the AdminOrder tab is displayed in the Back Office',1,0),(22,'displayAdminOrderTabOrder','Display new elements in Back Office, AdminOrder, panel Order','This hook launches modules when the AdminOrder tab is displayed in the Back Office and extends / override Order panel tabs',1,0),(23,'displayAdminOrderTabShip','Display new elements in Back Office, AdminOrder, panel Shipping','This hook launches modules when the AdminOrder tab is displayed in the Back Office and extends / override Shipping panel tabs',1,0),(24,'displayAdminOrderContentOrder','Display new elements in Back Office, AdminOrder, panel Order','This hook launches modules when the AdminOrder tab is displayed in the Back Office and extends / override Order panel content',1,0),(25,'displayAdminOrderContentShip','Display new elements in Back Office, AdminOrder, panel Shipping','This hook launches modules when the AdminOrder tab is displayed in the Back Office and extends / override Shipping panel content',1,0),(26,'displayFooter','Footer','This hook displays new blocks in the footer',1,1),(27,'displayPDFInvoice','PDF Invoice','This hook allows you to display additional information on PDF invoices',1,0),(28,'displayInvoiceLegalFreeText','PDF Invoice - Legal Free Text','This hook allows you to modify the legal free text on PDF invoices',1,0),(29,'displayAdminCustomers','Display new elements in the Back Office, tab AdminCustomers','This hook launches modules when the AdminCustomers tab is displayed in the Back Office',1,0),(30,'displayOrderConfirmation','Order confirmation page','This hook is called within an order\'s confirmation page',1,0),(31,'actionCustomerAccountAdd','Successful customer account creation','This hook is called when a new customer creates an account successfully',1,0),(32,'displayCustomerAccount','Customer account displayed in Front Office','This hook displays new elements on the customer account page',1,0),(33,'displayCustomerIdentityForm','Customer identity form displayed in Front Office','This hook displays new elements on the form to update a customer identity',1,0),(34,'actionOrderSlipAdd','Order slip creation','This hook is called when a new credit slip is added regarding client order',1,0),(35,'displayProductTab','Tabs on product page','This hook is called on the product page\'s tab',1,0),(36,'displayProductTabContent','Tabs content on the product page','This hook is called on the product page\'s tab',1,0),(37,'displayShoppingCartFooter','Shopping cart footer','This hook displays some specific information on the shopping cart\'s page',1,0),(38,'displayCustomerAccountForm','Customer account creation form','This hook displays some information on the form to create a customer account',1,0),(39,'displayAdminStatsModules','Stats - Modules','',1,0),(40,'displayAdminStatsGraphEngine','Graph engines','',1,0),(41,'actionOrderReturn','Returned product','This hook is displayed when a customer returns a product ',1,0),(42,'displayProductButtons','Product page actions','This hook adds new action buttons on the product page',1,0),(43,'displayBackOfficeHome','Administration panel homepage','This hook is displayed on the admin panel\'s homepage',1,0),(44,'displayAdminStatsGridEngine','Grid engines','',1,0),(45,'actionWatermark','Watermark','',1,0),(46,'actionProductCancel','Product cancelled','This hook is called when you cancel a product in an order',1,0),(47,'displayLeftColumnProduct','New elements on the product page (left column)','This hook displays new elements in the left-hand column of the product page',1,0),(48,'actionProductOutOfStock','Out-of-stock product','This hook displays new action buttons if a product is out of stock',1,0),(49,'actionProductAttributeUpdate','Product attribute update','This hook is displayed when a product\'s attribute is updated',1,0),(50,'displayCarrierList','Extra carrier (module mode)','',1,0),(51,'displayShoppingCart','Shopping cart - Additional button','This hook displays new action buttons within the shopping cart',1,0),(52,'actionSearch','Search','',1,0),(53,'displayBeforePayment','Redirect during the order process','This hook redirects the user to the module instead of displaying payment modules',1,0),(54,'actionCarrierUpdate','Carrier Update','This hook is called when a carrier is updated',1,0),(55,'actionOrderStatusPostUpdate','Post update of order status','',1,0),(56,'displayCustomerAccountFormTop','Block above the form for create an account','This hook is displayed above the customer\'s account creation form',1,0),(57,'displayBackOfficeHeader','Administration panel header','This hook is displayed in the header of the admin panel',1,0),(58,'displayBackOfficeTop','Administration panel hover the tabs','This hook is displayed on the roll hover of the tabs within the admin panel',1,0),(59,'displayBackOfficeFooter','Administration panel footer','This hook is displayed within the admin panel\'s footer',1,0),(60,'actionProductAttributeDelete','Product attribute deletion','This hook is displayed when a product\'s attribute is deleted',1,0),(61,'actionCarrierProcess','Carrier process','',1,0),(62,'actionOrderDetail','Order detail','This hook is used to set the follow-up in Smarty when an order\'s detail is called',1,0),(63,'displayBeforeCarrier','Before carriers list','This hook is displayed before the carrier list in Front Office',1,0),(64,'displayOrderDetail','Order detail','This hook is displayed within the order\'s details in Front Office',1,0),(65,'actionPaymentCCAdd','Payment CC added','',1,0),(66,'displayProductComparison','Extra product comparison','',1,0),(67,'actionCategoryAdd','Category creation','This hook is displayed when a category is created',1,0),(68,'actionCategoryUpdate','Category modification','This hook is displayed when a category is modified',1,0),(69,'actionCategoryDelete','Category deletion','This hook is displayed when a category is deleted',1,0),(70,'actionBeforeAuthentication','Before authentication','This hook is displayed before the customer\'s authentication',1,0),(71,'displayPaymentTop','Top of payment page','This hook is displayed at the top of the payment page',1,0),(72,'actionHtaccessCreate','After htaccess creation','This hook is displayed after the htaccess creation',1,0),(73,'actionAdminMetaSave','After saving the configuration in AdminMeta','This hook is displayed after saving the configuration in AdminMeta',1,0),(74,'displayAttributeGroupForm','Add fields to the form \'attribute group\'','This hook adds fields to the form \'attribute group\'',1,0),(75,'actionAttributeGroupSave','Saving an attribute group','This hook is called while saving an attributes group',1,0),(76,'actionAttributeGroupDelete','Deleting attribute group','This hook is called while deleting an attributes  group',1,0),(77,'displayFeatureForm','Add fields to the form \'feature\'','This hook adds fields to the form \'feature\'',1,0),(78,'actionFeatureSave','Saving attributes\' features','This hook is called while saving an attributes features',1,0),(79,'actionFeatureDelete','Deleting attributes\' features','This hook is called while deleting an attributes features',1,0),(80,'actionProductSave','Saving products','This hook is called while saving products',1,0),(81,'actionProductListOverride','Assign a products list to a category','This hook assigns a products list to a category',1,0),(82,'displayAttributeGroupPostProcess','On post-process in admin attribute group','This hook is called on post-process in admin attribute group',1,0),(83,'displayFeaturePostProcess','On post-process in admin feature','This hook is called on post-process in admin feature',1,0),(84,'displayFeatureValueForm','Add fields to the form \'feature value\'','This hook adds fields to the form \'feature value\'',1,0),(85,'displayFeatureValuePostProcess','On post-process in admin feature value','This hook is called on post-process in admin feature value',1,0),(86,'actionFeatureValueDelete','Deleting attributes\' features\' values','This hook is called while deleting an attributes features value',1,0),(87,'actionFeatureValueSave','Saving an attributes features value','This hook is called while saving an attributes features value',1,0),(88,'displayAttributeForm','Add fields to the form \'attribute value\'','This hook adds fields to the form \'attribute value\'',1,0),(89,'actionAttributePostProcess','On post-process in admin feature value','This hook is called on post-process in admin feature value',1,0),(90,'actionAttributeDelete','Deleting an attributes features value','This hook is called while deleting an attributes features value',1,0),(91,'actionAttributeSave','Saving an attributes features value','This hook is called while saving an attributes features value',1,0),(92,'actionTaxManager','Tax Manager Factory','',1,0),(93,'displayMyAccountBlock','My account block','This hook displays extra information within the \'my account\' block\"',1,0),(94,'actionModuleInstallBefore','actionModuleInstallBefore','',1,0),(95,'actionModuleInstallAfter','actionModuleInstallAfter','',1,0),(96,'displayHomeTab','Home Page Tabs','This hook displays new elements on the homepage tabs',1,1),(97,'displayHomeTabContent','Home Page Tabs Content','This hook displays new elements on the homepage tabs content',1,1),(98,'displayTopColumn','Top column blocks','This hook displays new elements in the top of columns',1,1),(99,'displayBackOfficeCategory','Display new elements in the Back Office, tab AdminCategories','This hook launches modules when the AdminCategories tab is displayed in the Back Office',1,0),(100,'displayProductListFunctionalButtons','Display new elements in the Front Office, products list','This hook launches modules when the products list is displayed in the Front Office',1,0),(101,'displayNav','Navigation','',1,1),(102,'displayOverrideTemplate','Change the default template of current controller','',1,0),(103,'actionAdminLoginControllerSetMedia','Set media on admin login page header','This hook is called after adding media to admin login page header',1,0),(104,'actionOrderEdited','Order edited','This hook is called when an order is edited.',1,0),(105,'actionEmailAddBeforeContent','Add extra content before mail content','This hook is called just before fetching mail template',1,0),(106,'actionEmailAddAfterContent','Add extra content after mail content','This hook is called just after fetching mail template',1,0),(107,'displayCartExtraProductActions','Extra buttons in shopping cart','This hook adds extra buttons to the product lines, in the shopping cart',1,0),(108,'actionObjectProductUpdateAfter','actionObjectProductUpdateAfter','',0,0),(109,'actionObjectProductDeleteAfter','actionObjectProductDeleteAfter','',0,0),(110,'displayCompareExtraInformation','displayCompareExtraInformation','',1,1),(111,'displaySocialSharing','displaySocialSharing','',1,1),(112,'displayBanner','displayBanner','',1,1),(113,'actionObjectLanguageAddAfter','actionObjectLanguageAddAfter','',0,0),(114,'displayPaymentEU','displayPaymentEU','',1,1),(115,'actionCartListOverride','actionCartListOverride','',0,0),(116,'actionAdminMetaControllerUpdate_optionsBefore','actionAdminMetaControllerUpdate_optionsBefore','',0,0),(117,'actionAdminLanguagesControllerStatusBefore','actionAdminLanguagesControllerStatusBefore','',0,0),(118,'actionObjectCmsUpdateAfter','actionObjectCmsUpdateAfter','',0,0),(119,'actionObjectCmsDeleteAfter','actionObjectCmsDeleteAfter','',0,0),(120,'actionShopDataDuplication','actionShopDataDuplication','',0,0),(121,'actionAdminStoresControllerUpdate_optionsAfter','actionAdminStoresControllerUpdate_optionsAfter','',0,0),(122,'actionObjectManufacturerDeleteAfter','actionObjectManufacturerDeleteAfter','',0,0),(123,'actionObjectManufacturerAddAfter','actionObjectManufacturerAddAfter','',0,0),(124,'actionObjectManufacturerUpdateAfter','actionObjectManufacturerUpdateAfter','',0,0),(126,'actionModuleRegisterHookAfter','actionModuleRegisterHookAfter','',0,0),(127,'actionModuleUnRegisterHookAfter','actionModuleUnRegisterHookAfter','',0,0),(128,'displayMyAccountBlockfooter','My account block','Display extra informations inside the \"my account\" block',1,0),(129,'displayMobileTopSiteMap','displayMobileTopSiteMap','',1,1),(130,'displaySearch','displaySearch','',1,1),(131,'actionObjectSupplierDeleteAfter','actionObjectSupplierDeleteAfter','',0,0),(132,'actionObjectSupplierAddAfter','actionObjectSupplierAddAfter','',0,0),(133,'actionObjectSupplierUpdateAfter','actionObjectSupplierUpdateAfter','',0,0),(134,'actionObjectCategoryUpdateAfter','actionObjectCategoryUpdateAfter','',0,0),(135,'actionObjectCategoryDeleteAfter','actionObjectCategoryDeleteAfter','',0,0),(136,'actionObjectCategoryAddAfter','actionObjectCategoryAddAfter','',0,0),(137,'actionObjectCmsAddAfter','actionObjectCmsAddAfter','',0,0),(138,'actionObjectProductAddAfter','actionObjectProductAddAfter','',0,0),(139,'dashboardZoneOne','dashboardZoneOne','',0,0),(140,'dashboardData','dashboardData','',0,0),(141,'actionObjectOrderAddAfter','actionObjectOrderAddAfter','',0,0),(142,'actionObjectCustomerAddAfter','actionObjectCustomerAddAfter','',0,0),(143,'actionObjectCustomerMessageAddAfter','actionObjectCustomerMessageAddAfter','',0,0),(144,'actionObjectCustomerThreadAddAfter','actionObjectCustomerThreadAddAfter','',0,0),(145,'actionObjectOrderReturnAddAfter','actionObjectOrderReturnAddAfter','',0,0),(146,'actionAdminControllerSetMedia','actionAdminControllerSetMedia','',0,0),(147,'dashboardZoneTwo','dashboardZoneTwo','',0,0),(148,'displayHeaderRight','displayHeaderRight','',1,1),(149,'displaySlideshow','displaySlideshow','',1,1),(150,'topNavigation','topNavigation','',1,1),(151,'displayBottom','displayBottom','',1,1),(152,'displayContentBottom','displayContentBottom','',1,1),(153,'displayFootNav','displayFootNav','',1,1),(154,'displayFooterTop','displayFooterTop','',1,1),(155,'displayFooterBottom','displayFooterBottom','',1,1),(156,'loadResouceForProfile','loadResouceForProfile','',0,0),(157,'moduleroutes','moduleroutes','',0,0),(158,'pagebuilderConfig','pagebuilderConfig','',0,0),(159,'displayProductInformation','displayProductInformation','',1,1),(160,'displayMobileHeader','displayMobileHeader','',1,1),(161,'displayMobileShoppingCartTop','displayMobileShoppingCartTop','',1,1),(162,'displayMobileAddToCartTop','displayMobileAddToCartTop','',1,1),(163,'actionPSCleanerGetModulesTables','actionPSCleanerGetModulesTables','',0,0),(164,'actionObjectCustomerUpdateAfter','actionObjectCustomerUpdateAfter','',0,0),(165,'actionObjectCartUpdateAfter','actionObjectCartUpdateAfter','',0,0),(166,'actionObjectCartRuleUpdateAfter','actionObjectCartRuleUpdateAfter','',0,0),(167,'actionObjectCartRuleAddAfter','actionObjectCartRuleAddAfter','',0,0),(168,'actionProductCoverage','actionProductCoverage','',0,0),(169,'displayAfterBodyOpeningTag','displayAfterBodyOpeningTag','',1,1),(170,'paymentOptions','paymentOptions','',0,0),(171,'registerGDPRConsent','registerGDPRConsent','',0,0),(172,'actionDeleteGDPRCustomer','actionDeleteGDPRCustomer','',0,0),(173,'actionExportGDPRData','actionExportGDPRData','',0,0),(174,'actionBeforeSubmitAccount','actionBeforeSubmitAccount','',0,0),(175,'additionalCustomerFormFields','additionalCustomerFormFields','',0,0),(176,'validateCustomerFormFields','validateCustomerFormFields','',0,0),(177,'displayFooterAfter','displayFooterAfter','',1,1);

#
# Structure for table "_WCprTUAhook_alias"
#

